The Swift Package Index logo.Swift Package Index

Build Information

Failed to build SketchKit, reference 2.2.0 (b74c6f), with Swift 6.2 for Linux on 10 Jul 2026 22:24:03 UTC.

Build Command

bash -c docker run --pull=always --rm -v "checkouts-53886769-0":/host -w "$PWD" -e JAVA_HOME="/root/.sdkman/candidates/java/current" -e SPI_BUILD="1" -e SPI_PROCESSING="1" registry.gitlab.com/saguaro1/spi-images:basic-6.2-latest swift build --triple x86_64-unknown-linux-gnu 2>&1

Build Log

========================================
RunAll
========================================
Builder version: 0e64495ecc1688c3b3e031a5ef1348b5c05091ae
Interrupt handler set up.
========================================
Checkout
========================================
Clone URL: https://github.com/dogo/SketchKit.git
Reference: 2.2.0
Initialized empty Git repository in /host/spi-builder-workspace/.git/
hint: Using 'master' as the name for the initial branch. This default branch name
hint: is subject to change. To configure the initial branch name to use in all
hint: of your new repositories, which will suppress this warning, call:
hint:
hint: 	git config --global init.defaultBranch <name>
hint:
hint: Names commonly chosen instead of 'master' are 'main', 'trunk' and
hint: 'development'. The just-created branch can be renamed via this command:
hint:
hint: 	git branch -m <name>
From https://github.com/dogo/SketchKit
 * tag               2.2.0      -> FETCH_HEAD
HEAD is now at b74c6f4 Bump version 2.2.0
Cloned https://github.com/dogo/SketchKit.git
Revision (git rev-parse @):
b74c6f405a81d99db174844ae4e736b5138af799
SUCCESS checkout https://github.com/dogo/SketchKit.git at 2.2.0
========================================
Build
========================================
Selected platform:         linux
Swift version:             6.2
Building package at path:  $PWD
https://github.com/dogo/SketchKit.git
Running build ...
bash -c docker run --pull=always --rm -v "checkouts-53886769-0":/host -w "$PWD" -e JAVA_HOME="/root/.sdkman/candidates/java/current" -e SPI_BUILD="1" -e SPI_PROCESSING="1" registry.gitlab.com/saguaro1/spi-images:basic-6.2-latest swift build --triple x86_64-unknown-linux-gnu 2>&1
basic-6.2-latest: Pulling from saguaro1/spi-images
Digest: sha256:146297aca0eb7f3e338453cbf4c0aa72424647d7d0d3f35fda2f7ef7698dd3aa
Status: Image is up to date for registry.gitlab.com/saguaro1/spi-images:basic-6.2-latest
Building for debugging...
[0/2] Write sources
[1/2] Write swift-version-24593BA9C3E375BF.txt
[3/8] Compiling SketchKit SketchKitDSL.swift
/host/spi-builder-workspace/Sources/SketchKit/Constrainable.swift:12:8: error: no such module 'UIKit'
10 | import AppKit
11 | #else
12 | import UIKit
   |        `- error: no such module 'UIKit'
13 | #endif
14 |
error: emit-module command failed with exit code 1 (use -v to see invocation)
[4/8] Emitting module SketchKit
/host/spi-builder-workspace/Sources/SketchKit/Constrainable.swift:12:8: error: no such module 'UIKit'
10 | import AppKit
11 | #else
12 | import UIKit
   |        `- error: no such module 'UIKit'
13 | #endif
14 |
[5/8] Compiling SketchKit Constrainable.swift
/host/spi-builder-workspace/Sources/SketchKit/Constrainable.swift:12:8: error: no such module 'UIKit'
10 | import AppKit
11 | #else
12 | import UIKit
   |        `- error: no such module 'UIKit'
13 | #endif
14 |
[6/8] Compiling SketchKit Anchors+SafeArea.swift
/host/spi-builder-workspace/Sources/SketchKit/Constrainable.swift:12:8: error: no such module 'UIKit'
10 | import AppKit
11 | #else
12 | import UIKit
   |        `- error: no such module 'UIKit'
13 | #endif
14 |
[7/8] Compiling SketchKit Constrainable+Anchors.swift
/host/spi-builder-workspace/Sources/SketchKit/Constrainable.swift:12:8: error: no such module 'UIKit'
10 | import AppKit
11 | #else
12 | import UIKit
   |        `- error: no such module 'UIKit'
13 | #endif
14 |
[8/8] Compiling SketchKit KeyboardLayoutGuide.swift
/host/spi-builder-workspace/Sources/SketchKit/Constrainable.swift:12:8: error: no such module 'UIKit'
10 | import AppKit
11 | #else
12 | import UIKit
   |        `- error: no such module 'UIKit'
13 | #endif
14 |
BUILD FAILURE 6.2 linux