The Swift Package Index logo.Swift Package Index

Build Information

Failed to build swift-openapi-security-schemes, reference main (bf82e5), with Swift 6.4 for Android on 21 Sep 2026 07:28:01 UTC.

Build Command

bash -c docker run --pull=always --rm -v "checkouts-54344843-0":/host -w "$PWD" -e JAVA_HOME="/root/.sdkman/candidates/java/current" -e SPI_BUILD="1" -e SPI_PROCESSING="1" registry.gitlab.com/saguaro1/spi-images:android-6.4-latest swift build --swift-sdk aarch64-unknown-linux-android28 2>&1

Build Log

========================================
RunAll
========================================
Builder version: 5.1.0
Interrupt handler set up.
========================================
Checkout
========================================
Clone URL: https://github.com/edonv/swift-openapi-security-schemes.git
Reference: main
Initialized empty Git repository in /host/spi-builder-workspace/.git/
hint: Using 'master' as the name for the initial branch. This default branch name
hint: is subject to change. To configure the initial branch name to use in all
hint: of your new repositories, which will suppress this warning, call:
hint:
hint: 	git config --global init.defaultBranch <name>
hint:
hint: Names commonly chosen instead of 'master' are 'main', 'trunk' and
hint: 'development'. The just-created branch can be renamed via this command:
hint:
hint: 	git branch -m <name>
From https://github.com/edonv/swift-openapi-security-schemes
 * branch            main       -> FETCH_HEAD
 * [new branch]      main       -> origin/main
HEAD is now at bf82e57 Added docs.
Cloned https://github.com/edonv/swift-openapi-security-schemes.git
Revision (git rev-parse @):
bf82e579edfdf91181ea63e6fb2c3af2dc3c93c4
SPI manifest file found: $PWD/.spi.yml
SUCCESS checkout https://github.com/edonv/swift-openapi-security-schemes.git at main
========================================
Build
========================================
Selected platform:         android
Swift version:             6.4
Building package at path:  $PWD
https://github.com/edonv/swift-openapi-security-schemes.git
Running build ...
bash -c docker run --pull=always --rm -v "checkouts-54344843-0":/host -w "$PWD" -e JAVA_HOME="/root/.sdkman/candidates/java/current" -e SPI_BUILD="1" -e SPI_PROCESSING="1" registry.gitlab.com/saguaro1/spi-images:android-6.4-latest swift build --swift-sdk aarch64-unknown-linux-android28 2>&1
android-6.4-latest: Pulling from saguaro1/spi-images
Digest: sha256:abadcff584c273feba50641b454858d377ba30b35ea7287a94f45ebd8afd0ea0
Status: Image is up to date for registry.gitlab.com/saguaro1/spi-images:android-6.4-latest
Fetching https://github.com/edonv/swift-http-field-types.git
Fetching https://github.com/apple/swift-http-types
Fetching https://github.com/apple/swift-openapi-runtime
Fetching https://github.com/apple/swift-openapi-generator
[1/1935] Fetching swift-http-types
[1936/8873] Fetching swift-http-types, swift-openapi-runtime
[1937/9263] Fetching swift-http-types, swift-openapi-runtime, swift-http-field-types
[6767/27670] Fetching swift-http-types, swift-openapi-runtime, swift-http-field-types, swift-openapi-generator
Fetched https://github.com/edonv/swift-http-field-types.git (0.94s)
Fetched https://github.com/apple/swift-http-types (0.94s)
Fetched https://github.com/apple/swift-openapi-runtime (0.94s)
Fetched https://github.com/apple/swift-openapi-generator (0.94s)
Computing version for https://github.com/edonv/swift-http-field-types.git
Computed https://github.com/edonv/swift-http-field-types.git at 0.3.5 (1.10s)
Computing version for https://github.com/apple/swift-http-types
Computed https://github.com/apple/swift-http-types at 1.8.0 (0.22s)
Computing version for https://github.com/apple/swift-openapi-runtime
Computed https://github.com/apple/swift-openapi-runtime at 1.12.1 (0.19s)
Computing version for https://github.com/apple/swift-openapi-generator
Computed https://github.com/apple/swift-openapi-generator at 1.13.1 (1.13s)
Fetching https://github.com/jpsim/Yams
Fetching https://github.com/apple/swift-algorithms
Fetching https://github.com/mattpolzin/OpenAPIKit
Fetching https://github.com/apple/swift-argument-parser
[1/6145] Fetching swift-algorithms
[309/18006] Fetching swift-algorithms, yams
[4545/36924] Fetching swift-algorithms, yams, swift-argument-parser
Fetched https://github.com/apple/swift-algorithms (0.79s)
[28289/30779] Fetching yams, swift-argument-parser
Fetched https://github.com/apple/swift-argument-parser (0.79s)
[9489/11861] Fetching yams
[11862/187028] Fetching yams, openapikit
Fetched https://github.com/jpsim/Yams (4.66s)
Fetched https://github.com/mattpolzin/OpenAPIKit (4.70s)
Computing version for https://github.com/apple/swift-algorithms
Computed https://github.com/apple/swift-algorithms at 1.2.1 (5.75s)
Fetching https://github.com/apple/swift-numerics.git
[1/6636] Fetching swift-numerics
Fetched https://github.com/apple/swift-numerics.git (0.60s)
Computing version for https://github.com/mattpolzin/OpenAPIKit
Computed https://github.com/mattpolzin/OpenAPIKit at 6.4.0 (0.78s)
Computing version for https://github.com/apple/swift-numerics.git
Computed https://github.com/apple/swift-numerics.git at 1.1.1 (0.16s)
Computing version for https://github.com/apple/swift-argument-parser
Computed https://github.com/apple/swift-argument-parser at 1.8.2 (0.17s)
Computing version for https://github.com/jpsim/Yams
Computed https://github.com/jpsim/Yams at 6.2.2 (0.14s)
Creating working copy for https://github.com/jpsim/Yams
Working copy of https://github.com/jpsim/Yams resolved at 6.2.2
Creating working copy for https://github.com/apple/swift-algorithms
Working copy of https://github.com/apple/swift-algorithms resolved at 1.2.1
Creating working copy for https://github.com/apple/swift-argument-parser
Working copy of https://github.com/apple/swift-argument-parser resolved at 1.8.2
Creating working copy for https://github.com/edonv/swift-http-field-types.git
Working copy of https://github.com/edonv/swift-http-field-types.git resolved at 0.3.5
Creating working copy for https://github.com/apple/swift-openapi-generator
Working copy of https://github.com/apple/swift-openapi-generator resolved at 1.13.1
Creating working copy for https://github.com/apple/swift-numerics.git
Working copy of https://github.com/apple/swift-numerics.git resolved at 1.1.1
Creating working copy for https://github.com/mattpolzin/OpenAPIKit
Working copy of https://github.com/mattpolzin/OpenAPIKit resolved at 6.4.0
Creating working copy for https://github.com/apple/swift-openapi-runtime
Working copy of https://github.com/apple/swift-openapi-runtime resolved at 1.12.1
Creating working copy for https://github.com/apple/swift-http-types
Working copy of https://github.com/apple/swift-http-types resolved at 1.8.0
Building for debugging...
[Provisioning 4 / 11]
[Pre-planning 1 / 186]
[Starting]
[52 / 88] HTTPTypes
[62 / 105] OpenAPIRuntime
[64 / 105] HTTPTypes
[67 / 105] HTTPTypesFoundation
[69 / 105] HTTPTypesFoundation
[75 / 106] OpenAPIRuntime
[77 / 106] OpenAPIRuntime
[82 / 106] OpenAPIRuntime-product
[88 / 107] HTTPFieldTypes
[92 / 116] HTTPFieldTypes
[92 / 117] OpenAPIRuntime
[94 / 117] OpenAPIRuntime
[98 / 117] HTTPTypesFoundation
error: SwiftCompile normal aarch64 /host/spi-builder-workspace/.build/checkouts/swift-http-field-types/Sources/HTTPFieldTypes/Dates/HTTPDate.swift failed with a nonzero exit code. Command line:     cd /host
    builtin-SwiftPerFileCompile HTTPDate.swift
/host/spi-builder-workspace/.build/checkouts/swift-http-field-types/Sources/HTTPFieldTypes/Dates/HTTPDate.swift:30:11: error: value of type 'DateFormatter' has no member 'formattingContext'
28 |         let f = DateFormatter()
29 |
30 |         f.formattingContext = .standalone
   |           `- error: value of type 'DateFormatter' has no member 'formattingContext'
31 |         f.timeZone = .init(secondsFromGMT: 0)
32 |         f.calendar = .init(identifier: .gregorian)
/host/spi-builder-workspace/.build/checkouts/swift-http-field-types/Sources/HTTPFieldTypes/Dates/HTTPDate.swift:30:32: error: cannot infer contextual base in reference to member 'standalone'
28 |         let f = DateFormatter()
29 |
30 |         f.formattingContext = .standalone
   |                                `- error: cannot infer contextual base in reference to member 'standalone'
31 |         f.timeZone = .init(secondsFromGMT: 0)
32 |         f.calendar = .init(identifier: .gregorian)
Failed frontend command:
/root/.local/share/swiftly/toolchains/6.4.x-snapshot-2026-09-04/usr/bin/swift-frontend -frontend -c /host/spi-builder-workspace/.build/checkouts/swift-http-field-types/Sources/HTTPFieldTypes/Cookies/Fields/HTTPCookieField.swift /host/spi-builder-workspace/.build/checkouts/swift-http-field-types/Sources/HTTPFieldTypes/Cookies/Fields/HTTPSetCookieField.swift /host/spi-builder-workspace/.build/checkouts/swift-http-field-types/Sources/HTTPFieldTypes/Cookies/Helpers/HTTPCookie.swift /host/spi-builder-workspace/.build/checkouts/swift-http-field-types/Sources/HTTPFieldTypes/Cookies/Helpers/HTTPSetCookie+Attributes.swift -primary-file /host/spi-builder-workspace/.build/checkouts/swift-http-field-types/Sources/HTTPFieldTypes/Dates/HTTPDate.swift -primary-file /host/spi-builder-workspace/.build/checkouts/swift-http-field-types/Sources/HTTPFieldTypes/HTTPFieldValue.swift /host/spi-builder-workspace/.build/checkouts/swift-http-field-types/Sources/HTTPFieldTypes/HTTPFields+Extensions/HTTPFields+CookieFields.swift /host/spi-builder-workspace/.build/checkouts/swift-http-field-types/Sources/HTTPFieldTypes/HTTPFields+Extensions/HTTPFields+RangeFields.swift /host/spi-builder-workspace/.build/checkouts/swift-http-field-types/Sources/HTTPFieldTypes/Ranges/Fields/HTTPContentRangeField.swift /host/spi-builder-workspace/.build/checkouts/swift-http-field-types/Sources/HTTPFieldTypes/Ranges/Fields/HTTPRangeField.swift /host/spi-builder-workspace/.build/checkouts/swift-http-field-types/Sources/HTTPFieldTypes/Ranges/Helpers/HTTPRange+Unit.swift /host/spi-builder-workspace/.build/checkouts/swift-http-field-types/Sources/HTTPFieldTypes/Ranges/Helpers/HTTPRange.swift -emit-dependencies-path /host/spi-builder-workspace/.build/out/Intermediates.noindex/swift-http-field-types.build/Debug-android-aarch64/HTTPFieldTypes-t.build/Objects-normal/aarch64/HTTPDate.d -emit-const-values-path /host/spi-builder-workspace/.build/out/Intermediates.noindex/swift-http-field-types.build/Debug-android-aarch64/HTTPFieldTypes-t.build/Objects-normal/aarch64/HTTPDate.swiftconstvalues -emit-reference-dependencies-path /host/spi-builder-workspace/.build/out/Intermediates.noindex/swift-http-field-types.build/Debug-android-aarch64/HTTPFieldTypes-t.build/Objects-normal/aarch64/HTTPDate.swiftdeps -serialize-diagnostics-path /host/spi-builder-workspace/.build/out/Intermediates.noindex/swift-http-field-types.build/Debug-android-aarch64/HTTPFieldTypes-t.build/Objects-normal/aarch64/HTTPDate.dia -emit-dependencies-path /host/spi-builder-workspace/.build/out/Intermediates.noindex/swift-http-field-types.build/Debug-android-aarch64/HTTPFieldTypes-t.build/Objects-normal/aarch64/HTTPFieldValue.d -emit-const-values-path /host/spi-builder-workspace/.build/out/Intermediates.noindex/swift-http-field-types.build/Debug-android-aarch64/HTTPFieldTypes-t.build/Objects-normal/aarch64/HTTPFieldValue.swiftconstvalues -emit-reference-dependencies-path /host/spi-builder-workspace/.build/out/Intermediates.noindex/swift-http-field-types.build/Debug-android-aarch64/HTTPFieldTypes-t.build/Objects-normal/aarch64/HTTPFieldValue.swiftdeps -serialize-diagnostics-path /host/spi-builder-workspace/.build/out/Intermediates.noindex/swift-http-field-types.build/Debug-android-aarch64/HTTPFieldTypes-t.build/Objects-normal/aarch64/HTTPFieldValue.dia -target aarch64-unknown-linux-android28 -Xllvm -aarch64-use-tbi -disable-objc-interop -sdk /android-ndk/android-ndk-r27d/toolchains/llvm/prebuilt/linux-x86_64/sysroot -sysroot /android-ndk/android-ndk-r27d/toolchains/llvm/prebuilt/linux-x86_64/sysroot -I /host/spi-builder-workspace/.build/out/Products/Debug-android-aarch64 -module-cache-path /host/spi-builder-workspace/.build/out/ModuleCache.noindex -color-diagnostics -Xcc -fcolor-diagnostics -enable-testing -g -debug-info-format\=dwarf -dwarf-version\=4 -suppress-warnings -swift-version 5 -Onone -D SWIFT_PACKAGE -D DEBUG -D SWIFT_MODULE_RESOURCE_BUNDLE_UNAVAILABLE -D Xcode -serialize-debugging-options -enable-experimental-feature DebugDescriptionMacro -empty-abi-descriptor -external-plugin-path /root/.local/share/swiftly/toolchains/6.4.x-snapshot-2026-09-04/usr/lib/swift/host/plugins/testing\#/root/.local/share/swiftly/toolchains/6.4.x-snapshot-2026-09-04/usr/bin/swift-plugin-server -validate-clang-modules-once -clang-build-session-file /host/spi-builder-workspace/.build/out/ModuleCache.noindex/Session.modulevalidation -Xcc -working-directory -Xcc /host -resource-dir /root/.swiftpm/swift-sdks/swift-6.4.x-DEVELOPMENT-SNAPSHOT-2026-09-04-a_android.artifactbundle/swift-android/swift-resources/usr/lib/swift-aarch64 -enable-anonymous-context-mangled-names -file-compilation-dir /host -Xcc -resource-dir -Xcc /android-ndk/android-ndk-r27d/toolchains/llvm/prebuilt/linux-x86_64/lib/clang/18 -Xcc -fno-omit-frame-pointer -Xcc -D_LIBCPP_HARDENING_MODE\=_LIBCPP_HARDENING_MODE_DEBUG -Xcc -fmodules-prune-interval\=86400 -Xcc -fmodules-prune-after\=345600 -Xcc -I/host/spi-builder-workspace/.build/out/Products/Debug-android-aarch64/include -Xcc -I/host/spi-builder-workspace/.build/out/Intermediates.noindex/swift-http-field-types.build/Debug-android-aarch64/HTTPFieldTypes-t.build/DerivedSources-normal/aarch64 -Xcc -I/host/spi-builder-workspace/.build/out/Intermediates.noindex/swift-http-field-types.build/Debug-android-aarch64/HTTPFieldTypes-t.build/DerivedSources/aarch64 -Xcc -I/host/spi-builder-workspace/.build/out/Intermediates.noindex/swift-http-field-types.build/Debug-android-aarch64/HTTPFieldTypes-t.build/DerivedSources -Xcc -DSWIFT_PACKAGE -Xcc -DDEBUG\=1 -no-auto-bridging-header-chaining -module-name HTTPFieldTypes -const-gather-protocols-file /host/spi-builder-workspace/.build/out/Intermediates.noindex/swift-http-field-types.build/Debug-android-aarch64/HTTPFieldTypes-t.build/Objects-normal/aarch64/HTTPFieldTypes_const_extract_protocols.json -in-process-plugin-server-path /root/.local/share/swiftly/toolchains/6.4.x-snapshot-2026-09-04/usr/lib/swift/host/libSwiftInProcPluginServer.so -plugin-path /root/.local/share/swiftly/toolchains/6.4.x-snapshot-2026-09-04/usr/lib/swift/host/plugins -plugin-path /root/.local/share/swiftly/toolchains/6.4.x-snapshot-2026-09-04/usr/local/lib/swift/host/plugins -parse-as-library -o /host/spi-builder-workspace/.build/out/Intermediates.noindex/swift-http-field-types.build/Debug-android-aarch64/HTTPFieldTypes-t.build/Objects-normal/aarch64/HTTPDate.o -o /host/spi-builder-workspace/.build/out/Intermediates.noindex/swift-http-field-types.build/Debug-android-aarch64/HTTPFieldTypes-t.build/Objects-normal/aarch64/HTTPFieldValue.o -index-unit-output-path /swift-http-field-types.build/Debug-android-aarch64/HTTPFieldTypes-t.build/Objects-normal/aarch64/HTTPDate.o -index-unit-output-path /swift-http-field-types.build/Debug-android-aarch64/HTTPFieldTypes-t.build/Objects-normal/aarch64/HTTPFieldValue.o -index-store-path /host/spi-builder-workspace/.build/out -index-system-modules
error: Build failed
BUILD FAILURE 6.4 android