Build Information
Failed to build flex-ui, reference main (0aef6c), with Swift 6.3 for Android on 29 Oct 2026 14:07:27 UTC.
Build Command
bash -c docker run --pull=always --rm -v "checkouts-53886769-0":/host -w "$PWD" -e JAVA_HOME="/root/.sdkman/candidates/java/current" -e SPI_BUILD="1" -e SPI_PROCESSING="1" registry.gitlab.com/saguaro1/spi-images:android-6.3-latest swift build --swift-sdk aarch64-unknown-linux-android28 2>&1Build Log
========================================
RunAll
========================================
Builder version: 5.1.4
Interrupt handler set up.
========================================
Checkout
========================================
Clone URL: https://github.com/space-code/flex-ui.git
Reference: main
Initialized empty Git repository in /host/spi-builder-workspace/.git/
hint: Using 'master' as the name for the initial branch. This default branch name
hint: is subject to change. To configure the initial branch name to use in all
hint: of your new repositories, which will suppress this warning, call:
hint:
hint: git config --global init.defaultBranch <name>
hint:
hint: Names commonly chosen instead of 'master' are 'main', 'trunk' and
hint: 'development'. The just-created branch can be renamed via this command:
hint:
hint: git branch -m <name>
From https://github.com/space-code/flex-ui
* branch main -> FETCH_HEAD
* [new branch] main -> origin/main
HEAD is now at 0aef6c2 chore(deps): update dependency swiftformat to v0.64.4 (#130)
Cloned https://github.com/space-code/flex-ui.git
Revision (git rev-parse @):
0aef6c286a840a44dc9482b1da66a1f23f9a069b
SUCCESS checkout https://github.com/space-code/flex-ui.git at main
========================================
Build
========================================
Selected platform: android
Swift version: 6.3
Building package at path: $PWD
https://github.com/space-code/flex-ui.git
Running build ...
bash -c docker run --pull=always --rm -v "checkouts-53886769-0":/host -w "$PWD" -e JAVA_HOME="/root/.sdkman/candidates/java/current" -e SPI_BUILD="1" -e SPI_PROCESSING="1" registry.gitlab.com/saguaro1/spi-images:android-6.3-latest swift build --swift-sdk aarch64-unknown-linux-android28 2>&1
android-6.3-latest: Pulling from saguaro1/spi-images
Digest: sha256:1259d966e40d034d138a282ea8b980b108763342a7ff8ac7ef483c73e99068f3
Status: Image is up to date for registry.gitlab.com/saguaro1/spi-images:android-6.3-latest
Building for debugging...
[0/2] Write sources
[1/2] Write swift-version-272D24FF697CF451.txt
error: emit-module command failed with exit code 1 (use -v to see invocation)
[3/17] Emitting module FlexUI
/host/spi-builder-workspace/Sources/FlexUI/Classes/Extensions/FlexUI+UIButton.swift:6:8: error: no such module 'UIKit'
4 | //
5 |
6 | import UIKit
| `- error: no such module 'UIKit'
7 |
8 | /// An extension to `FlexUI` that adds helper methods for configuring `UIButton` properties.
[4/19] Compiling FlexUI FlexUI+UITextField.swift
/host/spi-builder-workspace/Sources/FlexUI/Classes/Extensions/FlexUI+UIButton.swift:6:8: error: no such module 'UIKit'
4 | //
5 |
6 | import UIKit
| `- error: no such module 'UIKit'
7 |
8 | /// An extension to `FlexUI` that adds helper methods for configuring `UIButton` properties.
[5/19] Compiling FlexUI FlexUI+UITextView.swift
/host/spi-builder-workspace/Sources/FlexUI/Classes/Extensions/FlexUI+UIButton.swift:6:8: error: no such module 'UIKit'
4 | //
5 |
6 | import UIKit
| `- error: no such module 'UIKit'
7 |
8 | /// An extension to `FlexUI` that adds helper methods for configuring `UIButton` properties.
[6/19] Compiling FlexUI FlexUI+UIStackView.swift
/host/spi-builder-workspace/Sources/FlexUI/Classes/Extensions/FlexUI+UIButton.swift:6:8: error: no such module 'UIKit'
4 | //
5 |
6 | import UIKit
| `- error: no such module 'UIKit'
7 |
8 | /// An extension to `FlexUI` that adds helper methods for configuring `UIButton` properties.
[7/19] Compiling FlexUI FlexUI+UITableView.swift
/host/spi-builder-workspace/Sources/FlexUI/Classes/Extensions/FlexUI+UIButton.swift:6:8: error: no such module 'UIKit'
4 | //
5 |
6 | import UIKit
| `- error: no such module 'UIKit'
7 |
8 | /// An extension to `FlexUI` that adds helper methods for configuring `UIButton` properties.
[8/19] Compiling FlexUI FlexUI+UIControl.swift
/host/spi-builder-workspace/Sources/FlexUI/Classes/Extensions/FlexUI+UIButton.swift:6:8: error: no such module 'UIKit'
4 | //
5 |
6 | import UIKit
| `- error: no such module 'UIKit'
7 |
8 | /// An extension to `FlexUI` that adds helper methods for configuring `UIButton` properties.
[9/19] Compiling FlexUI FlexUI+UIImageView.swift
/host/spi-builder-workspace/Sources/FlexUI/Classes/Extensions/FlexUI+UIButton.swift:6:8: error: no such module 'UIKit'
4 | //
5 |
6 | import UIKit
| `- error: no such module 'UIKit'
7 |
8 | /// An extension to `FlexUI` that adds helper methods for configuring `UIButton` properties.
[10/19] Compiling FlexUI FlexUI+UILabel.swift
/host/spi-builder-workspace/Sources/FlexUI/Classes/Extensions/FlexUI+UIButton.swift:6:8: error: no such module 'UIKit'
4 | //
5 |
6 | import UIKit
| `- error: no such module 'UIKit'
7 |
8 | /// An extension to `FlexUI` that adds helper methods for configuring `UIButton` properties.
[11/19] Compiling FlexUI FlexUI+UIScrollView.swift
/host/spi-builder-workspace/Sources/FlexUI/Classes/Extensions/FlexUI+UIButton.swift:6:8: error: no such module 'UIKit'
4 | //
5 |
6 | import UIKit
| `- error: no such module 'UIKit'
7 |
8 | /// An extension to `FlexUI` that adds helper methods for configuring `UIButton` properties.
[12/19] Compiling FlexUI FlexUI+UICollectionView.swift
/host/spi-builder-workspace/Sources/FlexUI/Classes/Extensions/FlexUI+UIButton.swift:6:8: error: no such module 'UIKit'
4 | //
5 |
6 | import UIKit
| `- error: no such module 'UIKit'
7 |
8 | /// An extension to `FlexUI` that adds helper methods for configuring `UIButton` properties.
[13/19] Compiling FlexUI FlexUI+UIContentUnavailableConfiguration.swift
/host/spi-builder-workspace/Sources/FlexUI/Classes/Extensions/FlexUI+UIButton.swift:6:8: error: no such module 'UIKit'
4 | //
5 |
6 | import UIKit
| `- error: no such module 'UIKit'
7 |
8 | /// An extension to `FlexUI` that adds helper methods for configuring `UIButton` properties.
[14/19] Compiling FlexUI FlexUI+UIView.swift
/host/spi-builder-workspace/Sources/FlexUI/Classes/Extensions/FlexUI+UIButton.swift:6:8: error: no such module 'UIKit'
4 | //
5 |
6 | import UIKit
| `- error: no such module 'UIKit'
7 |
8 | /// An extension to `FlexUI` that adds helper methods for configuring `UIButton` properties.
[15/19] Compiling FlexUI Command.swift
/host/spi-builder-workspace/Sources/FlexUI/Classes/Extensions/FlexUI+UIButton.swift:6:8: error: no such module 'UIKit'
4 | //
5 |
6 | import UIKit
| `- error: no such module 'UIKit'
7 |
8 | /// An extension to `FlexUI` that adds helper methods for configuring `UIButton` properties.
[16/19] Compiling FlexUI FlexCompatible.swift
/host/spi-builder-workspace/Sources/FlexUI/Classes/Extensions/FlexUI+UIButton.swift:6:8: error: no such module 'UIKit'
4 | //
5 |
6 | import UIKit
| `- error: no such module 'UIKit'
7 |
8 | /// An extension to `FlexUI` that adds helper methods for configuring `UIButton` properties.
[17/19] Compiling FlexUI FlexUI.swift
/host/spi-builder-workspace/Sources/FlexUI/Classes/Extensions/FlexUI+UIButton.swift:6:8: error: no such module 'UIKit'
4 | //
5 |
6 | import UIKit
| `- error: no such module 'UIKit'
7 |
8 | /// An extension to `FlexUI` that adds helper methods for configuring `UIButton` properties.
[18/19] Compiling FlexUI FlexUI+UIButton.swift
/host/spi-builder-workspace/Sources/FlexUI/Classes/Extensions/FlexUI+UIButton.swift:6:8: error: no such module 'UIKit'
4 | //
5 |
6 | import UIKit
| `- error: no such module 'UIKit'
7 |
8 | /// An extension to `FlexUI` that adds helper methods for configuring `UIButton` properties.
[19/19] Compiling FlexUI FlexUI+UIButtonConfiguration.swift
/host/spi-builder-workspace/Sources/FlexUI/Classes/Extensions/FlexUI+UIButton.swift:6:8: error: no such module 'UIKit'
4 | //
5 |
6 | import UIKit
| `- error: no such module 'UIKit'
7 |
8 | /// An extension to `FlexUI` that adds helper methods for configuring `UIButton` properties.
BUILD FAILURE 6.3 android