Build Information
Failed to build InAppSettingsKit, reference master (af040e), with Swift 6.3 for Linux on 25 Jun 2026 12:42:23 UTC.
Build Command
bash -c docker run --pull=always --rm -v "checkouts-53886769-0":/host -w "$PWD" -e JAVA_HOME="/root/.sdkman/candidates/java/current" -e SPI_BUILD="1" -e SPI_PROCESSING="1" registry.gitlab.com/swiftpackageindex/spi-images:basic-6.3-latest swift build --triple x86_64-unknown-linux-gnu 2>&1Build Log
========================================
RunAll
========================================
Builder version: 4071e0796c748d991a0123890d2f0ecadc8fcc8c
Interrupt handler set up.
========================================
Checkout
========================================
Clone URL: https://github.com/futuretap/InAppSettingsKit.git
Reference: master
Initialized empty Git repository in /host/spi-builder-workspace/.git/
hint: Using 'master' as the name for the initial branch. This default branch name
hint: is subject to change. To configure the initial branch name to use in all
hint: of your new repositories, which will suppress this warning, call:
hint:
hint: git config --global init.defaultBranch <name>
hint:
hint: Names commonly chosen instead of 'master' are 'main', 'trunk' and
hint: 'development'. The just-created branch can be renamed via this command:
hint:
hint: git branch -m <name>
From https://github.com/futuretap/InAppSettingsKit
* branch master -> FETCH_HEAD
* [new branch] master -> origin/master
HEAD is now at af040e6 Merge pull request #521 from in2core/bugfix/visionos-build-error
Cloned https://github.com/futuretap/InAppSettingsKit.git
Revision (git rev-parse @):
af040e68f4280bad6fe62fd3f37953219011a11f
SUCCESS checkout https://github.com/futuretap/InAppSettingsKit.git at master
========================================
Build
========================================
Selected platform: linux
Swift version: 6.3
Building package at path: $PWD
https://github.com/futuretap/InAppSettingsKit.git
Running build ...
bash -c docker run --pull=always --rm -v "checkouts-53886769-0":/host -w "$PWD" -e JAVA_HOME="/root/.sdkman/candidates/java/current" -e SPI_BUILD="1" -e SPI_PROCESSING="1" registry.gitlab.com/swiftpackageindex/spi-images:basic-6.3-latest swift build --triple x86_64-unknown-linux-gnu 2>&1
basic-6.3-latest: Pulling from swiftpackageindex/spi-images
Digest: sha256:b51ca78cca69bdb7bac6de0087100152780ea26ceb84ad1b05e1a88cce39888e
Status: Image is up to date for registry.gitlab.com/swiftpackageindex/spi-images:basic-6.3-latest
warning: 'spi-builder-workspace': ignoring target 'InAppSettingsKitTests' in package 'spi-builder-workspace'; C language in tests is not yet supported
Building for debugging...
[0/50] Copying IASKLocalizable.strings
[7/50] Copying PrivacyInfo.xcprivacy
[7/50] Copying IASKLocalizable.strings
[11/50] Copying Info.plist
[15/50] Copying IASKLocalizable.strings
In file included from <built-in>:1:
/host/spi-builder-workspace/.build/x86_64-unknown-linux-gnu/debug/InAppSettingsKit.build/DerivedSources/resource_bundle_accessor.h:2:9: fatal error: 'Foundation/Foundation.h' file not found
2 | #import <Foundation/Foundation.h>
| ^~~~~~~~~~~~~~~~~~~~~~~~~
1 error generated.
[28/50] Compiling IASKPSTextFieldSpecifierViewCell.m
In file included from <built-in>:1:
/host/spi-builder-workspace/.build/x86_64-unknown-linux-gnu/debug/InAppSettingsKit.build/DerivedSources/resource_bundle_accessor.h:2:9: fatal error: 'Foundation/Foundation.h' file not found
2 | #import <Foundation/Foundation.h>
| ^~~~~~~~~~~~~~~~~~~~~~~~~
1 error generated.
[28/50] Compiling IASKSlider.m
In file included from <built-in>:1:
/host/spi-builder-workspace/.build/x86_64-unknown-linux-gnu/debug/InAppSettingsKit.build/DerivedSources/resource_bundle_accessor.h:2:9: fatal error: 'Foundation/Foundation.h' file not found
2 | #import <Foundation/Foundation.h>
| ^~~~~~~~~~~~~~~~~~~~~~~~~
1 error generated.
[28/50] Compiling IASKTextField.m
In file included from <built-in>:1:
/host/spi-builder-workspace/.build/x86_64-unknown-linux-gnu/debug/InAppSettingsKit.build/DerivedSources/resource_bundle_accessor.h:2:9: fatal error: 'Foundation/Foundation.h' file not found
2 | #import <Foundation/Foundation.h>
| ^~~~~~~~~~~~~~~~~~~~~~~~~
1 error generated.
[28/50] Compiling IASKTextViewCell.m
[28/50] Compiling IASKTextView.m
In file included from <built-in>:1:
/host/spi-builder-workspace/.build/x86_64-unknown-linux-gnu/debug/InAppSettingsKit.build/DerivedSources/resource_bundle_accessor.h:2:9: fatal error: 'Foundation/Foundation.h' file not found
2 | #import <Foundation/Foundation.h>
| ^~~~~~~~~~~~~~~~~~~~~~~~~
[28/50] Compiling IASKPSSliderSpecifierViewCell.m
[28/50] Compiling IASKEmbeddedDatePickerViewCell.m
In file included from <built-in>:1:
/host/spi-builder-workspace/.build/x86_64-unknown-linux-gnu/debug/InAppSettingsKit.build/DerivedSources/resource_bundle_accessor.h:2:9: fatal error: 'Foundation/Foundation.h' file not found
2 | #import <Foundation/Foundation.h>
| ^~~~~~~~~~~~~~~~~~~~~~~~~
1 error generated.
[28/50] Compiling IASKSwitch.m
BUILD FAILURE 6.3 linux