Build Information
Failed to build SwipeTabController, reference 1.2.2 (4fc2a7), with Swift 6.2 for macOS (SPM) on 25 Sep 2026 23:08:31 UTC.
Build Command
env DEVELOPER_DIR=/Applications/Xcode-26.3.0.app xcrun swift build --arch arm64Build Log
========================================
RunAll
========================================
Builder version: 5.1.0
Interrupt handler set up.
========================================
Checkout
========================================
Clone URL: https://github.com/LittleGreenViper/SwipeTabController.git
Reference: 1.2.2
Initialized empty Git repository in /Users/admin/builder/spi-builder-workspace/.git/
From https://github.com/LittleGreenViper/SwipeTabController
* tag 1.2.2 -> FETCH_HEAD
HEAD is now at 4fc2a74 Fixed a couple of issues that the LLM introduced in the last release.
Cloned https://github.com/LittleGreenViper/SwipeTabController.git
Revision (git rev-parse @):
4fc2a74c92619150447908ee8f05089f11e10e74
SUCCESS checkout https://github.com/LittleGreenViper/SwipeTabController.git at 1.2.2
========================================
Build
========================================
Selected platform: macosSpm
Swift version: 6.2
Building package at path: $PWD
https://github.com/LittleGreenViper/SwipeTabController.git
Running build ...
env DEVELOPER_DIR=/Applications/Xcode-26.3.0.app xcrun swift build --arch arm64
Building for debugging...
[0/2] Write sources
[1/2] Write swift-version--3CB7CFEC50E0D141.txt
error: emit-module command failed with exit code 1 (use -v to see invocation)
[3/4] Emitting module SwipeTabController
/Users/admin/builder/spi-builder-workspace/Sources/SwipeTabController/LGV_SwipeTabViewController.swift:23:8: error: no such module 'UIKit'
21 | */
22 |
23 | import UIKit
| `- error: no such module 'UIKit'
24 |
25 | /* ###################################################################################################################################### */
[4/4] Compiling SwipeTabController LGV_SwipeTabViewController.swift
/Users/admin/builder/spi-builder-workspace/Sources/SwipeTabController/LGV_SwipeTabViewController.swift:23:8: error: no such module 'UIKit'
21 | */
22 |
23 | import UIKit
| `- error: no such module 'UIKit'
24 |
25 | /* ###################################################################################################################################### */
BUILD FAILURE 6.2 macosSpm