Build Information
Failed to build AppRemoteConfigService, reference main (aee89f), with Swift 6.4 for watchOS using Xcode 27.0 on 21 Sep 2026 07:55:46 UTC.
Build Command
No build command. This typically means the build failed at an early stage where we determine the build command.Build Log
========================================
RunAll
========================================
Builder version: 5.1.0
Interrupt handler set up.
========================================
Checkout
========================================
Clone URL: https://github.com/egeniq/app-remote-config-ios.git
Reference: main
Initialized empty Git repository in /Users/admin/builder/spi-builder-workspace/.git/
From https://github.com/egeniq/app-remote-config-ios
* branch main -> FETCH_HEAD
* [new branch] main -> origin/main
HEAD is now at aee89fd Remove unneeded @MainActor isolation
Cloned https://github.com/egeniq/app-remote-config-ios.git
Revision (git rev-parse @):
aee89fdfba1ab69c73386c8a5a723aab067bde20
SUCCESS checkout https://github.com/egeniq/app-remote-config-ios.git at main
========================================
Build
========================================
Selected platform: watchOS
Swift version: 6.4
Building package at path: $PWD
https://github.com/egeniq/app-remote-config-ios.git
Command line invocation:
/Applications/Xcode-27.0.0-Release.Candidate.app/Contents/Developer/usr/bin/xcodebuild -IDEClonedSourcePackagesDirPathOverride=/Users/admin/builder/spi-builder-workspace/.dependencies -resolvePackageDependencies
Resolve Package Graph
Fetching from https://github.com/tgrapperon/swift-dependencies-additions
Fetching from https://github.com/pointfreeco/swift-macro-testing
Fetching from https://github.com/egeniq/app-remote-config
Fetching from https://github.com/pointfreeco/swift-dependencies
Fetching from https://github.com/swiftlang/swift-syntax
Fetching from https://github.com/pointfreeco/xctest-dynamic-overlay
Fetching from https://github.com/apple/swift-argument-parser
Fetching from https://github.com/apple/swift-log.git
Fetching from https://github.com/apple/swift-crypto.git
Fetching from https://github.com/jpsim/Yams.git
Fetching from https://github.com/pointfreeco/swift-snapshot-testing
Fetching from https://github.com/pointfreeco/swift-custom-dump
Fetching from https://github.com/pointfreeco/swift-issue-reporting
Fetching from https://github.com/pointfreeco/combine-schedulers
Fetching from https://github.com/pointfreeco/swift-clocks
Fetching from https://github.com/pointfreeco/swift-concurrency-extras
Fetching from https://github.com/apple/swift-asn1.git
Creating working copy of package ‘swift-asn1’
Checking out 1.7.3 of package ‘swift-asn1’
Creating working copy of package ‘swift-dependencies-additions’
Checking out 1.1.1 of package ‘swift-dependencies-additions’
Creating working copy of package ‘swift-log’
Checking out 1.15.1 of package ‘swift-log’
Creating working copy of package ‘swift-snapshot-testing’
Checking out 1.19.5 of package ‘swift-snapshot-testing’
Creating working copy of package ‘xctest-dynamic-overlay’
Checking out 1.13.1 of package ‘xctest-dynamic-overlay’
Creating working copy of package ‘swift-syntax’
Checking out 510.0.3 of package ‘swift-syntax’
Creating working copy of package ‘swift-issue-reporting’
Checking out 2.1.0 of package ‘swift-issue-reporting’
Creating working copy of package ‘swift-clocks’
Checking out 1.1.1 of package ‘swift-clocks’
Creating working copy of package ‘Yams’
Checking out 5.4.0 of package ‘Yams’
Creating working copy of package ‘swift-argument-parser’
Checking out 1.8.2 of package ‘swift-argument-parser’
Creating working copy of package ‘swift-dependencies’
Checking out 1.17.1 of package ‘swift-dependencies’
Creating working copy of package ‘combine-schedulers’
Checking out 1.2.2 of package ‘combine-schedulers’
Creating working copy of package ‘app-remote-config’
Checking out 0.7.2 of package ‘app-remote-config’
Creating working copy of package ‘swift-custom-dump’
Checking out 1.7.3 of package ‘swift-custom-dump’
Creating working copy of package ‘swift-macro-testing’
Checking out 0.7.0 of package ‘swift-macro-testing’
Creating working copy of package ‘swift-concurrency-extras’
Checking out 1.4.1 of package ‘swift-concurrency-extras’
Creating working copy of package ‘swift-crypto’
Checking out 3.15.1 of package ‘swift-crypto’
product 'SodiumClientLive' required by package 'spi-builder-workspace' target 'AppRemoteConfigServiceTests' not found in package 'app-remote-config'.multiple packages ('app-remote-config', 'spi-builder-workspace') declare targets with a conflicting name: 'AppRemoteConfigServiceMacros’; target names need to be unique across the package graphmultiple packages ('app-remote-config', 'spi-builder-workspace') declare targets with a conflicting name: 'AppRemoteConfigServiceMacrosPlugin’; target names need to be unique across the package graphmultiple packages ('app-remote-config', 'spi-builder-workspace') declare targets with a conflicting name: 'AppRemoteConfigService’; target names need to be unique across the package graphResolve Package Graph
product 'SodiumClientLive' required by package 'spi-builder-workspace' target 'AppRemoteConfigServiceTests' not found in package 'app-remote-config'.multiple packages ('app-remote-config', 'spi-builder-workspace') declare targets with a conflicting name: 'AppRemoteConfigService’; target names need to be unique across the package graphmultiple packages ('app-remote-config', 'spi-builder-workspace') declare targets with a conflicting name: 'AppRemoteConfigServiceMacrosPlugin’; target names need to be unique across the package graphmultiple packages ('app-remote-config', 'spi-builder-workspace') declare targets with a conflicting name: 'AppRemoteConfigServiceMacros’; target names need to be unique across the package graph
Resolve Package Graph
product 'SodiumClientLive' required by package 'spi-builder-workspace' target 'AppRemoteConfigServiceTests' not found in package 'app-remote-config'.multiple packages ('app-remote-config', 'spi-builder-workspace') declare targets with a conflicting name: 'AppRemoteConfigServiceMacrosPlugin’; target names need to be unique across the package graphmultiple packages ('app-remote-config', 'spi-builder-workspace') declare targets with a conflicting name: 'AppRemoteConfigService’; target names need to be unique across the package graphmultiple packages ('app-remote-config', 'spi-builder-workspace') declare targets with a conflicting name: 'AppRemoteConfigServiceMacros’; target names need to be unique across the package graph
Resolved source packages:
spi-builder-workspace: (null)
2026-09-21 03:54:44.084 xcodebuild[529:3027] [MT] IDERunDestination: Supported platforms for the buildables in the current scheme is empty.
2026-09-21 03:54:44.232 xcodebuild[529:3027] [MT] IDERunDestination: Supported platforms for the buildables in the current scheme is empty.
2026-09-21 03:54:45.991 xcodebuild[529:3027] [MT] IDERunDestination: Supported platforms for the buildables in the current scheme is empty.
2026-09-21 03:55:43.553 xcodebuild[529:3027] Writing error result bundle to /var/folders/xq/y_g06wb113726d38xsyx71_h0000gn/T/ResultBundle_2026-21-09_03-55-0043.xcresult
xcodebuild: error: Could not resolve package dependencies:
product 'SodiumClientLive' required by package 'spi-builder-workspace' target 'AppRemoteConfigServiceTests' not found in package 'app-remote-config'.
multiple packages ('app-remote-config', 'spi-builder-workspace') declare targets with a conflicting name: 'AppRemoteConfigServiceMacrosPlugin’; target names need to be unique across the package graph
multiple packages ('app-remote-config', 'spi-builder-workspace') declare targets with a conflicting name: 'AppRemoteConfigService’; target names need to be unique across the package graph
multiple packages ('app-remote-config', 'spi-builder-workspace') declare targets with a conflicting name: 'AppRemoteConfigServiceMacros’; target names need to be unique across the package graph
Command line invocation:
/Applications/Xcode-27.0.0-Release.Candidate.app/Contents/Developer/usr/bin/xcodebuild -IDEClonedSourcePackagesDirPathOverride=/Users/admin/builder/spi-builder-workspace/.dependencies -resolvePackageDependencies
Resolve Package Graph
product 'SodiumClientLive' required by package 'spi-builder-workspace' target 'AppRemoteConfigServiceTests' not found in package 'app-remote-config'.multiple packages ('app-remote-config', 'spi-builder-workspace') declare targets with a conflicting name: 'AppRemoteConfigService’; target names need to be unique across the package graphmultiple packages ('app-remote-config', 'spi-builder-workspace') declare targets with a conflicting name: 'AppRemoteConfigServiceMacrosPlugin’; target names need to be unique across the package graphmultiple packages ('app-remote-config', 'spi-builder-workspace') declare targets with a conflicting name: 'AppRemoteConfigServiceMacros’; target names need to be unique across the package graph
Resolved source packages:
spi-builder-workspace: (null)
2026-09-21 03:55:44.585 xcodebuild[1283:6733] [MT] IDERunDestination: Supported platforms for the buildables in the current scheme is empty.
2026-09-21 03:55:44.684 xcodebuild[1283:6733] [MT] IDERunDestination: Supported platforms for the buildables in the current scheme is empty.
2026-09-21 03:55:45.954 xcodebuild[1283:6733] Writing error result bundle to /var/folders/xq/y_g06wb113726d38xsyx71_h0000gn/T/ResultBundle_2026-21-09_03-55-0045.xcresult
xcodebuild: error: Could not resolve package dependencies:
product 'SodiumClientLive' required by package 'spi-builder-workspace' target 'AppRemoteConfigServiceTests' not found in package 'app-remote-config'.
multiple packages ('app-remote-config', 'spi-builder-workspace') declare targets with a conflicting name: 'AppRemoteConfigService’; target names need to be unique across the package graph
multiple packages ('app-remote-config', 'spi-builder-workspace') declare targets with a conflicting name: 'AppRemoteConfigServiceMacrosPlugin’; target names need to be unique across the package graph
multiple packages ('app-remote-config', 'spi-builder-workspace') declare targets with a conflicting name: 'AppRemoteConfigServiceMacros’; target names need to be unique across the package graph
BUILD FAILURE 6.4 watchOS