Build Information
Failed to build HAKit, reference main (0535d4), with Swift 6.1 for Android on 13 Oct 2026 09:25:33 UTC.
Build Command
bash -c docker run --pull=always --rm -v "checkouts-54344847-1":/host -w "$PWD" -e JAVA_HOME="/root/.sdkman/candidates/java/current" -e SPI_BUILD="1" -e SPI_PROCESSING="1" registry.gitlab.com/saguaro1/spi-images:android-6.1-latest swift build --swift-sdk aarch64-unknown-linux-android24 2>&1Build Log
========================================
RunAll
========================================
Builder version: 5.1.2
Interrupt handler set up.
========================================
Checkout
========================================
Clone URL: https://github.com/home-assistant/HAKit.git
Reference: main
Initialized empty Git repository in /host/spi-builder-workspace/.git/
hint: Using 'master' as the name for the initial branch. This default branch name
hint: is subject to change. To configure the initial branch name to use in all
hint: of your new repositories, which will suppress this warning, call:
hint:
hint: git config --global init.defaultBranch <name>
hint:
hint: Names commonly chosen instead of 'master' are 'main', 'trunk' and
hint: 'development'. The just-created branch can be renamed via this command:
hint:
hint: git branch -m <name>
From https://github.com/home-assistant/HAKit
* branch main -> FETCH_HEAD
* [new branch] main -> origin/main
HEAD is now at 0535d4a Bump Starscream to 4.0.10 and release 0.4.19 (#127)
Cloned https://github.com/home-assistant/HAKit.git
Revision (git rev-parse @):
0535d4aabd0a50e2c18cdcaa2f4423ff057a546a
SUCCESS checkout https://github.com/home-assistant/HAKit.git at main
========================================
Build
========================================
Selected platform: android
Swift version: 6.1
Building package at path: $PWD
https://github.com/home-assistant/HAKit.git
https://github.com/home-assistant/HAKit.git
WARNING: environment variable SUPPRESS_SWIFT_6_FLAGS is not set
Running build ...
bash -c docker run --pull=always --rm -v "checkouts-54344847-1":/host -w "$PWD" -e JAVA_HOME="/root/.sdkman/candidates/java/current" -e SPI_BUILD="1" -e SPI_PROCESSING="1" registry.gitlab.com/saguaro1/spi-images:android-6.1-latest swift build --swift-sdk aarch64-unknown-linux-android24 -Xswiftc -Xfrontend -Xswiftc -stats-output-dir -Xswiftc -Xfrontend -Xswiftc .stats -Xswiftc -strict-concurrency=complete -Xswiftc -enable-upcoming-feature -Xswiftc StrictConcurrency -Xswiftc -enable-upcoming-feature -Xswiftc DisableOutwardActorInference -Xswiftc -enable-upcoming-feature -Xswiftc GlobalActorIsolatedTypesUsability -Xswiftc -enable-upcoming-feature -Xswiftc InferSendableFromCaptures 2>&1
android-6.1-latest: Pulling from saguaro1/spi-images
Digest: sha256:396310cef4466ceb116ed5462b0b92d4deb353c0dad749b406b7fd226f6db9af
Status: Image is up to date for registry.gitlab.com/saguaro1/spi-images:android-6.1-latest
Fetching https://github.com/bgoncal/Starscream
Fetching https://github.com/mxcl/PromiseKit
[1/3290] Fetching starscream
Fetched https://github.com/bgoncal/Starscream from cache (0.47s)
[1/17244] Fetching promisekit
Fetched https://github.com/mxcl/PromiseKit from cache (1.12s)
Computing version for https://github.com/bgoncal/Starscream
Computed https://github.com/bgoncal/Starscream at 4.0.10 (1.37s)
Computing version for https://github.com/mxcl/PromiseKit
Computed https://github.com/mxcl/PromiseKit at 8.2.0 (0.25s)
Creating working copy for https://github.com/bgoncal/Starscream
Working copy of https://github.com/bgoncal/Starscream resolved at 4.0.10
Creating working copy for https://github.com/mxcl/PromiseKit
Working copy of https://github.com/mxcl/PromiseKit resolved at 8.2.0
warning: 'starscream': found 1 file(s) which are unhandled; explicitly declare them as resources or exclude from the target
/host/spi-builder-workspace/.build/checkouts/Starscream/Sources/Info.plist
Building for debugging...
[0/8] Write sources
[4/8] Copying PrivacyInfo.xcprivacy
[6/8] Write sources
[7/8] Write swift-version-24593BA9C3E375BF.txt
[9/45] Emitting module PromiseKit
[10/47] Compiling Starscream Engine.swift
/host/spi-builder-workspace/.build/checkouts/Starscream/Sources/Security/FoundationSecurity.swift:24:8: error: no such module 'CommonCrypto'
22 |
23 | import Foundation
24 | import CommonCrypto
| `- error: no such module 'CommonCrypto'
25 |
26 | public enum FoundationSecurityError: Error {
[11/47] Compiling Starscream NativeEngine.swift
/host/spi-builder-workspace/.build/checkouts/Starscream/Sources/Security/FoundationSecurity.swift:24:8: error: no such module 'CommonCrypto'
22 |
23 | import Foundation
24 | import CommonCrypto
| `- error: no such module 'CommonCrypto'
25 |
26 | public enum FoundationSecurityError: Error {
[12/47] Compiling Starscream WSEngine.swift
/host/spi-builder-workspace/.build/checkouts/Starscream/Sources/Security/FoundationSecurity.swift:24:8: error: no such module 'CommonCrypto'
22 |
23 | import Foundation
24 | import CommonCrypto
| `- error: no such module 'CommonCrypto'
25 |
26 | public enum FoundationSecurityError: Error {
[13/49] Compiling PromiseKit when.swift
[14/49] Compiling PromiseKit resource_bundle_accessor.swift
/host/spi-builder-workspace/.build/checkouts/Starscream/Sources/Security/FoundationSecurity.swift:24:8: error: no such module 'CommonCrypto'
22 |
23 | import Foundation
24 | import CommonCrypto
| `- error: no such module 'CommonCrypto'
25 |
26 | public enum FoundationSecurityError: Error {
[16/49] Compiling Starscream TCPTransport.swift
/host/spi-builder-workspace/.build/checkouts/Starscream/Sources/Security/FoundationSecurity.swift:24:8: error: no such module 'CommonCrypto'
22 |
23 | import Foundation
24 | import CommonCrypto
| `- error: no such module 'CommonCrypto'
25 |
26 | public enum FoundationSecurityError: Error {
[17/49] Compiling Starscream FoundationHTTPHandler.swift
/host/spi-builder-workspace/.build/checkouts/Starscream/Sources/Security/FoundationSecurity.swift:24:8: error: no such module 'CommonCrypto'
22 |
23 | import Foundation
24 | import CommonCrypto
| `- error: no such module 'CommonCrypto'
25 |
26 | public enum FoundationSecurityError: Error {
[18/49] Compiling Starscream FoundationHTTPServerHandler.swift
/host/spi-builder-workspace/.build/checkouts/Starscream/Sources/Security/FoundationSecurity.swift:24:8: error: no such module 'CommonCrypto'
22 |
23 | import Foundation
24 | import CommonCrypto
| `- error: no such module 'CommonCrypto'
25 |
26 | public enum FoundationSecurityError: Error {
[19/49] Compiling Starscream FrameCollector.swift
/host/spi-builder-workspace/.build/checkouts/Starscream/Sources/Security/FoundationSecurity.swift:24:8: error: no such module 'CommonCrypto'
22 |
23 | import Foundation
24 | import CommonCrypto
| `- error: no such module 'CommonCrypto'
25 |
26 | public enum FoundationSecurityError: Error {
[20/49] Compiling Starscream WebSocketServer.swift
/host/spi-builder-workspace/.build/checkouts/Starscream/Sources/Security/FoundationSecurity.swift:24:8: error: no such module 'CommonCrypto'
22 |
23 | import Foundation
24 | import CommonCrypto
| `- error: no such module 'CommonCrypto'
25 |
26 | public enum FoundationSecurityError: Error {
[21/49] Compiling Starscream WebSocket.swift
/host/spi-builder-workspace/.build/checkouts/Starscream/Sources/Security/FoundationSecurity.swift:24:8: error: no such module 'CommonCrypto'
22 |
23 | import Foundation
24 | import CommonCrypto
| `- error: no such module 'CommonCrypto'
25 |
26 | public enum FoundationSecurityError: Error {
[23/49] Compiling Starscream FoundationSecurity.swift
error: emit-module command failed with exit code 1 (use -v to see invocation)
[24/49] Emitting module Starscream
/host/spi-builder-workspace/.build/checkouts/Starscream/Sources/Security/FoundationSecurity.swift:24:8: error: no such module 'CommonCrypto'
22 |
23 | import Foundation
24 | import CommonCrypto
| `- error: no such module 'CommonCrypto'
25 |
26 | public enum FoundationSecurityError: Error {
[25/49] Compiling Starscream Framer.swift
/host/spi-builder-workspace/.build/checkouts/Starscream/Sources/Security/FoundationSecurity.swift:24:8: error: no such module 'CommonCrypto'
22 |
23 | import Foundation
24 | import CommonCrypto
| `- error: no such module 'CommonCrypto'
25 |
26 | public enum FoundationSecurityError: Error {
[26/49] Compiling Starscream HTTPHandler.swift
/host/spi-builder-workspace/.build/checkouts/Starscream/Sources/Security/FoundationSecurity.swift:24:8: error: no such module 'CommonCrypto'
22 |
23 | import Foundation
24 | import CommonCrypto
| `- error: no such module 'CommonCrypto'
25 |
26 | public enum FoundationSecurityError: Error {
[27/49] Compiling Starscream StringHTTPHandler.swift
/host/spi-builder-workspace/.build/checkouts/Starscream/Sources/Security/FoundationSecurity.swift:24:8: error: no such module 'CommonCrypto'
22 |
23 | import Foundation
24 | import CommonCrypto
| `- error: no such module 'CommonCrypto'
25 |
26 | public enum FoundationSecurityError: Error {
[28/49] Compiling Starscream Compression.swift
/host/spi-builder-workspace/.build/checkouts/Starscream/Sources/Security/FoundationSecurity.swift:24:8: error: no such module 'CommonCrypto'
22 |
23 | import Foundation
24 | import CommonCrypto
| `- error: no such module 'CommonCrypto'
25 |
26 | public enum FoundationSecurityError: Error {
[29/49] Compiling Starscream WSCompression.swift
/host/spi-builder-workspace/.build/checkouts/Starscream/Sources/Security/FoundationSecurity.swift:24:8: error: no such module 'CommonCrypto'
22 |
23 | import Foundation
24 | import CommonCrypto
| `- error: no such module 'CommonCrypto'
25 |
26 | public enum FoundationSecurityError: Error {
/host/spi-builder-workspace/.build/checkouts/Starscream/Sources/Security/FoundationSecurity.swift:24:8: error: no such module 'CommonCrypto'
22 |
23 | import Foundation
24 | import CommonCrypto
| `- error: no such module 'CommonCrypto'
25 |
26 | public enum FoundationSecurityError: Error {
/host/spi-builder-workspace/.build/checkouts/Starscream/Sources/Security/FoundationSecurity.swift:24:8: error: no such module 'CommonCrypto'
22 |
23 | import Foundation
24 | import CommonCrypto
| `- error: no such module 'CommonCrypto'
25 |
26 | public enum FoundationSecurityError: Error {
[32/49] Compiling Starscream Security.swift
/host/spi-builder-workspace/.build/checkouts/Starscream/Sources/Security/FoundationSecurity.swift:24:8: error: no such module 'CommonCrypto'
22 |
23 | import Foundation
24 | import CommonCrypto
| `- error: no such module 'CommonCrypto'
25 |
26 | public enum FoundationSecurityError: Error {
[33/49] Compiling Starscream Server.swift
/host/spi-builder-workspace/.build/checkouts/Starscream/Sources/Security/FoundationSecurity.swift:24:8: error: no such module 'CommonCrypto'
22 |
23 | import Foundation
24 | import CommonCrypto
| `- error: no such module 'CommonCrypto'
25 |
26 | public enum FoundationSecurityError: Error {
[34/49] Compiling Starscream Transport.swift
/host/spi-builder-workspace/.build/checkouts/Starscream/Sources/Security/FoundationSecurity.swift:24:8: error: no such module 'CommonCrypto'
22 |
23 | import Foundation
24 | import CommonCrypto
| `- error: no such module 'CommonCrypto'
25 |
26 | public enum FoundationSecurityError: Error {
[35/49] Compiling Starscream resource_bundle_accessor.swift
/host/spi-builder-workspace/.build/checkouts/Starscream/Sources/Security/FoundationSecurity.swift:24:8: error: no such module 'CommonCrypto'
22 |
23 | import Foundation
24 | import CommonCrypto
| `- error: no such module 'CommonCrypto'
25 |
26 | public enum FoundationSecurityError: Error {
Running build ...
bash -c docker run --pull=always --rm -v "checkouts-54344847-1":/host -w "$PWD" -e JAVA_HOME="/root/.sdkman/candidates/java/current" -e SPI_BUILD="1" -e SPI_PROCESSING="1" registry.gitlab.com/saguaro1/spi-images:android-6.1-latest swift build --swift-sdk aarch64-unknown-linux-android24 2>&1
android-6.1-latest: Pulling from saguaro1/spi-images
Digest: sha256:396310cef4466ceb116ed5462b0b92d4deb353c0dad749b406b7fd226f6db9af
Status: Image is up to date for registry.gitlab.com/saguaro1/spi-images:android-6.1-latest
warning: 'starscream': found 1 file(s) which are unhandled; explicitly declare them as resources or exclude from the target
/host/spi-builder-workspace/.build/checkouts/Starscream/Sources/Info.plist
[0/1] Planning build
Building for debugging...
[0/1] Write swift-version-24593BA9C3E375BF.txt
[2/38] Compiling PromiseKit Error.swift
/host/spi-builder-workspace/.build/checkouts/Starscream/Sources/Security/FoundationSecurity.swift:24:8: error: no such module 'CommonCrypto'
22 |
23 | import Foundation
24 | import CommonCrypto
| `- error: no such module 'CommonCrypto'
25 |
26 | public enum FoundationSecurityError: Error {
[3/38] Compiling PromiseKit Guarantee.swift
/host/spi-builder-workspace/.build/checkouts/Starscream/Sources/Security/FoundationSecurity.swift:24:8: error: no such module 'CommonCrypto'
22 |
23 | import Foundation
24 | import CommonCrypto
| `- error: no such module 'CommonCrypto'
25 |
26 | public enum FoundationSecurityError: Error {
[4/38] Compiling PromiseKit Combine.swift
/host/spi-builder-workspace/.build/checkouts/Starscream/Sources/Security/FoundationSecurity.swift:24:8: error: no such module 'CommonCrypto'
22 |
23 | import Foundation
24 | import CommonCrypto
| `- error: no such module 'CommonCrypto'
25 |
26 | public enum FoundationSecurityError: Error {
[5/40] Emitting module PromiseKit
[6/42] Compiling PromiseKit when.swift
/host/spi-builder-workspace/.build/checkouts/Starscream/Sources/Security/FoundationSecurity.swift:24:8: error: no such module 'CommonCrypto'
22 |
23 | import Foundation
24 | import CommonCrypto
| `- error: no such module 'CommonCrypto'
25 |
26 | public enum FoundationSecurityError: Error {
[7/42] Compiling PromiseKit resource_bundle_accessor.swift
/host/spi-builder-workspace/.build/checkouts/Starscream/Sources/Security/FoundationSecurity.swift:24:8: error: no such module 'CommonCrypto'
22 |
23 | import Foundation
24 | import CommonCrypto
| `- error: no such module 'CommonCrypto'
25 |
26 | public enum FoundationSecurityError: Error {
[8/42] Compiling Starscream Server.swift
/host/spi-builder-workspace/.build/checkouts/Starscream/Sources/Security/FoundationSecurity.swift:24:8: error: no such module 'CommonCrypto'
22 |
23 | import Foundation
24 | import CommonCrypto
| `- error: no such module 'CommonCrypto'
25 |
26 | public enum FoundationSecurityError: Error {
[9/42] Compiling PromiseKit after.swift
[10/42] Compiling PromiseKit firstly.swift
[11/42] Compiling PromiseKit hang.swift
[12/42] Compiling PromiseKit race.swift
[13/42] Compiling PromiseKit Async.swift
/host/spi-builder-workspace/.build/checkouts/Starscream/Sources/Security/FoundationSecurity.swift:24:8: error: no such module 'CommonCrypto'
22 |
23 | import Foundation
24 | import CommonCrypto
| `- error: no such module 'CommonCrypto'
25 |
26 | public enum FoundationSecurityError: Error {
[14/42] Compiling PromiseKit Box.swift
/host/spi-builder-workspace/.build/checkouts/Starscream/Sources/Security/FoundationSecurity.swift:24:8: error: no such module 'CommonCrypto'
22 |
23 | import Foundation
24 | import CommonCrypto
| `- error: no such module 'CommonCrypto'
25 |
26 | public enum FoundationSecurityError: Error {
[15/42] Compiling PromiseKit Catchable.swift
/host/spi-builder-workspace/.build/checkouts/Starscream/Sources/Security/FoundationSecurity.swift:24:8: error: no such module 'CommonCrypto'
22 |
23 | import Foundation
24 | import CommonCrypto
| `- error: no such module 'CommonCrypto'
25 |
26 | public enum FoundationSecurityError: Error {
[16/42] Compiling Starscream Transport.swift
/host/spi-builder-workspace/.build/checkouts/Starscream/Sources/Security/FoundationSecurity.swift:24:8: error: no such module 'CommonCrypto'
22 |
23 | import Foundation
24 | import CommonCrypto
| `- error: no such module 'CommonCrypto'
25 |
26 | public enum FoundationSecurityError: Error {
[17/42] Compiling Starscream resource_bundle_accessor.swift
/host/spi-builder-workspace/.build/checkouts/Starscream/Sources/Security/FoundationSecurity.swift:24:8: error: no such module 'CommonCrypto'
22 |
23 | import Foundation
24 | import CommonCrypto
| `- error: no such module 'CommonCrypto'
25 |
26 | public enum FoundationSecurityError: Error {
[18/42] Compiling PromiseKit LogEvent.swift
[19/42] Compiling PromiseKit Promise.swift
[20/42] Compiling PromiseKit Resolver.swift
[21/42] Compiling PromiseKit Thenable.swift
[23/42] Compiling PromiseKit Configuration.swift
[24/42] Compiling PromiseKit CustomStringConvertible.swift
error: emit-module command failed with exit code 1 (use -v to see invocation)
[30/42] Emitting module Starscream
/host/spi-builder-workspace/.build/checkouts/Starscream/Sources/Security/FoundationSecurity.swift:24:8: error: no such module 'CommonCrypto'
22 |
23 | import Foundation
24 | import CommonCrypto
| `- error: no such module 'CommonCrypto'
25 |
26 | public enum FoundationSecurityError: Error {
/host/spi-builder-workspace/.build/checkouts/Starscream/Sources/Security/FoundationSecurity.swift:24:8: error: no such module 'CommonCrypto'
22 |
23 | import Foundation
24 | import CommonCrypto
| `- error: no such module 'CommonCrypto'
25 |
26 | public enum FoundationSecurityError: Error {
/host/spi-builder-workspace/.build/checkouts/Starscream/Sources/Security/FoundationSecurity.swift:24:8: error: no such module 'CommonCrypto'
22 |
23 | import Foundation
24 | import CommonCrypto
| `- error: no such module 'CommonCrypto'
25 |
26 | public enum FoundationSecurityError: Error {
/host/spi-builder-workspace/.build/checkouts/Starscream/Sources/Security/FoundationSecurity.swift:24:8: error: no such module 'CommonCrypto'
22 |
23 | import Foundation
24 | import CommonCrypto
| `- error: no such module 'CommonCrypto'
25 |
26 | public enum FoundationSecurityError: Error {
/host/spi-builder-workspace/.build/checkouts/Starscream/Sources/Security/FoundationSecurity.swift:24:8: error: no such module 'CommonCrypto'
22 |
23 | import Foundation
24 | import CommonCrypto
| `- error: no such module 'CommonCrypto'
25 |
26 | public enum FoundationSecurityError: Error {
/host/spi-builder-workspace/.build/checkouts/Starscream/Sources/Security/FoundationSecurity.swift:24:8: error: no such module 'CommonCrypto'
22 |
23 | import Foundation
24 | import CommonCrypto
| `- error: no such module 'CommonCrypto'
25 |
26 | public enum FoundationSecurityError: Error {
/host/spi-builder-workspace/.build/checkouts/Starscream/Sources/Security/FoundationSecurity.swift:24:8: error: no such module 'CommonCrypto'
22 |
23 | import Foundation
24 | import CommonCrypto
| `- error: no such module 'CommonCrypto'
25 |
26 | public enum FoundationSecurityError: Error {
/host/spi-builder-workspace/.build/checkouts/Starscream/Sources/Security/FoundationSecurity.swift:24:8: error: no such module 'CommonCrypto'
22 |
23 | import Foundation
24 | import CommonCrypto
| `- error: no such module 'CommonCrypto'
25 |
26 | public enum FoundationSecurityError: Error {
/host/spi-builder-workspace/.build/checkouts/Starscream/Sources/Security/FoundationSecurity.swift:24:8: error: no such module 'CommonCrypto'
22 |
23 | import Foundation
24 | import CommonCrypto
| `- error: no such module 'CommonCrypto'
25 |
26 | public enum FoundationSecurityError: Error {
/host/spi-builder-workspace/.build/checkouts/Starscream/Sources/Security/FoundationSecurity.swift:24:8: error: no such module 'CommonCrypto'
22 |
23 | import Foundation
24 | import CommonCrypto
| `- error: no such module 'CommonCrypto'
25 |
26 | public enum FoundationSecurityError: Error {
/host/spi-builder-workspace/.build/checkouts/Starscream/Sources/Security/FoundationSecurity.swift:24:8: error: no such module 'CommonCrypto'
22 |
23 | import Foundation
24 | import CommonCrypto
| `- error: no such module 'CommonCrypto'
25 |
26 | public enum FoundationSecurityError: Error {
BUILD FAILURE 6.1 android