Build Information
Failed to build swift-crypto, reference 5.0.1 (1c80d3), with Swift 6.2 for Android on 12 Oct 2026 15:00:25 UTC.
Build Command
bash -c docker run --pull=always --rm -v "checkouts-54344847-2":/host -w "$PWD" -e JAVA_HOME="/root/.sdkman/candidates/java/current" -e SPI_BUILD="1" -e SPI_PROCESSING="1" registry.gitlab.com/saguaro1/spi-images:android-6.2-latest swift build --swift-sdk aarch64-unknown-linux-android28 2>&1Build Log
========================================
RunAll
========================================
Builder version: 5.1.1
Interrupt handler set up.
========================================
Checkout
========================================
Clone URL: https://github.com/apple/swift-crypto.git
Reference: 5.0.1
Initialized empty Git repository in /host/spi-builder-workspace/.git/
hint: Using 'master' as the name for the initial branch. This default branch name
hint: is subject to change. To configure the initial branch name to use in all
hint: of your new repositories, which will suppress this warning, call:
hint:
hint: git config --global init.defaultBranch <name>
hint:
hint: Names commonly chosen instead of 'master' are 'main', 'trunk' and
hint: 'development'. The just-created branch can be renamed via this command:
hint:
hint: git branch -m <name>
From https://github.com/apple/swift-crypto
* tag 5.0.1 -> FETCH_HEAD
HEAD is now at 1c80d3a Require compressed encoding when deserializing OPRF elements (#479)
Cloned https://github.com/apple/swift-crypto.git
Revision (git rev-parse @):
1c80d3aff53fedc445b60692980cb4f19a618657
SPI manifest file found: $PWD/.spi.yml
SUCCESS checkout https://github.com/apple/swift-crypto.git at 5.0.1
========================================
Build
========================================
Selected platform: android
Swift version: 6.2
Building package at path: $PWD
https://github.com/apple/swift-crypto.git
Running build ...
bash -c docker run --pull=always --rm -v "checkouts-54344847-2":/host -w "$PWD" -e JAVA_HOME="/root/.sdkman/candidates/java/current" -e SPI_BUILD="1" -e SPI_PROCESSING="1" registry.gitlab.com/saguaro1/spi-images:android-6.2-latest swift build --swift-sdk aarch64-unknown-linux-android28 2>&1
android-6.2-latest: Pulling from saguaro1/spi-images
Digest: sha256:a839c9ce201f1dacc8eb056626ec7ab0a1c6d53d7b77c83feda395f4507c51be
Status: Image is up to date for registry.gitlab.com/saguaro1/spi-images:android-6.2-latest
Fetching https://github.com/apple/swift-asn1.git
[1/2009] Fetching swift-asn1
Fetched https://github.com/apple/swift-asn1.git from cache (0.44s)
Computing version for https://github.com/apple/swift-asn1.git
Computed https://github.com/apple/swift-asn1.git at 1.7.3 (0.63s)
Creating working copy for https://github.com/apple/swift-asn1.git
Working copy of https://github.com/apple/swift-asn1.git resolved at 1.7.3
Building for debugging...
[0/383] Compiling f_string.cc
[0/383] Write sources
[7/383] Compiling CXKCPShims shims.c
[8/383] Compiling SimpleFIPS202.c
[9/383] Compiling asn1_par.cc
[10/383] Compiling KeccakSponge.c
[11/383] Compiling asn_pack.cc
[12/383] Compiling KeccakHash.c
[13/383] Compiling f_int.cc
[14/383] Compiling fiat_p256_adx_sqr.S
[15/383] Compiling a_dup.cc
[16/383] Compiling fiat_curve25519_adx_square.S
[17/383] Compiling fiat_p256_adx_mul.S
[18/383] Compiling a_d2i_fp.cc
[18/383] Write swift-version--11D90AFD9DD3AB2.txt
[20/383] Compiling md5-x86_64-apple.S
[21/383] Compiling fiat_curve25519_adx_mul.S
[22/383] Compiling md5-x86_64-linux.S
[23/383] Compiling md5-586-linux.S
[24/383] Compiling md5-586-apple.S
[25/383] Compiling chacha20_poly1305_x86_64-apple.S
[26/383] Compiling chacha20_poly1305_x86_64-linux.S
[27/383] Compiling chacha20_poly1305_armv8-win.S
[28/400] Compiling chacha20_poly1305_armv8-apple.S
[29/400] Compiling chacha-x86_64-apple.S
[30/400] Compiling chacha20_poly1305_armv8-linux.S
[31/400] Compiling chacha-x86_64-linux.S
[32/400] Compiling chacha-armv8-win.S
[33/400] Compiling chacha-x86-linux.S
[34/400] Compiling chacha-x86-apple.S
[35/400] Compiling chacha-armv8-linux.S
[36/400] Compiling a_bool.cc
[37/400] Compiling chacha-armv8-apple.S
[38/400] Compiling chacha-armv4-linux.S
[39/400] Compiling aes128gcmsiv-x86_64-linux.S
[39/400] Compiling aes128gcmsiv-x86_64-apple.S
[41/400] Compiling x86_64-mont5-linux.S
[41/400] Compiling x86_64-mont5-apple.S
[43/400] Compiling x86_64-mont-linux.S
[44/400] Compiling x86_64-mont-apple.S
[45/400] Compiling x86-mont-linux.S
[46/400] Compiling KeccakP-1600-opt64.c
[47/400] Compiling x86-mont-apple.S
[48/400] Compiling vpaes-x86_64-apple.S
[49/400] Compiling vpaes-x86_64-linux.S
[50/400] Compiling vpaes-x86-linux.S
[51/400] Compiling vpaes-armv8-apple.S
[52/400] Compiling vpaes-x86-apple.S
[53/400] Compiling vpaes-armv8-win.S
[54/400] Compiling vpaes-armv7-linux.S
[55/400] Compiling sha512-x86_64-apple.S
[56/400] Compiling sha512-x86_64-linux.S
[57/400] Compiling vpaes-armv8-linux.S
[58/400] Compiling sha512-armv8-win.S
[59/400] Compiling sha512-armv4-linux.S
[60/400] Compiling sha512-armv8-apple.S
[61/400] Compiling sha512-586-linux.S
[62/400] Compiling sha512-586-apple.S
[63/400] Compiling sha512-armv8-linux.S
[64/400] Compiling sha256-x86_64-linux.S
[65/400] Compiling sha256-armv8-win.S
[66/400] Compiling sha256-x86_64-apple.S
[67/400] Compiling sha256-armv8-apple.S
[68/400] Compiling sha256-armv4-linux.S
[69/400] Compiling sha256-586-linux.S
[70/400] Compiling sha1-x86_64-linux.S
[71/400] Compiling sha256-586-apple.S
[72/400] Compiling sha1-x86_64-apple.S
[73/400] Compiling sha256-armv8-linux.S
[74/400] Compiling sha1-armv8-win.S
[75/400] Compiling sha1-armv8-linux.S
[76/400] Compiling sha1-armv4-large-linux.S
[77/400] Compiling sha1-586-linux.S
[78/400] Compiling sha1-armv8-apple.S
[79/400] Compiling sha1-586-apple.S
[80/400] Compiling rdrand-x86_64-linux.S
[81/400] Compiling rsaz-avx2-apple.S
[82/400] Compiling rsaz-avx2-linux.S
[83/400] Compiling rdrand-x86_64-apple.S
[84/400] Compiling p256_beeu-x86_64-asm-linux.S
[85/400] Compiling p256_beeu-armv8-asm-linux.S
[86/400] Compiling p256_beeu-armv8-asm-win.S
[87/400] Compiling p256_beeu-x86_64-asm-apple.S
[88/400] Compiling err_data.cc
[89/400] Compiling p256-x86_64-asm-linux.S
[90/400] Compiling p256_beeu-armv8-asm-apple.S
[91/400] Compiling p256-x86_64-asm-apple.S
[92/400] Compiling p256-armv8-asm-win.S
[93/400] Compiling ghashv8-armv8-apple.S
[94/400] Compiling p256-armv8-asm-linux.S
[95/400] Compiling ghashv8-armv7-linux.S
[96/400] Compiling p256-armv8-asm-apple.S
[97/400] Compiling ghashv8-armv8-win.S
[98/400] Compiling ghashv8-armv8-linux.S
[99/400] Compiling ghash-x86_64-apple.S
[100/400] Compiling ghash-x86_64-linux.S
[101/400] Compiling ghash-x86-linux.S
[102/400] Compiling ghash-ssse3-x86-linux.S
[103/400] Compiling ghash-ssse3-x86_64-apple.S
[104/400] Compiling ghash-x86-apple.S
[105/400] Compiling ghash-ssse3-x86_64-linux.S
[106/400] Compiling ghash-neon-armv8-win.S
[107/400] Compiling ghash-ssse3-x86-apple.S
[108/400] Compiling ghash-neon-armv8-linux.S
[109/400] Compiling ghash-neon-armv8-apple.S
[110/400] Compiling co-586-linux.S
[111/400] Compiling co-586-apple.S
[112/400] Compiling bsaes-armv7-linux.S
[112/400] Compiling ghash-armv4-linux.S
[114/400] Compiling bn-armv8-win.S
[115/400] Compiling bn-armv8-apple.S
[116/400] Compiling bn-586-linux.S
[116/400] Compiling bn-586-apple.S
[118/400] Compiling bn-armv8-linux.S
[119/400] Compiling armv8-mont-win.S
[120/400] Compiling armv4-mont-linux.S
[121/400] Compiling armv8-mont-apple.S
[121/400] Compiling aesv8-gcm-armv8-win.S
[123/400] Compiling armv8-mont-linux.S
[124/400] Compiling aesv8-armv8-win.S
[125/400] Compiling aesv8-gcm-armv8-apple.S
[126/400] Compiling aesv8-gcm-armv8-linux.S
[127/400] Compiling aesni-x86_64-linux.S
[128/400] Compiling aesv8-armv8-linux.S
[129/400] Compiling aesv8-armv8-apple.S
[130/400] Compiling aesv8-armv7-linux.S
[130/400] Compiling aesni-x86_64-apple.S
[132/400] Compiling aesni-x86-linux.S
[133/400] Compiling aesni-gcm-x86_64-linux.S
[134/400] Compiling aesni-x86-apple.S
[135/400] Compiling aesni-gcm-x86_64-apple.S
[136/400] Compiling aes-gcm-avx2-x86_64-linux.S
[137/400] Compiling aes-gcm-avx512-x86_64-linux.S
[138/400] Compiling aes-gcm-avx512-x86_64-apple.S
[139/400] Compiling aes-gcm-avx2-x86_64-apple.S
[140/400] Compiling xwing.cc
[141/400] Compiling x_sig.cc
[142/400] Compiling x_pubkey.cc
[143/400] Compiling x_req.cc
[144/400] Compiling x_x509a.cc
[145/400] Compiling x_spki.cc
[146/400] Compiling x_x509.cc
[147/400] Compiling x_name.cc
[148/400] Compiling x509spki.cc
[149/400] Compiling x_attrib.cc
[150/400] Compiling x_exten.cc
[151/400] Compiling x_all.cc
[152/400] Compiling x_crl.cc
[153/400] Compiling x_algor.cc
[154/400] Compiling x509name.cc
[155/400] Compiling x509rset.cc
[156/400] Compiling x509_v3.cc
[157/400] Compiling x509_txt.cc
[158/400] Compiling x509_vpm.cc
[159/400] Compiling x509_vfy.cc
[160/400] Compiling x509cset.cc
[162/400] Emitting module SwiftASN1
[162/402] Compiling x509_trs.cc
[163/402] Compiling x509_set.cc
[164/402] Compiling x509_def.cc
[165/402] Compiling x509_req.cc
[166/402] Compiling x509_obj.cc
[167/402] Compiling x509_lu.cc
[168/402] Compiling x509_ext.cc
[169/402] Compiling x509_att.cc
[170/402] Compiling x509_d2.cc
[171/402] Compiling x509.cc
[172/402] Compiling x509_cmp.cc
[173/402] Compiling v3_skey.cc
[174/402] Compiling v3_utl.cc
[175/402] Compiling v3_purp.cc
[177/402] Compiling SwiftASN1 DER.swift
[178/402] Compiling SwiftASN1 Errors.swift
[179/402] Compiling SwiftASN1 TimeUtilities.swift
[180/402] Compiling SwiftASN1 UTCTime.swift
[181/402] Compiling SwiftASN1 ASN1Integer.swift
[182/402] Compiling SwiftASN1 ASN1Null.swift
[183/402] Compiling SwiftASN1 ASN1BitString.swift
[184/402] Compiling SwiftASN1 ASN1Boolean.swift
[185/402] Compiling SwiftASN1 ASN1Identifier.swift
[185/402] Compiling v3_prn.cc
[187/402] Compiling SwiftASN1 ASN1OctetString.swift
[188/402] Compiling SwiftASN1 ASN1Strings.swift
[189/402] Compiling SwiftASN1 ASN1.swift
[190/402] Compiling SwiftASN1 BER.swift
[191/402] Compiling SwiftASN1 ASN1Any.swift
[191/402] Compiling v3_pmaps.cc
[192/402] Compiling v3_ocsp.cc
[193/402] Compiling v3_pcons.cc
[194/402] Compiling v3_ncons.cc
[195/402] Compiling v3_int.cc
[196/402] Compiling v3_lib.cc
[197/402] Compiling v3_info.cc
[198/402] Compiling v3_ia5.cc
[199/402] Compiling v3_genn.cc
[200/402] Compiling v3_extku.cc
[201/402] Compiling v3_enum.cc
[202/402] Compiling v3_crld.cc
[203/402] Compiling v3_cpols.cc
[204/402] Compiling v3_bitst.cc
[205/402] Compiling v3_akeya.cc
[206/402] Compiling v3_conf.cc
[208/402] Compiling SwiftASN1 ObjectIdentifier.swift
[209/402] Compiling SwiftASN1 PEMDocument.swift
[210/402] Compiling SwiftASN1 ArraySliceBigint.swift
[211/402] Compiling SwiftASN1 GeneralizedTime.swift
[212/403] Compiling t_x509a.cc
[213/403] Compiling v3_bcons.cc
[214/403] Compiling v3_alt.cc
[215/403] Compiling v3_akey.cc
[216/403] Compiling t_x509.cc
[217/403] Compiling i2d_pr.cc
[218/403] Compiling t_crl.cc
[219/403] Compiling t_req.cc
[220/403] Compiling rsa_pss.cc
[221/403] Compiling name_print.cc
[222/403] Compiling policy.cc
[223/403] Compiling by_file.cc
[224/403] Compiling by_dir.cc
[225/403] Compiling asn1_gen.cc
[226/403] Compiling a_verify.cc
[227/403] Compiling algorithm.cc
[228/403] Compiling trust_token.cc
[229/403] Compiling voprf.cc
[230/403] Compiling a_digest.cc
[231/403] Compiling a_sign.cc
[232/403] Compiling thread_win.cc
[233/403] Compiling thread.cc
[234/403] Compiling thread_pthread.cc
[235/403] Compiling thread_none.cc
[236/403] Compiling pmbtoken.cc
[237/403] Compiling stack.cc
[238/403] Compiling siphash.cc
[239/403] Compiling rsa_extra.cc
[240/403] Compiling sha512.cc
[241/403] Compiling slhdsa.cc
[242/403] Compiling sha1.cc
[243/403] Compiling spake2plus.cc
[244/403] Compiling sha256.cc
[245/403] Compiling rsa_print.cc
[246/403] Compiling rsa_crypt.cc
[247/403] Compiling rc4.cc
[248/403] Compiling refcount.cc
[249/403] Compiling trusty.cc
[250/403] Compiling windows.cc
[251/403] Compiling urandom.cc
[252/403] Compiling rand.cc
[253/403] Compiling passive.cc
[254/403] Compiling rsa_asn1.cc
[255/403] Compiling poly1305_arm_asm.S
[256/403] Compiling ios.cc
[257/403] Compiling getentropy.cc
[258/403] Compiling forkunsafe.cc
[259/403] Compiling fork_detect.cc
[260/403] Compiling deterministic.cc
[261/403] Compiling poly1305_vec.cc
[262/403] Compiling poly1305_arm.cc
[263/403] Compiling pool.cc
[264/403] Compiling poly1305.cc
[265/403] Compiling pkcs7.cc
[266/403] Compiling p5_pbev2.cc
[267/403] Compiling pkcs8_x509.cc
[268/403] Compiling pem_pkey.cc
[269/403] Compiling pkcs8.cc
[270/403] Compiling pkcs7_x509.cc
[271/403] Compiling pem_xaux.cc
[272/403] Compiling pem_oth.cc
[273/403] Compiling pem_x509.cc
[274/403] Compiling pem_lib.cc
[275/403] Compiling pem_pk8.cc
[276/403] Compiling mlkem.cc
[276/403] Compiling obj_xref.cc
[278/403] Compiling mldsa.cc
[279/403] Compiling pem_info.cc
[280/403] Compiling pem_all.cc
[281/403] Compiling poly_rq_mul.S
[282/403] Compiling obj.cc
[283/403] Compiling mem.cc
[284/403] Compiling fips_shared_support.cc
[285/403] Compiling lhash.cc
[286/403] Compiling md5.cc
[287/403] Compiling md4.cc
[288/403] Compiling fuzzer_mode.cc
[289/403] Compiling ex_data.cc
[290/403] Compiling kyber.cc
[291/403] Compiling hrss.cc
[292/403] Compiling scrypt.cc
[293/403] Compiling pbkdf.cc
[294/403] Compiling hpke.cc
[295/403] Compiling print.cc
[296/403] Compiling sign.cc
[297/403] Compiling p_x25519_asn1.cc
[298/403] Compiling p_rsa.cc
[299/403] Compiling p_rsa_asn1.cc
[300/403] Compiling p_hkdf.cc
[301/403] Compiling p_ed25519_asn1.cc
[302/403] Compiling p_x25519.cc
[303/403] Compiling p_ed25519.cc
[304/403] Compiling p_ec.cc
[304/403] Compiling p_ec_asn1.cc
[306/403] Compiling p_dsa_asn1.cc
[307/403] Compiling p_dh_asn1.cc
[308/403] Compiling p_dh.cc
[309/403] Compiling evp_ctx.cc
[310/403] Compiling ecdsa_p1363.cc
[311/403] Compiling evp_asn1.cc
[312/403] Compiling engine.cc
[313/403] Compiling err.cc
[314/403] Compiling evp.cc
[315/403] Compiling ecdh.cc
[316/403] Compiling ecdsa_asn1.cc
[317/403] Compiling ec_derive.cc
[318/403] Compiling dsa.cc
[319/403] Compiling hash_to_curve.cc
[320/403] Compiling ec_asn1.cc
[321/403] Compiling digest_extra.cc
[322/403] Compiling dsa_asn1.cc
[323/403] Compiling x25519-asm-arm.S
[324/403] Compiling des.cc
[325/403] Compiling dh_asn1.cc
[326/403] Compiling params.cc
[327/403] Compiling crypto.cc
[328/403] Compiling curve25519_64_adx.cc
[329/403] Compiling spake25519.cc
[330/403] Compiling cpu_arm_linux.cc
[331/403] Compiling cpu_intel.cc
[332/403] Compiling cpu_arm_freebsd.cc
[333/403] Compiling curve25519.cc
[334/403] Compiling cpu_aarch64_win.cc
[335/403] Compiling cpu_aarch64_openbsd.cc
[336/403] Compiling cpu_aarch64_sysreg.cc
[337/403] Compiling cpu_aarch64_linux.cc
[338/403] Compiling cpu_aarch64_fuchsia.cc
[339/403] Compiling cpu_aarch64_apple.cc
[340/403] Compiling conf.cc
[341/403] Compiling tls_cbc.cc
[342/403] Compiling get_cipher.cc
[343/403] Compiling cms.cc
[344/403] Compiling e_tls.cc
[345/403] Compiling e_rc4.cc
[346/403] Compiling e_null.cc
[347/403] Compiling e_rc2.cc
[348/403] Compiling e_des.cc
[349/403] Compiling e_chacha20poly1305.cc
[350/403] Compiling e_aeseax.cc
[351/403] Compiling e_aesgcmsiv.cc
[352/403] Compiling derive_key.cc
[353/403] Compiling chacha.cc
[354/403] Compiling e_aesctrhmac.cc
[355/403] Compiling unicode.cc
[356/403] Compiling buf.cc
[357/403] Compiling cbb.cc
[358/403] Compiling asn1_compat.cc
[359/403] Compiling sqrt.cc
[360/403] Compiling ber.cc
[361/403] Compiling cbs.cc
[362/403] Compiling exponentiation.cc
[363/403] Compiling div.cc
[364/403] Compiling bn_asn1.cc
[365/403] Compiling printf.cc
[366/403] Compiling blake2.cc
[367/403] Compiling pair.cc
[368/403] Compiling hexdump.cc
[369/403] Compiling convert.cc
[370/403] Compiling file.cc
[371/403] Compiling errno.cc
[372/403] Compiling fd.cc
[373/403] Compiling base64.cc
[374/403] Compiling bio.cc
[375/403] Compiling bio_mem.cc
[376/403] Compiling tasn_typ.cc
[377/403] Compiling tasn_enc.cc
[378/403] Compiling tasn_utl.cc
[379/403] Compiling tasn_fre.cc
[380/403] Compiling posix_time.cc
[381/403] Compiling tasn_new.cc
[382/403] Compiling tasn_dec.cc
[383/403] Compiling asn1_lib.cc
[384/403] Compiling a_strnid.cc
[385/403] Compiling a_utctm.cc
[386/403] Compiling a_type.cc
[387/403] Compiling a_octet.cc
[388/403] Compiling a_time.cc
[389/403] Compiling a_strex.cc
[390/403] Compiling a_i2d_fp.cc
[391/403] Compiling a_mbstr.cc
[392/403] Compiling bcm.cc
[393/403] Compiling aes.cc
[394/403] Compiling a_object.cc
[395/403] Compiling a_int.cc
[396/403] Compiling a_gentm.cc
[397/403] Compiling a_bitstr.cc
[399/411] Compiling CryptoBoringWrapper EllipticCurvePoint.swift
[400/411] Compiling CryptoBoringWrapper EllipticCurve.swift
[401/412] Compiling CryptoBoringWrapper CryptoKitErrors_boring.swift
[402/412] Compiling CryptoBoringWrapper ArbitraryPrecisionInteger.swift
[403/412] Compiling CryptoBoringWrapper Data+Span.swift
[404/412] Compiling CryptoBoringWrapper FiniteFieldArithmeticContext.swift
[405/412] Compiling CryptoBoringWrapper BoringSSLAEAD.swift
[406/412] Emitting module CryptoBoringWrapper
[407/412] Compiling CryptoBoringWrapper RandomBytes.swift
[408/413] Wrapping AST for CryptoBoringWrapper for debugging
[410/499] Compiling Crypto HPKE-Utils.swift
/host/spi-builder-workspace/Sources/Crypto/HPKE/Ciphersuite/KEM/Conformances/DHKEM.swift:81:6: error: unknown attribute 'nonexhaustive'
79 | extension HPKE {
80 | /// A container for Diffie-Hellman key encapsulation mechanisms (KEMs).
81 | @nonexhaustive
| `- error: unknown attribute 'nonexhaustive'
82 | public enum DHKEM: Sendable {
83 | struct PublicKey<DHPK: HPKEDiffieHellmanPublicKey>: KEMPublicKey where DHPK == DHPK.EphemeralPrivateKey.PublicKey {
/host/spi-builder-workspace/Sources/Crypto/HPKE/Ciphersuite/KEM/HPKE-KEM.swift:29:6: error: unknown attribute 'nonexhaustive'
27 | /// The module-lattice key encapsulation mechanism (ML-KEM) is designed to offer increased security in situations
28 | /// where an adversary uses a quantum computer.
29 | @nonexhaustive
| `- error: unknown attribute 'nonexhaustive'
30 | public enum KEM: CaseIterable, Hashable, Sendable {
31 | public static var allCases: [HPKE.KEM] {
/host/spi-builder-workspace/Sources/Crypto/HPKE/HPKE-Errors.swift:27:6: error: unknown attribute 'nonexhaustive'
25 | extension HPKE {
26 | /// Hybrid public key encryption (HPKE) errors that CryptoKit uses.
27 | @nonexhaustive
| `- error: unknown attribute 'nonexhaustive'
28 | public enum Errors: Error {
29 | /// The parameters for initializing an HPKE sender or receiver are inconsistent.
/host/spi-builder-workspace/Sources/Crypto/HPKE/HPKE.swift:53:2: error: unknown attribute 'nonexhaustive'
51 | /// ### Handling errors
52 | /// - ``Errors``
53 | @nonexhaustive
| `- error: unknown attribute 'nonexhaustive'
54 | public enum HPKE: Sendable {}
55 |
/host/spi-builder-workspace/Sources/Crypto/Insecure/Insecure.swift:23:2: error: unknown attribute 'nonexhaustive'
21 | /// but the framework provides them for backward compatibility with older
22 | /// services that require them. For new services, avoid these algorithms.
23 | @nonexhaustive
| `- error: unknown attribute 'nonexhaustive'
24 | public enum Insecure: Sendable {}
25 | #endif // canImport(CryptoKit)
[411/499] Compiling Crypto DHKEM.swift
/host/spi-builder-workspace/Sources/Crypto/HPKE/Ciphersuite/KEM/Conformances/DHKEM.swift:81:6: error: unknown attribute 'nonexhaustive'
79 | extension HPKE {
80 | /// A container for Diffie-Hellman key encapsulation mechanisms (KEMs).
81 | @nonexhaustive
| `- error: unknown attribute 'nonexhaustive'
82 | public enum DHKEM: Sendable {
83 | struct PublicKey<DHPK: HPKEDiffieHellmanPublicKey>: KEMPublicKey where DHPK == DHPK.EphemeralPrivateKey.PublicKey {
/host/spi-builder-workspace/Sources/Crypto/HPKE/Ciphersuite/KEM/HPKE-KEM.swift:29:6: error: unknown attribute 'nonexhaustive'
27 | /// The module-lattice key encapsulation mechanism (ML-KEM) is designed to offer increased security in situations
28 | /// where an adversary uses a quantum computer.
29 | @nonexhaustive
| `- error: unknown attribute 'nonexhaustive'
30 | public enum KEM: CaseIterable, Hashable, Sendable {
31 | public static var allCases: [HPKE.KEM] {
/host/spi-builder-workspace/Sources/Crypto/HPKE/HPKE-Errors.swift:27:6: error: unknown attribute 'nonexhaustive'
25 | extension HPKE {
26 | /// Hybrid public key encryption (HPKE) errors that CryptoKit uses.
27 | @nonexhaustive
| `- error: unknown attribute 'nonexhaustive'
28 | public enum Errors: Error {
29 | /// The parameters for initializing an HPKE sender or receiver are inconsistent.
/host/spi-builder-workspace/Sources/Crypto/HPKE/HPKE.swift:53:2: error: unknown attribute 'nonexhaustive'
51 | /// ### Handling errors
52 | /// - ``Errors``
53 | @nonexhaustive
| `- error: unknown attribute 'nonexhaustive'
54 | public enum HPKE: Sendable {}
55 |
/host/spi-builder-workspace/Sources/Crypto/Insecure/Insecure.swift:23:2: error: unknown attribute 'nonexhaustive'
21 | /// but the framework provides them for backward compatibility with older
22 | /// services that require them. For new services, avoid these algorithms.
23 | @nonexhaustive
| `- error: unknown attribute 'nonexhaustive'
24 | public enum Insecure: Sendable {}
25 | #endif // canImport(CryptoKit)
[412/499] Compiling Crypto HPKE-KEM-Curve25519.swift
/host/spi-builder-workspace/Sources/Crypto/HPKE/Ciphersuite/KEM/Conformances/DHKEM.swift:81:6: error: unknown attribute 'nonexhaustive'
79 | extension HPKE {
80 | /// A container for Diffie-Hellman key encapsulation mechanisms (KEMs).
81 | @nonexhaustive
| `- error: unknown attribute 'nonexhaustive'
82 | public enum DHKEM: Sendable {
83 | struct PublicKey<DHPK: HPKEDiffieHellmanPublicKey>: KEMPublicKey where DHPK == DHPK.EphemeralPrivateKey.PublicKey {
/host/spi-builder-workspace/Sources/Crypto/HPKE/Ciphersuite/KEM/HPKE-KEM.swift:29:6: error: unknown attribute 'nonexhaustive'
27 | /// The module-lattice key encapsulation mechanism (ML-KEM) is designed to offer increased security in situations
28 | /// where an adversary uses a quantum computer.
29 | @nonexhaustive
| `- error: unknown attribute 'nonexhaustive'
30 | public enum KEM: CaseIterable, Hashable, Sendable {
31 | public static var allCases: [HPKE.KEM] {
/host/spi-builder-workspace/Sources/Crypto/HPKE/HPKE-Errors.swift:27:6: error: unknown attribute 'nonexhaustive'
25 | extension HPKE {
26 | /// Hybrid public key encryption (HPKE) errors that CryptoKit uses.
27 | @nonexhaustive
| `- error: unknown attribute 'nonexhaustive'
28 | public enum Errors: Error {
29 | /// The parameters for initializing an HPKE sender or receiver are inconsistent.
/host/spi-builder-workspace/Sources/Crypto/HPKE/HPKE.swift:53:2: error: unknown attribute 'nonexhaustive'
51 | /// ### Handling errors
52 | /// - ``Errors``
53 | @nonexhaustive
| `- error: unknown attribute 'nonexhaustive'
54 | public enum HPKE: Sendable {}
55 |
/host/spi-builder-workspace/Sources/Crypto/Insecure/Insecure.swift:23:2: error: unknown attribute 'nonexhaustive'
21 | /// but the framework provides them for backward compatibility with older
22 | /// services that require them. For new services, avoid these algorithms.
23 | @nonexhaustive
| `- error: unknown attribute 'nonexhaustive'
24 | public enum Insecure: Sendable {}
25 | #endif // canImport(CryptoKit)
[413/499] Compiling Crypto HPKE-NIST-EC-KEMs.swift
/host/spi-builder-workspace/Sources/Crypto/HPKE/Ciphersuite/KEM/Conformances/DHKEM.swift:81:6: error: unknown attribute 'nonexhaustive'
79 | extension HPKE {
80 | /// A container for Diffie-Hellman key encapsulation mechanisms (KEMs).
81 | @nonexhaustive
| `- error: unknown attribute 'nonexhaustive'
82 | public enum DHKEM: Sendable {
83 | struct PublicKey<DHPK: HPKEDiffieHellmanPublicKey>: KEMPublicKey where DHPK == DHPK.EphemeralPrivateKey.PublicKey {
/host/spi-builder-workspace/Sources/Crypto/HPKE/Ciphersuite/KEM/HPKE-KEM.swift:29:6: error: unknown attribute 'nonexhaustive'
27 | /// The module-lattice key encapsulation mechanism (ML-KEM) is designed to offer increased security in situations
28 | /// where an adversary uses a quantum computer.
29 | @nonexhaustive
| `- error: unknown attribute 'nonexhaustive'
30 | public enum KEM: CaseIterable, Hashable, Sendable {
31 | public static var allCases: [HPKE.KEM] {
/host/spi-builder-workspace/Sources/Crypto/HPKE/HPKE-Errors.swift:27:6: error: unknown attribute 'nonexhaustive'
25 | extension HPKE {
26 | /// Hybrid public key encryption (HPKE) errors that CryptoKit uses.
27 | @nonexhaustive
| `- error: unknown attribute 'nonexhaustive'
28 | public enum Errors: Error {
29 | /// The parameters for initializing an HPKE sender or receiver are inconsistent.
/host/spi-builder-workspace/Sources/Crypto/HPKE/HPKE.swift:53:2: error: unknown attribute 'nonexhaustive'
51 | /// ### Handling errors
52 | /// - ``Errors``
53 | @nonexhaustive
| `- error: unknown attribute 'nonexhaustive'
54 | public enum HPKE: Sendable {}
55 |
/host/spi-builder-workspace/Sources/Crypto/Insecure/Insecure.swift:23:2: error: unknown attribute 'nonexhaustive'
21 | /// but the framework provides them for backward compatibility with older
22 | /// services that require them. For new services, avoid these algorithms.
23 | @nonexhaustive
| `- error: unknown attribute 'nonexhaustive'
24 | public enum Insecure: Sendable {}
25 | #endif // canImport(CryptoKit)
[414/499] Compiling Crypto HPKE-KEM.swift
/host/spi-builder-workspace/Sources/Crypto/HPKE/Ciphersuite/KEM/Conformances/DHKEM.swift:81:6: error: unknown attribute 'nonexhaustive'
79 | extension HPKE {
80 | /// A container for Diffie-Hellman key encapsulation mechanisms (KEMs).
81 | @nonexhaustive
| `- error: unknown attribute 'nonexhaustive'
82 | public enum DHKEM: Sendable {
83 | struct PublicKey<DHPK: HPKEDiffieHellmanPublicKey>: KEMPublicKey where DHPK == DHPK.EphemeralPrivateKey.PublicKey {
/host/spi-builder-workspace/Sources/Crypto/HPKE/Ciphersuite/KEM/HPKE-KEM.swift:29:6: error: unknown attribute 'nonexhaustive'
27 | /// The module-lattice key encapsulation mechanism (ML-KEM) is designed to offer increased security in situations
28 | /// where an adversary uses a quantum computer.
29 | @nonexhaustive
| `- error: unknown attribute 'nonexhaustive'
30 | public enum KEM: CaseIterable, Hashable, Sendable {
31 | public static var allCases: [HPKE.KEM] {
/host/spi-builder-workspace/Sources/Crypto/HPKE/HPKE-Errors.swift:27:6: error: unknown attribute 'nonexhaustive'
25 | extension HPKE {
26 | /// Hybrid public key encryption (HPKE) errors that CryptoKit uses.
27 | @nonexhaustive
| `- error: unknown attribute 'nonexhaustive'
28 | public enum Errors: Error {
29 | /// The parameters for initializing an HPKE sender or receiver are inconsistent.
/host/spi-builder-workspace/Sources/Crypto/HPKE/HPKE.swift:53:2: error: unknown attribute 'nonexhaustive'
51 | /// ### Handling errors
52 | /// - ``Errors``
53 | @nonexhaustive
| `- error: unknown attribute 'nonexhaustive'
54 | public enum HPKE: Sendable {}
55 |
/host/spi-builder-workspace/Sources/Crypto/Insecure/Insecure.swift:23:2: error: unknown attribute 'nonexhaustive'
21 | /// but the framework provides them for backward compatibility with older
22 | /// services that require them. For new services, avoid these algorithms.
23 | @nonexhaustive
| `- error: unknown attribute 'nonexhaustive'
24 | public enum Insecure: Sendable {}
25 | #endif // canImport(CryptoKit)
[415/499] Compiling Crypto HPKE-Errors.swift
/host/spi-builder-workspace/Sources/Crypto/HPKE/Ciphersuite/KEM/Conformances/DHKEM.swift:81:6: error: unknown attribute 'nonexhaustive'
79 | extension HPKE {
80 | /// A container for Diffie-Hellman key encapsulation mechanisms (KEMs).
81 | @nonexhaustive
| `- error: unknown attribute 'nonexhaustive'
82 | public enum DHKEM: Sendable {
83 | struct PublicKey<DHPK: HPKEDiffieHellmanPublicKey>: KEMPublicKey where DHPK == DHPK.EphemeralPrivateKey.PublicKey {
/host/spi-builder-workspace/Sources/Crypto/HPKE/Ciphersuite/KEM/HPKE-KEM.swift:29:6: error: unknown attribute 'nonexhaustive'
27 | /// The module-lattice key encapsulation mechanism (ML-KEM) is designed to offer increased security in situations
28 | /// where an adversary uses a quantum computer.
29 | @nonexhaustive
| `- error: unknown attribute 'nonexhaustive'
30 | public enum KEM: CaseIterable, Hashable, Sendable {
31 | public static var allCases: [HPKE.KEM] {
/host/spi-builder-workspace/Sources/Crypto/HPKE/HPKE-Errors.swift:27:6: error: unknown attribute 'nonexhaustive'
25 | extension HPKE {
26 | /// Hybrid public key encryption (HPKE) errors that CryptoKit uses.
27 | @nonexhaustive
| `- error: unknown attribute 'nonexhaustive'
28 | public enum Errors: Error {
29 | /// The parameters for initializing an HPKE sender or receiver are inconsistent.
/host/spi-builder-workspace/Sources/Crypto/HPKE/HPKE.swift:53:2: error: unknown attribute 'nonexhaustive'
51 | /// ### Handling errors
52 | /// - ``Errors``
53 | @nonexhaustive
| `- error: unknown attribute 'nonexhaustive'
54 | public enum HPKE: Sendable {}
55 |
/host/spi-builder-workspace/Sources/Crypto/Insecure/Insecure.swift:23:2: error: unknown attribute 'nonexhaustive'
21 | /// but the framework provides them for backward compatibility with older
22 | /// services that require them. For new services, avoid these algorithms.
23 | @nonexhaustive
| `- error: unknown attribute 'nonexhaustive'
24 | public enum Insecure: Sendable {}
25 | #endif // canImport(CryptoKit)
[416/499] Compiling Crypto HPKE.swift
/host/spi-builder-workspace/Sources/Crypto/HPKE/Ciphersuite/KEM/Conformances/DHKEM.swift:81:6: error: unknown attribute 'nonexhaustive'
79 | extension HPKE {
80 | /// A container for Diffie-Hellman key encapsulation mechanisms (KEMs).
81 | @nonexhaustive
| `- error: unknown attribute 'nonexhaustive'
82 | public enum DHKEM: Sendable {
83 | struct PublicKey<DHPK: HPKEDiffieHellmanPublicKey>: KEMPublicKey where DHPK == DHPK.EphemeralPrivateKey.PublicKey {
/host/spi-builder-workspace/Sources/Crypto/HPKE/Ciphersuite/KEM/HPKE-KEM.swift:29:6: error: unknown attribute 'nonexhaustive'
27 | /// The module-lattice key encapsulation mechanism (ML-KEM) is designed to offer increased security in situations
28 | /// where an adversary uses a quantum computer.
29 | @nonexhaustive
| `- error: unknown attribute 'nonexhaustive'
30 | public enum KEM: CaseIterable, Hashable, Sendable {
31 | public static var allCases: [HPKE.KEM] {
/host/spi-builder-workspace/Sources/Crypto/HPKE/HPKE-Errors.swift:27:6: error: unknown attribute 'nonexhaustive'
25 | extension HPKE {
26 | /// Hybrid public key encryption (HPKE) errors that CryptoKit uses.
27 | @nonexhaustive
| `- error: unknown attribute 'nonexhaustive'
28 | public enum Errors: Error {
29 | /// The parameters for initializing an HPKE sender or receiver are inconsistent.
/host/spi-builder-workspace/Sources/Crypto/HPKE/HPKE.swift:53:2: error: unknown attribute 'nonexhaustive'
51 | /// ### Handling errors
52 | /// - ``Errors``
53 | @nonexhaustive
| `- error: unknown attribute 'nonexhaustive'
54 | public enum HPKE: Sendable {}
55 |
/host/spi-builder-workspace/Sources/Crypto/Insecure/Insecure.swift:23:2: error: unknown attribute 'nonexhaustive'
21 | /// but the framework provides them for backward compatibility with older
22 | /// services that require them. For new services, avoid these algorithms.
23 | @nonexhaustive
| `- error: unknown attribute 'nonexhaustive'
24 | public enum Insecure: Sendable {}
25 | #endif // canImport(CryptoKit)
[417/499] Compiling Crypto HPKE-Context.swift
/host/spi-builder-workspace/Sources/Crypto/HPKE/Ciphersuite/KEM/Conformances/DHKEM.swift:81:6: error: unknown attribute 'nonexhaustive'
79 | extension HPKE {
80 | /// A container for Diffie-Hellman key encapsulation mechanisms (KEMs).
81 | @nonexhaustive
| `- error: unknown attribute 'nonexhaustive'
82 | public enum DHKEM: Sendable {
83 | struct PublicKey<DHPK: HPKEDiffieHellmanPublicKey>: KEMPublicKey where DHPK == DHPK.EphemeralPrivateKey.PublicKey {
/host/spi-builder-workspace/Sources/Crypto/HPKE/Ciphersuite/KEM/HPKE-KEM.swift:29:6: error: unknown attribute 'nonexhaustive'
27 | /// The module-lattice key encapsulation mechanism (ML-KEM) is designed to offer increased security in situations
28 | /// where an adversary uses a quantum computer.
29 | @nonexhaustive
| `- error: unknown attribute 'nonexhaustive'
30 | public enum KEM: CaseIterable, Hashable, Sendable {
31 | public static var allCases: [HPKE.KEM] {
/host/spi-builder-workspace/Sources/Crypto/HPKE/HPKE-Errors.swift:27:6: error: unknown attribute 'nonexhaustive'
25 | extension HPKE {
26 | /// Hybrid public key encryption (HPKE) errors that CryptoKit uses.
27 | @nonexhaustive
| `- error: unknown attribute 'nonexhaustive'
28 | public enum Errors: Error {
29 | /// The parameters for initializing an HPKE sender or receiver are inconsistent.
/host/spi-builder-workspace/Sources/Crypto/HPKE/HPKE.swift:53:2: error: unknown attribute 'nonexhaustive'
51 | /// ### Handling errors
52 | /// - ``Errors``
53 | @nonexhaustive
| `- error: unknown attribute 'nonexhaustive'
54 | public enum HPKE: Sendable {}
55 |
/host/spi-builder-workspace/Sources/Crypto/Insecure/Insecure.swift:23:2: error: unknown attribute 'nonexhaustive'
21 | /// but the framework provides them for backward compatibility with older
22 | /// services that require them. For new services, avoid these algorithms.
23 | @nonexhaustive
| `- error: unknown attribute 'nonexhaustive'
24 | public enum Insecure: Sendable {}
25 | #endif // canImport(CryptoKit)
[418/499] Compiling Crypto HPKE-KeySchedule.swift
/host/spi-builder-workspace/Sources/Crypto/HPKE/Ciphersuite/KEM/Conformances/DHKEM.swift:81:6: error: unknown attribute 'nonexhaustive'
79 | extension HPKE {
80 | /// A container for Diffie-Hellman key encapsulation mechanisms (KEMs).
81 | @nonexhaustive
| `- error: unknown attribute 'nonexhaustive'
82 | public enum DHKEM: Sendable {
83 | struct PublicKey<DHPK: HPKEDiffieHellmanPublicKey>: KEMPublicKey where DHPK == DHPK.EphemeralPrivateKey.PublicKey {
/host/spi-builder-workspace/Sources/Crypto/HPKE/Ciphersuite/KEM/HPKE-KEM.swift:29:6: error: unknown attribute 'nonexhaustive'
27 | /// The module-lattice key encapsulation mechanism (ML-KEM) is designed to offer increased security in situations
28 | /// where an adversary uses a quantum computer.
29 | @nonexhaustive
| `- error: unknown attribute 'nonexhaustive'
30 | public enum KEM: CaseIterable, Hashable, Sendable {
31 | public static var allCases: [HPKE.KEM] {
/host/spi-builder-workspace/Sources/Crypto/HPKE/HPKE-Errors.swift:27:6: error: unknown attribute 'nonexhaustive'
25 | extension HPKE {
26 | /// Hybrid public key encryption (HPKE) errors that CryptoKit uses.
27 | @nonexhaustive
| `- error: unknown attribute 'nonexhaustive'
28 | public enum Errors: Error {
29 | /// The parameters for initializing an HPKE sender or receiver are inconsistent.
/host/spi-builder-workspace/Sources/Crypto/HPKE/HPKE.swift:53:2: error: unknown attribute 'nonexhaustive'
51 | /// ### Handling errors
52 | /// - ``Errors``
53 | @nonexhaustive
| `- error: unknown attribute 'nonexhaustive'
54 | public enum HPKE: Sendable {}
55 |
/host/spi-builder-workspace/Sources/Crypto/Insecure/Insecure.swift:23:2: error: unknown attribute 'nonexhaustive'
21 | /// but the framework provides them for backward compatibility with older
22 | /// services that require them. For new services, avoid these algorithms.
23 | @nonexhaustive
| `- error: unknown attribute 'nonexhaustive'
24 | public enum Insecure: Sendable {}
25 | #endif // canImport(CryptoKit)
[419/499] Compiling Crypto HPKE-Modes.swift
/host/spi-builder-workspace/Sources/Crypto/HPKE/Ciphersuite/KEM/Conformances/DHKEM.swift:81:6: error: unknown attribute 'nonexhaustive'
79 | extension HPKE {
80 | /// A container for Diffie-Hellman key encapsulation mechanisms (KEMs).
81 | @nonexhaustive
| `- error: unknown attribute 'nonexhaustive'
82 | public enum DHKEM: Sendable {
83 | struct PublicKey<DHPK: HPKEDiffieHellmanPublicKey>: KEMPublicKey where DHPK == DHPK.EphemeralPrivateKey.PublicKey {
/host/spi-builder-workspace/Sources/Crypto/HPKE/Ciphersuite/KEM/HPKE-KEM.swift:29:6: error: unknown attribute 'nonexhaustive'
27 | /// The module-lattice key encapsulation mechanism (ML-KEM) is designed to offer increased security in situations
28 | /// where an adversary uses a quantum computer.
29 | @nonexhaustive
| `- error: unknown attribute 'nonexhaustive'
30 | public enum KEM: CaseIterable, Hashable, Sendable {
31 | public static var allCases: [HPKE.KEM] {
/host/spi-builder-workspace/Sources/Crypto/HPKE/HPKE-Errors.swift:27:6: error: unknown attribute 'nonexhaustive'
25 | extension HPKE {
26 | /// Hybrid public key encryption (HPKE) errors that CryptoKit uses.
27 | @nonexhaustive
| `- error: unknown attribute 'nonexhaustive'
28 | public enum Errors: Error {
29 | /// The parameters for initializing an HPKE sender or receiver are inconsistent.
/host/spi-builder-workspace/Sources/Crypto/HPKE/HPKE.swift:53:2: error: unknown attribute 'nonexhaustive'
51 | /// ### Handling errors
52 | /// - ``Errors``
53 | @nonexhaustive
| `- error: unknown attribute 'nonexhaustive'
54 | public enum HPKE: Sendable {}
55 |
/host/spi-builder-workspace/Sources/Crypto/Insecure/Insecure.swift:23:2: error: unknown attribute 'nonexhaustive'
21 | /// but the framework provides them for backward compatibility with older
22 | /// services that require them. For new services, avoid these algorithms.
23 | @nonexhaustive
| `- error: unknown attribute 'nonexhaustive'
24 | public enum Insecure: Sendable {}
25 | #endif // canImport(CryptoKit)
[420/499] Compiling Crypto Insecure.swift
/host/spi-builder-workspace/Sources/Crypto/HPKE/Ciphersuite/KEM/Conformances/DHKEM.swift:81:6: error: unknown attribute 'nonexhaustive'
79 | extension HPKE {
80 | /// A container for Diffie-Hellman key encapsulation mechanisms (KEMs).
81 | @nonexhaustive
| `- error: unknown attribute 'nonexhaustive'
82 | public enum DHKEM: Sendable {
83 | struct PublicKey<DHPK: HPKEDiffieHellmanPublicKey>: KEMPublicKey where DHPK == DHPK.EphemeralPrivateKey.PublicKey {
/host/spi-builder-workspace/Sources/Crypto/HPKE/Ciphersuite/KEM/HPKE-KEM.swift:29:6: error: unknown attribute 'nonexhaustive'
27 | /// The module-lattice key encapsulation mechanism (ML-KEM) is designed to offer increased security in situations
28 | /// where an adversary uses a quantum computer.
29 | @nonexhaustive
| `- error: unknown attribute 'nonexhaustive'
30 | public enum KEM: CaseIterable, Hashable, Sendable {
31 | public static var allCases: [HPKE.KEM] {
/host/spi-builder-workspace/Sources/Crypto/HPKE/HPKE-Errors.swift:27:6: error: unknown attribute 'nonexhaustive'
25 | extension HPKE {
26 | /// Hybrid public key encryption (HPKE) errors that CryptoKit uses.
27 | @nonexhaustive
| `- error: unknown attribute 'nonexhaustive'
28 | public enum Errors: Error {
29 | /// The parameters for initializing an HPKE sender or receiver are inconsistent.
/host/spi-builder-workspace/Sources/Crypto/HPKE/HPKE.swift:53:2: error: unknown attribute 'nonexhaustive'
51 | /// ### Handling errors
52 | /// - ``Errors``
53 | @nonexhaustive
| `- error: unknown attribute 'nonexhaustive'
54 | public enum HPKE: Sendable {}
55 |
/host/spi-builder-workspace/Sources/Crypto/Insecure/Insecure.swift:23:2: error: unknown attribute 'nonexhaustive'
21 | /// but the framework provides them for backward compatibility with older
22 | /// services that require them. For new services, avoid these algorithms.
23 | @nonexhaustive
| `- error: unknown attribute 'nonexhaustive'
24 | public enum Insecure: Sendable {}
25 | #endif // canImport(CryptoKit)
[421/499] Compiling Crypto Insecure_HashFunctions.swift
/host/spi-builder-workspace/Sources/Crypto/HPKE/Ciphersuite/KEM/Conformances/DHKEM.swift:81:6: error: unknown attribute 'nonexhaustive'
79 | extension HPKE {
80 | /// A container for Diffie-Hellman key encapsulation mechanisms (KEMs).
81 | @nonexhaustive
| `- error: unknown attribute 'nonexhaustive'
82 | public enum DHKEM: Sendable {
83 | struct PublicKey<DHPK: HPKEDiffieHellmanPublicKey>: KEMPublicKey where DHPK == DHPK.EphemeralPrivateKey.PublicKey {
/host/spi-builder-workspace/Sources/Crypto/HPKE/Ciphersuite/KEM/HPKE-KEM.swift:29:6: error: unknown attribute 'nonexhaustive'
27 | /// The module-lattice key encapsulation mechanism (ML-KEM) is designed to offer increased security in situations
28 | /// where an adversary uses a quantum computer.
29 | @nonexhaustive
| `- error: unknown attribute 'nonexhaustive'
30 | public enum KEM: CaseIterable, Hashable, Sendable {
31 | public static var allCases: [HPKE.KEM] {
/host/spi-builder-workspace/Sources/Crypto/HPKE/HPKE-Errors.swift:27:6: error: unknown attribute 'nonexhaustive'
25 | extension HPKE {
26 | /// Hybrid public key encryption (HPKE) errors that CryptoKit uses.
27 | @nonexhaustive
| `- error: unknown attribute 'nonexhaustive'
28 | public enum Errors: Error {
29 | /// The parameters for initializing an HPKE sender or receiver are inconsistent.
/host/spi-builder-workspace/Sources/Crypto/HPKE/HPKE.swift:53:2: error: unknown attribute 'nonexhaustive'
51 | /// ### Handling errors
52 | /// - ``Errors``
53 | @nonexhaustive
| `- error: unknown attribute 'nonexhaustive'
54 | public enum HPKE: Sendable {}
55 |
/host/spi-builder-workspace/Sources/Crypto/Insecure/Insecure.swift:23:2: error: unknown attribute 'nonexhaustive'
21 | /// but the framework provides them for backward compatibility with older
22 | /// services that require them. For new services, avoid these algorithms.
23 | @nonexhaustive
| `- error: unknown attribute 'nonexhaustive'
24 | public enum Insecure: Sendable {}
25 | #endif // canImport(CryptoKit)
[422/511] Compiling Crypto MessageAuthenticationCode.swift
/host/spi-builder-workspace/Sources/Crypto/PRF/AES.swift:19:2: error: unknown attribute 'nonexhaustive'
17 | #else
18 | /// A container for Advanced Encryption Standard (AES) ciphers.
19 | @nonexhaustive
| `- error: unknown attribute 'nonexhaustive'
20 | public enum AES: Sendable {
21 | static let blockSizeByteCount = 16
/host/spi-builder-workspace/Sources/Crypto/Signatures/MLDSA.swift:29:2: error: unknown attribute 'nonexhaustive'
27 |
28 | /// The MLDSA65 Digital Signature Algorithm
29 | @nonexhaustive
| `- error: unknown attribute 'nonexhaustive'
30 | public enum MLDSA65: Sendable {}
31 |
/host/spi-builder-workspace/Sources/Crypto/Signatures/MLDSA.swift:184:2: error: unknown attribute 'nonexhaustive'
182 |
183 | /// The MLDSA87 Digital Signature Algorithm
184 | @nonexhaustive
| `- error: unknown attribute 'nonexhaustive'
185 | public enum MLDSA87: Sendable {}
186 |
[423/511] Compiling Crypto AES.swift
/host/spi-builder-workspace/Sources/Crypto/PRF/AES.swift:19:2: error: unknown attribute 'nonexhaustive'
17 | #else
18 | /// A container for Advanced Encryption Standard (AES) ciphers.
19 | @nonexhaustive
| `- error: unknown attribute 'nonexhaustive'
20 | public enum AES: Sendable {
21 | static let blockSizeByteCount = 16
/host/spi-builder-workspace/Sources/Crypto/Signatures/MLDSA.swift:29:2: error: unknown attribute 'nonexhaustive'
27 |
28 | /// The MLDSA65 Digital Signature Algorithm
29 | @nonexhaustive
| `- error: unknown attribute 'nonexhaustive'
30 | public enum MLDSA65: Sendable {}
31 |
/host/spi-builder-workspace/Sources/Crypto/Signatures/MLDSA.swift:184:2: error: unknown attribute 'nonexhaustive'
182 |
183 | /// The MLDSA87 Digital Signature Algorithm
184 | @nonexhaustive
| `- error: unknown attribute 'nonexhaustive'
185 | public enum MLDSA87: Sendable {}
186 |
[424/511] Compiling Crypto ECDSASignature_boring.swift
/host/spi-builder-workspace/Sources/Crypto/PRF/AES.swift:19:2: error: unknown attribute 'nonexhaustive'
17 | #else
18 | /// A container for Advanced Encryption Standard (AES) ciphers.
19 | @nonexhaustive
| `- error: unknown attribute 'nonexhaustive'
20 | public enum AES: Sendable {
21 | static let blockSizeByteCount = 16
/host/spi-builder-workspace/Sources/Crypto/Signatures/MLDSA.swift:29:2: error: unknown attribute 'nonexhaustive'
27 |
28 | /// The MLDSA65 Digital Signature Algorithm
29 | @nonexhaustive
| `- error: unknown attribute 'nonexhaustive'
30 | public enum MLDSA65: Sendable {}
31 |
/host/spi-builder-workspace/Sources/Crypto/Signatures/MLDSA.swift:184:2: error: unknown attribute 'nonexhaustive'
182 |
183 | /// The MLDSA87 Digital Signature Algorithm
184 | @nonexhaustive
| `- error: unknown attribute 'nonexhaustive'
185 | public enum MLDSA87: Sendable {}
186 |
[425/511] Compiling Crypto ECDSA_boring.swift
/host/spi-builder-workspace/Sources/Crypto/PRF/AES.swift:19:2: error: unknown attribute 'nonexhaustive'
17 | #else
18 | /// A container for Advanced Encryption Standard (AES) ciphers.
19 | @nonexhaustive
| `- error: unknown attribute 'nonexhaustive'
20 | public enum AES: Sendable {
21 | static let blockSizeByteCount = 16
/host/spi-builder-workspace/Sources/Crypto/Signatures/MLDSA.swift:29:2: error: unknown attribute 'nonexhaustive'
27 |
28 | /// The MLDSA65 Digital Signature Algorithm
29 | @nonexhaustive
| `- error: unknown attribute 'nonexhaustive'
30 | public enum MLDSA65: Sendable {}
31 |
/host/spi-builder-workspace/Sources/Crypto/Signatures/MLDSA.swift:184:2: error: unknown attribute 'nonexhaustive'
182 |
183 | /// The MLDSA87 Digital Signature Algorithm
184 | @nonexhaustive
| `- error: unknown attribute 'nonexhaustive'
185 | public enum MLDSA87: Sendable {}
186 |
[426/511] Compiling Crypto EdDSA_boring.swift
/host/spi-builder-workspace/Sources/Crypto/PRF/AES.swift:19:2: error: unknown attribute 'nonexhaustive'
17 | #else
18 | /// A container for Advanced Encryption Standard (AES) ciphers.
19 | @nonexhaustive
| `- error: unknown attribute 'nonexhaustive'
20 | public enum AES: Sendable {
21 | static let blockSizeByteCount = 16
/host/spi-builder-workspace/Sources/Crypto/Signatures/MLDSA.swift:29:2: error: unknown attribute 'nonexhaustive'
27 |
28 | /// The MLDSA65 Digital Signature Algorithm
29 | @nonexhaustive
| `- error: unknown attribute 'nonexhaustive'
30 | public enum MLDSA65: Sendable {}
31 |
/host/spi-builder-workspace/Sources/Crypto/Signatures/MLDSA.swift:184:2: error: unknown attribute 'nonexhaustive'
182 |
183 | /// The MLDSA87 Digital Signature Algorithm
184 | @nonexhaustive
| `- error: unknown attribute 'nonexhaustive'
185 | public enum MLDSA87: Sendable {}
186 |
[427/511] Compiling Crypto MLDSA_boring.swift
/host/spi-builder-workspace/Sources/Crypto/PRF/AES.swift:19:2: error: unknown attribute 'nonexhaustive'
17 | #else
18 | /// A container for Advanced Encryption Standard (AES) ciphers.
19 | @nonexhaustive
| `- error: unknown attribute 'nonexhaustive'
20 | public enum AES: Sendable {
21 | static let blockSizeByteCount = 16
/host/spi-builder-workspace/Sources/Crypto/Signatures/MLDSA.swift:29:2: error: unknown attribute 'nonexhaustive'
27 |
28 | /// The MLDSA65 Digital Signature Algorithm
29 | @nonexhaustive
| `- error: unknown attribute 'nonexhaustive'
30 | public enum MLDSA65: Sendable {}
31 |
/host/spi-builder-workspace/Sources/Crypto/Signatures/MLDSA.swift:184:2: error: unknown attribute 'nonexhaustive'
182 |
183 | /// The MLDSA87 Digital Signature Algorithm
184 | @nonexhaustive
| `- error: unknown attribute 'nonexhaustive'
185 | public enum MLDSA87: Sendable {}
186 |
[428/511] Compiling Crypto MLDSA_wrapper.swift
/host/spi-builder-workspace/Sources/Crypto/PRF/AES.swift:19:2: error: unknown attribute 'nonexhaustive'
17 | #else
18 | /// A container for Advanced Encryption Standard (AES) ciphers.
19 | @nonexhaustive
| `- error: unknown attribute 'nonexhaustive'
20 | public enum AES: Sendable {
21 | static let blockSizeByteCount = 16
/host/spi-builder-workspace/Sources/Crypto/Signatures/MLDSA.swift:29:2: error: unknown attribute 'nonexhaustive'
27 |
28 | /// The MLDSA65 Digital Signature Algorithm
29 | @nonexhaustive
| `- error: unknown attribute 'nonexhaustive'
30 | public enum MLDSA65: Sendable {}
31 |
/host/spi-builder-workspace/Sources/Crypto/Signatures/MLDSA.swift:184:2: error: unknown attribute 'nonexhaustive'
182 |
183 | /// The MLDSA87 Digital Signature Algorithm
184 | @nonexhaustive
| `- error: unknown attribute 'nonexhaustive'
185 | public enum MLDSA87: Sendable {}
186 |
[429/511] Compiling Crypto ECDSA.swift
/host/spi-builder-workspace/Sources/Crypto/PRF/AES.swift:19:2: error: unknown attribute 'nonexhaustive'
17 | #else
18 | /// A container for Advanced Encryption Standard (AES) ciphers.
19 | @nonexhaustive
| `- error: unknown attribute 'nonexhaustive'
20 | public enum AES: Sendable {
21 | static let blockSizeByteCount = 16
/host/spi-builder-workspace/Sources/Crypto/Signatures/MLDSA.swift:29:2: error: unknown attribute 'nonexhaustive'
27 |
28 | /// The MLDSA65 Digital Signature Algorithm
29 | @nonexhaustive
| `- error: unknown attribute 'nonexhaustive'
30 | public enum MLDSA65: Sendable {}
31 |
/host/spi-builder-workspace/Sources/Crypto/Signatures/MLDSA.swift:184:2: error: unknown attribute 'nonexhaustive'
182 |
183 | /// The MLDSA87 Digital Signature Algorithm
184 | @nonexhaustive
| `- error: unknown attribute 'nonexhaustive'
185 | public enum MLDSA87: Sendable {}
186 |
[430/511] Compiling Crypto Ed25519.swift
/host/spi-builder-workspace/Sources/Crypto/PRF/AES.swift:19:2: error: unknown attribute 'nonexhaustive'
17 | #else
18 | /// A container for Advanced Encryption Standard (AES) ciphers.
19 | @nonexhaustive
| `- error: unknown attribute 'nonexhaustive'
20 | public enum AES: Sendable {
21 | static let blockSizeByteCount = 16
/host/spi-builder-workspace/Sources/Crypto/Signatures/MLDSA.swift:29:2: error: unknown attribute 'nonexhaustive'
27 |
28 | /// The MLDSA65 Digital Signature Algorithm
29 | @nonexhaustive
| `- error: unknown attribute 'nonexhaustive'
30 | public enum MLDSA65: Sendable {}
31 |
/host/spi-builder-workspace/Sources/Crypto/Signatures/MLDSA.swift:184:2: error: unknown attribute 'nonexhaustive'
182 |
183 | /// The MLDSA87 Digital Signature Algorithm
184 | @nonexhaustive
| `- error: unknown attribute 'nonexhaustive'
185 | public enum MLDSA87: Sendable {}
186 |
[431/511] Compiling Crypto MLDSA.swift
/host/spi-builder-workspace/Sources/Crypto/PRF/AES.swift:19:2: error: unknown attribute 'nonexhaustive'
17 | #else
18 | /// A container for Advanced Encryption Standard (AES) ciphers.
19 | @nonexhaustive
| `- error: unknown attribute 'nonexhaustive'
20 | public enum AES: Sendable {
21 | static let blockSizeByteCount = 16
/host/spi-builder-workspace/Sources/Crypto/Signatures/MLDSA.swift:29:2: error: unknown attribute 'nonexhaustive'
27 |
28 | /// The MLDSA65 Digital Signature Algorithm
29 | @nonexhaustive
| `- error: unknown attribute 'nonexhaustive'
30 | public enum MLDSA65: Sendable {}
31 |
/host/spi-builder-workspace/Sources/Crypto/Signatures/MLDSA.swift:184:2: error: unknown attribute 'nonexhaustive'
182 |
183 | /// The MLDSA87 Digital Signature Algorithm
184 | @nonexhaustive
| `- error: unknown attribute 'nonexhaustive'
185 | public enum MLDSA87: Sendable {}
186 |
[432/511] Compiling Crypto Signature.swift
/host/spi-builder-workspace/Sources/Crypto/PRF/AES.swift:19:2: error: unknown attribute 'nonexhaustive'
17 | #else
18 | /// A container for Advanced Encryption Standard (AES) ciphers.
19 | @nonexhaustive
| `- error: unknown attribute 'nonexhaustive'
20 | public enum AES: Sendable {
21 | static let blockSizeByteCount = 16
/host/spi-builder-workspace/Sources/Crypto/Signatures/MLDSA.swift:29:2: error: unknown attribute 'nonexhaustive'
27 |
28 | /// The MLDSA65 Digital Signature Algorithm
29 | @nonexhaustive
| `- error: unknown attribute 'nonexhaustive'
30 | public enum MLDSA65: Sendable {}
31 |
/host/spi-builder-workspace/Sources/Crypto/Signatures/MLDSA.swift:184:2: error: unknown attribute 'nonexhaustive'
182 |
183 | /// The MLDSA87 Digital Signature Algorithm
184 | @nonexhaustive
| `- error: unknown attribute 'nonexhaustive'
185 | public enum MLDSA87: Sendable {}
186 |
[433/511] Compiling Crypto ArraySpanHelpers.swift
/host/spi-builder-workspace/Sources/Crypto/PRF/AES.swift:19:2: error: unknown attribute 'nonexhaustive'
17 | #else
18 | /// A container for Advanced Encryption Standard (AES) ciphers.
19 | @nonexhaustive
| `- error: unknown attribute 'nonexhaustive'
20 | public enum AES: Sendable {
21 | static let blockSizeByteCount = 16
/host/spi-builder-workspace/Sources/Crypto/Signatures/MLDSA.swift:29:2: error: unknown attribute 'nonexhaustive'
27 |
28 | /// The MLDSA65 Digital Signature Algorithm
29 | @nonexhaustive
| `- error: unknown attribute 'nonexhaustive'
30 | public enum MLDSA65: Sendable {}
31 |
/host/spi-builder-workspace/Sources/Crypto/Signatures/MLDSA.swift:184:2: error: unknown attribute 'nonexhaustive'
182 |
183 | /// The MLDSA87 Digital Signature Algorithm
184 | @nonexhaustive
| `- error: unknown attribute 'nonexhaustive'
185 | public enum MLDSA87: Sendable {}
186 |
[434/511] Compiling Crypto AES-GCM.swift
/host/spi-builder-workspace/Sources/Crypto/AEADs/AES/GCM/AES-GCM.swift:29:6: error: unknown attribute 'nonexhaustive'
27 | /// The Advanced Encryption Standard (AES) Galois Counter Mode (GCM) cipher
28 | /// suite.
29 | @nonexhaustive
| `- error: unknown attribute 'nonexhaustive'
30 | public enum GCM: Cipher, Sendable {
31 | static let tagByteCount = 16
/host/spi-builder-workspace/Sources/Crypto/AEADs/ChachaPoly/ChaChaPoly.swift:28:2: error: unknown attribute 'nonexhaustive'
26 |
27 | /// An implementation of the ChaCha20-Poly1305 cipher.
28 | @nonexhaustive
| `- error: unknown attribute 'nonexhaustive'
29 | public enum ChaChaPoly: Cipher, Sendable {
30 | static let tagByteCount = 16
[435/511] Compiling Crypto AES-GCM_boring.swift
/host/spi-builder-workspace/Sources/Crypto/AEADs/AES/GCM/AES-GCM.swift:29:6: error: unknown attribute 'nonexhaustive'
27 | /// The Advanced Encryption Standard (AES) Galois Counter Mode (GCM) cipher
28 | /// suite.
29 | @nonexhaustive
| `- error: unknown attribute 'nonexhaustive'
30 | public enum GCM: Cipher, Sendable {
31 | static let tagByteCount = 16
/host/spi-builder-workspace/Sources/Crypto/AEADs/ChachaPoly/ChaChaPoly.swift:28:2: error: unknown attribute 'nonexhaustive'
26 |
27 | /// An implementation of the ChaCha20-Poly1305 cipher.
28 | @nonexhaustive
| `- error: unknown attribute 'nonexhaustive'
29 | public enum ChaChaPoly: Cipher, Sendable {
30 | static let tagByteCount = 16
[436/511] Compiling Crypto ChaChaPoly_boring.swift
/host/spi-builder-workspace/Sources/Crypto/AEADs/AES/GCM/AES-GCM.swift:29:6: error: unknown attribute 'nonexhaustive'
27 | /// The Advanced Encryption Standard (AES) Galois Counter Mode (GCM) cipher
28 | /// suite.
29 | @nonexhaustive
| `- error: unknown attribute 'nonexhaustive'
30 | public enum GCM: Cipher, Sendable {
31 | static let tagByteCount = 16
/host/spi-builder-workspace/Sources/Crypto/AEADs/ChachaPoly/ChaChaPoly.swift:28:2: error: unknown attribute 'nonexhaustive'
26 |
27 | /// An implementation of the ChaCha20-Poly1305 cipher.
28 | @nonexhaustive
| `- error: unknown attribute 'nonexhaustive'
29 | public enum ChaChaPoly: Cipher, Sendable {
30 | static let tagByteCount = 16
[437/511] Compiling Crypto ChaChaPoly.swift
/host/spi-builder-workspace/Sources/Crypto/AEADs/AES/GCM/AES-GCM.swift:29:6: error: unknown attribute 'nonexhaustive'
27 | /// The Advanced Encryption Standard (AES) Galois Counter Mode (GCM) cipher
28 | /// suite.
29 | @nonexhaustive
| `- error: unknown attribute 'nonexhaustive'
30 | public enum GCM: Cipher, Sendable {
31 | static let tagByteCount = 16
/host/spi-builder-workspace/Sources/Crypto/AEADs/ChachaPoly/ChaChaPoly.swift:28:2: error: unknown attribute 'nonexhaustive'
26 |
27 | /// An implementation of the ChaCha20-Poly1305 cipher.
28 | @nonexhaustive
| `- error: unknown attribute 'nonexhaustive'
29 | public enum ChaChaPoly: Cipher, Sendable {
30 | static let tagByteCount = 16
[438/511] Compiling Crypto Cipher.swift
/host/spi-builder-workspace/Sources/Crypto/AEADs/AES/GCM/AES-GCM.swift:29:6: error: unknown attribute 'nonexhaustive'
27 | /// The Advanced Encryption Standard (AES) Galois Counter Mode (GCM) cipher
28 | /// suite.
29 | @nonexhaustive
| `- error: unknown attribute 'nonexhaustive'
30 | public enum GCM: Cipher, Sendable {
31 | static let tagByteCount = 16
/host/spi-builder-workspace/Sources/Crypto/AEADs/ChachaPoly/ChaChaPoly.swift:28:2: error: unknown attribute 'nonexhaustive'
26 |
27 | /// An implementation of the ChaCha20-Poly1305 cipher.
28 | @nonexhaustive
| `- error: unknown attribute 'nonexhaustive'
29 | public enum ChaChaPoly: Cipher, Sendable {
30 | static let tagByteCount = 16
[439/511] Compiling Crypto Nonces.swift
/host/spi-builder-workspace/Sources/Crypto/AEADs/AES/GCM/AES-GCM.swift:29:6: error: unknown attribute 'nonexhaustive'
27 | /// The Advanced Encryption Standard (AES) Galois Counter Mode (GCM) cipher
28 | /// suite.
29 | @nonexhaustive
| `- error: unknown attribute 'nonexhaustive'
30 | public enum GCM: Cipher, Sendable {
31 | static let tagByteCount = 16
/host/spi-builder-workspace/Sources/Crypto/AEADs/ChachaPoly/ChaChaPoly.swift:28:2: error: unknown attribute 'nonexhaustive'
26 |
27 | /// An implementation of the ChaCha20-Poly1305 cipher.
28 | @nonexhaustive
| `- error: unknown attribute 'nonexhaustive'
29 | public enum ChaChaPoly: Cipher, Sendable {
30 | static let tagByteCount = 16
[440/511] Compiling Crypto ASN1.swift
/host/spi-builder-workspace/Sources/Crypto/AEADs/AES/GCM/AES-GCM.swift:29:6: error: unknown attribute 'nonexhaustive'
27 | /// The Advanced Encryption Standard (AES) Galois Counter Mode (GCM) cipher
28 | /// suite.
29 | @nonexhaustive
| `- error: unknown attribute 'nonexhaustive'
30 | public enum GCM: Cipher, Sendable {
31 | static let tagByteCount = 16
/host/spi-builder-workspace/Sources/Crypto/AEADs/ChachaPoly/ChaChaPoly.swift:28:2: error: unknown attribute 'nonexhaustive'
26 |
27 | /// An implementation of the ChaCha20-Poly1305 cipher.
28 | @nonexhaustive
| `- error: unknown attribute 'nonexhaustive'
29 | public enum ChaChaPoly: Cipher, Sendable {
30 | static let tagByteCount = 16
[441/511] Compiling Crypto ASN1Any.swift
/host/spi-builder-workspace/Sources/Crypto/AEADs/AES/GCM/AES-GCM.swift:29:6: error: unknown attribute 'nonexhaustive'
27 | /// The Advanced Encryption Standard (AES) Galois Counter Mode (GCM) cipher
28 | /// suite.
29 | @nonexhaustive
| `- error: unknown attribute 'nonexhaustive'
30 | public enum GCM: Cipher, Sendable {
31 | static let tagByteCount = 16
/host/spi-builder-workspace/Sources/Crypto/AEADs/ChachaPoly/ChaChaPoly.swift:28:2: error: unknown attribute 'nonexhaustive'
26 |
27 | /// An implementation of the ChaCha20-Poly1305 cipher.
28 | @nonexhaustive
| `- error: unknown attribute 'nonexhaustive'
29 | public enum ChaChaPoly: Cipher, Sendable {
30 | static let tagByteCount = 16
[442/511] Compiling Crypto ASN1BitString.swift
/host/spi-builder-workspace/Sources/Crypto/AEADs/AES/GCM/AES-GCM.swift:29:6: error: unknown attribute 'nonexhaustive'
27 | /// The Advanced Encryption Standard (AES) Galois Counter Mode (GCM) cipher
28 | /// suite.
29 | @nonexhaustive
| `- error: unknown attribute 'nonexhaustive'
30 | public enum GCM: Cipher, Sendable {
31 | static let tagByteCount = 16
/host/spi-builder-workspace/Sources/Crypto/AEADs/ChachaPoly/ChaChaPoly.swift:28:2: error: unknown attribute 'nonexhaustive'
26 |
27 | /// An implementation of the ChaCha20-Poly1305 cipher.
28 | @nonexhaustive
| `- error: unknown attribute 'nonexhaustive'
29 | public enum ChaChaPoly: Cipher, Sendable {
30 | static let tagByteCount = 16
[443/511] Compiling Crypto ASN1Boolean.swift
/host/spi-builder-workspace/Sources/Crypto/AEADs/AES/GCM/AES-GCM.swift:29:6: error: unknown attribute 'nonexhaustive'
27 | /// The Advanced Encryption Standard (AES) Galois Counter Mode (GCM) cipher
28 | /// suite.
29 | @nonexhaustive
| `- error: unknown attribute 'nonexhaustive'
30 | public enum GCM: Cipher, Sendable {
31 | static let tagByteCount = 16
/host/spi-builder-workspace/Sources/Crypto/AEADs/ChachaPoly/ChaChaPoly.swift:28:2: error: unknown attribute 'nonexhaustive'
26 |
27 | /// An implementation of the ChaCha20-Poly1305 cipher.
28 | @nonexhaustive
| `- error: unknown attribute 'nonexhaustive'
29 | public enum ChaChaPoly: Cipher, Sendable {
30 | static let tagByteCount = 16
[444/511] Compiling Crypto ASN1Identifier.swift
/host/spi-builder-workspace/Sources/Crypto/AEADs/AES/GCM/AES-GCM.swift:29:6: error: unknown attribute 'nonexhaustive'
27 | /// The Advanced Encryption Standard (AES) Galois Counter Mode (GCM) cipher
28 | /// suite.
29 | @nonexhaustive
| `- error: unknown attribute 'nonexhaustive'
30 | public enum GCM: Cipher, Sendable {
31 | static let tagByteCount = 16
/host/spi-builder-workspace/Sources/Crypto/AEADs/ChachaPoly/ChaChaPoly.swift:28:2: error: unknown attribute 'nonexhaustive'
26 |
27 | /// An implementation of the ChaCha20-Poly1305 cipher.
28 | @nonexhaustive
| `- error: unknown attribute 'nonexhaustive'
29 | public enum ChaChaPoly: Cipher, Sendable {
30 | static let tagByteCount = 16
[445/511] Compiling Crypto ASN1Integer.swift
/host/spi-builder-workspace/Sources/Crypto/AEADs/AES/GCM/AES-GCM.swift:29:6: error: unknown attribute 'nonexhaustive'
27 | /// The Advanced Encryption Standard (AES) Galois Counter Mode (GCM) cipher
28 | /// suite.
29 | @nonexhaustive
| `- error: unknown attribute 'nonexhaustive'
30 | public enum GCM: Cipher, Sendable {
31 | static let tagByteCount = 16
/host/spi-builder-workspace/Sources/Crypto/AEADs/ChachaPoly/ChaChaPoly.swift:28:2: error: unknown attribute 'nonexhaustive'
26 |
27 | /// An implementation of the ChaCha20-Poly1305 cipher.
28 | @nonexhaustive
| `- error: unknown attribute 'nonexhaustive'
29 | public enum ChaChaPoly: Cipher, Sendable {
30 | static let tagByteCount = 16
[446/511] Compiling Crypto ASN1Null.swift
/host/spi-builder-workspace/Sources/Crypto/AEADs/AES/GCM/AES-GCM.swift:29:6: error: unknown attribute 'nonexhaustive'
27 | /// The Advanced Encryption Standard (AES) Galois Counter Mode (GCM) cipher
28 | /// suite.
29 | @nonexhaustive
| `- error: unknown attribute 'nonexhaustive'
30 | public enum GCM: Cipher, Sendable {
31 | static let tagByteCount = 16
/host/spi-builder-workspace/Sources/Crypto/AEADs/ChachaPoly/ChaChaPoly.swift:28:2: error: unknown attribute 'nonexhaustive'
26 |
27 | /// An implementation of the ChaCha20-Poly1305 cipher.
28 | @nonexhaustive
| `- error: unknown attribute 'nonexhaustive'
29 | public enum ChaChaPoly: Cipher, Sendable {
30 | static let tagByteCount = 16
[447/511] Compiling Crypto Digest_boring.swift
/host/spi-builder-workspace/Sources/Crypto/Digests/XKCP/Digest_xkcp.swift:21:22: warning: using '@_implementationOnly' without enabling library evolution for 'Crypto' may lead to instability during execution [#ImplementationOnlyDeprecated]
19 | @diagnose(ImplementationOnlyDeprecated, as: ignored) @_implementationOnly import CXKCPShims
20 | #else
21 | @_implementationOnly import CXKCP
| `- warning: using '@_implementationOnly' without enabling library evolution for 'Crypto' may lead to instability during execution [#ImplementationOnlyDeprecated]
22 | @_implementationOnly import CXKCPShims
23 | #endif
/host/spi-builder-workspace/Sources/Crypto/Digests/XKCP/Digest_xkcp.swift:22:22: warning: using '@_implementationOnly' without enabling library evolution for 'Crypto' may lead to instability during execution [#ImplementationOnlyDeprecated]
20 | #else
21 | @_implementationOnly import CXKCP
22 | @_implementationOnly import CXKCPShims
| `- warning: using '@_implementationOnly' without enabling library evolution for 'Crypto' may lead to instability during execution [#ImplementationOnlyDeprecated]
23 | #endif
24 |
/host/spi-builder-workspace/Sources/Crypto/HPKE/Ciphersuite/HPKE-AEAD.swift:27:6: error: unknown attribute 'nonexhaustive'
25 | extension HPKE {
26 | /// The authenticated encryption with associated data (AEAD) algorithms to use in HPKE.
27 | @nonexhaustive
| `- error: unknown attribute 'nonexhaustive'
28 | public enum AEAD: CaseIterable, Hashable, Sendable {
29 | /// An Advanced Encryption Standard cipher in Galois/Counter Mode with a key length of 128 bits.
/host/spi-builder-workspace/Sources/Crypto/HPKE/Ciphersuite/HPKE-KDF.swift:27:6: error: unknown attribute 'nonexhaustive'
25 | extension HPKE {
26 | /// The key derivation functions to use in HPKE.
27 | @nonexhaustive
| `- error: unknown attribute 'nonexhaustive'
28 | public enum KDF: CaseIterable, Hashable, Sendable {
29 | /// An HMAC-based key derivation function that uses SHA-2 hashing with a 256-bit digest.
[#ImplementationOnlyDeprecated]: <https://docs.swift.org/compiler/documentation/diagnostics/implementation-only-deprecated>
[448/511] Compiling Crypto Digest.swift
/host/spi-builder-workspace/Sources/Crypto/Digests/XKCP/Digest_xkcp.swift:21:22: warning: using '@_implementationOnly' without enabling library evolution for 'Crypto' may lead to instability during execution [#ImplementationOnlyDeprecated]
19 | @diagnose(ImplementationOnlyDeprecated, as: ignored) @_implementationOnly import CXKCPShims
20 | #else
21 | @_implementationOnly import CXKCP
| `- warning: using '@_implementationOnly' without enabling library evolution for 'Crypto' may lead to instability during execution [#ImplementationOnlyDeprecated]
22 | @_implementationOnly import CXKCPShims
23 | #endif
/host/spi-builder-workspace/Sources/Crypto/Digests/XKCP/Digest_xkcp.swift:22:22: warning: using '@_implementationOnly' without enabling library evolution for 'Crypto' may lead to instability during execution [#ImplementationOnlyDeprecated]
20 | #else
21 | @_implementationOnly import CXKCP
22 | @_implementationOnly import CXKCPShims
| `- warning: using '@_implementationOnly' without enabling library evolution for 'Crypto' may lead to instability during execution [#ImplementationOnlyDeprecated]
23 | #endif
24 |
/host/spi-builder-workspace/Sources/Crypto/HPKE/Ciphersuite/HPKE-AEAD.swift:27:6: error: unknown attribute 'nonexhaustive'
25 | extension HPKE {
26 | /// The authenticated encryption with associated data (AEAD) algorithms to use in HPKE.
27 | @nonexhaustive
| `- error: unknown attribute 'nonexhaustive'
28 | public enum AEAD: CaseIterable, Hashable, Sendable {
29 | /// An Advanced Encryption Standard cipher in Galois/Counter Mode with a key length of 128 bits.
/host/spi-builder-workspace/Sources/Crypto/HPKE/Ciphersuite/HPKE-KDF.swift:27:6: error: unknown attribute 'nonexhaustive'
25 | extension HPKE {
26 | /// The key derivation functions to use in HPKE.
27 | @nonexhaustive
| `- error: unknown attribute 'nonexhaustive'
28 | public enum KDF: CaseIterable, Hashable, Sendable {
29 | /// An HMAC-based key derivation function that uses SHA-2 hashing with a 256-bit digest.
[#ImplementationOnlyDeprecated]: <https://docs.swift.org/compiler/documentation/diagnostics/implementation-only-deprecated>
[449/511] Compiling Crypto Digests.swift
/host/spi-builder-workspace/Sources/Crypto/Digests/XKCP/Digest_xkcp.swift:21:22: warning: using '@_implementationOnly' without enabling library evolution for 'Crypto' may lead to instability during execution [#ImplementationOnlyDeprecated]
19 | @diagnose(ImplementationOnlyDeprecated, as: ignored) @_implementationOnly import CXKCPShims
20 | #else
21 | @_implementationOnly import CXKCP
| `- warning: using '@_implementationOnly' without enabling library evolution for 'Crypto' may lead to instability during execution [#ImplementationOnlyDeprecated]
22 | @_implementationOnly import CXKCPShims
23 | #endif
/host/spi-builder-workspace/Sources/Crypto/Digests/XKCP/Digest_xkcp.swift:22:22: warning: using '@_implementationOnly' without enabling library evolution for 'Crypto' may lead to instability during execution [#ImplementationOnlyDeprecated]
20 | #else
21 | @_implementationOnly import CXKCP
22 | @_implementationOnly import CXKCPShims
| `- warning: using '@_implementationOnly' without enabling library evolution for 'Crypto' may lead to instability during execution [#ImplementationOnlyDeprecated]
23 | #endif
24 |
/host/spi-builder-workspace/Sources/Crypto/HPKE/Ciphersuite/HPKE-AEAD.swift:27:6: error: unknown attribute 'nonexhaustive'
25 | extension HPKE {
26 | /// The authenticated encryption with associated data (AEAD) algorithms to use in HPKE.
27 | @nonexhaustive
| `- error: unknown attribute 'nonexhaustive'
28 | public enum AEAD: CaseIterable, Hashable, Sendable {
29 | /// An Advanced Encryption Standard cipher in Galois/Counter Mode with a key length of 128 bits.
/host/spi-builder-workspace/Sources/Crypto/HPKE/Ciphersuite/HPKE-KDF.swift:27:6: error: unknown attribute 'nonexhaustive'
25 | extension HPKE {
26 | /// The key derivation functions to use in HPKE.
27 | @nonexhaustive
| `- error: unknown attribute 'nonexhaustive'
28 | public enum KDF: CaseIterable, Hashable, Sendable {
29 | /// An HMAC-based key derivation function that uses SHA-2 hashing with a 256-bit digest.
[#ImplementationOnlyDeprecated]: <https://docs.swift.org/compiler/documentation/diagnostics/implementation-only-deprecated>
[450/511] Compiling Crypto HashFunctions.swift
/host/spi-builder-workspace/Sources/Crypto/Digests/XKCP/Digest_xkcp.swift:21:22: warning: using '@_implementationOnly' without enabling library evolution for 'Crypto' may lead to instability during execution [#ImplementationOnlyDeprecated]
19 | @diagnose(ImplementationOnlyDeprecated, as: ignored) @_implementationOnly import CXKCPShims
20 | #else
21 | @_implementationOnly import CXKCP
| `- warning: using '@_implementationOnly' without enabling library evolution for 'Crypto' may lead to instability during execution [#ImplementationOnlyDeprecated]
22 | @_implementationOnly import CXKCPShims
23 | #endif
/host/spi-builder-workspace/Sources/Crypto/Digests/XKCP/Digest_xkcp.swift:22:22: warning: using '@_implementationOnly' without enabling library evolution for 'Crypto' may lead to instability during execution [#ImplementationOnlyDeprecated]
20 | #else
21 | @_implementationOnly import CXKCP
22 | @_implementationOnly import CXKCPShims
| `- warning: using '@_implementationOnly' without enabling library evolution for 'Crypto' may lead to instability during execution [#ImplementationOnlyDeprecated]
23 | #endif
24 |
/host/spi-builder-workspace/Sources/Crypto/HPKE/Ciphersuite/HPKE-AEAD.swift:27:6: error: unknown attribute 'nonexhaustive'
25 | extension HPKE {
26 | /// The authenticated encryption with associated data (AEAD) algorithms to use in HPKE.
27 | @nonexhaustive
| `- error: unknown attribute 'nonexhaustive'
28 | public enum AEAD: CaseIterable, Hashable, Sendable {
29 | /// An Advanced Encryption Standard cipher in Galois/Counter Mode with a key length of 128 bits.
/host/spi-builder-workspace/Sources/Crypto/HPKE/Ciphersuite/HPKE-KDF.swift:27:6: error: unknown attribute 'nonexhaustive'
25 | extension HPKE {
26 | /// The key derivation functions to use in HPKE.
27 | @nonexhaustive
| `- error: unknown attribute 'nonexhaustive'
28 | public enum KDF: CaseIterable, Hashable, Sendable {
29 | /// An HMAC-based key derivation function that uses SHA-2 hashing with a 256-bit digest.
[#ImplementationOnlyDeprecated]: <https://docs.swift.org/compiler/documentation/diagnostics/implementation-only-deprecated>
[451/511] Compiling Crypto HashFunctions_SHA2.swift
/host/spi-builder-workspace/Sources/Crypto/Digests/XKCP/Digest_xkcp.swift:21:22: warning: using '@_implementationOnly' without enabling library evolution for 'Crypto' may lead to instability during execution [#ImplementationOnlyDeprecated]
19 | @diagnose(ImplementationOnlyDeprecated, as: ignored) @_implementationOnly import CXKCPShims
20 | #else
21 | @_implementationOnly import CXKCP
| `- warning: using '@_implementationOnly' without enabling library evolution for 'Crypto' may lead to instability during execution [#ImplementationOnlyDeprecated]
22 | @_implementationOnly import CXKCPShims
23 | #endif
/host/spi-builder-workspace/Sources/Crypto/Digests/XKCP/Digest_xkcp.swift:22:22: warning: using '@_implementationOnly' without enabling library evolution for 'Crypto' may lead to instability during execution [#ImplementationOnlyDeprecated]
20 | #else
21 | @_implementationOnly import CXKCP
22 | @_implementationOnly import CXKCPShims
| `- warning: using '@_implementationOnly' without enabling library evolution for 'Crypto' may lead to instability during execution [#ImplementationOnlyDeprecated]
23 | #endif
24 |
/host/spi-builder-workspace/Sources/Crypto/HPKE/Ciphersuite/HPKE-AEAD.swift:27:6: error: unknown attribute 'nonexhaustive'
25 | extension HPKE {
26 | /// The authenticated encryption with associated data (AEAD) algorithms to use in HPKE.
27 | @nonexhaustive
| `- error: unknown attribute 'nonexhaustive'
28 | public enum AEAD: CaseIterable, Hashable, Sendable {
29 | /// An Advanced Encryption Standard cipher in Galois/Counter Mode with a key length of 128 bits.
/host/spi-builder-workspace/Sources/Crypto/HPKE/Ciphersuite/HPKE-KDF.swift:27:6: error: unknown attribute 'nonexhaustive'
25 | extension HPKE {
26 | /// The key derivation functions to use in HPKE.
27 | @nonexhaustive
| `- error: unknown attribute 'nonexhaustive'
28 | public enum KDF: CaseIterable, Hashable, Sendable {
29 | /// An HMAC-based key derivation function that uses SHA-2 hashing with a 256-bit digest.
[#ImplementationOnlyDeprecated]: <https://docs.swift.org/compiler/documentation/diagnostics/implementation-only-deprecated>
[452/511] Compiling Crypto HashFunctions_SHA3.swift
/host/spi-builder-workspace/Sources/Crypto/Digests/XKCP/Digest_xkcp.swift:21:22: warning: using '@_implementationOnly' without enabling library evolution for 'Crypto' may lead to instability during execution [#ImplementationOnlyDeprecated]
19 | @diagnose(ImplementationOnlyDeprecated, as: ignored) @_implementationOnly import CXKCPShims
20 | #else
21 | @_implementationOnly import CXKCP
| `- warning: using '@_implementationOnly' without enabling library evolution for 'Crypto' may lead to instability during execution [#ImplementationOnlyDeprecated]
22 | @_implementationOnly import CXKCPShims
23 | #endif
/host/spi-builder-workspace/Sources/Crypto/Digests/XKCP/Digest_xkcp.swift:22:22: warning: using '@_implementationOnly' without enabling library evolution for 'Crypto' may lead to instability during execution [#ImplementationOnlyDeprecated]
20 | #else
21 | @_implementationOnly import CXKCP
22 | @_implementationOnly import CXKCPShims
| `- warning: using '@_implementationOnly' without enabling library evolution for 'Crypto' may lead to instability during execution [#ImplementationOnlyDeprecated]
23 | #endif
24 |
/host/spi-builder-workspace/Sources/Crypto/HPKE/Ciphersuite/HPKE-AEAD.swift:27:6: error: unknown attribute 'nonexhaustive'
25 | extension HPKE {
26 | /// The authenticated encryption with associated data (AEAD) algorithms to use in HPKE.
27 | @nonexhaustive
| `- error: unknown attribute 'nonexhaustive'
28 | public enum AEAD: CaseIterable, Hashable, Sendable {
29 | /// An Advanced Encryption Standard cipher in Galois/Counter Mode with a key length of 128 bits.
/host/spi-builder-workspace/Sources/Crypto/HPKE/Ciphersuite/HPKE-KDF.swift:27:6: error: unknown attribute 'nonexhaustive'
25 | extension HPKE {
26 | /// The key derivation functions to use in HPKE.
27 | @nonexhaustive
| `- error: unknown attribute 'nonexhaustive'
28 | public enum KDF: CaseIterable, Hashable, Sendable {
29 | /// An HMAC-based key derivation function that uses SHA-2 hashing with a 256-bit digest.
[#ImplementationOnlyDeprecated]: <https://docs.swift.org/compiler/documentation/diagnostics/implementation-only-deprecated>
[453/511] Compiling Crypto Digest_xkcp.swift
/host/spi-builder-workspace/Sources/Crypto/Digests/XKCP/Digest_xkcp.swift:21:22: warning: using '@_implementationOnly' without enabling library evolution for 'Crypto' may lead to instability during execution [#ImplementationOnlyDeprecated]
19 | @diagnose(ImplementationOnlyDeprecated, as: ignored) @_implementationOnly import CXKCPShims
20 | #else
21 | @_implementationOnly import CXKCP
| `- warning: using '@_implementationOnly' without enabling library evolution for 'Crypto' may lead to instability during execution [#ImplementationOnlyDeprecated]
22 | @_implementationOnly import CXKCPShims
23 | #endif
/host/spi-builder-workspace/Sources/Crypto/Digests/XKCP/Digest_xkcp.swift:22:22: warning: using '@_implementationOnly' without enabling library evolution for 'Crypto' may lead to instability during execution [#ImplementationOnlyDeprecated]
20 | #else
21 | @_implementationOnly import CXKCP
22 | @_implementationOnly import CXKCPShims
| `- warning: using '@_implementationOnly' without enabling library evolution for 'Crypto' may lead to instability during execution [#ImplementationOnlyDeprecated]
23 | #endif
24 |
/host/spi-builder-workspace/Sources/Crypto/HPKE/Ciphersuite/HPKE-AEAD.swift:27:6: error: unknown attribute 'nonexhaustive'
25 | extension HPKE {
26 | /// The authenticated encryption with associated data (AEAD) algorithms to use in HPKE.
27 | @nonexhaustive
| `- error: unknown attribute 'nonexhaustive'
28 | public enum AEAD: CaseIterable, Hashable, Sendable {
29 | /// An Advanced Encryption Standard cipher in Galois/Counter Mode with a key length of 128 bits.
/host/spi-builder-workspace/Sources/Crypto/HPKE/Ciphersuite/HPKE-KDF.swift:27:6: error: unknown attribute 'nonexhaustive'
25 | extension HPKE {
26 | /// The key derivation functions to use in HPKE.
27 | @nonexhaustive
| `- error: unknown attribute 'nonexhaustive'
28 | public enum KDF: CaseIterable, Hashable, Sendable {
29 | /// An HMAC-based key derivation function that uses SHA-2 hashing with a 256-bit digest.
[#ImplementationOnlyDeprecated]: <https://docs.swift.org/compiler/documentation/diagnostics/implementation-only-deprecated>
[454/511] Compiling Crypto HPKE-AEAD.swift
/host/spi-builder-workspace/Sources/Crypto/Digests/XKCP/Digest_xkcp.swift:21:22: warning: using '@_implementationOnly' without enabling library evolution for 'Crypto' may lead to instability during execution [#ImplementationOnlyDeprecated]
19 | @diagnose(ImplementationOnlyDeprecated, as: ignored) @_implementationOnly import CXKCPShims
20 | #else
21 | @_implementationOnly import CXKCP
| `- warning: using '@_implementationOnly' without enabling library evolution for 'Crypto' may lead to instability during execution [#ImplementationOnlyDeprecated]
22 | @_implementationOnly import CXKCPShims
23 | #endif
/host/spi-builder-workspace/Sources/Crypto/Digests/XKCP/Digest_xkcp.swift:22:22: warning: using '@_implementationOnly' without enabling library evolution for 'Crypto' may lead to instability during execution [#ImplementationOnlyDeprecated]
20 | #else
21 | @_implementationOnly import CXKCP
22 | @_implementationOnly import CXKCPShims
| `- warning: using '@_implementationOnly' without enabling library evolution for 'Crypto' may lead to instability during execution [#ImplementationOnlyDeprecated]
23 | #endif
24 |
/host/spi-builder-workspace/Sources/Crypto/HPKE/Ciphersuite/HPKE-AEAD.swift:27:6: error: unknown attribute 'nonexhaustive'
25 | extension HPKE {
26 | /// The authenticated encryption with associated data (AEAD) algorithms to use in HPKE.
27 | @nonexhaustive
| `- error: unknown attribute 'nonexhaustive'
28 | public enum AEAD: CaseIterable, Hashable, Sendable {
29 | /// An Advanced Encryption Standard cipher in Galois/Counter Mode with a key length of 128 bits.
/host/spi-builder-workspace/Sources/Crypto/HPKE/Ciphersuite/HPKE-KDF.swift:27:6: error: unknown attribute 'nonexhaustive'
25 | extension HPKE {
26 | /// The key derivation functions to use in HPKE.
27 | @nonexhaustive
| `- error: unknown attribute 'nonexhaustive'
28 | public enum KDF: CaseIterable, Hashable, Sendable {
29 | /// An HMAC-based key derivation function that uses SHA-2 hashing with a 256-bit digest.
[#ImplementationOnlyDeprecated]: <https://docs.swift.org/compiler/documentation/diagnostics/implementation-only-deprecated>
[455/511] Compiling Crypto HPKE-Ciphersuite.swift
/host/spi-builder-workspace/Sources/Crypto/Digests/XKCP/Digest_xkcp.swift:21:22: warning: using '@_implementationOnly' without enabling library evolution for 'Crypto' may lead to instability during execution [#ImplementationOnlyDeprecated]
19 | @diagnose(ImplementationOnlyDeprecated, as: ignored) @_implementationOnly import CXKCPShims
20 | #else
21 | @_implementationOnly import CXKCP
| `- warning: using '@_implementationOnly' without enabling library evolution for 'Crypto' may lead to instability during execution [#ImplementationOnlyDeprecated]
22 | @_implementationOnly import CXKCPShims
23 | #endif
/host/spi-builder-workspace/Sources/Crypto/Digests/XKCP/Digest_xkcp.swift:22:22: warning: using '@_implementationOnly' without enabling library evolution for 'Crypto' may lead to instability during execution [#ImplementationOnlyDeprecated]
20 | #else
21 | @_implementationOnly import CXKCP
22 | @_implementationOnly import CXKCPShims
| `- warning: using '@_implementationOnly' without enabling library evolution for 'Crypto' may lead to instability during execution [#ImplementationOnlyDeprecated]
23 | #endif
24 |
/host/spi-builder-workspace/Sources/Crypto/HPKE/Ciphersuite/HPKE-AEAD.swift:27:6: error: unknown attribute 'nonexhaustive'
25 | extension HPKE {
26 | /// The authenticated encryption with associated data (AEAD) algorithms to use in HPKE.
27 | @nonexhaustive
| `- error: unknown attribute 'nonexhaustive'
28 | public enum AEAD: CaseIterable, Hashable, Sendable {
29 | /// An Advanced Encryption Standard cipher in Galois/Counter Mode with a key length of 128 bits.
/host/spi-builder-workspace/Sources/Crypto/HPKE/Ciphersuite/HPKE-KDF.swift:27:6: error: unknown attribute 'nonexhaustive'
25 | extension HPKE {
26 | /// The key derivation functions to use in HPKE.
27 | @nonexhaustive
| `- error: unknown attribute 'nonexhaustive'
28 | public enum KDF: CaseIterable, Hashable, Sendable {
29 | /// An HMAC-based key derivation function that uses SHA-2 hashing with a 256-bit digest.
[#ImplementationOnlyDeprecated]: <https://docs.swift.org/compiler/documentation/diagnostics/implementation-only-deprecated>
[456/511] Compiling Crypto HPKE-KDF.swift
/host/spi-builder-workspace/Sources/Crypto/Digests/XKCP/Digest_xkcp.swift:21:22: warning: using '@_implementationOnly' without enabling library evolution for 'Crypto' may lead to instability during execution [#ImplementationOnlyDeprecated]
19 | @diagnose(ImplementationOnlyDeprecated, as: ignored) @_implementationOnly import CXKCPShims
20 | #else
21 | @_implementationOnly import CXKCP
| `- warning: using '@_implementationOnly' without enabling library evolution for 'Crypto' may lead to instability during execution [#ImplementationOnlyDeprecated]
22 | @_implementationOnly import CXKCPShims
23 | #endif
/host/spi-builder-workspace/Sources/Crypto/Digests/XKCP/Digest_xkcp.swift:22:22: warning: using '@_implementationOnly' without enabling library evolution for 'Crypto' may lead to instability during execution [#ImplementationOnlyDeprecated]
20 | #else
21 | @_implementationOnly import CXKCP
22 | @_implementationOnly import CXKCPShims
| `- warning: using '@_implementationOnly' without enabling library evolution for 'Crypto' may lead to instability during execution [#ImplementationOnlyDeprecated]
23 | #endif
24 |
/host/spi-builder-workspace/Sources/Crypto/HPKE/Ciphersuite/HPKE-AEAD.swift:27:6: error: unknown attribute 'nonexhaustive'
25 | extension HPKE {
26 | /// The authenticated encryption with associated data (AEAD) algorithms to use in HPKE.
27 | @nonexhaustive
| `- error: unknown attribute 'nonexhaustive'
28 | public enum AEAD: CaseIterable, Hashable, Sendable {
29 | /// An Advanced Encryption Standard cipher in Galois/Counter Mode with a key length of 128 bits.
/host/spi-builder-workspace/Sources/Crypto/HPKE/Ciphersuite/HPKE-KDF.swift:27:6: error: unknown attribute 'nonexhaustive'
25 | extension HPKE {
26 | /// The key derivation functions to use in HPKE.
27 | @nonexhaustive
| `- error: unknown attribute 'nonexhaustive'
28 | public enum KDF: CaseIterable, Hashable, Sendable {
29 | /// An HMAC-based key derivation function that uses SHA-2 hashing with a 256-bit digest.
[#ImplementationOnlyDeprecated]: <https://docs.swift.org/compiler/documentation/diagnostics/implementation-only-deprecated>
[457/511] Compiling Crypto HPKE-KexKeyDerivation.swift
/host/spi-builder-workspace/Sources/Crypto/Digests/XKCP/Digest_xkcp.swift:21:22: warning: using '@_implementationOnly' without enabling library evolution for 'Crypto' may lead to instability during execution [#ImplementationOnlyDeprecated]
19 | @diagnose(ImplementationOnlyDeprecated, as: ignored) @_implementationOnly import CXKCPShims
20 | #else
21 | @_implementationOnly import CXKCP
| `- warning: using '@_implementationOnly' without enabling library evolution for 'Crypto' may lead to instability during execution [#ImplementationOnlyDeprecated]
22 | @_implementationOnly import CXKCPShims
23 | #endif
/host/spi-builder-workspace/Sources/Crypto/Digests/XKCP/Digest_xkcp.swift:22:22: warning: using '@_implementationOnly' without enabling library evolution for 'Crypto' may lead to instability during execution [#ImplementationOnlyDeprecated]
20 | #else
21 | @_implementationOnly import CXKCP
22 | @_implementationOnly import CXKCPShims
| `- warning: using '@_implementationOnly' without enabling library evolution for 'Crypto' may lead to instability during execution [#ImplementationOnlyDeprecated]
23 | #endif
24 |
/host/spi-builder-workspace/Sources/Crypto/HPKE/Ciphersuite/HPKE-AEAD.swift:27:6: error: unknown attribute 'nonexhaustive'
25 | extension HPKE {
26 | /// The authenticated encryption with associated data (AEAD) algorithms to use in HPKE.
27 | @nonexhaustive
| `- error: unknown attribute 'nonexhaustive'
28 | public enum AEAD: CaseIterable, Hashable, Sendable {
29 | /// An Advanced Encryption Standard cipher in Galois/Counter Mode with a key length of 128 bits.
/host/spi-builder-workspace/Sources/Crypto/HPKE/Ciphersuite/HPKE-KDF.swift:27:6: error: unknown attribute 'nonexhaustive'
25 | extension HPKE {
26 | /// The key derivation functions to use in HPKE.
27 | @nonexhaustive
| `- error: unknown attribute 'nonexhaustive'
28 | public enum KDF: CaseIterable, Hashable, Sendable {
29 | /// An HMAC-based key derivation function that uses SHA-2 hashing with a 256-bit digest.
[#ImplementationOnlyDeprecated]: <https://docs.swift.org/compiler/documentation/diagnostics/implementation-only-deprecated>
[458/511] Compiling Crypto HPKE-LabeledExtract.swift
/host/spi-builder-workspace/Sources/Crypto/Digests/XKCP/Digest_xkcp.swift:21:22: warning: using '@_implementationOnly' without enabling library evolution for 'Crypto' may lead to instability during execution [#ImplementationOnlyDeprecated]
19 | @diagnose(ImplementationOnlyDeprecated, as: ignored) @_implementationOnly import CXKCPShims
20 | #else
21 | @_implementationOnly import CXKCP
| `- warning: using '@_implementationOnly' without enabling library evolution for 'Crypto' may lead to instability during execution [#ImplementationOnlyDeprecated]
22 | @_implementationOnly import CXKCPShims
23 | #endif
/host/spi-builder-workspace/Sources/Crypto/Digests/XKCP/Digest_xkcp.swift:22:22: warning: using '@_implementationOnly' without enabling library evolution for 'Crypto' may lead to instability during execution [#ImplementationOnlyDeprecated]
20 | #else
21 | @_implementationOnly import CXKCP
22 | @_implementationOnly import CXKCPShims
| `- warning: using '@_implementationOnly' without enabling library evolution for 'Crypto' may lead to instability during execution [#ImplementationOnlyDeprecated]
23 | #endif
24 |
/host/spi-builder-workspace/Sources/Crypto/HPKE/Ciphersuite/HPKE-AEAD.swift:27:6: error: unknown attribute 'nonexhaustive'
25 | extension HPKE {
26 | /// The authenticated encryption with associated data (AEAD) algorithms to use in HPKE.
27 | @nonexhaustive
| `- error: unknown attribute 'nonexhaustive'
28 | public enum AEAD: CaseIterable, Hashable, Sendable {
29 | /// An Advanced Encryption Standard cipher in Galois/Counter Mode with a key length of 128 bits.
/host/spi-builder-workspace/Sources/Crypto/HPKE/Ciphersuite/HPKE-KDF.swift:27:6: error: unknown attribute 'nonexhaustive'
25 | extension HPKE {
26 | /// The key derivation functions to use in HPKE.
27 | @nonexhaustive
| `- error: unknown attribute 'nonexhaustive'
28 | public enum KDF: CaseIterable, Hashable, Sendable {
29 | /// An HMAC-based key derivation function that uses SHA-2 hashing with a 256-bit digest.
[#ImplementationOnlyDeprecated]: <https://docs.swift.org/compiler/documentation/diagnostics/implementation-only-deprecated>
[459/511] Compiling Crypto AESWrap.swift
/host/spi-builder-workspace/Sources/Crypto/Key Wrapping/AESWrap.swift:30:6: error: unknown attribute 'nonexhaustive'
28 | /// An implementation of AES Key Wrapping in accordance with the IETF RFC
29 | /// 3394 specification.
30 | @nonexhaustive
| `- error: unknown attribute 'nonexhaustive'
31 | public enum KeyWrap: Sendable {
32 | /// Wraps a key using the AES wrap algorithm.
/host/spi-builder-workspace/Sources/Crypto/Keys/EC/Curve25519.swift:19:2: error: unknown attribute 'nonexhaustive'
17 | #else
18 | /// An elliptic curve that enables X25519 key agreement and Ed25519 signatures.
19 | @nonexhaustive
| `- error: unknown attribute 'nonexhaustive'
20 | public enum Curve25519: Sendable {}
21 | #endif // canImport(CryptoKit)
/host/spi-builder-workspace/Sources/Crypto/Keys/EC/Ed25519Keys.swift:33:6: error: unknown attribute 'nonexhaustive'
31 | /// A mechanism used to create or verify a cryptographic signature using
32 | /// Ed25519.
33 | @nonexhaustive
| `- error: unknown attribute 'nonexhaustive'
34 | public enum Signing: Sendable {
35 | typealias Curve25519PrivateKeyImpl = Curve25519.Signing.OpenSSLCurve25519PrivateKeyImpl
/host/spi-builder-workspace/Sources/Crypto/Keys/EC/NISTCurvesKeys.swift:51:2: error: unknown attribute 'nonexhaustive'
49 |
50 | /// An elliptic curve that enables NIST P-256 signatures and key agreement.
51 | @nonexhaustive
| `- error: unknown attribute 'nonexhaustive'
52 | public enum P256: Sendable { }
53 |
/host/spi-builder-workspace/Sources/Crypto/Keys/EC/NISTCurvesKeys.swift:55:2: error: unknown attribute 'nonexhaustive'
53 |
54 | /// An elliptic curve that enables NIST P-384 signatures and key agreement.
55 | @nonexhaustive
| `- error: unknown attribute 'nonexhaustive'
56 | public enum P384: Sendable { }
57 |
/host/spi-builder-workspace/Sources/Crypto/Keys/EC/NISTCurvesKeys.swift:59:2: error: unknown attribute 'nonexhaustive'
57 |
58 | /// An elliptic curve that enables NIST P-521 signatures and key agreement.
59 | @nonexhaustive
| `- error: unknown attribute 'nonexhaustive'
60 | public enum P521: Sendable { }
61 | #endif // canImport(CryptoKit)
/host/spi-builder-workspace/Sources/Crypto/Keys/EC/X25519Keys.swift:33:6: error: unknown attribute 'nonexhaustive'
31 | /// A mechanism used to create a shared secret between two users by
32 | /// performing X25519 key agreement.
33 | @nonexhaustive
| `- error: unknown attribute 'nonexhaustive'
34 | public enum KeyAgreement: Sendable {
35 | typealias Curve25519PrivateKeyImpl = Curve25519.KeyAgreement.OpenSSLCurve25519PrivateKeyImpl
[460/511] Compiling Crypto AESWrap_boring.swift
/host/spi-builder-workspace/Sources/Crypto/Key Wrapping/AESWrap.swift:30:6: error: unknown attribute 'nonexhaustive'
28 | /// An implementation of AES Key Wrapping in accordance with the IETF RFC
29 | /// 3394 specification.
30 | @nonexhaustive
| `- error: unknown attribute 'nonexhaustive'
31 | public enum KeyWrap: Sendable {
32 | /// Wraps a key using the AES wrap algorithm.
/host/spi-builder-workspace/Sources/Crypto/Keys/EC/Curve25519.swift:19:2: error: unknown attribute 'nonexhaustive'
17 | #else
18 | /// An elliptic curve that enables X25519 key agreement and Ed25519 signatures.
19 | @nonexhaustive
| `- error: unknown attribute 'nonexhaustive'
20 | public enum Curve25519: Sendable {}
21 | #endif // canImport(CryptoKit)
/host/spi-builder-workspace/Sources/Crypto/Keys/EC/Ed25519Keys.swift:33:6: error: unknown attribute 'nonexhaustive'
31 | /// A mechanism used to create or verify a cryptographic signature using
32 | /// Ed25519.
33 | @nonexhaustive
| `- error: unknown attribute 'nonexhaustive'
34 | public enum Signing: Sendable {
35 | typealias Curve25519PrivateKeyImpl = Curve25519.Signing.OpenSSLCurve25519PrivateKeyImpl
/host/spi-builder-workspace/Sources/Crypto/Keys/EC/NISTCurvesKeys.swift:51:2: error: unknown attribute 'nonexhaustive'
49 |
50 | /// An elliptic curve that enables NIST P-256 signatures and key agreement.
51 | @nonexhaustive
| `- error: unknown attribute 'nonexhaustive'
52 | public enum P256: Sendable { }
53 |
/host/spi-builder-workspace/Sources/Crypto/Keys/EC/NISTCurvesKeys.swift:55:2: error: unknown attribute 'nonexhaustive'
53 |
54 | /// An elliptic curve that enables NIST P-384 signatures and key agreement.
55 | @nonexhaustive
| `- error: unknown attribute 'nonexhaustive'
56 | public enum P384: Sendable { }
57 |
/host/spi-builder-workspace/Sources/Crypto/Keys/EC/NISTCurvesKeys.swift:59:2: error: unknown attribute 'nonexhaustive'
57 |
58 | /// An elliptic curve that enables NIST P-521 signatures and key agreement.
59 | @nonexhaustive
| `- error: unknown attribute 'nonexhaustive'
60 | public enum P521: Sendable { }
61 | #endif // canImport(CryptoKit)
/host/spi-builder-workspace/Sources/Crypto/Keys/EC/X25519Keys.swift:33:6: error: unknown attribute 'nonexhaustive'
31 | /// A mechanism used to create a shared secret between two users by
32 | /// performing X25519 key agreement.
33 | @nonexhaustive
| `- error: unknown attribute 'nonexhaustive'
34 | public enum KeyAgreement: Sendable {
35 | typealias Curve25519PrivateKeyImpl = Curve25519.KeyAgreement.OpenSSLCurve25519PrivateKeyImpl
[461/511] Compiling Crypto Ed25519_boring.swift
/host/spi-builder-workspace/Sources/Crypto/Key Wrapping/AESWrap.swift:30:6: error: unknown attribute 'nonexhaustive'
28 | /// An implementation of AES Key Wrapping in accordance with the IETF RFC
29 | /// 3394 specification.
30 | @nonexhaustive
| `- error: unknown attribute 'nonexhaustive'
31 | public enum KeyWrap: Sendable {
32 | /// Wraps a key using the AES wrap algorithm.
/host/spi-builder-workspace/Sources/Crypto/Keys/EC/Curve25519.swift:19:2: error: unknown attribute 'nonexhaustive'
17 | #else
18 | /// An elliptic curve that enables X25519 key agreement and Ed25519 signatures.
19 | @nonexhaustive
| `- error: unknown attribute 'nonexhaustive'
20 | public enum Curve25519: Sendable {}
21 | #endif // canImport(CryptoKit)
/host/spi-builder-workspace/Sources/Crypto/Keys/EC/Ed25519Keys.swift:33:6: error: unknown attribute 'nonexhaustive'
31 | /// A mechanism used to create or verify a cryptographic signature using
32 | /// Ed25519.
33 | @nonexhaustive
| `- error: unknown attribute 'nonexhaustive'
34 | public enum Signing: Sendable {
35 | typealias Curve25519PrivateKeyImpl = Curve25519.Signing.OpenSSLCurve25519PrivateKeyImpl
/host/spi-builder-workspace/Sources/Crypto/Keys/EC/NISTCurvesKeys.swift:51:2: error: unknown attribute 'nonexhaustive'
49 |
50 | /// An elliptic curve that enables NIST P-256 signatures and key agreement.
51 | @nonexhaustive
| `- error: unknown attribute 'nonexhaustive'
52 | public enum P256: Sendable { }
53 |
/host/spi-builder-workspace/Sources/Crypto/Keys/EC/NISTCurvesKeys.swift:55:2: error: unknown attribute 'nonexhaustive'
53 |
54 | /// An elliptic curve that enables NIST P-384 signatures and key agreement.
55 | @nonexhaustive
| `- error: unknown attribute 'nonexhaustive'
56 | public enum P384: Sendable { }
57 |
/host/spi-builder-workspace/Sources/Crypto/Keys/EC/NISTCurvesKeys.swift:59:2: error: unknown attribute 'nonexhaustive'
57 |
58 | /// An elliptic curve that enables NIST P-521 signatures and key agreement.
59 | @nonexhaustive
| `- error: unknown attribute 'nonexhaustive'
60 | public enum P521: Sendable { }
61 | #endif // canImport(CryptoKit)
/host/spi-builder-workspace/Sources/Crypto/Keys/EC/X25519Keys.swift:33:6: error: unknown attribute 'nonexhaustive'
31 | /// A mechanism used to create a shared secret between two users by
32 | /// performing X25519 key agreement.
33 | @nonexhaustive
| `- error: unknown attribute 'nonexhaustive'
34 | public enum KeyAgreement: Sendable {
35 | typealias Curve25519PrivateKeyImpl = Curve25519.KeyAgreement.OpenSSLCurve25519PrivateKeyImpl
[462/511] Compiling Crypto NISTCurvesKeys_boring.swift
/host/spi-builder-workspace/Sources/Crypto/Key Wrapping/AESWrap.swift:30:6: error: unknown attribute 'nonexhaustive'
28 | /// An implementation of AES Key Wrapping in accordance with the IETF RFC
29 | /// 3394 specification.
30 | @nonexhaustive
| `- error: unknown attribute 'nonexhaustive'
31 | public enum KeyWrap: Sendable {
32 | /// Wraps a key using the AES wrap algorithm.
/host/spi-builder-workspace/Sources/Crypto/Keys/EC/Curve25519.swift:19:2: error: unknown attribute 'nonexhaustive'
17 | #else
18 | /// An elliptic curve that enables X25519 key agreement and Ed25519 signatures.
19 | @nonexhaustive
| `- error: unknown attribute 'nonexhaustive'
20 | public enum Curve25519: Sendable {}
21 | #endif // canImport(CryptoKit)
/host/spi-builder-workspace/Sources/Crypto/Keys/EC/Ed25519Keys.swift:33:6: error: unknown attribute 'nonexhaustive'
31 | /// A mechanism used to create or verify a cryptographic signature using
32 | /// Ed25519.
33 | @nonexhaustive
| `- error: unknown attribute 'nonexhaustive'
34 | public enum Signing: Sendable {
35 | typealias Curve25519PrivateKeyImpl = Curve25519.Signing.OpenSSLCurve25519PrivateKeyImpl
/host/spi-builder-workspace/Sources/Crypto/Keys/EC/NISTCurvesKeys.swift:51:2: error: unknown attribute 'nonexhaustive'
49 |
50 | /// An elliptic curve that enables NIST P-256 signatures and key agreement.
51 | @nonexhaustive
| `- error: unknown attribute 'nonexhaustive'
52 | public enum P256: Sendable { }
53 |
/host/spi-builder-workspace/Sources/Crypto/Keys/EC/NISTCurvesKeys.swift:55:2: error: unknown attribute 'nonexhaustive'
53 |
54 | /// An elliptic curve that enables NIST P-384 signatures and key agreement.
55 | @nonexhaustive
| `- error: unknown attribute 'nonexhaustive'
56 | public enum P384: Sendable { }
57 |
/host/spi-builder-workspace/Sources/Crypto/Keys/EC/NISTCurvesKeys.swift:59:2: error: unknown attribute 'nonexhaustive'
57 |
58 | /// An elliptic curve that enables NIST P-521 signatures and key agreement.
59 | @nonexhaustive
| `- error: unknown attribute 'nonexhaustive'
60 | public enum P521: Sendable { }
61 | #endif // canImport(CryptoKit)
/host/spi-builder-workspace/Sources/Crypto/Keys/EC/X25519Keys.swift:33:6: error: unknown attribute 'nonexhaustive'
31 | /// A mechanism used to create a shared secret between two users by
32 | /// performing X25519 key agreement.
33 | @nonexhaustive
| `- error: unknown attribute 'nonexhaustive'
34 | public enum KeyAgreement: Sendable {
35 | typealias Curve25519PrivateKeyImpl = Curve25519.KeyAgreement.OpenSSLCurve25519PrivateKeyImpl
[463/511] Compiling Crypto X25519Keys_boring.swift
/host/spi-builder-workspace/Sources/Crypto/Key Wrapping/AESWrap.swift:30:6: error: unknown attribute 'nonexhaustive'
28 | /// An implementation of AES Key Wrapping in accordance with the IETF RFC
29 | /// 3394 specification.
30 | @nonexhaustive
| `- error: unknown attribute 'nonexhaustive'
31 | public enum KeyWrap: Sendable {
32 | /// Wraps a key using the AES wrap algorithm.
/host/spi-builder-workspace/Sources/Crypto/Keys/EC/Curve25519.swift:19:2: error: unknown attribute 'nonexhaustive'
17 | #else
18 | /// An elliptic curve that enables X25519 key agreement and Ed25519 signatures.
19 | @nonexhaustive
| `- error: unknown attribute 'nonexhaustive'
20 | public enum Curve25519: Sendable {}
21 | #endif // canImport(CryptoKit)
/host/spi-builder-workspace/Sources/Crypto/Keys/EC/Ed25519Keys.swift:33:6: error: unknown attribute 'nonexhaustive'
31 | /// A mechanism used to create or verify a cryptographic signature using
32 | /// Ed25519.
33 | @nonexhaustive
| `- error: unknown attribute 'nonexhaustive'
34 | public enum Signing: Sendable {
35 | typealias Curve25519PrivateKeyImpl = Curve25519.Signing.OpenSSLCurve25519PrivateKeyImpl
/host/spi-builder-workspace/Sources/Crypto/Keys/EC/NISTCurvesKeys.swift:51:2: error: unknown attribute 'nonexhaustive'
49 |
50 | /// An elliptic curve that enables NIST P-256 signatures and key agreement.
51 | @nonexhaustive
| `- error: unknown attribute 'nonexhaustive'
52 | public enum P256: Sendable { }
53 |
/host/spi-builder-workspace/Sources/Crypto/Keys/EC/NISTCurvesKeys.swift:55:2: error: unknown attribute 'nonexhaustive'
53 |
54 | /// An elliptic curve that enables NIST P-384 signatures and key agreement.
55 | @nonexhaustive
| `- error: unknown attribute 'nonexhaustive'
56 | public enum P384: Sendable { }
57 |
/host/spi-builder-workspace/Sources/Crypto/Keys/EC/NISTCurvesKeys.swift:59:2: error: unknown attribute 'nonexhaustive'
57 |
58 | /// An elliptic curve that enables NIST P-521 signatures and key agreement.
59 | @nonexhaustive
| `- error: unknown attribute 'nonexhaustive'
60 | public enum P521: Sendable { }
61 | #endif // canImport(CryptoKit)
/host/spi-builder-workspace/Sources/Crypto/Keys/EC/X25519Keys.swift:33:6: error: unknown attribute 'nonexhaustive'
31 | /// A mechanism used to create a shared secret between two users by
32 | /// performing X25519 key agreement.
33 | @nonexhaustive
| `- error: unknown attribute 'nonexhaustive'
34 | public enum KeyAgreement: Sendable {
35 | typealias Curve25519PrivateKeyImpl = Curve25519.KeyAgreement.OpenSSLCurve25519PrivateKeyImpl
[464/511] Compiling Crypto Curve25519.swift
/host/spi-builder-workspace/Sources/Crypto/Key Wrapping/AESWrap.swift:30:6: error: unknown attribute 'nonexhaustive'
28 | /// An implementation of AES Key Wrapping in accordance with the IETF RFC
29 | /// 3394 specification.
30 | @nonexhaustive
| `- error: unknown attribute 'nonexhaustive'
31 | public enum KeyWrap: Sendable {
32 | /// Wraps a key using the AES wrap algorithm.
/host/spi-builder-workspace/Sources/Crypto/Keys/EC/Curve25519.swift:19:2: error: unknown attribute 'nonexhaustive'
17 | #else
18 | /// An elliptic curve that enables X25519 key agreement and Ed25519 signatures.
19 | @nonexhaustive
| `- error: unknown attribute 'nonexhaustive'
20 | public enum Curve25519: Sendable {}
21 | #endif // canImport(CryptoKit)
/host/spi-builder-workspace/Sources/Crypto/Keys/EC/Ed25519Keys.swift:33:6: error: unknown attribute 'nonexhaustive'
31 | /// A mechanism used to create or verify a cryptographic signature using
32 | /// Ed25519.
33 | @nonexhaustive
| `- error: unknown attribute 'nonexhaustive'
34 | public enum Signing: Sendable {
35 | typealias Curve25519PrivateKeyImpl = Curve25519.Signing.OpenSSLCurve25519PrivateKeyImpl
/host/spi-builder-workspace/Sources/Crypto/Keys/EC/NISTCurvesKeys.swift:51:2: error: unknown attribute 'nonexhaustive'
49 |
50 | /// An elliptic curve that enables NIST P-256 signatures and key agreement.
51 | @nonexhaustive
| `- error: unknown attribute 'nonexhaustive'
52 | public enum P256: Sendable { }
53 |
/host/spi-builder-workspace/Sources/Crypto/Keys/EC/NISTCurvesKeys.swift:55:2: error: unknown attribute 'nonexhaustive'
53 |
54 | /// An elliptic curve that enables NIST P-384 signatures and key agreement.
55 | @nonexhaustive
| `- error: unknown attribute 'nonexhaustive'
56 | public enum P384: Sendable { }
57 |
/host/spi-builder-workspace/Sources/Crypto/Keys/EC/NISTCurvesKeys.swift:59:2: error: unknown attribute 'nonexhaustive'
57 |
58 | /// An elliptic curve that enables NIST P-521 signatures and key agreement.
59 | @nonexhaustive
| `- error: unknown attribute 'nonexhaustive'
60 | public enum P521: Sendable { }
61 | #endif // canImport(CryptoKit)
/host/spi-builder-workspace/Sources/Crypto/Keys/EC/X25519Keys.swift:33:6: error: unknown attribute 'nonexhaustive'
31 | /// A mechanism used to create a shared secret between two users by
32 | /// performing X25519 key agreement.
33 | @nonexhaustive
| `- error: unknown attribute 'nonexhaustive'
34 | public enum KeyAgreement: Sendable {
35 | typealias Curve25519PrivateKeyImpl = Curve25519.KeyAgreement.OpenSSLCurve25519PrivateKeyImpl
[465/511] Compiling Crypto Ed25519Keys.swift
/host/spi-builder-workspace/Sources/Crypto/Key Wrapping/AESWrap.swift:30:6: error: unknown attribute 'nonexhaustive'
28 | /// An implementation of AES Key Wrapping in accordance with the IETF RFC
29 | /// 3394 specification.
30 | @nonexhaustive
| `- error: unknown attribute 'nonexhaustive'
31 | public enum KeyWrap: Sendable {
32 | /// Wraps a key using the AES wrap algorithm.
/host/spi-builder-workspace/Sources/Crypto/Keys/EC/Curve25519.swift:19:2: error: unknown attribute 'nonexhaustive'
17 | #else
18 | /// An elliptic curve that enables X25519 key agreement and Ed25519 signatures.
19 | @nonexhaustive
| `- error: unknown attribute 'nonexhaustive'
20 | public enum Curve25519: Sendable {}
21 | #endif // canImport(CryptoKit)
/host/spi-builder-workspace/Sources/Crypto/Keys/EC/Ed25519Keys.swift:33:6: error: unknown attribute 'nonexhaustive'
31 | /// A mechanism used to create or verify a cryptographic signature using
32 | /// Ed25519.
33 | @nonexhaustive
| `- error: unknown attribute 'nonexhaustive'
34 | public enum Signing: Sendable {
35 | typealias Curve25519PrivateKeyImpl = Curve25519.Signing.OpenSSLCurve25519PrivateKeyImpl
/host/spi-builder-workspace/Sources/Crypto/Keys/EC/NISTCurvesKeys.swift:51:2: error: unknown attribute 'nonexhaustive'
49 |
50 | /// An elliptic curve that enables NIST P-256 signatures and key agreement.
51 | @nonexhaustive
| `- error: unknown attribute 'nonexhaustive'
52 | public enum P256: Sendable { }
53 |
/host/spi-builder-workspace/Sources/Crypto/Keys/EC/NISTCurvesKeys.swift:55:2: error: unknown attribute 'nonexhaustive'
53 |
54 | /// An elliptic curve that enables NIST P-384 signatures and key agreement.
55 | @nonexhaustive
| `- error: unknown attribute 'nonexhaustive'
56 | public enum P384: Sendable { }
57 |
/host/spi-builder-workspace/Sources/Crypto/Keys/EC/NISTCurvesKeys.swift:59:2: error: unknown attribute 'nonexhaustive'
57 |
58 | /// An elliptic curve that enables NIST P-521 signatures and key agreement.
59 | @nonexhaustive
| `- error: unknown attribute 'nonexhaustive'
60 | public enum P521: Sendable { }
61 | #endif // canImport(CryptoKit)
/host/spi-builder-workspace/Sources/Crypto/Keys/EC/X25519Keys.swift:33:6: error: unknown attribute 'nonexhaustive'
31 | /// A mechanism used to create a shared secret between two users by
32 | /// performing X25519 key agreement.
33 | @nonexhaustive
| `- error: unknown attribute 'nonexhaustive'
34 | public enum KeyAgreement: Sendable {
35 | typealias Curve25519PrivateKeyImpl = Curve25519.KeyAgreement.OpenSSLCurve25519PrivateKeyImpl
[466/511] Compiling Crypto NISTCurvesKeys.swift
/host/spi-builder-workspace/Sources/Crypto/Key Wrapping/AESWrap.swift:30:6: error: unknown attribute 'nonexhaustive'
28 | /// An implementation of AES Key Wrapping in accordance with the IETF RFC
29 | /// 3394 specification.
30 | @nonexhaustive
| `- error: unknown attribute 'nonexhaustive'
31 | public enum KeyWrap: Sendable {
32 | /// Wraps a key using the AES wrap algorithm.
/host/spi-builder-workspace/Sources/Crypto/Keys/EC/Curve25519.swift:19:2: error: unknown attribute 'nonexhaustive'
17 | #else
18 | /// An elliptic curve that enables X25519 key agreement and Ed25519 signatures.
19 | @nonexhaustive
| `- error: unknown attribute 'nonexhaustive'
20 | public enum Curve25519: Sendable {}
21 | #endif // canImport(CryptoKit)
/host/spi-builder-workspace/Sources/Crypto/Keys/EC/Ed25519Keys.swift:33:6: error: unknown attribute 'nonexhaustive'
31 | /// A mechanism used to create or verify a cryptographic signature using
32 | /// Ed25519.
33 | @nonexhaustive
| `- error: unknown attribute 'nonexhaustive'
34 | public enum Signing: Sendable {
35 | typealias Curve25519PrivateKeyImpl = Curve25519.Signing.OpenSSLCurve25519PrivateKeyImpl
/host/spi-builder-workspace/Sources/Crypto/Keys/EC/NISTCurvesKeys.swift:51:2: error: unknown attribute 'nonexhaustive'
49 |
50 | /// An elliptic curve that enables NIST P-256 signatures and key agreement.
51 | @nonexhaustive
| `- error: unknown attribute 'nonexhaustive'
52 | public enum P256: Sendable { }
53 |
/host/spi-builder-workspace/Sources/Crypto/Keys/EC/NISTCurvesKeys.swift:55:2: error: unknown attribute 'nonexhaustive'
53 |
54 | /// An elliptic curve that enables NIST P-384 signatures and key agreement.
55 | @nonexhaustive
| `- error: unknown attribute 'nonexhaustive'
56 | public enum P384: Sendable { }
57 |
/host/spi-builder-workspace/Sources/Crypto/Keys/EC/NISTCurvesKeys.swift:59:2: error: unknown attribute 'nonexhaustive'
57 |
58 | /// An elliptic curve that enables NIST P-521 signatures and key agreement.
59 | @nonexhaustive
| `- error: unknown attribute 'nonexhaustive'
60 | public enum P521: Sendable { }
61 | #endif // canImport(CryptoKit)
/host/spi-builder-workspace/Sources/Crypto/Keys/EC/X25519Keys.swift:33:6: error: unknown attribute 'nonexhaustive'
31 | /// A mechanism used to create a shared secret between two users by
32 | /// performing X25519 key agreement.
33 | @nonexhaustive
| `- error: unknown attribute 'nonexhaustive'
34 | public enum KeyAgreement: Sendable {
35 | typealias Curve25519PrivateKeyImpl = Curve25519.KeyAgreement.OpenSSLCurve25519PrivateKeyImpl
[467/511] Compiling Crypto X25519Keys.swift
/host/spi-builder-workspace/Sources/Crypto/Key Wrapping/AESWrap.swift:30:6: error: unknown attribute 'nonexhaustive'
28 | /// An implementation of AES Key Wrapping in accordance with the IETF RFC
29 | /// 3394 specification.
30 | @nonexhaustive
| `- error: unknown attribute 'nonexhaustive'
31 | public enum KeyWrap: Sendable {
32 | /// Wraps a key using the AES wrap algorithm.
/host/spi-builder-workspace/Sources/Crypto/Keys/EC/Curve25519.swift:19:2: error: unknown attribute 'nonexhaustive'
17 | #else
18 | /// An elliptic curve that enables X25519 key agreement and Ed25519 signatures.
19 | @nonexhaustive
| `- error: unknown attribute 'nonexhaustive'
20 | public enum Curve25519: Sendable {}
21 | #endif // canImport(CryptoKit)
/host/spi-builder-workspace/Sources/Crypto/Keys/EC/Ed25519Keys.swift:33:6: error: unknown attribute 'nonexhaustive'
31 | /// A mechanism used to create or verify a cryptographic signature using
32 | /// Ed25519.
33 | @nonexhaustive
| `- error: unknown attribute 'nonexhaustive'
34 | public enum Signing: Sendable {
35 | typealias Curve25519PrivateKeyImpl = Curve25519.Signing.OpenSSLCurve25519PrivateKeyImpl
/host/spi-builder-workspace/Sources/Crypto/Keys/EC/NISTCurvesKeys.swift:51:2: error: unknown attribute 'nonexhaustive'
49 |
50 | /// An elliptic curve that enables NIST P-256 signatures and key agreement.
51 | @nonexhaustive
| `- error: unknown attribute 'nonexhaustive'
52 | public enum P256: Sendable { }
53 |
/host/spi-builder-workspace/Sources/Crypto/Keys/EC/NISTCurvesKeys.swift:55:2: error: unknown attribute 'nonexhaustive'
53 |
54 | /// An elliptic curve that enables NIST P-384 signatures and key agreement.
55 | @nonexhaustive
| `- error: unknown attribute 'nonexhaustive'
56 | public enum P384: Sendable { }
57 |
/host/spi-builder-workspace/Sources/Crypto/Keys/EC/NISTCurvesKeys.swift:59:2: error: unknown attribute 'nonexhaustive'
57 |
58 | /// An elliptic curve that enables NIST P-521 signatures and key agreement.
59 | @nonexhaustive
| `- error: unknown attribute 'nonexhaustive'
60 | public enum P521: Sendable { }
61 | #endif // canImport(CryptoKit)
/host/spi-builder-workspace/Sources/Crypto/Keys/EC/X25519Keys.swift:33:6: error: unknown attribute 'nonexhaustive'
31 | /// A mechanism used to create a shared secret between two users by
32 | /// performing X25519 key agreement.
33 | @nonexhaustive
| `- error: unknown attribute 'nonexhaustive'
34 | public enum KeyAgreement: Sendable {
35 | typealias Curve25519PrivateKeyImpl = Curve25519.KeyAgreement.OpenSSLCurve25519PrivateKeyImpl
[468/511] Compiling Crypto SymmetricKeys.swift
/host/spi-builder-workspace/Sources/Crypto/Key Wrapping/AESWrap.swift:30:6: error: unknown attribute 'nonexhaustive'
28 | /// An implementation of AES Key Wrapping in accordance with the IETF RFC
29 | /// 3394 specification.
30 | @nonexhaustive
| `- error: unknown attribute 'nonexhaustive'
31 | public enum KeyWrap: Sendable {
32 | /// Wraps a key using the AES wrap algorithm.
/host/spi-builder-workspace/Sources/Crypto/Keys/EC/Curve25519.swift:19:2: error: unknown attribute 'nonexhaustive'
17 | #else
18 | /// An elliptic curve that enables X25519 key agreement and Ed25519 signatures.
19 | @nonexhaustive
| `- error: unknown attribute 'nonexhaustive'
20 | public enum Curve25519: Sendable {}
21 | #endif // canImport(CryptoKit)
/host/spi-builder-workspace/Sources/Crypto/Keys/EC/Ed25519Keys.swift:33:6: error: unknown attribute 'nonexhaustive'
31 | /// A mechanism used to create or verify a cryptographic signature using
32 | /// Ed25519.
33 | @nonexhaustive
| `- error: unknown attribute 'nonexhaustive'
34 | public enum Signing: Sendable {
35 | typealias Curve25519PrivateKeyImpl = Curve25519.Signing.OpenSSLCurve25519PrivateKeyImpl
/host/spi-builder-workspace/Sources/Crypto/Keys/EC/NISTCurvesKeys.swift:51:2: error: unknown attribute 'nonexhaustive'
49 |
50 | /// An elliptic curve that enables NIST P-256 signatures and key agreement.
51 | @nonexhaustive
| `- error: unknown attribute 'nonexhaustive'
52 | public enum P256: Sendable { }
53 |
/host/spi-builder-workspace/Sources/Crypto/Keys/EC/NISTCurvesKeys.swift:55:2: error: unknown attribute 'nonexhaustive'
53 |
54 | /// An elliptic curve that enables NIST P-384 signatures and key agreement.
55 | @nonexhaustive
| `- error: unknown attribute 'nonexhaustive'
56 | public enum P384: Sendable { }
57 |
/host/spi-builder-workspace/Sources/Crypto/Keys/EC/NISTCurvesKeys.swift:59:2: error: unknown attribute 'nonexhaustive'
57 |
58 | /// An elliptic curve that enables NIST P-521 signatures and key agreement.
59 | @nonexhaustive
| `- error: unknown attribute 'nonexhaustive'
60 | public enum P521: Sendable { }
61 | #endif // canImport(CryptoKit)
/host/spi-builder-workspace/Sources/Crypto/Keys/EC/X25519Keys.swift:33:6: error: unknown attribute 'nonexhaustive'
31 | /// A mechanism used to create a shared secret between two users by
32 | /// performing X25519 key agreement.
33 | @nonexhaustive
| `- error: unknown attribute 'nonexhaustive'
34 | public enum KeyAgreement: Sendable {
35 | typealias Curve25519PrivateKeyImpl = Curve25519.KeyAgreement.OpenSSLCurve25519PrivateKeyImpl
[469/511] Compiling Crypto HMAC.swift
/host/spi-builder-workspace/Sources/Crypto/Key Wrapping/AESWrap.swift:30:6: error: unknown attribute 'nonexhaustive'
28 | /// An implementation of AES Key Wrapping in accordance with the IETF RFC
29 | /// 3394 specification.
30 | @nonexhaustive
| `- error: unknown attribute 'nonexhaustive'
31 | public enum KeyWrap: Sendable {
32 | /// Wraps a key using the AES wrap algorithm.
/host/spi-builder-workspace/Sources/Crypto/Keys/EC/Curve25519.swift:19:2: error: unknown attribute 'nonexhaustive'
17 | #else
18 | /// An elliptic curve that enables X25519 key agreement and Ed25519 signatures.
19 | @nonexhaustive
| `- error: unknown attribute 'nonexhaustive'
20 | public enum Curve25519: Sendable {}
21 | #endif // canImport(CryptoKit)
/host/spi-builder-workspace/Sources/Crypto/Keys/EC/Ed25519Keys.swift:33:6: error: unknown attribute 'nonexhaustive'
31 | /// A mechanism used to create or verify a cryptographic signature using
32 | /// Ed25519.
33 | @nonexhaustive
| `- error: unknown attribute 'nonexhaustive'
34 | public enum Signing: Sendable {
35 | typealias Curve25519PrivateKeyImpl = Curve25519.Signing.OpenSSLCurve25519PrivateKeyImpl
/host/spi-builder-workspace/Sources/Crypto/Keys/EC/NISTCurvesKeys.swift:51:2: error: unknown attribute 'nonexhaustive'
49 |
50 | /// An elliptic curve that enables NIST P-256 signatures and key agreement.
51 | @nonexhaustive
| `- error: unknown attribute 'nonexhaustive'
52 | public enum P256: Sendable { }
53 |
/host/spi-builder-workspace/Sources/Crypto/Keys/EC/NISTCurvesKeys.swift:55:2: error: unknown attribute 'nonexhaustive'
53 |
54 | /// An elliptic curve that enables NIST P-384 signatures and key agreement.
55 | @nonexhaustive
| `- error: unknown attribute 'nonexhaustive'
56 | public enum P384: Sendable { }
57 |
/host/spi-builder-workspace/Sources/Crypto/Keys/EC/NISTCurvesKeys.swift:59:2: error: unknown attribute 'nonexhaustive'
57 |
58 | /// An elliptic curve that enables NIST P-521 signatures and key agreement.
59 | @nonexhaustive
| `- error: unknown attribute 'nonexhaustive'
60 | public enum P521: Sendable { }
61 | #endif // canImport(CryptoKit)
/host/spi-builder-workspace/Sources/Crypto/Keys/EC/X25519Keys.swift:33:6: error: unknown attribute 'nonexhaustive'
31 | /// A mechanism used to create a shared secret between two users by
32 | /// performing X25519 key agreement.
33 | @nonexhaustive
| `- error: unknown attribute 'nonexhaustive'
34 | public enum KeyAgreement: Sendable {
35 | typealias Curve25519PrivateKeyImpl = Curve25519.KeyAgreement.OpenSSLCurve25519PrivateKeyImpl
[470/511] Compiling Crypto MACFunctions.swift
/host/spi-builder-workspace/Sources/Crypto/Key Wrapping/AESWrap.swift:30:6: error: unknown attribute 'nonexhaustive'
28 | /// An implementation of AES Key Wrapping in accordance with the IETF RFC
29 | /// 3394 specification.
30 | @nonexhaustive
| `- error: unknown attribute 'nonexhaustive'
31 | public enum KeyWrap: Sendable {
32 | /// Wraps a key using the AES wrap algorithm.
/host/spi-builder-workspace/Sources/Crypto/Keys/EC/Curve25519.swift:19:2: error: unknown attribute 'nonexhaustive'
17 | #else
18 | /// An elliptic curve that enables X25519 key agreement and Ed25519 signatures.
19 | @nonexhaustive
| `- error: unknown attribute 'nonexhaustive'
20 | public enum Curve25519: Sendable {}
21 | #endif // canImport(CryptoKit)
/host/spi-builder-workspace/Sources/Crypto/Keys/EC/Ed25519Keys.swift:33:6: error: unknown attribute 'nonexhaustive'
31 | /// A mechanism used to create or verify a cryptographic signature using
32 | /// Ed25519.
33 | @nonexhaustive
| `- error: unknown attribute 'nonexhaustive'
34 | public enum Signing: Sendable {
35 | typealias Curve25519PrivateKeyImpl = Curve25519.Signing.OpenSSLCurve25519PrivateKeyImpl
/host/spi-builder-workspace/Sources/Crypto/Keys/EC/NISTCurvesKeys.swift:51:2: error: unknown attribute 'nonexhaustive'
49 |
50 | /// An elliptic curve that enables NIST P-256 signatures and key agreement.
51 | @nonexhaustive
| `- error: unknown attribute 'nonexhaustive'
52 | public enum P256: Sendable { }
53 |
/host/spi-builder-workspace/Sources/Crypto/Keys/EC/NISTCurvesKeys.swift:55:2: error: unknown attribute 'nonexhaustive'
53 |
54 | /// An elliptic curve that enables NIST P-384 signatures and key agreement.
55 | @nonexhaustive
| `- error: unknown attribute 'nonexhaustive'
56 | public enum P384: Sendable { }
57 |
/host/spi-builder-workspace/Sources/Crypto/Keys/EC/NISTCurvesKeys.swift:59:2: error: unknown attribute 'nonexhaustive'
57 |
58 | /// An elliptic curve that enables NIST P-521 signatures and key agreement.
59 | @nonexhaustive
| `- error: unknown attribute 'nonexhaustive'
60 | public enum P521: Sendable { }
61 | #endif // canImport(CryptoKit)
/host/spi-builder-workspace/Sources/Crypto/Keys/EC/X25519Keys.swift:33:6: error: unknown attribute 'nonexhaustive'
31 | /// A mechanism used to create a shared secret between two users by
32 | /// performing X25519 key agreement.
33 | @nonexhaustive
| `- error: unknown attribute 'nonexhaustive'
34 | public enum KeyAgreement: Sendable {
35 | typealias Curve25519PrivateKeyImpl = Curve25519.KeyAgreement.OpenSSLCurve25519PrivateKeyImpl
[471/511] Compiling Crypto ASN1OctetString.swift
/host/spi-builder-workspace/Sources/Crypto/CryptoKitErrors.swift:19:2: error: unknown attribute 'nonexhaustive'
17 | #else
18 | /// General cryptography errors used by CryptoKit.
19 | @nonexhaustive
| `- error: unknown attribute 'nonexhaustive'
20 | public enum CryptoKitError: Error {
21 | /// The key size is incorrect.
/host/spi-builder-workspace/Sources/Crypto/CryptoKitErrors.swift:41:2: error: unknown attribute 'nonexhaustive'
39 |
40 | /// Errors from decoding ASN.1 content.
41 | @nonexhaustive
| `- error: unknown attribute 'nonexhaustive'
42 | public enum CryptoKitASN1Error: Equatable, Error, Hashable {
43 | /// The ASN.1 tag for this field is invalid or unsupported.
[472/511] Compiling Crypto ASN1Strings.swift
/host/spi-builder-workspace/Sources/Crypto/CryptoKitErrors.swift:19:2: error: unknown attribute 'nonexhaustive'
17 | #else
18 | /// General cryptography errors used by CryptoKit.
19 | @nonexhaustive
| `- error: unknown attribute 'nonexhaustive'
20 | public enum CryptoKitError: Error {
21 | /// The key size is incorrect.
/host/spi-builder-workspace/Sources/Crypto/CryptoKitErrors.swift:41:2: error: unknown attribute 'nonexhaustive'
39 |
40 | /// Errors from decoding ASN.1 content.
41 | @nonexhaustive
| `- error: unknown attribute 'nonexhaustive'
42 | public enum CryptoKitASN1Error: Equatable, Error, Hashable {
43 | /// The ASN.1 tag for this field is invalid or unsupported.
[473/511] Compiling Crypto ArraySliceBigint.swift
/host/spi-builder-workspace/Sources/Crypto/CryptoKitErrors.swift:19:2: error: unknown attribute 'nonexhaustive'
17 | #else
18 | /// General cryptography errors used by CryptoKit.
19 | @nonexhaustive
| `- error: unknown attribute 'nonexhaustive'
20 | public enum CryptoKitError: Error {
21 | /// The key size is incorrect.
/host/spi-builder-workspace/Sources/Crypto/CryptoKitErrors.swift:41:2: error: unknown attribute 'nonexhaustive'
39 |
40 | /// Errors from decoding ASN.1 content.
41 | @nonexhaustive
| `- error: unknown attribute 'nonexhaustive'
42 | public enum CryptoKitASN1Error: Equatable, Error, Hashable {
43 | /// The ASN.1 tag for this field is invalid or unsupported.
[474/511] Compiling Crypto GeneralizedTime.swift
/host/spi-builder-workspace/Sources/Crypto/CryptoKitErrors.swift:19:2: error: unknown attribute 'nonexhaustive'
17 | #else
18 | /// General cryptography errors used by CryptoKit.
19 | @nonexhaustive
| `- error: unknown attribute 'nonexhaustive'
20 | public enum CryptoKitError: Error {
21 | /// The key size is incorrect.
/host/spi-builder-workspace/Sources/Crypto/CryptoKitErrors.swift:41:2: error: unknown attribute 'nonexhaustive'
39 |
40 | /// Errors from decoding ASN.1 content.
41 | @nonexhaustive
| `- error: unknown attribute 'nonexhaustive'
42 | public enum CryptoKitASN1Error: Equatable, Error, Hashable {
43 | /// The ASN.1 tag for this field is invalid or unsupported.
[475/511] Compiling Crypto ObjectIdentifier.swift
/host/spi-builder-workspace/Sources/Crypto/CryptoKitErrors.swift:19:2: error: unknown attribute 'nonexhaustive'
17 | #else
18 | /// General cryptography errors used by CryptoKit.
19 | @nonexhaustive
| `- error: unknown attribute 'nonexhaustive'
20 | public enum CryptoKitError: Error {
21 | /// The key size is incorrect.
/host/spi-builder-workspace/Sources/Crypto/CryptoKitErrors.swift:41:2: error: unknown attribute 'nonexhaustive'
39 |
40 | /// Errors from decoding ASN.1 content.
41 | @nonexhaustive
| `- error: unknown attribute 'nonexhaustive'
42 | public enum CryptoKitASN1Error: Equatable, Error, Hashable {
43 | /// The ASN.1 tag for this field is invalid or unsupported.
[476/511] Compiling Crypto ECDSASignature.swift
/host/spi-builder-workspace/Sources/Crypto/CryptoKitErrors.swift:19:2: error: unknown attribute 'nonexhaustive'
17 | #else
18 | /// General cryptography errors used by CryptoKit.
19 | @nonexhaustive
| `- error: unknown attribute 'nonexhaustive'
20 | public enum CryptoKitError: Error {
21 | /// The key size is incorrect.
/host/spi-builder-workspace/Sources/Crypto/CryptoKitErrors.swift:41:2: error: unknown attribute 'nonexhaustive'
39 |
40 | /// Errors from decoding ASN.1 content.
41 | @nonexhaustive
| `- error: unknown attribute 'nonexhaustive'
42 | public enum CryptoKitASN1Error: Equatable, Error, Hashable {
43 | /// The ASN.1 tag for this field is invalid or unsupported.
[477/511] Compiling Crypto PEMDocument.swift
/host/spi-builder-workspace/Sources/Crypto/CryptoKitErrors.swift:19:2: error: unknown attribute 'nonexhaustive'
17 | #else
18 | /// General cryptography errors used by CryptoKit.
19 | @nonexhaustive
| `- error: unknown attribute 'nonexhaustive'
20 | public enum CryptoKitError: Error {
21 | /// The key size is incorrect.
/host/spi-builder-workspace/Sources/Crypto/CryptoKitErrors.swift:41:2: error: unknown attribute 'nonexhaustive'
39 |
40 | /// Errors from decoding ASN.1 content.
41 | @nonexhaustive
| `- error: unknown attribute 'nonexhaustive'
42 | public enum CryptoKitASN1Error: Equatable, Error, Hashable {
43 | /// The ASN.1 tag for this field is invalid or unsupported.
[478/511] Compiling Crypto PKCS8PrivateKey.swift
/host/spi-builder-workspace/Sources/Crypto/CryptoKitErrors.swift:19:2: error: unknown attribute 'nonexhaustive'
17 | #else
18 | /// General cryptography errors used by CryptoKit.
19 | @nonexhaustive
| `- error: unknown attribute 'nonexhaustive'
20 | public enum CryptoKitError: Error {
21 | /// The key size is incorrect.
/host/spi-builder-workspace/Sources/Crypto/CryptoKitErrors.swift:41:2: error: unknown attribute 'nonexhaustive'
39 |
40 | /// Errors from decoding ASN.1 content.
41 | @nonexhaustive
| `- error: unknown attribute 'nonexhaustive'
42 | public enum CryptoKitASN1Error: Equatable, Error, Hashable {
43 | /// The ASN.1 tag for this field is invalid or unsupported.
[479/511] Compiling Crypto SEC1PrivateKey.swift
/host/spi-builder-workspace/Sources/Crypto/CryptoKitErrors.swift:19:2: error: unknown attribute 'nonexhaustive'
17 | #else
18 | /// General cryptography errors used by CryptoKit.
19 | @nonexhaustive
| `- error: unknown attribute 'nonexhaustive'
20 | public enum CryptoKitError: Error {
21 | /// The key size is incorrect.
/host/spi-builder-workspace/Sources/Crypto/CryptoKitErrors.swift:41:2: error: unknown attribute 'nonexhaustive'
39 |
40 | /// Errors from decoding ASN.1 content.
41 | @nonexhaustive
| `- error: unknown attribute 'nonexhaustive'
42 | public enum CryptoKitASN1Error: Equatable, Error, Hashable {
43 | /// The ASN.1 tag for this field is invalid or unsupported.
[480/511] Compiling Crypto SubjectPublicKeyInfo.swift
/host/spi-builder-workspace/Sources/Crypto/CryptoKitErrors.swift:19:2: error: unknown attribute 'nonexhaustive'
17 | #else
18 | /// General cryptography errors used by CryptoKit.
19 | @nonexhaustive
| `- error: unknown attribute 'nonexhaustive'
20 | public enum CryptoKitError: Error {
21 | /// The key size is incorrect.
/host/spi-builder-workspace/Sources/Crypto/CryptoKitErrors.swift:41:2: error: unknown attribute 'nonexhaustive'
39 |
40 | /// Errors from decoding ASN.1 content.
41 | @nonexhaustive
| `- error: unknown attribute 'nonexhaustive'
42 | public enum CryptoKitASN1Error: Equatable, Error, Hashable {
43 | /// The ASN.1 tag for this field is invalid or unsupported.
[481/511] Compiling Crypto CryptoError_boring.swift
/host/spi-builder-workspace/Sources/Crypto/CryptoKitErrors.swift:19:2: error: unknown attribute 'nonexhaustive'
17 | #else
18 | /// General cryptography errors used by CryptoKit.
19 | @nonexhaustive
| `- error: unknown attribute 'nonexhaustive'
20 | public enum CryptoKitError: Error {
21 | /// The key size is incorrect.
/host/spi-builder-workspace/Sources/Crypto/CryptoKitErrors.swift:41:2: error: unknown attribute 'nonexhaustive'
39 |
40 | /// Errors from decoding ASN.1 content.
41 | @nonexhaustive
| `- error: unknown attribute 'nonexhaustive'
42 | public enum CryptoKitASN1Error: Equatable, Error, Hashable {
43 | /// The ASN.1 tag for this field is invalid or unsupported.
[482/511] Compiling Crypto CryptoKitErrors.swift
/host/spi-builder-workspace/Sources/Crypto/CryptoKitErrors.swift:19:2: error: unknown attribute 'nonexhaustive'
17 | #else
18 | /// General cryptography errors used by CryptoKit.
19 | @nonexhaustive
| `- error: unknown attribute 'nonexhaustive'
20 | public enum CryptoKitError: Error {
21 | /// The key size is incorrect.
/host/spi-builder-workspace/Sources/Crypto/CryptoKitErrors.swift:41:2: error: unknown attribute 'nonexhaustive'
39 |
40 | /// Errors from decoding ASN.1 content.
41 | @nonexhaustive
| `- error: unknown attribute 'nonexhaustive'
42 | public enum CryptoKitASN1Error: Equatable, Error, Hashable {
43 | /// The ASN.1 tag for this field is invalid or unsupported.
[483/511] Compiling Crypto MLKEM_boring.swift
/host/spi-builder-workspace/Sources/Crypto/KEM/KEM-Errors.swift:27:6: error: unknown attribute 'nonexhaustive'
25 | extension KEM {
26 | /// Errors that CryptoKit throws when it encounters problems in key encapsulation mechanism (KEM) operations.
27 | @nonexhaustive
| `- error: unknown attribute 'nonexhaustive'
28 | public enum Errors: Error {
29 | /// The public key CryptoKit receives when it initializes a key encapsulation operation doesn't match the expected value.
/host/spi-builder-workspace/Sources/Crypto/KEM/KEM.swift:28:2: error: unknown attribute 'nonexhaustive'
26 | ///
27 | /// Use a key encapsulation mechanism (KEM) to protect a symmetric cryptographic key that you share with another party.
28 | @nonexhaustive
| `- error: unknown attribute 'nonexhaustive'
29 | public enum KEM: Sendable {
30 | /// The result of a key encapsulation operation.
/host/spi-builder-workspace/Sources/Crypto/KEM/MLKEM.swift:30:2: error: unknown attribute 'nonexhaustive'
28 |
29 | /// The Module-Lattice key encapsulation mechanism (KEM).
30 | @nonexhaustive
| `- error: unknown attribute 'nonexhaustive'
31 | public enum MLKEM768: Sendable {}
32 |
/host/spi-builder-workspace/Sources/Crypto/KEM/MLKEM.swift:201:2: error: unknown attribute 'nonexhaustive'
199 |
200 | /// The Module-Lattice key encapsulation mechanism (KEM).
201 | @nonexhaustive
| `- error: unknown attribute 'nonexhaustive'
202 | public enum MLKEM1024: Sendable {}
203 |
/host/spi-builder-workspace/Sources/Crypto/KEM/XWing.swift:34:2: error: unknown attribute 'nonexhaustive'
32 | /// The X-Wing (ML-KEM768 with X25519) Key Encapsulation Mechanism, defined in
33 | /// https://datatracker.ietf.org/doc/html/draft-connolly-cfrg-xwing-kem-06
34 | @nonexhaustive
| `- error: unknown attribute 'nonexhaustive'
35 | public enum XWingMLKEM768X25519: Sendable {}
36 |
/host/spi-builder-workspace/Sources/Crypto/Key Agreement/ECDH.swift:36:6: error: unknown attribute 'nonexhaustive'
34 | /// A mechanism used to create or verify a cryptographic signature using
35 | /// the NIST P-256 elliptic curve digital signature algorithm (ECDSA).
36 | @nonexhaustive
| `- error: unknown attribute 'nonexhaustive'
37 | public enum Signing: Sendable {
38 |
/host/spi-builder-workspace/Sources/Crypto/Key Agreement/ECDH.swift:260:6: error: unknown attribute 'nonexhaustive'
258 | /// performing NIST P-256 elliptic curve Diffie Hellman (ECDH) key
259 | /// exchange.
260 | @nonexhaustive
| `- error: unknown attribute 'nonexhaustive'
261 | public enum KeyAgreement: Sendable {
262 |
/host/spi-builder-workspace/Sources/Crypto/Key Agreement/ECDH.swift:483:6: error: unknown attribute 'nonexhaustive'
481 | /// A mechanism used to create or verify a cryptographic signature using
482 | /// the NIST P-384 elliptic curve digital signature algorithm (ECDSA).
483 | @nonexhaustive
| `- error: unknown attribute 'nonexhaustive'
484 | public enum Signing: Sendable {
485 |
/host/spi-builder-workspace/Sources/Crypto/Key Agreement/ECDH.swift:707:6: error: unknown attribute 'nonexhaustive'
705 | /// performing NIST P-384 elliptic curve Diffie Hellman (ECDH) key
706 | /// exchange.
707 | @nonexhaustive
| `- error: unknown attribute 'nonexhaustive'
708 | public enum KeyAgreement: Sendable {
709 |
/host/spi-builder-workspace/Sources/Crypto/Key Agreement/ECDH.swift:930:6: error: unknown attribute 'nonexhaustive'
928 | /// A mechanism used to create or verify a cryptographic signature using
929 | /// the NIST P-521 elliptic curve digital signature algorithm (ECDSA).
930 | @nonexhaustive
| `- error: unknown attribute 'nonexhaustive'
931 | public enum Signing: Sendable {
932 |
/host/spi-builder-workspace/Sources/Crypto/Key Agreement/ECDH.swift:1154:6: error: unknown attribute 'nonexhaustive'
1152 | /// performing NIST P-521 elliptic curve Diffie Hellman (ECDH) key
1153 | /// exchange.
1154 | @nonexhaustive
| `- error: unknown attribute 'nonexhaustive'
1155 | public enum KeyAgreement: Sendable {
1156 |
[484/511] Compiling Crypto MLKEM_wrapper.swift
/host/spi-builder-workspace/Sources/Crypto/KEM/KEM-Errors.swift:27:6: error: unknown attribute 'nonexhaustive'
25 | extension KEM {
26 | /// Errors that CryptoKit throws when it encounters problems in key encapsulation mechanism (KEM) operations.
27 | @nonexhaustive
| `- error: unknown attribute 'nonexhaustive'
28 | public enum Errors: Error {
29 | /// The public key CryptoKit receives when it initializes a key encapsulation operation doesn't match the expected value.
/host/spi-builder-workspace/Sources/Crypto/KEM/KEM.swift:28:2: error: unknown attribute 'nonexhaustive'
26 | ///
27 | /// Use a key encapsulation mechanism (KEM) to protect a symmetric cryptographic key that you share with another party.
28 | @nonexhaustive
| `- error: unknown attribute 'nonexhaustive'
29 | public enum KEM: Sendable {
30 | /// The result of a key encapsulation operation.
/host/spi-builder-workspace/Sources/Crypto/KEM/MLKEM.swift:30:2: error: unknown attribute 'nonexhaustive'
28 |
29 | /// The Module-Lattice key encapsulation mechanism (KEM).
30 | @nonexhaustive
| `- error: unknown attribute 'nonexhaustive'
31 | public enum MLKEM768: Sendable {}
32 |
/host/spi-builder-workspace/Sources/Crypto/KEM/MLKEM.swift:201:2: error: unknown attribute 'nonexhaustive'
199 |
200 | /// The Module-Lattice key encapsulation mechanism (KEM).
201 | @nonexhaustive
| `- error: unknown attribute 'nonexhaustive'
202 | public enum MLKEM1024: Sendable {}
203 |
/host/spi-builder-workspace/Sources/Crypto/KEM/XWing.swift:34:2: error: unknown attribute 'nonexhaustive'
32 | /// The X-Wing (ML-KEM768 with X25519) Key Encapsulation Mechanism, defined in
33 | /// https://datatracker.ietf.org/doc/html/draft-connolly-cfrg-xwing-kem-06
34 | @nonexhaustive
| `- error: unknown attribute 'nonexhaustive'
35 | public enum XWingMLKEM768X25519: Sendable {}
36 |
/host/spi-builder-workspace/Sources/Crypto/Key Agreement/ECDH.swift:36:6: error: unknown attribute 'nonexhaustive'
34 | /// A mechanism used to create or verify a cryptographic signature using
35 | /// the NIST P-256 elliptic curve digital signature algorithm (ECDSA).
36 | @nonexhaustive
| `- error: unknown attribute 'nonexhaustive'
37 | public enum Signing: Sendable {
38 |
/host/spi-builder-workspace/Sources/Crypto/Key Agreement/ECDH.swift:260:6: error: unknown attribute 'nonexhaustive'
258 | /// performing NIST P-256 elliptic curve Diffie Hellman (ECDH) key
259 | /// exchange.
260 | @nonexhaustive
| `- error: unknown attribute 'nonexhaustive'
261 | public enum KeyAgreement: Sendable {
262 |
/host/spi-builder-workspace/Sources/Crypto/Key Agreement/ECDH.swift:483:6: error: unknown attribute 'nonexhaustive'
481 | /// A mechanism used to create or verify a cryptographic signature using
482 | /// the NIST P-384 elliptic curve digital signature algorithm (ECDSA).
483 | @nonexhaustive
| `- error: unknown attribute 'nonexhaustive'
484 | public enum Signing: Sendable {
485 |
/host/spi-builder-workspace/Sources/Crypto/Key Agreement/ECDH.swift:707:6: error: unknown attribute 'nonexhaustive'
705 | /// performing NIST P-384 elliptic curve Diffie Hellman (ECDH) key
706 | /// exchange.
707 | @nonexhaustive
| `- error: unknown attribute 'nonexhaustive'
708 | public enum KeyAgreement: Sendable {
709 |
/host/spi-builder-workspace/Sources/Crypto/Key Agreement/ECDH.swift:930:6: error: unknown attribute 'nonexhaustive'
928 | /// A mechanism used to create or verify a cryptographic signature using
929 | /// the NIST P-521 elliptic curve digital signature algorithm (ECDSA).
930 | @nonexhaustive
| `- error: unknown attribute 'nonexhaustive'
931 | public enum Signing: Sendable {
932 |
/host/spi-builder-workspace/Sources/Crypto/Key Agreement/ECDH.swift:1154:6: error: unknown attribute 'nonexhaustive'
1152 | /// performing NIST P-521 elliptic curve Diffie Hellman (ECDH) key
1153 | /// exchange.
1154 | @nonexhaustive
| `- error: unknown attribute 'nonexhaustive'
1155 | public enum KeyAgreement: Sendable {
1156 |
[485/511] Compiling Crypto XWing_boring.swift
/host/spi-builder-workspace/Sources/Crypto/KEM/KEM-Errors.swift:27:6: error: unknown attribute 'nonexhaustive'
25 | extension KEM {
26 | /// Errors that CryptoKit throws when it encounters problems in key encapsulation mechanism (KEM) operations.
27 | @nonexhaustive
| `- error: unknown attribute 'nonexhaustive'
28 | public enum Errors: Error {
29 | /// The public key CryptoKit receives when it initializes a key encapsulation operation doesn't match the expected value.
/host/spi-builder-workspace/Sources/Crypto/KEM/KEM.swift:28:2: error: unknown attribute 'nonexhaustive'
26 | ///
27 | /// Use a key encapsulation mechanism (KEM) to protect a symmetric cryptographic key that you share with another party.
28 | @nonexhaustive
| `- error: unknown attribute 'nonexhaustive'
29 | public enum KEM: Sendable {
30 | /// The result of a key encapsulation operation.
/host/spi-builder-workspace/Sources/Crypto/KEM/MLKEM.swift:30:2: error: unknown attribute 'nonexhaustive'
28 |
29 | /// The Module-Lattice key encapsulation mechanism (KEM).
30 | @nonexhaustive
| `- error: unknown attribute 'nonexhaustive'
31 | public enum MLKEM768: Sendable {}
32 |
/host/spi-builder-workspace/Sources/Crypto/KEM/MLKEM.swift:201:2: error: unknown attribute 'nonexhaustive'
199 |
200 | /// The Module-Lattice key encapsulation mechanism (KEM).
201 | @nonexhaustive
| `- error: unknown attribute 'nonexhaustive'
202 | public enum MLKEM1024: Sendable {}
203 |
/host/spi-builder-workspace/Sources/Crypto/KEM/XWing.swift:34:2: error: unknown attribute 'nonexhaustive'
32 | /// The X-Wing (ML-KEM768 with X25519) Key Encapsulation Mechanism, defined in
33 | /// https://datatracker.ietf.org/doc/html/draft-connolly-cfrg-xwing-kem-06
34 | @nonexhaustive
| `- error: unknown attribute 'nonexhaustive'
35 | public enum XWingMLKEM768X25519: Sendable {}
36 |
/host/spi-builder-workspace/Sources/Crypto/Key Agreement/ECDH.swift:36:6: error: unknown attribute 'nonexhaustive'
34 | /// A mechanism used to create or verify a cryptographic signature using
35 | /// the NIST P-256 elliptic curve digital signature algorithm (ECDSA).
36 | @nonexhaustive
| `- error: unknown attribute 'nonexhaustive'
37 | public enum Signing: Sendable {
38 |
/host/spi-builder-workspace/Sources/Crypto/Key Agreement/ECDH.swift:260:6: error: unknown attribute 'nonexhaustive'
258 | /// performing NIST P-256 elliptic curve Diffie Hellman (ECDH) key
259 | /// exchange.
260 | @nonexhaustive
| `- error: unknown attribute 'nonexhaustive'
261 | public enum KeyAgreement: Sendable {
262 |
/host/spi-builder-workspace/Sources/Crypto/Key Agreement/ECDH.swift:483:6: error: unknown attribute 'nonexhaustive'
481 | /// A mechanism used to create or verify a cryptographic signature using
482 | /// the NIST P-384 elliptic curve digital signature algorithm (ECDSA).
483 | @nonexhaustive
| `- error: unknown attribute 'nonexhaustive'
484 | public enum Signing: Sendable {
485 |
/host/spi-builder-workspace/Sources/Crypto/Key Agreement/ECDH.swift:707:6: error: unknown attribute 'nonexhaustive'
705 | /// performing NIST P-384 elliptic curve Diffie Hellman (ECDH) key
706 | /// exchange.
707 | @nonexhaustive
| `- error: unknown attribute 'nonexhaustive'
708 | public enum KeyAgreement: Sendable {
709 |
/host/spi-builder-workspace/Sources/Crypto/Key Agreement/ECDH.swift:930:6: error: unknown attribute 'nonexhaustive'
928 | /// A mechanism used to create or verify a cryptographic signature using
929 | /// the NIST P-521 elliptic curve digital signature algorithm (ECDSA).
930 | @nonexhaustive
| `- error: unknown attribute 'nonexhaustive'
931 | public enum Signing: Sendable {
932 |
/host/spi-builder-workspace/Sources/Crypto/Key Agreement/ECDH.swift:1154:6: error: unknown attribute 'nonexhaustive'
1152 | /// performing NIST P-521 elliptic curve Diffie Hellman (ECDH) key
1153 | /// exchange.
1154 | @nonexhaustive
| `- error: unknown attribute 'nonexhaustive'
1155 | public enum KeyAgreement: Sendable {
1156 |
[486/511] Compiling Crypto KEM-Errors.swift
/host/spi-builder-workspace/Sources/Crypto/KEM/KEM-Errors.swift:27:6: error: unknown attribute 'nonexhaustive'
25 | extension KEM {
26 | /// Errors that CryptoKit throws when it encounters problems in key encapsulation mechanism (KEM) operations.
27 | @nonexhaustive
| `- error: unknown attribute 'nonexhaustive'
28 | public enum Errors: Error {
29 | /// The public key CryptoKit receives when it initializes a key encapsulation operation doesn't match the expected value.
/host/spi-builder-workspace/Sources/Crypto/KEM/KEM.swift:28:2: error: unknown attribute 'nonexhaustive'
26 | ///
27 | /// Use a key encapsulation mechanism (KEM) to protect a symmetric cryptographic key that you share with another party.
28 | @nonexhaustive
| `- error: unknown attribute 'nonexhaustive'
29 | public enum KEM: Sendable {
30 | /// The result of a key encapsulation operation.
/host/spi-builder-workspace/Sources/Crypto/KEM/MLKEM.swift:30:2: error: unknown attribute 'nonexhaustive'
28 |
29 | /// The Module-Lattice key encapsulation mechanism (KEM).
30 | @nonexhaustive
| `- error: unknown attribute 'nonexhaustive'
31 | public enum MLKEM768: Sendable {}
32 |
/host/spi-builder-workspace/Sources/Crypto/KEM/MLKEM.swift:201:2: error: unknown attribute 'nonexhaustive'
199 |
200 | /// The Module-Lattice key encapsulation mechanism (KEM).
201 | @nonexhaustive
| `- error: unknown attribute 'nonexhaustive'
202 | public enum MLKEM1024: Sendable {}
203 |
/host/spi-builder-workspace/Sources/Crypto/KEM/XWing.swift:34:2: error: unknown attribute 'nonexhaustive'
32 | /// The X-Wing (ML-KEM768 with X25519) Key Encapsulation Mechanism, defined in
33 | /// https://datatracker.ietf.org/doc/html/draft-connolly-cfrg-xwing-kem-06
34 | @nonexhaustive
| `- error: unknown attribute 'nonexhaustive'
35 | public enum XWingMLKEM768X25519: Sendable {}
36 |
/host/spi-builder-workspace/Sources/Crypto/Key Agreement/ECDH.swift:36:6: error: unknown attribute 'nonexhaustive'
34 | /// A mechanism used to create or verify a cryptographic signature using
35 | /// the NIST P-256 elliptic curve digital signature algorithm (ECDSA).
36 | @nonexhaustive
| `- error: unknown attribute 'nonexhaustive'
37 | public enum Signing: Sendable {
38 |
/host/spi-builder-workspace/Sources/Crypto/Key Agreement/ECDH.swift:260:6: error: unknown attribute 'nonexhaustive'
258 | /// performing NIST P-256 elliptic curve Diffie Hellman (ECDH) key
259 | /// exchange.
260 | @nonexhaustive
| `- error: unknown attribute 'nonexhaustive'
261 | public enum KeyAgreement: Sendable {
262 |
/host/spi-builder-workspace/Sources/Crypto/Key Agreement/ECDH.swift:483:6: error: unknown attribute 'nonexhaustive'
481 | /// A mechanism used to create or verify a cryptographic signature using
482 | /// the NIST P-384 elliptic curve digital signature algorithm (ECDSA).
483 | @nonexhaustive
| `- error: unknown attribute 'nonexhaustive'
484 | public enum Signing: Sendable {
485 |
/host/spi-builder-workspace/Sources/Crypto/Key Agreement/ECDH.swift:707:6: error: unknown attribute 'nonexhaustive'
705 | /// performing NIST P-384 elliptic curve Diffie Hellman (ECDH) key
706 | /// exchange.
707 | @nonexhaustive
| `- error: unknown attribute 'nonexhaustive'
708 | public enum KeyAgreement: Sendable {
709 |
/host/spi-builder-workspace/Sources/Crypto/Key Agreement/ECDH.swift:930:6: error: unknown attribute 'nonexhaustive'
928 | /// A mechanism used to create or verify a cryptographic signature using
929 | /// the NIST P-521 elliptic curve digital signature algorithm (ECDSA).
930 | @nonexhaustive
| `- error: unknown attribute 'nonexhaustive'
931 | public enum Signing: Sendable {
932 |
/host/spi-builder-workspace/Sources/Crypto/Key Agreement/ECDH.swift:1154:6: error: unknown attribute 'nonexhaustive'
1152 | /// performing NIST P-521 elliptic curve Diffie Hellman (ECDH) key
1153 | /// exchange.
1154 | @nonexhaustive
| `- error: unknown attribute 'nonexhaustive'
1155 | public enum KeyAgreement: Sendable {
1156 |
[487/511] Compiling Crypto KEM.swift
/host/spi-builder-workspace/Sources/Crypto/KEM/KEM-Errors.swift:27:6: error: unknown attribute 'nonexhaustive'
25 | extension KEM {
26 | /// Errors that CryptoKit throws when it encounters problems in key encapsulation mechanism (KEM) operations.
27 | @nonexhaustive
| `- error: unknown attribute 'nonexhaustive'
28 | public enum Errors: Error {
29 | /// The public key CryptoKit receives when it initializes a key encapsulation operation doesn't match the expected value.
/host/spi-builder-workspace/Sources/Crypto/KEM/KEM.swift:28:2: error: unknown attribute 'nonexhaustive'
26 | ///
27 | /// Use a key encapsulation mechanism (KEM) to protect a symmetric cryptographic key that you share with another party.
28 | @nonexhaustive
| `- error: unknown attribute 'nonexhaustive'
29 | public enum KEM: Sendable {
30 | /// The result of a key encapsulation operation.
/host/spi-builder-workspace/Sources/Crypto/KEM/MLKEM.swift:30:2: error: unknown attribute 'nonexhaustive'
28 |
29 | /// The Module-Lattice key encapsulation mechanism (KEM).
30 | @nonexhaustive
| `- error: unknown attribute 'nonexhaustive'
31 | public enum MLKEM768: Sendable {}
32 |
/host/spi-builder-workspace/Sources/Crypto/KEM/MLKEM.swift:201:2: error: unknown attribute 'nonexhaustive'
199 |
200 | /// The Module-Lattice key encapsulation mechanism (KEM).
201 | @nonexhaustive
| `- error: unknown attribute 'nonexhaustive'
202 | public enum MLKEM1024: Sendable {}
203 |
/host/spi-builder-workspace/Sources/Crypto/KEM/XWing.swift:34:2: error: unknown attribute 'nonexhaustive'
32 | /// The X-Wing (ML-KEM768 with X25519) Key Encapsulation Mechanism, defined in
33 | /// https://datatracker.ietf.org/doc/html/draft-connolly-cfrg-xwing-kem-06
34 | @nonexhaustive
| `- error: unknown attribute 'nonexhaustive'
35 | public enum XWingMLKEM768X25519: Sendable {}
36 |
/host/spi-builder-workspace/Sources/Crypto/Key Agreement/ECDH.swift:36:6: error: unknown attribute 'nonexhaustive'
34 | /// A mechanism used to create or verify a cryptographic signature using
35 | /// the NIST P-256 elliptic curve digital signature algorithm (ECDSA).
36 | @nonexhaustive
| `- error: unknown attribute 'nonexhaustive'
37 | public enum Signing: Sendable {
38 |
/host/spi-builder-workspace/Sources/Crypto/Key Agreement/ECDH.swift:260:6: error: unknown attribute 'nonexhaustive'
258 | /// performing NIST P-256 elliptic curve Diffie Hellman (ECDH) key
259 | /// exchange.
260 | @nonexhaustive
| `- error: unknown attribute 'nonexhaustive'
261 | public enum KeyAgreement: Sendable {
262 |
/host/spi-builder-workspace/Sources/Crypto/Key Agreement/ECDH.swift:483:6: error: unknown attribute 'nonexhaustive'
481 | /// A mechanism used to create or verify a cryptographic signature using
482 | /// the NIST P-384 elliptic curve digital signature algorithm (ECDSA).
483 | @nonexhaustive
| `- error: unknown attribute 'nonexhaustive'
484 | public enum Signing: Sendable {
485 |
/host/spi-builder-workspace/Sources/Crypto/Key Agreement/ECDH.swift:707:6: error: unknown attribute 'nonexhaustive'
705 | /// performing NIST P-384 elliptic curve Diffie Hellman (ECDH) key
706 | /// exchange.
707 | @nonexhaustive
| `- error: unknown attribute 'nonexhaustive'
708 | public enum KeyAgreement: Sendable {
709 |
/host/spi-builder-workspace/Sources/Crypto/Key Agreement/ECDH.swift:930:6: error: unknown attribute 'nonexhaustive'
928 | /// A mechanism used to create or verify a cryptographic signature using
929 | /// the NIST P-521 elliptic curve digital signature algorithm (ECDSA).
930 | @nonexhaustive
| `- error: unknown attribute 'nonexhaustive'
931 | public enum Signing: Sendable {
932 |
/host/spi-builder-workspace/Sources/Crypto/Key Agreement/ECDH.swift:1154:6: error: unknown attribute 'nonexhaustive'
1152 | /// performing NIST P-521 elliptic curve Diffie Hellman (ECDH) key
1153 | /// exchange.
1154 | @nonexhaustive
| `- error: unknown attribute 'nonexhaustive'
1155 | public enum KeyAgreement: Sendable {
1156 |
[488/511] Compiling Crypto MLKEM.swift
/host/spi-builder-workspace/Sources/Crypto/KEM/KEM-Errors.swift:27:6: error: unknown attribute 'nonexhaustive'
25 | extension KEM {
26 | /// Errors that CryptoKit throws when it encounters problems in key encapsulation mechanism (KEM) operations.
27 | @nonexhaustive
| `- error: unknown attribute 'nonexhaustive'
28 | public enum Errors: Error {
29 | /// The public key CryptoKit receives when it initializes a key encapsulation operation doesn't match the expected value.
/host/spi-builder-workspace/Sources/Crypto/KEM/KEM.swift:28:2: error: unknown attribute 'nonexhaustive'
26 | ///
27 | /// Use a key encapsulation mechanism (KEM) to protect a symmetric cryptographic key that you share with another party.
28 | @nonexhaustive
| `- error: unknown attribute 'nonexhaustive'
29 | public enum KEM: Sendable {
30 | /// The result of a key encapsulation operation.
/host/spi-builder-workspace/Sources/Crypto/KEM/MLKEM.swift:30:2: error: unknown attribute 'nonexhaustive'
28 |
29 | /// The Module-Lattice key encapsulation mechanism (KEM).
30 | @nonexhaustive
| `- error: unknown attribute 'nonexhaustive'
31 | public enum MLKEM768: Sendable {}
32 |
/host/spi-builder-workspace/Sources/Crypto/KEM/MLKEM.swift:201:2: error: unknown attribute 'nonexhaustive'
199 |
200 | /// The Module-Lattice key encapsulation mechanism (KEM).
201 | @nonexhaustive
| `- error: unknown attribute 'nonexhaustive'
202 | public enum MLKEM1024: Sendable {}
203 |
/host/spi-builder-workspace/Sources/Crypto/KEM/XWing.swift:34:2: error: unknown attribute 'nonexhaustive'
32 | /// The X-Wing (ML-KEM768 with X25519) Key Encapsulation Mechanism, defined in
33 | /// https://datatracker.ietf.org/doc/html/draft-connolly-cfrg-xwing-kem-06
34 | @nonexhaustive
| `- error: unknown attribute 'nonexhaustive'
35 | public enum XWingMLKEM768X25519: Sendable {}
36 |
/host/spi-builder-workspace/Sources/Crypto/Key Agreement/ECDH.swift:36:6: error: unknown attribute 'nonexhaustive'
34 | /// A mechanism used to create or verify a cryptographic signature using
35 | /// the NIST P-256 elliptic curve digital signature algorithm (ECDSA).
36 | @nonexhaustive
| `- error: unknown attribute 'nonexhaustive'
37 | public enum Signing: Sendable {
38 |
/host/spi-builder-workspace/Sources/Crypto/Key Agreement/ECDH.swift:260:6: error: unknown attribute 'nonexhaustive'
258 | /// performing NIST P-256 elliptic curve Diffie Hellman (ECDH) key
259 | /// exchange.
260 | @nonexhaustive
| `- error: unknown attribute 'nonexhaustive'
261 | public enum KeyAgreement: Sendable {
262 |
/host/spi-builder-workspace/Sources/Crypto/Key Agreement/ECDH.swift:483:6: error: unknown attribute 'nonexhaustive'
481 | /// A mechanism used to create or verify a cryptographic signature using
482 | /// the NIST P-384 elliptic curve digital signature algorithm (ECDSA).
483 | @nonexhaustive
| `- error: unknown attribute 'nonexhaustive'
484 | public enum Signing: Sendable {
485 |
/host/spi-builder-workspace/Sources/Crypto/Key Agreement/ECDH.swift:707:6: error: unknown attribute 'nonexhaustive'
705 | /// performing NIST P-384 elliptic curve Diffie Hellman (ECDH) key
706 | /// exchange.
707 | @nonexhaustive
| `- error: unknown attribute 'nonexhaustive'
708 | public enum KeyAgreement: Sendable {
709 |
/host/spi-builder-workspace/Sources/Crypto/Key Agreement/ECDH.swift:930:6: error: unknown attribute 'nonexhaustive'
928 | /// A mechanism used to create or verify a cryptographic signature using
929 | /// the NIST P-521 elliptic curve digital signature algorithm (ECDSA).
930 | @nonexhaustive
| `- error: unknown attribute 'nonexhaustive'
931 | public enum Signing: Sendable {
932 |
/host/spi-builder-workspace/Sources/Crypto/Key Agreement/ECDH.swift:1154:6: error: unknown attribute 'nonexhaustive'
1152 | /// performing NIST P-521 elliptic curve Diffie Hellman (ECDH) key
1153 | /// exchange.
1154 | @nonexhaustive
| `- error: unknown attribute 'nonexhaustive'
1155 | public enum KeyAgreement: Sendable {
1156 |
[489/511] Compiling Crypto XWing.swift
/host/spi-builder-workspace/Sources/Crypto/KEM/KEM-Errors.swift:27:6: error: unknown attribute 'nonexhaustive'
25 | extension KEM {
26 | /// Errors that CryptoKit throws when it encounters problems in key encapsulation mechanism (KEM) operations.
27 | @nonexhaustive
| `- error: unknown attribute 'nonexhaustive'
28 | public enum Errors: Error {
29 | /// The public key CryptoKit receives when it initializes a key encapsulation operation doesn't match the expected value.
/host/spi-builder-workspace/Sources/Crypto/KEM/KEM.swift:28:2: error: unknown attribute 'nonexhaustive'
26 | ///
27 | /// Use a key encapsulation mechanism (KEM) to protect a symmetric cryptographic key that you share with another party.
28 | @nonexhaustive
| `- error: unknown attribute 'nonexhaustive'
29 | public enum KEM: Sendable {
30 | /// The result of a key encapsulation operation.
/host/spi-builder-workspace/Sources/Crypto/KEM/MLKEM.swift:30:2: error: unknown attribute 'nonexhaustive'
28 |
29 | /// The Module-Lattice key encapsulation mechanism (KEM).
30 | @nonexhaustive
| `- error: unknown attribute 'nonexhaustive'
31 | public enum MLKEM768: Sendable {}
32 |
/host/spi-builder-workspace/Sources/Crypto/KEM/MLKEM.swift:201:2: error: unknown attribute 'nonexhaustive'
199 |
200 | /// The Module-Lattice key encapsulation mechanism (KEM).
201 | @nonexhaustive
| `- error: unknown attribute 'nonexhaustive'
202 | public enum MLKEM1024: Sendable {}
203 |
/host/spi-builder-workspace/Sources/Crypto/KEM/XWing.swift:34:2: error: unknown attribute 'nonexhaustive'
32 | /// The X-Wing (ML-KEM768 with X25519) Key Encapsulation Mechanism, defined in
33 | /// https://datatracker.ietf.org/doc/html/draft-connolly-cfrg-xwing-kem-06
34 | @nonexhaustive
| `- error: unknown attribute 'nonexhaustive'
35 | public enum XWingMLKEM768X25519: Sendable {}
36 |
/host/spi-builder-workspace/Sources/Crypto/Key Agreement/ECDH.swift:36:6: error: unknown attribute 'nonexhaustive'
34 | /// A mechanism used to create or verify a cryptographic signature using
35 | /// the NIST P-256 elliptic curve digital signature algorithm (ECDSA).
36 | @nonexhaustive
| `- error: unknown attribute 'nonexhaustive'
37 | public enum Signing: Sendable {
38 |
/host/spi-builder-workspace/Sources/Crypto/Key Agreement/ECDH.swift:260:6: error: unknown attribute 'nonexhaustive'
258 | /// performing NIST P-256 elliptic curve Diffie Hellman (ECDH) key
259 | /// exchange.
260 | @nonexhaustive
| `- error: unknown attribute 'nonexhaustive'
261 | public enum KeyAgreement: Sendable {
262 |
/host/spi-builder-workspace/Sources/Crypto/Key Agreement/ECDH.swift:483:6: error: unknown attribute 'nonexhaustive'
481 | /// A mechanism used to create or verify a cryptographic signature using
482 | /// the NIST P-384 elliptic curve digital signature algorithm (ECDSA).
483 | @nonexhaustive
| `- error: unknown attribute 'nonexhaustive'
484 | public enum Signing: Sendable {
485 |
/host/spi-builder-workspace/Sources/Crypto/Key Agreement/ECDH.swift:707:6: error: unknown attribute 'nonexhaustive'
705 | /// performing NIST P-384 elliptic curve Diffie Hellman (ECDH) key
706 | /// exchange.
707 | @nonexhaustive
| `- error: unknown attribute 'nonexhaustive'
708 | public enum KeyAgreement: Sendable {
709 |
/host/spi-builder-workspace/Sources/Crypto/Key Agreement/ECDH.swift:930:6: error: unknown attribute 'nonexhaustive'
928 | /// A mechanism used to create or verify a cryptographic signature using
929 | /// the NIST P-521 elliptic curve digital signature algorithm (ECDSA).
930 | @nonexhaustive
| `- error: unknown attribute 'nonexhaustive'
931 | public enum Signing: Sendable {
932 |
/host/spi-builder-workspace/Sources/Crypto/Key Agreement/ECDH.swift:1154:6: error: unknown attribute 'nonexhaustive'
1152 | /// performing NIST P-521 elliptic curve Diffie Hellman (ECDH) key
1153 | /// exchange.
1154 | @nonexhaustive
| `- error: unknown attribute 'nonexhaustive'
1155 | public enum KeyAgreement: Sendable {
1156 |
[490/511] Compiling Crypto ECDH_boring.swift
/host/spi-builder-workspace/Sources/Crypto/KEM/KEM-Errors.swift:27:6: error: unknown attribute 'nonexhaustive'
25 | extension KEM {
26 | /// Errors that CryptoKit throws when it encounters problems in key encapsulation mechanism (KEM) operations.
27 | @nonexhaustive
| `- error: unknown attribute 'nonexhaustive'
28 | public enum Errors: Error {
29 | /// The public key CryptoKit receives when it initializes a key encapsulation operation doesn't match the expected value.
/host/spi-builder-workspace/Sources/Crypto/KEM/KEM.swift:28:2: error: unknown attribute 'nonexhaustive'
26 | ///
27 | /// Use a key encapsulation mechanism (KEM) to protect a symmetric cryptographic key that you share with another party.
28 | @nonexhaustive
| `- error: unknown attribute 'nonexhaustive'
29 | public enum KEM: Sendable {
30 | /// The result of a key encapsulation operation.
/host/spi-builder-workspace/Sources/Crypto/KEM/MLKEM.swift:30:2: error: unknown attribute 'nonexhaustive'
28 |
29 | /// The Module-Lattice key encapsulation mechanism (KEM).
30 | @nonexhaustive
| `- error: unknown attribute 'nonexhaustive'
31 | public enum MLKEM768: Sendable {}
32 |
/host/spi-builder-workspace/Sources/Crypto/KEM/MLKEM.swift:201:2: error: unknown attribute 'nonexhaustive'
199 |
200 | /// The Module-Lattice key encapsulation mechanism (KEM).
201 | @nonexhaustive
| `- error: unknown attribute 'nonexhaustive'
202 | public enum MLKEM1024: Sendable {}
203 |
/host/spi-builder-workspace/Sources/Crypto/KEM/XWing.swift:34:2: error: unknown attribute 'nonexhaustive'
32 | /// The X-Wing (ML-KEM768 with X25519) Key Encapsulation Mechanism, defined in
33 | /// https://datatracker.ietf.org/doc/html/draft-connolly-cfrg-xwing-kem-06
34 | @nonexhaustive
| `- error: unknown attribute 'nonexhaustive'
35 | public enum XWingMLKEM768X25519: Sendable {}
36 |
/host/spi-builder-workspace/Sources/Crypto/Key Agreement/ECDH.swift:36:6: error: unknown attribute 'nonexhaustive'
34 | /// A mechanism used to create or verify a cryptographic signature using
35 | /// the NIST P-256 elliptic curve digital signature algorithm (ECDSA).
36 | @nonexhaustive
| `- error: unknown attribute 'nonexhaustive'
37 | public enum Signing: Sendable {
38 |
/host/spi-builder-workspace/Sources/Crypto/Key Agreement/ECDH.swift:260:6: error: unknown attribute 'nonexhaustive'
258 | /// performing NIST P-256 elliptic curve Diffie Hellman (ECDH) key
259 | /// exchange.
260 | @nonexhaustive
| `- error: unknown attribute 'nonexhaustive'
261 | public enum KeyAgreement: Sendable {
262 |
/host/spi-builder-workspace/Sources/Crypto/Key Agreement/ECDH.swift:483:6: error: unknown attribute 'nonexhaustive'
481 | /// A mechanism used to create or verify a cryptographic signature using
482 | /// the NIST P-384 elliptic curve digital signature algorithm (ECDSA).
483 | @nonexhaustive
| `- error: unknown attribute 'nonexhaustive'
484 | public enum Signing: Sendable {
485 |
/host/spi-builder-workspace/Sources/Crypto/Key Agreement/ECDH.swift:707:6: error: unknown attribute 'nonexhaustive'
705 | /// performing NIST P-384 elliptic curve Diffie Hellman (ECDH) key
706 | /// exchange.
707 | @nonexhaustive
| `- error: unknown attribute 'nonexhaustive'
708 | public enum KeyAgreement: Sendable {
709 |
/host/spi-builder-workspace/Sources/Crypto/Key Agreement/ECDH.swift:930:6: error: unknown attribute 'nonexhaustive'
928 | /// A mechanism used to create or verify a cryptographic signature using
929 | /// the NIST P-521 elliptic curve digital signature algorithm (ECDSA).
930 | @nonexhaustive
| `- error: unknown attribute 'nonexhaustive'
931 | public enum Signing: Sendable {
932 |
/host/spi-builder-workspace/Sources/Crypto/Key Agreement/ECDH.swift:1154:6: error: unknown attribute 'nonexhaustive'
1152 | /// performing NIST P-521 elliptic curve Diffie Hellman (ECDH) key
1153 | /// exchange.
1154 | @nonexhaustive
| `- error: unknown attribute 'nonexhaustive'
1155 | public enum KeyAgreement: Sendable {
1156 |
[491/511] Compiling Crypto DH.swift
/host/spi-builder-workspace/Sources/Crypto/KEM/KEM-Errors.swift:27:6: error: unknown attribute 'nonexhaustive'
25 | extension KEM {
26 | /// Errors that CryptoKit throws when it encounters problems in key encapsulation mechanism (KEM) operations.
27 | @nonexhaustive
| `- error: unknown attribute 'nonexhaustive'
28 | public enum Errors: Error {
29 | /// The public key CryptoKit receives when it initializes a key encapsulation operation doesn't match the expected value.
/host/spi-builder-workspace/Sources/Crypto/KEM/KEM.swift:28:2: error: unknown attribute 'nonexhaustive'
26 | ///
27 | /// Use a key encapsulation mechanism (KEM) to protect a symmetric cryptographic key that you share with another party.
28 | @nonexhaustive
| `- error: unknown attribute 'nonexhaustive'
29 | public enum KEM: Sendable {
30 | /// The result of a key encapsulation operation.
/host/spi-builder-workspace/Sources/Crypto/KEM/MLKEM.swift:30:2: error: unknown attribute 'nonexhaustive'
28 |
29 | /// The Module-Lattice key encapsulation mechanism (KEM).
30 | @nonexhaustive
| `- error: unknown attribute 'nonexhaustive'
31 | public enum MLKEM768: Sendable {}
32 |
/host/spi-builder-workspace/Sources/Crypto/KEM/MLKEM.swift:201:2: error: unknown attribute 'nonexhaustive'
199 |
200 | /// The Module-Lattice key encapsulation mechanism (KEM).
201 | @nonexhaustive
| `- error: unknown attribute 'nonexhaustive'
202 | public enum MLKEM1024: Sendable {}
203 |
/host/spi-builder-workspace/Sources/Crypto/KEM/XWing.swift:34:2: error: unknown attribute 'nonexhaustive'
32 | /// The X-Wing (ML-KEM768 with X25519) Key Encapsulation Mechanism, defined in
33 | /// https://datatracker.ietf.org/doc/html/draft-connolly-cfrg-xwing-kem-06
34 | @nonexhaustive
| `- error: unknown attribute 'nonexhaustive'
35 | public enum XWingMLKEM768X25519: Sendable {}
36 |
/host/spi-builder-workspace/Sources/Crypto/Key Agreement/ECDH.swift:36:6: error: unknown attribute 'nonexhaustive'
34 | /// A mechanism used to create or verify a cryptographic signature using
35 | /// the NIST P-256 elliptic curve digital signature algorithm (ECDSA).
36 | @nonexhaustive
| `- error: unknown attribute 'nonexhaustive'
37 | public enum Signing: Sendable {
38 |
/host/spi-builder-workspace/Sources/Crypto/Key Agreement/ECDH.swift:260:6: error: unknown attribute 'nonexhaustive'
258 | /// performing NIST P-256 elliptic curve Diffie Hellman (ECDH) key
259 | /// exchange.
260 | @nonexhaustive
| `- error: unknown attribute 'nonexhaustive'
261 | public enum KeyAgreement: Sendable {
262 |
/host/spi-builder-workspace/Sources/Crypto/Key Agreement/ECDH.swift:483:6: error: unknown attribute 'nonexhaustive'
481 | /// A mechanism used to create or verify a cryptographic signature using
482 | /// the NIST P-384 elliptic curve digital signature algorithm (ECDSA).
483 | @nonexhaustive
| `- error: unknown attribute 'nonexhaustive'
484 | public enum Signing: Sendable {
485 |
/host/spi-builder-workspace/Sources/Crypto/Key Agreement/ECDH.swift:707:6: error: unknown attribute 'nonexhaustive'
705 | /// performing NIST P-384 elliptic curve Diffie Hellman (ECDH) key
706 | /// exchange.
707 | @nonexhaustive
| `- error: unknown attribute 'nonexhaustive'
708 | public enum KeyAgreement: Sendable {
709 |
/host/spi-builder-workspace/Sources/Crypto/Key Agreement/ECDH.swift:930:6: error: unknown attribute 'nonexhaustive'
928 | /// A mechanism used to create or verify a cryptographic signature using
929 | /// the NIST P-521 elliptic curve digital signature algorithm (ECDSA).
930 | @nonexhaustive
| `- error: unknown attribute 'nonexhaustive'
931 | public enum Signing: Sendable {
932 |
/host/spi-builder-workspace/Sources/Crypto/Key Agreement/ECDH.swift:1154:6: error: unknown attribute 'nonexhaustive'
1152 | /// performing NIST P-521 elliptic curve Diffie Hellman (ECDH) key
1153 | /// exchange.
1154 | @nonexhaustive
| `- error: unknown attribute 'nonexhaustive'
1155 | public enum KeyAgreement: Sendable {
1156 |
[492/511] Compiling Crypto ECDH.swift
/host/spi-builder-workspace/Sources/Crypto/KEM/KEM-Errors.swift:27:6: error: unknown attribute 'nonexhaustive'
25 | extension KEM {
26 | /// Errors that CryptoKit throws when it encounters problems in key encapsulation mechanism (KEM) operations.
27 | @nonexhaustive
| `- error: unknown attribute 'nonexhaustive'
28 | public enum Errors: Error {
29 | /// The public key CryptoKit receives when it initializes a key encapsulation operation doesn't match the expected value.
/host/spi-builder-workspace/Sources/Crypto/KEM/KEM.swift:28:2: error: unknown attribute 'nonexhaustive'
26 | ///
27 | /// Use a key encapsulation mechanism (KEM) to protect a symmetric cryptographic key that you share with another party.
28 | @nonexhaustive
| `- error: unknown attribute 'nonexhaustive'
29 | public enum KEM: Sendable {
30 | /// The result of a key encapsulation operation.
/host/spi-builder-workspace/Sources/Crypto/KEM/MLKEM.swift:30:2: error: unknown attribute 'nonexhaustive'
28 |
29 | /// The Module-Lattice key encapsulation mechanism (KEM).
30 | @nonexhaustive
| `- error: unknown attribute 'nonexhaustive'
31 | public enum MLKEM768: Sendable {}
32 |
/host/spi-builder-workspace/Sources/Crypto/KEM/MLKEM.swift:201:2: error: unknown attribute 'nonexhaustive'
199 |
200 | /// The Module-Lattice key encapsulation mechanism (KEM).
201 | @nonexhaustive
| `- error: unknown attribute 'nonexhaustive'
202 | public enum MLKEM1024: Sendable {}
203 |
/host/spi-builder-workspace/Sources/Crypto/KEM/XWing.swift:34:2: error: unknown attribute 'nonexhaustive'
32 | /// The X-Wing (ML-KEM768 with X25519) Key Encapsulation Mechanism, defined in
33 | /// https://datatracker.ietf.org/doc/html/draft-connolly-cfrg-xwing-kem-06
34 | @nonexhaustive
| `- error: unknown attribute 'nonexhaustive'
35 | public enum XWingMLKEM768X25519: Sendable {}
36 |
/host/spi-builder-workspace/Sources/Crypto/Key Agreement/ECDH.swift:36:6: error: unknown attribute 'nonexhaustive'
34 | /// A mechanism used to create or verify a cryptographic signature using
35 | /// the NIST P-256 elliptic curve digital signature algorithm (ECDSA).
36 | @nonexhaustive
| `- error: unknown attribute 'nonexhaustive'
37 | public enum Signing: Sendable {
38 |
/host/spi-builder-workspace/Sources/Crypto/Key Agreement/ECDH.swift:260:6: error: unknown attribute 'nonexhaustive'
258 | /// performing NIST P-256 elliptic curve Diffie Hellman (ECDH) key
259 | /// exchange.
260 | @nonexhaustive
| `- error: unknown attribute 'nonexhaustive'
261 | public enum KeyAgreement: Sendable {
262 |
/host/spi-builder-workspace/Sources/Crypto/Key Agreement/ECDH.swift:483:6: error: unknown attribute 'nonexhaustive'
481 | /// A mechanism used to create or verify a cryptographic signature using
482 | /// the NIST P-384 elliptic curve digital signature algorithm (ECDSA).
483 | @nonexhaustive
| `- error: unknown attribute 'nonexhaustive'
484 | public enum Signing: Sendable {
485 |
/host/spi-builder-workspace/Sources/Crypto/Key Agreement/ECDH.swift:707:6: error: unknown attribute 'nonexhaustive'
705 | /// performing NIST P-384 elliptic curve Diffie Hellman (ECDH) key
706 | /// exchange.
707 | @nonexhaustive
| `- error: unknown attribute 'nonexhaustive'
708 | public enum KeyAgreement: Sendable {
709 |
/host/spi-builder-workspace/Sources/Crypto/Key Agreement/ECDH.swift:930:6: error: unknown attribute 'nonexhaustive'
928 | /// A mechanism used to create or verify a cryptographic signature using
929 | /// the NIST P-521 elliptic curve digital signature algorithm (ECDSA).
930 | @nonexhaustive
| `- error: unknown attribute 'nonexhaustive'
931 | public enum Signing: Sendable {
932 |
/host/spi-builder-workspace/Sources/Crypto/Key Agreement/ECDH.swift:1154:6: error: unknown attribute 'nonexhaustive'
1152 | /// performing NIST P-521 elliptic curve Diffie Hellman (ECDH) key
1153 | /// exchange.
1154 | @nonexhaustive
| `- error: unknown attribute 'nonexhaustive'
1155 | public enum KeyAgreement: Sendable {
1156 |
[493/511] Compiling Crypto ANSIx963.swift
/host/spi-builder-workspace/Sources/Crypto/KEM/KEM-Errors.swift:27:6: error: unknown attribute 'nonexhaustive'
25 | extension KEM {
26 | /// Errors that CryptoKit throws when it encounters problems in key encapsulation mechanism (KEM) operations.
27 | @nonexhaustive
| `- error: unknown attribute 'nonexhaustive'
28 | public enum Errors: Error {
29 | /// The public key CryptoKit receives when it initializes a key encapsulation operation doesn't match the expected value.
/host/spi-builder-workspace/Sources/Crypto/KEM/KEM.swift:28:2: error: unknown attribute 'nonexhaustive'
26 | ///
27 | /// Use a key encapsulation mechanism (KEM) to protect a symmetric cryptographic key that you share with another party.
28 | @nonexhaustive
| `- error: unknown attribute 'nonexhaustive'
29 | public enum KEM: Sendable {
30 | /// The result of a key encapsulation operation.
/host/spi-builder-workspace/Sources/Crypto/KEM/MLKEM.swift:30:2: error: unknown attribute 'nonexhaustive'
28 |
29 | /// The Module-Lattice key encapsulation mechanism (KEM).
30 | @nonexhaustive
| `- error: unknown attribute 'nonexhaustive'
31 | public enum MLKEM768: Sendable {}
32 |
/host/spi-builder-workspace/Sources/Crypto/KEM/MLKEM.swift:201:2: error: unknown attribute 'nonexhaustive'
199 |
200 | /// The Module-Lattice key encapsulation mechanism (KEM).
201 | @nonexhaustive
| `- error: unknown attribute 'nonexhaustive'
202 | public enum MLKEM1024: Sendable {}
203 |
/host/spi-builder-workspace/Sources/Crypto/KEM/XWing.swift:34:2: error: unknown attribute 'nonexhaustive'
32 | /// The X-Wing (ML-KEM768 with X25519) Key Encapsulation Mechanism, defined in
33 | /// https://datatracker.ietf.org/doc/html/draft-connolly-cfrg-xwing-kem-06
34 | @nonexhaustive
| `- error: unknown attribute 'nonexhaustive'
35 | public enum XWingMLKEM768X25519: Sendable {}
36 |
/host/spi-builder-workspace/Sources/Crypto/Key Agreement/ECDH.swift:36:6: error: unknown attribute 'nonexhaustive'
34 | /// A mechanism used to create or verify a cryptographic signature using
35 | /// the NIST P-256 elliptic curve digital signature algorithm (ECDSA).
36 | @nonexhaustive
| `- error: unknown attribute 'nonexhaustive'
37 | public enum Signing: Sendable {
38 |
/host/spi-builder-workspace/Sources/Crypto/Key Agreement/ECDH.swift:260:6: error: unknown attribute 'nonexhaustive'
258 | /// performing NIST P-256 elliptic curve Diffie Hellman (ECDH) key
259 | /// exchange.
260 | @nonexhaustive
| `- error: unknown attribute 'nonexhaustive'
261 | public enum KeyAgreement: Sendable {
262 |
/host/spi-builder-workspace/Sources/Crypto/Key Agreement/ECDH.swift:483:6: error: unknown attribute 'nonexhaustive'
481 | /// A mechanism used to create or verify a cryptographic signature using
482 | /// the NIST P-384 elliptic curve digital signature algorithm (ECDSA).
483 | @nonexhaustive
| `- error: unknown attribute 'nonexhaustive'
484 | public enum Signing: Sendable {
485 |
/host/spi-builder-workspace/Sources/Crypto/Key Agreement/ECDH.swift:707:6: error: unknown attribute 'nonexhaustive'
705 | /// performing NIST P-384 elliptic curve Diffie Hellman (ECDH) key
706 | /// exchange.
707 | @nonexhaustive
| `- error: unknown attribute 'nonexhaustive'
708 | public enum KeyAgreement: Sendable {
709 |
/host/spi-builder-workspace/Sources/Crypto/Key Agreement/ECDH.swift:930:6: error: unknown attribute 'nonexhaustive'
928 | /// A mechanism used to create or verify a cryptographic signature using
929 | /// the NIST P-521 elliptic curve digital signature algorithm (ECDSA).
930 | @nonexhaustive
| `- error: unknown attribute 'nonexhaustive'
931 | public enum Signing: Sendable {
932 |
/host/spi-builder-workspace/Sources/Crypto/Key Agreement/ECDH.swift:1154:6: error: unknown attribute 'nonexhaustive'
1152 | /// performing NIST P-521 elliptic curve Diffie Hellman (ECDH) key
1153 | /// exchange.
1154 | @nonexhaustive
| `- error: unknown attribute 'nonexhaustive'
1155 | public enum KeyAgreement: Sendable {
1156 |
[494/511] Compiling Crypto HKDF.swift
/host/spi-builder-workspace/Sources/Crypto/KEM/KEM-Errors.swift:27:6: error: unknown attribute 'nonexhaustive'
25 | extension KEM {
26 | /// Errors that CryptoKit throws when it encounters problems in key encapsulation mechanism (KEM) operations.
27 | @nonexhaustive
| `- error: unknown attribute 'nonexhaustive'
28 | public enum Errors: Error {
29 | /// The public key CryptoKit receives when it initializes a key encapsulation operation doesn't match the expected value.
/host/spi-builder-workspace/Sources/Crypto/KEM/KEM.swift:28:2: error: unknown attribute 'nonexhaustive'
26 | ///
27 | /// Use a key encapsulation mechanism (KEM) to protect a symmetric cryptographic key that you share with another party.
28 | @nonexhaustive
| `- error: unknown attribute 'nonexhaustive'
29 | public enum KEM: Sendable {
30 | /// The result of a key encapsulation operation.
/host/spi-builder-workspace/Sources/Crypto/KEM/MLKEM.swift:30:2: error: unknown attribute 'nonexhaustive'
28 |
29 | /// The Module-Lattice key encapsulation mechanism (KEM).
30 | @nonexhaustive
| `- error: unknown attribute 'nonexhaustive'
31 | public enum MLKEM768: Sendable {}
32 |
/host/spi-builder-workspace/Sources/Crypto/KEM/MLKEM.swift:201:2: error: unknown attribute 'nonexhaustive'
199 |
200 | /// The Module-Lattice key encapsulation mechanism (KEM).
201 | @nonexhaustive
| `- error: unknown attribute 'nonexhaustive'
202 | public enum MLKEM1024: Sendable {}
203 |
/host/spi-builder-workspace/Sources/Crypto/KEM/XWing.swift:34:2: error: unknown attribute 'nonexhaustive'
32 | /// The X-Wing (ML-KEM768 with X25519) Key Encapsulation Mechanism, defined in
33 | /// https://datatracker.ietf.org/doc/html/draft-connolly-cfrg-xwing-kem-06
34 | @nonexhaustive
| `- error: unknown attribute 'nonexhaustive'
35 | public enum XWingMLKEM768X25519: Sendable {}
36 |
/host/spi-builder-workspace/Sources/Crypto/Key Agreement/ECDH.swift:36:6: error: unknown attribute 'nonexhaustive'
34 | /// A mechanism used to create or verify a cryptographic signature using
35 | /// the NIST P-256 elliptic curve digital signature algorithm (ECDSA).
36 | @nonexhaustive
| `- error: unknown attribute 'nonexhaustive'
37 | public enum Signing: Sendable {
38 |
/host/spi-builder-workspace/Sources/Crypto/Key Agreement/ECDH.swift:260:6: error: unknown attribute 'nonexhaustive'
258 | /// performing NIST P-256 elliptic curve Diffie Hellman (ECDH) key
259 | /// exchange.
260 | @nonexhaustive
| `- error: unknown attribute 'nonexhaustive'
261 | public enum KeyAgreement: Sendable {
262 |
/host/spi-builder-workspace/Sources/Crypto/Key Agreement/ECDH.swift:483:6: error: unknown attribute 'nonexhaustive'
481 | /// A mechanism used to create or verify a cryptographic signature using
482 | /// the NIST P-384 elliptic curve digital signature algorithm (ECDSA).
483 | @nonexhaustive
| `- error: unknown attribute 'nonexhaustive'
484 | public enum Signing: Sendable {
485 |
/host/spi-builder-workspace/Sources/Crypto/Key Agreement/ECDH.swift:707:6: error: unknown attribute 'nonexhaustive'
705 | /// performing NIST P-384 elliptic curve Diffie Hellman (ECDH) key
706 | /// exchange.
707 | @nonexhaustive
| `- error: unknown attribute 'nonexhaustive'
708 | public enum KeyAgreement: Sendable {
709 |
/host/spi-builder-workspace/Sources/Crypto/Key Agreement/ECDH.swift:930:6: error: unknown attribute 'nonexhaustive'
928 | /// A mechanism used to create or verify a cryptographic signature using
929 | /// the NIST P-521 elliptic curve digital signature algorithm (ECDSA).
930 | @nonexhaustive
| `- error: unknown attribute 'nonexhaustive'
931 | public enum Signing: Sendable {
932 |
/host/spi-builder-workspace/Sources/Crypto/Key Agreement/ECDH.swift:1154:6: error: unknown attribute 'nonexhaustive'
1152 | /// performing NIST P-521 elliptic curve Diffie Hellman (ECDH) key
1153 | /// exchange.
1154 | @nonexhaustive
| `- error: unknown attribute 'nonexhaustive'
1155 | public enum KeyAgreement: Sendable {
1156 |
error: emit-module command failed with exit code 1 (use -v to see invocation)
[495/511] Emitting module Crypto
/host/spi-builder-workspace/Sources/Crypto/Digests/XKCP/Digest_xkcp.swift:21:22: warning: using '@_implementationOnly' without enabling library evolution for 'Crypto' may lead to instability during execution [#ImplementationOnlyDeprecated]
19 | @diagnose(ImplementationOnlyDeprecated, as: ignored) @_implementationOnly import CXKCPShims
20 | #else
21 | @_implementationOnly import CXKCP
| `- warning: using '@_implementationOnly' without enabling library evolution for 'Crypto' may lead to instability during execution [#ImplementationOnlyDeprecated]
22 | @_implementationOnly import CXKCPShims
23 | #endif
/host/spi-builder-workspace/Sources/Crypto/Digests/XKCP/Digest_xkcp.swift:22:22: warning: using '@_implementationOnly' without enabling library evolution for 'Crypto' may lead to instability during execution [#ImplementationOnlyDeprecated]
20 | #else
21 | @_implementationOnly import CXKCP
22 | @_implementationOnly import CXKCPShims
| `- warning: using '@_implementationOnly' without enabling library evolution for 'Crypto' may lead to instability during execution [#ImplementationOnlyDeprecated]
23 | #endif
24 |
/host/spi-builder-workspace/Sources/Crypto/AEADs/AES/GCM/AES-GCM.swift:29:6: error: unknown attribute 'nonexhaustive'
27 | /// The Advanced Encryption Standard (AES) Galois Counter Mode (GCM) cipher
28 | /// suite.
29 | @nonexhaustive
| `- error: unknown attribute 'nonexhaustive'
30 | public enum GCM: Cipher, Sendable {
31 | static let tagByteCount = 16
/host/spi-builder-workspace/Sources/Crypto/AEADs/ChachaPoly/ChaChaPoly.swift:28:2: error: unknown attribute 'nonexhaustive'
26 |
27 | /// An implementation of the ChaCha20-Poly1305 cipher.
28 | @nonexhaustive
| `- error: unknown attribute 'nonexhaustive'
29 | public enum ChaChaPoly: Cipher, Sendable {
30 | static let tagByteCount = 16
/host/spi-builder-workspace/Sources/Crypto/CryptoKitErrors.swift:19:2: error: unknown attribute 'nonexhaustive'
17 | #else
18 | /// General cryptography errors used by CryptoKit.
19 | @nonexhaustive
| `- error: unknown attribute 'nonexhaustive'
20 | public enum CryptoKitError: Error {
21 | /// The key size is incorrect.
/host/spi-builder-workspace/Sources/Crypto/CryptoKitErrors.swift:41:2: error: unknown attribute 'nonexhaustive'
39 |
40 | /// Errors from decoding ASN.1 content.
41 | @nonexhaustive
| `- error: unknown attribute 'nonexhaustive'
42 | public enum CryptoKitASN1Error: Equatable, Error, Hashable {
43 | /// The ASN.1 tag for this field is invalid or unsupported.
/host/spi-builder-workspace/Sources/Crypto/HPKE/Ciphersuite/HPKE-AEAD.swift:27:6: error: unknown attribute 'nonexhaustive'
25 | extension HPKE {
26 | /// The authenticated encryption with associated data (AEAD) algorithms to use in HPKE.
27 | @nonexhaustive
| `- error: unknown attribute 'nonexhaustive'
28 | public enum AEAD: CaseIterable, Hashable, Sendable {
29 | /// An Advanced Encryption Standard cipher in Galois/Counter Mode with a key length of 128 bits.
/host/spi-builder-workspace/Sources/Crypto/HPKE/Ciphersuite/HPKE-KDF.swift:27:6: error: unknown attribute 'nonexhaustive'
25 | extension HPKE {
26 | /// The key derivation functions to use in HPKE.
27 | @nonexhaustive
| `- error: unknown attribute 'nonexhaustive'
28 | public enum KDF: CaseIterable, Hashable, Sendable {
29 | /// An HMAC-based key derivation function that uses SHA-2 hashing with a 256-bit digest.
/host/spi-builder-workspace/Sources/Crypto/HPKE/Ciphersuite/KEM/Conformances/DHKEM.swift:81:6: error: unknown attribute 'nonexhaustive'
79 | extension HPKE {
80 | /// A container for Diffie-Hellman key encapsulation mechanisms (KEMs).
81 | @nonexhaustive
| `- error: unknown attribute 'nonexhaustive'
82 | public enum DHKEM: Sendable {
83 | struct PublicKey<DHPK: HPKEDiffieHellmanPublicKey>: KEMPublicKey where DHPK == DHPK.EphemeralPrivateKey.PublicKey {
/host/spi-builder-workspace/Sources/Crypto/HPKE/Ciphersuite/KEM/HPKE-KEM.swift:29:6: error: unknown attribute 'nonexhaustive'
27 | /// The module-lattice key encapsulation mechanism (ML-KEM) is designed to offer increased security in situations
28 | /// where an adversary uses a quantum computer.
29 | @nonexhaustive
| `- error: unknown attribute 'nonexhaustive'
30 | public enum KEM: CaseIterable, Hashable, Sendable {
31 | public static var allCases: [HPKE.KEM] {
/host/spi-builder-workspace/Sources/Crypto/HPKE/HPKE-Errors.swift:27:6: error: unknown attribute 'nonexhaustive'
25 | extension HPKE {
26 | /// Hybrid public key encryption (HPKE) errors that CryptoKit uses.
27 | @nonexhaustive
| `- error: unknown attribute 'nonexhaustive'
28 | public enum Errors: Error {
29 | /// The parameters for initializing an HPKE sender or receiver are inconsistent.
/host/spi-builder-workspace/Sources/Crypto/HPKE/HPKE.swift:53:2: error: unknown attribute 'nonexhaustive'
51 | /// ### Handling errors
52 | /// - ``Errors``
53 | @nonexhaustive
| `- error: unknown attribute 'nonexhaustive'
54 | public enum HPKE: Sendable {}
55 |
/host/spi-builder-workspace/Sources/Crypto/Insecure/Insecure.swift:23:2: error: unknown attribute 'nonexhaustive'
21 | /// but the framework provides them for backward compatibility with older
22 | /// services that require them. For new services, avoid these algorithms.
23 | @nonexhaustive
| `- error: unknown attribute 'nonexhaustive'
24 | public enum Insecure: Sendable {}
25 | #endif // canImport(CryptoKit)
/host/spi-builder-workspace/Sources/Crypto/KEM/KEM-Errors.swift:27:6: error: unknown attribute 'nonexhaustive'
25 | extension KEM {
26 | /// Errors that CryptoKit throws when it encounters problems in key encapsulation mechanism (KEM) operations.
27 | @nonexhaustive
| `- error: unknown attribute 'nonexhaustive'
28 | public enum Errors: Error {
29 | /// The public key CryptoKit receives when it initializes a key encapsulation operation doesn't match the expected value.
/host/spi-builder-workspace/Sources/Crypto/KEM/KEM.swift:28:2: error: unknown attribute 'nonexhaustive'
26 | ///
27 | /// Use a key encapsulation mechanism (KEM) to protect a symmetric cryptographic key that you share with another party.
28 | @nonexhaustive
| `- error: unknown attribute 'nonexhaustive'
29 | public enum KEM: Sendable {
30 | /// The result of a key encapsulation operation.
/host/spi-builder-workspace/Sources/Crypto/KEM/MLKEM.swift:30:2: error: unknown attribute 'nonexhaustive'
28 |
29 | /// The Module-Lattice key encapsulation mechanism (KEM).
30 | @nonexhaustive
| `- error: unknown attribute 'nonexhaustive'
31 | public enum MLKEM768: Sendable {}
32 |
/host/spi-builder-workspace/Sources/Crypto/KEM/MLKEM.swift:201:2: error: unknown attribute 'nonexhaustive'
199 |
200 | /// The Module-Lattice key encapsulation mechanism (KEM).
201 | @nonexhaustive
| `- error: unknown attribute 'nonexhaustive'
202 | public enum MLKEM1024: Sendable {}
203 |
/host/spi-builder-workspace/Sources/Crypto/KEM/XWing.swift:34:2: error: unknown attribute 'nonexhaustive'
32 | /// The X-Wing (ML-KEM768 with X25519) Key Encapsulation Mechanism, defined in
33 | /// https://datatracker.ietf.org/doc/html/draft-connolly-cfrg-xwing-kem-06
34 | @nonexhaustive
| `- error: unknown attribute 'nonexhaustive'
35 | public enum XWingMLKEM768X25519: Sendable {}
36 |
/host/spi-builder-workspace/Sources/Crypto/Key Agreement/ECDH.swift:36:6: error: unknown attribute 'nonexhaustive'
34 | /// A mechanism used to create or verify a cryptographic signature using
35 | /// the NIST P-256 elliptic curve digital signature algorithm (ECDSA).
36 | @nonexhaustive
| `- error: unknown attribute 'nonexhaustive'
37 | public enum Signing: Sendable {
38 |
/host/spi-builder-workspace/Sources/Crypto/Key Agreement/ECDH.swift:260:6: error: unknown attribute 'nonexhaustive'
258 | /// performing NIST P-256 elliptic curve Diffie Hellman (ECDH) key
259 | /// exchange.
260 | @nonexhaustive
| `- error: unknown attribute 'nonexhaustive'
261 | public enum KeyAgreement: Sendable {
262 |
/host/spi-builder-workspace/Sources/Crypto/Key Agreement/ECDH.swift:483:6: error: unknown attribute 'nonexhaustive'
481 | /// A mechanism used to create or verify a cryptographic signature using
482 | /// the NIST P-384 elliptic curve digital signature algorithm (ECDSA).
483 | @nonexhaustive
| `- error: unknown attribute 'nonexhaustive'
484 | public enum Signing: Sendable {
485 |
/host/spi-builder-workspace/Sources/Crypto/Key Agreement/ECDH.swift:707:6: error: unknown attribute 'nonexhaustive'
705 | /// performing NIST P-384 elliptic curve Diffie Hellman (ECDH) key
706 | /// exchange.
707 | @nonexhaustive
| `- error: unknown attribute 'nonexhaustive'
708 | public enum KeyAgreement: Sendable {
709 |
/host/spi-builder-workspace/Sources/Crypto/Key Agreement/ECDH.swift:930:6: error: unknown attribute 'nonexhaustive'
928 | /// A mechanism used to create or verify a cryptographic signature using
929 | /// the NIST P-521 elliptic curve digital signature algorithm (ECDSA).
930 | @nonexhaustive
| `- error: unknown attribute 'nonexhaustive'
931 | public enum Signing: Sendable {
932 |
/host/spi-builder-workspace/Sources/Crypto/Key Agreement/ECDH.swift:1154:6: error: unknown attribute 'nonexhaustive'
1152 | /// performing NIST P-521 elliptic curve Diffie Hellman (ECDH) key
1153 | /// exchange.
1154 | @nonexhaustive
| `- error: unknown attribute 'nonexhaustive'
1155 | public enum KeyAgreement: Sendable {
1156 |
/host/spi-builder-workspace/Sources/Crypto/Key Wrapping/AESWrap.swift:30:6: error: unknown attribute 'nonexhaustive'
28 | /// An implementation of AES Key Wrapping in accordance with the IETF RFC
29 | /// 3394 specification.
30 | @nonexhaustive
| `- error: unknown attribute 'nonexhaustive'
31 | public enum KeyWrap: Sendable {
32 | /// Wraps a key using the AES wrap algorithm.
/host/spi-builder-workspace/Sources/Crypto/Keys/EC/Curve25519.swift:19:2: error: unknown attribute 'nonexhaustive'
17 | #else
18 | /// An elliptic curve that enables X25519 key agreement and Ed25519 signatures.
19 | @nonexhaustive
| `- error: unknown attribute 'nonexhaustive'
20 | public enum Curve25519: Sendable {}
21 | #endif // canImport(CryptoKit)
/host/spi-builder-workspace/Sources/Crypto/Keys/EC/Ed25519Keys.swift:33:6: error: unknown attribute 'nonexhaustive'
31 | /// A mechanism used to create or verify a cryptographic signature using
32 | /// Ed25519.
33 | @nonexhaustive
| `- error: unknown attribute 'nonexhaustive'
34 | public enum Signing: Sendable {
35 | typealias Curve25519PrivateKeyImpl = Curve25519.Signing.OpenSSLCurve25519PrivateKeyImpl
/host/spi-builder-workspace/Sources/Crypto/Keys/EC/NISTCurvesKeys.swift:51:2: error: unknown attribute 'nonexhaustive'
49 |
50 | /// An elliptic curve that enables NIST P-256 signatures and key agreement.
51 | @nonexhaustive
| `- error: unknown attribute 'nonexhaustive'
52 | public enum P256: Sendable { }
53 |
/host/spi-builder-workspace/Sources/Crypto/Keys/EC/NISTCurvesKeys.swift:55:2: error: unknown attribute 'nonexhaustive'
53 |
54 | /// An elliptic curve that enables NIST P-384 signatures and key agreement.
55 | @nonexhaustive
| `- error: unknown attribute 'nonexhaustive'
56 | public enum P384: Sendable { }
57 |
/host/spi-builder-workspace/Sources/Crypto/Keys/EC/NISTCurvesKeys.swift:59:2: error: unknown attribute 'nonexhaustive'
57 |
58 | /// An elliptic curve that enables NIST P-521 signatures and key agreement.
59 | @nonexhaustive
| `- error: unknown attribute 'nonexhaustive'
60 | public enum P521: Sendable { }
61 | #endif // canImport(CryptoKit)
/host/spi-builder-workspace/Sources/Crypto/Keys/EC/X25519Keys.swift:33:6: error: unknown attribute 'nonexhaustive'
31 | /// A mechanism used to create a shared secret between two users by
32 | /// performing X25519 key agreement.
33 | @nonexhaustive
| `- error: unknown attribute 'nonexhaustive'
34 | public enum KeyAgreement: Sendable {
35 | typealias Curve25519PrivateKeyImpl = Curve25519.KeyAgreement.OpenSSLCurve25519PrivateKeyImpl
/host/spi-builder-workspace/Sources/Crypto/PRF/AES.swift:19:2: error: unknown attribute 'nonexhaustive'
17 | #else
18 | /// A container for Advanced Encryption Standard (AES) ciphers.
19 | @nonexhaustive
| `- error: unknown attribute 'nonexhaustive'
20 | public enum AES: Sendable {
21 | static let blockSizeByteCount = 16
/host/spi-builder-workspace/Sources/Crypto/Signatures/MLDSA.swift:29:2: error: unknown attribute 'nonexhaustive'
27 |
28 | /// The MLDSA65 Digital Signature Algorithm
29 | @nonexhaustive
| `- error: unknown attribute 'nonexhaustive'
30 | public enum MLDSA65: Sendable {}
31 |
/host/spi-builder-workspace/Sources/Crypto/Signatures/MLDSA.swift:184:2: error: unknown attribute 'nonexhaustive'
182 |
183 | /// The MLDSA87 Digital Signature Algorithm
184 | @nonexhaustive
| `- error: unknown attribute 'nonexhaustive'
185 | public enum MLDSA87: Sendable {}
186 |
[#ImplementationOnlyDeprecated]: <https://docs.swift.org/compiler/documentation/diagnostics/implementation-only-deprecated>
[496/511] Compiling Crypto CryptoKitErrors_boring.swift
[497/511] Compiling Crypto InlineArray+withBytes_boring.swift
[498/511] Compiling Crypto Optional+withUnsafeBytes_boring.swift
[499/511] Compiling Crypto RNG_boring.swift
[500/511] Compiling Crypto SafeCompare_boring.swift
[501/511] Compiling Crypto Zeroization_boring.swift
[502/511] Compiling Crypto _CryptoModuleAnchor.swift
[503/511] Compiling Crypto Data+ArraySpan.swift
[504/511] Compiling Crypto PrettyBytes.swift
[505/511] Compiling Crypto SafeCompare.swift
[506/511] Compiling Crypto SecureBytes.swift
[507/511] Compiling Crypto Zeroization.swift
BUILD FAILURE 6.2 android