The Swift Package Index logo.Swift Package Index

Build Information

Failed to build Yorkie, reference 0.7.25 (d45d18), with Swift 6.2 for Linux on 16 Oct 2026 08:44:06 UTC.

Build Command

bash -c docker run --pull=always --rm -v "checkouts-54344849-3":/host -w "$PWD" -e JAVA_HOME="/root/.sdkman/candidates/java/current" -e SPI_BUILD="1" -e SPI_PROCESSING="1" registry.gitlab.com/saguaro1/spi-images:linux-6.2-latest swift build --triple x86_64-unknown-linux-gnu 2>&1

Build Log

========================================
RunAll
========================================
Builder version: 5.1.3
Interrupt handler set up.
========================================
Checkout
========================================
Clone URL: https://github.com/yorkie-team/yorkie-ios-sdk.git
Reference: 0.7.25
Initialized empty Git repository in /host/spi-builder-workspace/.git/
hint: Using 'master' as the name for the initial branch. This default branch name
hint: is subject to change. To configure the initial branch name to use in all
hint: of your new repositories, which will suppress this warning, call:
hint:
hint: 	git config --global init.defaultBranch <name>
hint:
hint: Names commonly chosen instead of 'master' are 'main', 'trunk' and
hint: 'development'. The just-created branch can be renamed via this command:
hint:
hint: 	git branch -m <name>
From https://github.com/yorkie-team/yorkie-ios-sdk
 * tag               0.7.25     -> FETCH_HEAD
HEAD is now at d45d186 Apply updates from yorkie-js-sdk 0.7.25 (#279)
Cloned https://github.com/yorkie-team/yorkie-ios-sdk.git
Revision (git rev-parse @):
d45d18635ed70f5364d29091cdc430dc76a2d12f
SUCCESS checkout https://github.com/yorkie-team/yorkie-ios-sdk.git at 0.7.25
========================================
Build
========================================
Selected platform:         linux
Swift version:             6.2
Building package at path:  $PWD
https://github.com/yorkie-team/yorkie-ios-sdk.git
Running build ...
bash -c docker run --pull=always --rm -v "checkouts-54344849-3":/host -w "$PWD" -e JAVA_HOME="/root/.sdkman/candidates/java/current" -e SPI_BUILD="1" -e SPI_PROCESSING="1" registry.gitlab.com/saguaro1/spi-images:linux-6.2-latest swift build --triple x86_64-unknown-linux-gnu 2>&1
linux-6.2-latest: Pulling from saguaro1/spi-images
Digest: sha256:af72ee10f3ab8145e300c2afec9616a3ae441bd9d7c561ce3ed6cd39331f6017
Status: Image is up to date for registry.gitlab.com/saguaro1/spi-images:linux-6.2-latest
Fetching https://github.com/apple/swift-docc-plugin
Fetching https://github.com/groue/Semaphore.git
Fetching https://github.com/apple/swift-log.git
Fetching https://github.com/apple/swift-protobuf.git
Fetching https://github.com/connectrpc/connect-swift
[1/293] Fetching semaphore
[294/2638] Fetching semaphore, swift-docc-plugin
[412/10943] Fetching semaphore, swift-docc-plugin, swift-log
[2855/21315] Fetching semaphore, swift-docc-plugin, swift-log, connect-swift
Fetched https://github.com/apple/swift-docc-plugin from cache (0.49s)
[17518/18970] Fetching semaphore, swift-log, connect-swift
[18971/74423] Fetching semaphore, swift-log, connect-swift, swift-protobuf
Fetched https://github.com/groue/Semaphore.git from cache (5.90s)
Fetched https://github.com/apple/swift-log.git from cache (5.90s)
Fetched https://github.com/connectrpc/connect-swift from cache (5.90s)
Fetched https://github.com/apple/swift-protobuf.git from cache (5.93s)
Computing version for https://github.com/apple/swift-docc-plugin
Computed https://github.com/apple/swift-docc-plugin at 1.4.3 (6.11s)
Fetching https://github.com/swiftlang/swift-docc-symbolkit
[1/3839] Fetching swift-docc-symbolkit
Fetched https://github.com/swiftlang/swift-docc-symbolkit from cache (0.63s)
Computing version for https://github.com/groue/Semaphore.git
Computed https://github.com/groue/Semaphore.git at 0.0.8 (0.81s)
Computing version for https://github.com/apple/swift-log.git
Computed https://github.com/apple/swift-log.git at 1.6.3 (0.14s)
Computing version for https://github.com/connectrpc/connect-swift
Computed https://github.com/connectrpc/connect-swift at 1.0.3 (0.20s)
Fetching https://github.com/apple/swift-nio-http2.git
Fetching https://github.com/apple/swift-nio-ssl.git
Fetching https://github.com/apple/swift-nio.git
[1/16889] Fetching swift-nio-ssl
[846/29183] Fetching swift-nio-ssl, swift-nio-http2
[29184/115674] Fetching swift-nio-ssl, swift-nio-http2, swift-nio
Fetched https://github.com/apple/swift-nio-ssl.git from cache (1.43s)
[48621/98785] Fetching swift-nio-http2, swift-nio
Fetched https://github.com/apple/swift-nio-http2.git from cache (4.11s)
Fetched https://github.com/apple/swift-nio.git from cache (4.14s)
Computing version for https://github.com/swiftlang/swift-docc-symbolkit
Computed https://github.com/swiftlang/swift-docc-symbolkit at 1.0.0 (4.33s)
Computing version for https://github.com/apple/swift-nio-http2.git
Computed https://github.com/apple/swift-nio-http2.git at 1.46.0 (0.17s)
Fetching https://github.com/apple/swift-atomics.git
[1/1889] Fetching swift-atomics
Fetched https://github.com/apple/swift-atomics.git from cache (1.48s)
Computing version for https://github.com/apple/swift-atomics.git
Computed https://github.com/apple/swift-atomics.git at 1.3.1 (1.63s)
Computing version for https://github.com/apple/swift-nio-ssl.git
Computed https://github.com/apple/swift-nio-ssl.git at 2.37.5 (0.19s)
Computing version for https://github.com/apple/swift-nio.git
Computed https://github.com/apple/swift-nio.git at 2.104.0 (0.40s)
Fetching https://github.com/apple/swift-collections.git
Fetching https://github.com/apple/swift-system.git
[1/7288] Fetching swift-system
[3354/36147] Fetching swift-system, swift-collections
Fetched https://github.com/apple/swift-system.git from cache (0.71s)
[6061/28859] Fetching swift-collections
Fetched https://github.com/apple/swift-collections.git from cache (1.35s)
Computing version for https://github.com/apple/swift-protobuf.git
Computed https://github.com/apple/swift-protobuf.git at 1.39.0 (1.54s)
Computing version for https://github.com/apple/swift-system.git
Computed https://github.com/apple/swift-system.git at 1.8.1 (0.22s)
Computing version for https://github.com/apple/swift-collections.git
Computed https://github.com/apple/swift-collections.git at 1.7.3 (0.29s)
Creating working copy for https://github.com/apple/swift-atomics.git
Working copy of https://github.com/apple/swift-atomics.git resolved at 1.3.1
Creating working copy for https://github.com/apple/swift-nio-ssl.git
Working copy of https://github.com/apple/swift-nio-ssl.git resolved at 2.37.5
Creating working copy for https://github.com/apple/swift-protobuf.git
Working copy of https://github.com/apple/swift-protobuf.git resolved at 1.39.0
Creating working copy for https://github.com/groue/Semaphore.git
Working copy of https://github.com/groue/Semaphore.git resolved at 0.0.8
Creating working copy for https://github.com/apple/swift-nio-http2.git
Working copy of https://github.com/apple/swift-nio-http2.git resolved at 1.46.0
Creating working copy for https://github.com/apple/swift-nio.git
Working copy of https://github.com/apple/swift-nio.git resolved at 2.104.0
Creating working copy for https://github.com/swiftlang/swift-docc-symbolkit
Working copy of https://github.com/swiftlang/swift-docc-symbolkit resolved at 1.0.0
Creating working copy for https://github.com/apple/swift-docc-plugin
Working copy of https://github.com/apple/swift-docc-plugin resolved at 1.4.3
Creating working copy for https://github.com/connectrpc/connect-swift
Working copy of https://github.com/connectrpc/connect-swift resolved at 1.0.3
Creating working copy for https://github.com/apple/swift-log.git
Working copy of https://github.com/apple/swift-log.git resolved at 1.6.3
Creating working copy for https://github.com/apple/swift-system.git
Working copy of https://github.com/apple/swift-system.git resolved at 1.8.1
Creating working copy for https://github.com/apple/swift-collections.git
Working copy of https://github.com/apple/swift-collections.git resolved at 1.7.3
[1/1] Compiling plugin SwiftProtobufPlugin
[2/2] Compiling plugin Swift-DocC Preview
[3/3] Compiling plugin Swift-DocC
Building for debugging...
[3/447] Write sources
[3/447] Copying viewer.html
[3/447] Write sources
[30/447] Compiling CNIOWASI CNIOWASI.c
[31/447] Compiling CNIOWindows shim.c
[32/447] Compiling CNIOOpenBSD shim.c
[33/447] Compiling CNIOPosix event_loop_id.c
[33/447] Compiling CNIOWindows WSAStartup.c
[35/447] Compiling CNIOLinux liburing_shims.c
[36/447] Compiling _AtomicsShims.c
[37/447] Compiling CNIODarwin shim.c
[38/447] Compiling CNIOLLHTTP c_nio_http.c
[39/447] Compiling CNIOFreeBSD shim.c
[40/447] Write swift-version-24593BA9C3E375BF.txt
[41/447] Compiling fiat_p256_adx_mul.S
[42/447] Compiling CNIOLLHTTP c_nio_api.c
[43/447] Compiling CNIOLinux shim.c
[44/447] Compiling fiat_p256_adx_sqr.S
[45/447] Compiling fiat_curve25519_adx_square.S
[46/447] Compiling fiat_curve25519_adx_mul.S
[47/572] Compiling CNIOLLHTTP c_nio_llhttp.c
[48/572] Compiling CNIOBoringSSLShims shims.c
[50/572] Emitting module _NIOBase64
[51/572] Emitting module Logging
[51/572] Compiling tls_method.cc
[52/572] Compiling tls_record.cc
[54/572] Emitting module Semaphore
[54/572] Compiling tls13_enc.cc
[55/572] Compiling tls13_server.cc
[57/572] Compiling _NIOBase64 Base64.swift
[59/573] Compiling SwiftProtobuf DoubleParser.swift
[60/573] Compiling SwiftProtobuf Enum.swift
[61/573] Compiling SwiftProtobuf ExtensibleMessage.swift
[62/576] Compiling SwiftProtobuf FieldTypes.swift
[63/576] Compiling SwiftProtobuf AnyMessageStorage.swift
[64/576] Compiling SwiftProtobuf AnyUnpackError.swift
[65/576] Compiling SwiftProtobuf AsyncMessageSequence.swift
[66/576] Compiling _NIODataStructures PriorityQueue.swift
[67/576] Compiling _NIODataStructures _TinyArray.swift
[68/576] Emitting module InternalCollectionsUtilities
[69/576] Compiling SwiftProtobuf BytecodeInterpreter.swift
[70/576] Compiling SwiftProtobuf BytecodeReader.swift
[71/576] Compiling SwiftProtobuf CustomJSONCodable.swift
[72/576] Compiling SwiftProtobuf Decoder.swift
[73/576] Compiling SwiftProtobuf ExtensionFieldValueSet.swift
[74/576] Compiling SwiftProtobuf ExtensionFields.swift
[75/576] Compiling SwiftProtobuf ExtensionMap.swift
[76/576] Compiling SwiftProtobuf FieldTag.swift
[77/576] Compiling InternalCollectionsUtilities UnsafeRawBufferPointer+Extras.swift
[78/576] Compiling InternalCollectionsUtilities _SortedCollection.swift
[79/576] Compiling InternalCollectionsUtilities _UniqueCollection.swift
[80/576] Compiling SwiftProtobuf JSONEncodingError.swift
[81/576] Compiling SwiftProtobuf JSONEncodingOptions.swift
[82/576] Compiling SwiftProtobuf JSONEncodingVisitor.swift
[83/576] Compiling SwiftProtobuf JSONMapEncodingVisitor.swift
[84/576] Compiling SwiftProtobuf JSONScanner.swift
[85/576] Compiling SwiftProtobuf MathUtils.swift
[86/576] Compiling SwiftProtobuf Message+AnyAdditions.swift
[87/576] Compiling SwiftProtobuf Message+BinaryAdditions.swift
[88/576] Compiling SwiftProtobuf JSONDecoder.swift
[89/576] Compiling SwiftProtobuf JSONDecodingError.swift
[90/576] Compiling SwiftProtobuf JSONDecodingOptions.swift
[91/576] Compiling SwiftProtobuf JSONEncoder.swift
[92/577] Compiling tls13_both.cc
[94/581] Compiling SpanPreview MutableSpan+InputSpanHelpers.swift
[95/581] Compiling SpanPreview OutputSpan+InputSpanHelpers.swift
[96/581] Emitting module SpanPreview
[97/581] Compiling SpanPreview InputSpan.swift
[99/582] Compiling Logging MetadataProvider.swift
[99/582] Compiling tls13_client.cc
[101/582] Compiling Semaphore AsyncSemaphore.swift
[103/625] Compiling _NIODataStructures Heap.swift
[104/625] Emitting module _NIODataStructures
[105/626] Compiling t1_enc.cc
[107/626] Compiling DequeModule UniqueDeque+Consumption.swift
[108/626] Compiling DequeModule UniqueDeque+ContainerOperations.swift
[109/626] Compiling DequeModule UniqueDeque+Deprecations.swift
[110/626] Compiling DequeModule UniqueDeque+Descriptions.swift
[111/626] Compiling DequeModule UniqueDeque+Equatable.swift
[112/626] Compiling DequeModule UniqueDeque+Hashable.swift
[113/631] Compiling Logging LogHandler.swift
[114/631] Compiling Logging Logging.swift
[115/631] Compiling Logging Locks.swift
[116/632] Compiling DequeModule UniqueDeque+Initializers.swift
[117/632] Compiling DequeModule UniqueDeque+Insertions.swift
[118/632] Compiling DequeModule UniqueDeque+Iterable.swift
[119/632] Compiling DequeModule UniqueDeque+Prepend.swift
[120/632] Compiling DequeModule UniqueDeque+Removals.swift
[122/632] Compiling DequeModule RigidDeque+Descriptions.swift
[123/632] Compiling DequeModule RigidDeque+Equatable.swift
[124/632] Compiling DequeModule RigidDeque+Hashable.swift
[125/632] Compiling DequeModule RigidDeque+Initializers.swift
[126/632] Compiling DequeModule RigidDeque+Insertions.swift
[127/632] Compiling DequeModule RigidDeque+Iterable.swift
[128/632] Compiling DequeModule RigidDeque+Prepend.swift
[129/632] Compiling DequeModule RigidDeque+Removals.swift
[130/632] Compiling DequeModule RigidDeque+Replacements.swift
[131/632] Compiling DequeModule RigidDeque+Testing.swift
[132/632] Compiling DequeModule RigidDeque.swift
[133/632] Compiling DequeModule UniqueDeque+Append.swift
[134/632] Compiling DequeModule _DequeBuffer.swift
[135/632] Compiling DequeModule _DequeBufferHeader.swift
[136/632] Compiling DequeModule RigidDeque+Append.swift
[137/632] Compiling DequeModule RigidDeque+Consumption.swift
[138/632] Compiling DequeModule RigidDeque+ContainerOperations.swift
[139/632] Compiling DequeModule RigidDeque+Deprecations.swift
[139/632] Compiling ssl_x509.cc
[153/643] Compiling DequeModule Deque+Extras.swift
[154/643] Compiling DequeModule Deque+Hashable.swift
[155/643] Compiling DequeModule Deque+Testing.swift
[156/643] Compiling DequeModule Deque._Storage.swift
[157/643] Compiling DequeModule Deque._UnsafeHandle.swift
[158/643] Compiling DequeModule Deque.swift
[159/643] Compiling DequeModule Deque+Codable.swift
[160/643] Compiling DequeModule Deque+Collection.swift
[161/643] Compiling DequeModule Deque+CustomReflectable.swift
[162/643] Compiling DequeModule Deque+Descriptions.swift
[163/643] Compiling DequeModule Deque+Equatable.swift
[164/643] Compiling DequeModule Deque+ExpressibleByArrayLiteral.swift
[164/643] Compiling ssl_versions.cc
[166/643] Compiling SwiftProtobuf TextFormatEncodingOptions.swift
[167/643] Compiling SwiftProtobuf TextFormatEncodingVisitor.swift
[168/643] Compiling SwiftProtobuf TextFormatScanner.swift
[169/643] Compiling SwiftProtobuf TimeUtils.swift
[170/643] Compiling SwiftProtobuf UnknownStorage.swift
[171/643] Compiling SwiftProtobuf UnsafeRawPointer+Shims.swift
[172/643] Compiling SwiftProtobuf Varint.swift
[173/643] Compiling SwiftProtobuf Version.swift
[174/643] Compiling SwiftProtobuf Visitor.swift
[175/643] Compiling SwiftProtobuf WireFormat.swift
[176/643] Compiling SwiftProtobuf ZigZag.swift
[177/643] Compiling SwiftProtobuf Message+BinaryAdditions_Data.swift
[178/643] Compiling SwiftProtobuf Message+FieldMask.swift
[179/643] Compiling SwiftProtobuf Message+JSONAdditions.swift
[180/643] Compiling SwiftProtobuf Message+JSONAdditions_Data.swift
[181/643] Compiling SwiftProtobuf Message+JSONArrayAdditions.swift
[182/643] Compiling SwiftProtobuf Message+JSONArrayAdditions_Data.swift
[183/643] Compiling SwiftProtobuf Message+TextFormatAdditions.swift
[184/643] Compiling SwiftProtobuf Message.swift
[185/643] Compiling SwiftProtobuf MessageExtension.swift
[186/643] Compiling SwiftProtobuf NameMap.swift
[187/643] Compiling SwiftProtobuf PathDecoder.swift
[188/643] Compiling SwiftProtobuf PathVisitor.swift
[194/643] Compiling DequeModule UniqueDeque+Replacements.swift
[195/643] Compiling DequeModule UniqueDeque.swift
[196/643] Compiling DequeModule _DequeSlot.swift
[197/643] Compiling DequeModule _UnsafeDequeHandle.swift
[198/643] Compiling DequeModule _UnsafeDequeSegments.swift
[199/643] Compiling SwiftProtobuf HashVisitor.swift
[200/643] Compiling SwiftProtobuf Internal.swift
[201/643] Compiling SwiftProtobuf ProtoNameProviding.swift
[202/643] Compiling SwiftProtobuf ProtobufAPIVersionCheck.swift
[203/643] Compiling SwiftProtobuf ProtobufMap.swift
[204/643] Compiling SwiftProtobuf SelectiveVisitor.swift
[205/643] Compiling SwiftProtobuf SimpleExtensionMap.swift
[206/643] Compiling SwiftProtobuf StringUtils.swift
[207/643] Compiling SwiftProtobuf SwiftProtobufContiguousBytes.swift
[208/643] Compiling SwiftProtobuf SwiftProtobufError.swift
[209/643] Compiling SwiftProtobuf TextFormatDecoder.swift
[210/643] Compiling SwiftProtobuf TextFormatDecodingError.swift
[211/643] Compiling SwiftProtobuf TextFormatDecodingOptions.swift
[212/643] Compiling SwiftProtobuf TextFormatEncoder.swift
[212/643] Compiling ssl_stat.cc
[213/643] Compiling ssl_transcript.cc
[227/643] Emitting module SwiftProtobuf
[239/643] Compiling ssl_session.cc
[240/643] Compiling ssl_privkey.cc
[241/643] Compiling ssl_key_share.cc
[242/643] Compiling ssl_file.cc
[243/643] Compiling ssl_lib.cc
[244/643] Compiling ssl_credential.cc
[250/643] Compiling ssl_cert.cc
[251/643] Compiling ssl_cipher.cc
[253/643] Emitting module DequeModule
[253/644] Compiling ssl_aead_ctx.cc
[255/644] Compiling ssl_buffer.cc
[256/644] Compiling ssl_asn1.cc
[257/644] Compiling s3_pkt.cc
[258/644] Compiling s3_lib.cc
[259/644] Compiling s3_both.cc
[260/644] Compiling handshake_server.cc
[261/644] Compiling handshake_client.cc
[262/644] Compiling handshake.cc
[263/644] Compiling handoff.cc
[264/644] Compiling extensions.cc
[265/644] Compiling dtls_record.cc
[266/644] Compiling encrypted_client_hello.cc
[267/644] Compiling md5-x86_64-linux.S
[268/644] Compiling md5-x86_64-apple.S
[269/644] Compiling md5-586-linux.S
[270/644] Compiling md5-586-apple.S
[271/644] Compiling dtls_method.cc
[272/644] Compiling d1_srtp.cc
[273/644] Compiling d1_pkt.cc
[274/644] Compiling chacha20_poly1305_x86_64-apple.S
[275/644] Compiling chacha20_poly1305_armv8-win.S
[276/644] Compiling chacha20_poly1305_x86_64-linux.S
[277/644] Compiling chacha20_poly1305_armv8-apple.S
[277/644] Compiling chacha20_poly1305_armv8-linux.S
[279/644] Compiling chacha-x86_64-linux.S
[280/644] Compiling chacha-x86_64-apple.S
[281/644] Compiling chacha-x86-linux.S
[282/644] Compiling chacha-x86-apple.S
[283/644] Compiling chacha-armv8-win.S
[284/644] Compiling chacha-armv8-linux.S
[285/644] Compiling err_data.cc
[286/644] Compiling chacha-armv8-apple.S
[287/644] Compiling chacha-armv4-linux.S
[288/644] Compiling aes128gcmsiv-x86_64-linux.S
[289/644] Compiling aes128gcmsiv-x86_64-apple.S
[290/644] Compiling x86_64-mont5-linux.S
[291/644] Compiling d1_lib.cc
[292/644] Compiling x86_64-mont5-apple.S
[293/644] Compiling x86_64-mont-linux.S
[294/644] Compiling x86_64-mont-apple.S
[295/644] Compiling x86-mont-linux.S
[296/644] Compiling vpaes-x86_64-linux.S
[297/644] Compiling x86-mont-apple.S
[298/644] Compiling vpaes-x86_64-apple.S
[299/644] Compiling vpaes-x86-linux.S
[300/644] Compiling vpaes-x86-apple.S
[301/644] Compiling vpaes-armv8-win.S
[302/644] Compiling vpaes-armv8-linux.S
[303/644] Compiling vpaes-armv8-apple.S
[304/644] Compiling vpaes-armv7-linux.S
[305/644] Compiling sha512-x86_64-apple.S
[306/644] Compiling sha512-armv8-win.S
[307/644] Compiling sha512-x86_64-linux.S
[308/644] Compiling bio_ssl.cc
[309/644] Compiling sha512-armv8-linux.S
[310/644] Compiling sha512-armv8-apple.S
[311/644] Compiling sha512-armv4-linux.S
[312/644] Compiling sha512-586-linux.S
[313/644] Compiling sha512-586-apple.S
[314/644] Compiling sha256-x86_64-apple.S
[315/644] Compiling sha256-armv8-win.S
[316/644] Compiling sha256-armv8-linux.S
[317/644] Compiling sha256-x86_64-linux.S
[318/644] Compiling sha256-armv8-apple.S
[319/644] Compiling sha256-armv4-linux.S
[320/644] Compiling sha256-586-linux.S
[321/644] Compiling sha256-586-apple.S
[322/644] Compiling sha1-armv8-win.S
[323/644] Compiling sha1-x86_64-apple.S
[324/644] Compiling sha1-armv8-apple.S
[325/644] Compiling sha1-armv8-linux.S
[326/644] Compiling sha1-x86_64-linux.S
[327/644] Compiling sha1-586-linux.S
[328/644] Compiling sha1-586-apple.S
[328/644] Compiling sha1-armv4-large-linux.S
[330/644] Compiling rsaz-avx2-apple.S
[331/644] Compiling rdrand-x86_64-linux.S
[332/644] Compiling rsaz-avx2-linux.S
[333/644] Compiling p256_beeu-x86_64-asm-linux.S
[334/644] Compiling rdrand-x86_64-apple.S
[335/644] Compiling p256_beeu-x86_64-asm-apple.S
[336/644] Compiling d1_both.cc
[337/644] Compiling p256_beeu-armv8-asm-win.S
[338/644] Compiling p256_beeu-armv8-asm-linux.S
[339/644] Compiling p256_beeu-armv8-asm-apple.S
[340/644] Compiling p256-x86_64-asm-apple.S
[341/644] Compiling p256-armv8-asm-win.S
[342/644] Compiling p256-armv8-asm-linux.S
[343/644] Compiling ghashv8-armv8-win.S
[344/644] Compiling p256-armv8-asm-apple.S
[345/644] Compiling p256-x86_64-asm-linux.S
[346/644] Compiling ghashv8-armv8-apple.S
[347/644] Compiling ghashv8-armv8-linux.S
[348/644] Compiling ghashv8-armv7-linux.S
[349/644] Compiling ghash-x86_64-apple.S
[350/644] Compiling ghash-x86-linux.S
[350/644] Compiling ghash-x86_64-linux.S
[352/644] Compiling ghash-x86-apple.S
[353/644] Compiling ghash-ssse3-x86_64-linux.S
[354/644] Compiling ghash-ssse3-x86_64-apple.S
[355/644] Compiling ghash-ssse3-x86-linux.S
[356/644] Compiling ghash-ssse3-x86-apple.S
[357/644] Compiling ghash-neon-armv8-win.S
[358/644] Compiling ghash-neon-armv8-linux.S
[359/644] Compiling ghash-neon-armv8-apple.S
[360/644] Compiling ghash-armv4-linux.S
[361/644] Compiling co-586-linux.S
[362/644] Compiling co-586-apple.S
[363/644] Compiling bsaes-armv7-linux.S
[364/644] Compiling bn-armv8-linux.S
[365/644] Compiling bn-armv8-win.S
[366/644] Compiling bn-armv8-apple.S
[367/644] Compiling bn-586-linux.S
[368/644] Compiling bn-586-apple.S
[369/644] Compiling armv8-mont-win.S
[370/644] Compiling armv8-mont-linux.S
[371/644] Compiling armv8-mont-apple.S
[372/644] Compiling armv4-mont-linux.S
[373/644] Compiling aesv8-gcm-armv8-win.S
[374/644] Compiling aesv8-gcm-armv8-linux.S
[375/644] Compiling aesv8-gcm-armv8-apple.S
[376/644] Compiling aesv8-armv8-win.S
[376/644] Compiling aesv8-armv8-linux.S
[378/644] Compiling aesv8-armv8-apple.S
[379/644] Compiling aesv8-armv7-linux.S
[380/644] Compiling aesni-x86_64-linux.S
[381/644] Compiling aesni-x86_64-apple.S
[382/644] Compiling aesni-x86-apple.S
[383/644] Compiling aesni-x86-linux.S
[384/644] Compiling aesni-gcm-x86_64-linux.S
[385/644] Compiling aesni-gcm-x86_64-apple.S
[386/644] Compiling aes-gcm-avx2-x86_64-linux.S
[387/644] Compiling aes-gcm-avx2-x86_64-apple.S
[388/644] Compiling aes-gcm-avx10-x86_64-linux.S
[389/644] Compiling aes-gcm-avx10-x86_64-apple.S
[390/644] Compiling x_sig.cc
[391/644] Compiling x_x509a.cc
[392/644] Compiling x_val.cc
[393/644] Compiling x_spki.cc
[394/644] Compiling x_x509.cc
[395/644] Compiling x_req.cc
[396/644] Compiling x_pubkey.cc
[397/644] Compiling x_algor.cc
[398/644] Compiling x_name.cc
[399/644] Compiling x509spki.cc
[400/644] Compiling x_exten.cc
[401/644] Compiling x_attrib.cc
[402/644] Compiling x_crl.cc
[403/644] Compiling x_all.cc
[404/644] Compiling x509rset.cc
[405/644] Compiling x509name.cc
[406/644] Compiling x509cset.cc
[406/644] Compiling x509_txt.cc
[408/644] Compiling x509_vpm.cc
[408/644] Compiling x509_v3.cc
[410/644] Compiling x509_vfy.cc
[411/644] Compiling x509_trs.cc
[412/644] Compiling x509_set.cc
[413/644] Compiling x509_obj.cc
[414/644] Compiling x509_def.cc
[415/644] Compiling x509_ext.cc
[416/644] Compiling x509_req.cc
[417/644] Compiling x509_lu.cc
[419/644] Compiling SwiftProtobuf any.pb.swift
[420/644] Compiling SwiftProtobuf api.pb.swift
[421/644] Compiling SwiftProtobuf descriptor.pb.swift
[422/644] Compiling SwiftProtobuf duration.pb.swift
[423/644] Compiling SwiftProtobuf empty.pb.swift
[424/644] Compiling SwiftProtobuf field_mask.pb.swift
[425/644] Compiling SwiftProtobuf source_context.pb.swift
[426/644] Compiling SwiftProtobuf struct.pb.swift
[427/644] Compiling SwiftProtobuf timestamp.pb.swift
[428/644] Compiling SwiftProtobuf type.pb.swift
[429/644] Compiling SwiftProtobuf wrappers.pb.swift
[430/645] Compiling x509_d2.cc
[431/689] Compiling x509.cc
[432/698] Compiling x509_cmp.cc
[433/698] Compiling x509_att.cc
[434/698] Compiling v3_skey.cc
[435/698] Compiling v3_purp.cc
[437/698] Compiling Connect HTTPClientInterface.swift
/host/spi-builder-workspace/.build/checkouts/connect-swift/Libraries/Connect/Internal/Unary/UnaryAsyncWrapper.swift:15:8: error: no such module 'os.log'
13 | // limitations under the License.
14 |
15 | import os.log
   |        `- error: no such module 'os.log'
16 | import SwiftProtobuf
17 |
[438/698] Compiling Connect HTTPMethod.swift
/host/spi-builder-workspace/.build/checkouts/connect-swift/Libraries/Connect/Internal/Unary/UnaryAsyncWrapper.swift:15:8: error: no such module 'os.log'
13 | // limitations under the License.
14 |
15 | import os.log
   |        `- error: no such module 'os.log'
16 | import SwiftProtobuf
17 |
[439/698] Compiling Connect HTTPMetrics.swift
/host/spi-builder-workspace/.build/checkouts/connect-swift/Libraries/Connect/Internal/Unary/UnaryAsyncWrapper.swift:15:8: error: no such module 'os.log'
13 | // limitations under the License.
14 |
15 | import os.log
   |        `- error: no such module 'os.log'
16 | import SwiftProtobuf
17 |
[440/698] Compiling Connect HTTPRequest.swift
/host/spi-builder-workspace/.build/checkouts/connect-swift/Libraries/Connect/Internal/Unary/UnaryAsyncWrapper.swift:15:8: error: no such module 'os.log'
13 | // limitations under the License.
14 |
15 | import os.log
   |        `- error: no such module 'os.log'
16 | import SwiftProtobuf
17 |
[441/698] Compiling Connect HTTPResponse.swift
/host/spi-builder-workspace/.build/checkouts/connect-swift/Libraries/Connect/Internal/Unary/UnaryAsyncWrapper.swift:15:8: error: no such module 'os.log'
13 | // limitations under the License.
14 |
15 | import os.log
   |        `- error: no such module 'os.log'
16 | import SwiftProtobuf
17 |
[442/698] Compiling Connect HeaderConstants.swift
/host/spi-builder-workspace/.build/checkouts/connect-swift/Libraries/Connect/Internal/Unary/UnaryAsyncWrapper.swift:15:8: error: no such module 'os.log'
13 | // limitations under the License.
14 |
15 | import os.log
   |        `- error: no such module 'os.log'
16 | import SwiftProtobuf
17 |
[443/698] Compiling Connect Headers.swift
/host/spi-builder-workspace/.build/checkouts/connect-swift/Libraries/Connect/Internal/Unary/UnaryAsyncWrapper.swift:15:8: error: no such module 'os.log'
13 | // limitations under the License.
14 |
15 | import os.log
   |        `- error: no such module 'os.log'
16 | import SwiftProtobuf
17 |
[443/705] Compiling v3_utl.cc
[445/705] Compiling Connect IdempotencyLevel.swift
/host/spi-builder-workspace/.build/checkouts/connect-swift/Libraries/Connect/Internal/Unary/UnaryAsyncWrapper.swift:15:8: error: no such module 'os.log'
13 | // limitations under the License.
14 |
15 | import os.log
   |        `- error: no such module 'os.log'
16 | import SwiftProtobuf
17 |
[446/705] Compiling Connect Interceptor.swift
/host/spi-builder-workspace/.build/checkouts/connect-swift/Libraries/Connect/Internal/Unary/UnaryAsyncWrapper.swift:15:8: error: no such module 'os.log'
13 | // limitations under the License.
14 |
15 | import os.log
   |        `- error: no such module 'os.log'
16 | import SwiftProtobuf
17 |
[447/705] Compiling Connect InterceptorFactory.swift
/host/spi-builder-workspace/.build/checkouts/connect-swift/Libraries/Connect/Internal/Unary/UnaryAsyncWrapper.swift:15:8: error: no such module 'os.log'
13 | // limitations under the License.
14 |
15 | import os.log
   |        `- error: no such module 'os.log'
16 | import SwiftProtobuf
17 |
[448/705] Compiling Connect StreamInterceptor.swift
/host/spi-builder-workspace/.build/checkouts/connect-swift/Libraries/Connect/Internal/Unary/UnaryAsyncWrapper.swift:15:8: error: no such module 'os.log'
13 | // limitations under the License.
14 |
15 | import os.log
   |        `- error: no such module 'os.log'
16 | import SwiftProtobuf
17 |
[449/705] Compiling Connect UnaryInterceptor.swift
/host/spi-builder-workspace/.build/checkouts/connect-swift/Libraries/Connect/Internal/Unary/UnaryAsyncWrapper.swift:15:8: error: no such module 'os.log'
13 | // limitations under the License.
14 |
15 | import os.log
   |        `- error: no such module 'os.log'
16 | import SwiftProtobuf
17 |
[450/705] Compiling Connect MethodSpec.swift
/host/spi-builder-workspace/.build/checkouts/connect-swift/Libraries/Connect/Internal/Unary/UnaryAsyncWrapper.swift:15:8: error: no such module 'os.log'
13 | // limitations under the License.
14 |
15 | import os.log
   |        `- error: no such module 'os.log'
16 | import SwiftProtobuf
17 |
[451/705] Compiling Connect NetworkProtocol.swift
/host/spi-builder-workspace/.build/checkouts/connect-swift/Libraries/Connect/Internal/Unary/UnaryAsyncWrapper.swift:15:8: error: no such module 'os.log'
13 | // limitations under the License.
14 |
15 | import os.log
   |        `- error: no such module 'os.log'
16 | import SwiftProtobuf
17 |
[452/705] Compiling Connect ProtobufMessage.swift
/host/spi-builder-workspace/.build/checkouts/connect-swift/Libraries/Connect/Internal/Unary/UnaryAsyncWrapper.swift:15:8: error: no such module 'os.log'
13 | // limitations under the License.
14 |
15 | import os.log
   |        `- error: no such module 'os.log'
16 | import SwiftProtobuf
17 |
[453/705] Compiling Connect ProtocolClientConfig.swift
/host/spi-builder-workspace/.build/checkouts/connect-swift/Libraries/Connect/Internal/Unary/UnaryAsyncWrapper.swift:15:8: error: no such module 'os.log'
13 | // limitations under the License.
14 |
15 | import os.log
   |        `- error: no such module 'os.log'
16 | import SwiftProtobuf
17 |
[454/705] Compiling Connect ProtocolClientInterface.swift
/host/spi-builder-workspace/.build/checkouts/connect-swift/Libraries/Connect/Internal/Unary/UnaryAsyncWrapper.swift:15:8: error: no such module 'os.log'
13 | // limitations under the License.
14 |
15 | import os.log
   |        `- error: no such module 'os.log'
16 | import SwiftProtobuf
17 |
[455/705] Compiling Connect ResponseMessage.swift
/host/spi-builder-workspace/.build/checkouts/connect-swift/Libraries/Connect/Internal/Unary/UnaryAsyncWrapper.swift:15:8: error: no such module 'os.log'
13 | // limitations under the License.
14 |
15 | import os.log
   |        `- error: no such module 'os.log'
16 | import SwiftProtobuf
17 |
[456/705] Compiling Connect BidirectionalAsyncStreamInterface.swift
/host/spi-builder-workspace/.build/checkouts/connect-swift/Libraries/Connect/Internal/Unary/UnaryAsyncWrapper.swift:15:8: error: no such module 'os.log'
13 | // limitations under the License.
14 |
15 | import os.log
   |        `- error: no such module 'os.log'
16 | import SwiftProtobuf
17 |
[457/705] Compiling Connect ClientOnlyAsyncStreamInterface.swift
/host/spi-builder-workspace/.build/checkouts/connect-swift/Libraries/Connect/Internal/Unary/UnaryAsyncWrapper.swift:15:8: error: no such module 'os.log'
13 | // limitations under the License.
14 |
15 | import os.log
   |        `- error: no such module 'os.log'
16 | import SwiftProtobuf
17 |
[458/705] Compiling Connect ServerOnlyAsyncStreamInterface.swift
/host/spi-builder-workspace/.build/checkouts/connect-swift/Libraries/Connect/Internal/Unary/UnaryAsyncWrapper.swift:15:8: error: no such module 'os.log'
13 | // limitations under the License.
14 |
15 | import os.log
   |        `- error: no such module 'os.log'
16 | import SwiftProtobuf
17 |
[458/705] Compiling v3_prn.cc
[460/705] Compiling Connect BidirectionalStreamInterface.swift
/host/spi-builder-workspace/.build/checkouts/connect-swift/Libraries/Connect/Internal/Unary/UnaryAsyncWrapper.swift:15:8: error: no such module 'os.log'
13 | // limitations under the License.
14 |
15 | import os.log
   |        `- error: no such module 'os.log'
16 | import SwiftProtobuf
17 |
[461/705] Compiling Connect ClientOnlyStreamInterface.swift
/host/spi-builder-workspace/.build/checkouts/connect-swift/Libraries/Connect/Internal/Unary/UnaryAsyncWrapper.swift:15:8: error: no such module 'os.log'
13 | // limitations under the License.
14 |
15 | import os.log
   |        `- error: no such module 'os.log'
16 | import SwiftProtobuf
17 |
[462/705] Compiling Connect RequestCallbacks.swift
/host/spi-builder-workspace/.build/checkouts/connect-swift/Libraries/Connect/Internal/Unary/UnaryAsyncWrapper.swift:15:8: error: no such module 'os.log'
13 | // limitations under the License.
14 |
15 | import os.log
   |        `- error: no such module 'os.log'
16 | import SwiftProtobuf
17 |
[463/705] Compiling Connect ResponseCallbacks.swift
/host/spi-builder-workspace/.build/checkouts/connect-swift/Libraries/Connect/Internal/Unary/UnaryAsyncWrapper.swift:15:8: error: no such module 'os.log'
13 | // limitations under the License.
14 |
15 | import os.log
   |        `- error: no such module 'os.log'
16 | import SwiftProtobuf
17 |
[464/705] Compiling Connect ServerOnlyStreamInterface.swift
/host/spi-builder-workspace/.build/checkouts/connect-swift/Libraries/Connect/Internal/Unary/UnaryAsyncWrapper.swift:15:8: error: no such module 'os.log'
13 | // limitations under the License.
14 |
15 | import os.log
   |        `- error: no such module 'os.log'
16 | import SwiftProtobuf
17 |
[465/705] Compiling Connect StreamResult.swift
/host/spi-builder-workspace/.build/checkouts/connect-swift/Libraries/Connect/Internal/Unary/UnaryAsyncWrapper.swift:15:8: error: no such module 'os.log'
13 | // limitations under the License.
14 |
15 | import os.log
   |        `- error: no such module 'os.log'
16 | import SwiftProtobuf
17 |
[466/705] Compiling Connect Trailers.swift
/host/spi-builder-workspace/.build/checkouts/connect-swift/Libraries/Connect/Internal/Unary/UnaryAsyncWrapper.swift:15:8: error: no such module 'os.log'
13 | // limitations under the License.
14 |
15 | import os.log
   |        `- error: no such module 'os.log'
16 | import SwiftProtobuf
17 |
[467/705] Compiling Connect ProtoCodec.swift
/host/spi-builder-workspace/.build/checkouts/connect-swift/Libraries/Connect/Internal/Unary/UnaryAsyncWrapper.swift:15:8: error: no such module 'os.log'
13 | // limitations under the License.
14 |
15 | import os.log
   |        `- error: no such module 'os.log'
16 | import SwiftProtobuf
17 |
[468/705] Compiling Connect GzipCompressionPool.swift
/host/spi-builder-workspace/.build/checkouts/connect-swift/Libraries/Connect/Internal/Unary/UnaryAsyncWrapper.swift:15:8: error: no such module 'os.log'
13 | // limitations under the License.
14 |
15 | import os.log
   |        `- error: no such module 'os.log'
16 | import SwiftProtobuf
17 |
[469/705] Compiling Connect Cancelable.swift
/host/spi-builder-workspace/.build/checkouts/connect-swift/Libraries/Connect/Internal/Unary/UnaryAsyncWrapper.swift:15:8: error: no such module 'os.log'
13 | // limitations under the License.
14 |
15 | import os.log
   |        `- error: no such module 'os.log'
16 | import SwiftProtobuf
17 |
[470/705] Compiling Connect Code.swift
/host/spi-builder-workspace/.build/checkouts/connect-swift/Libraries/Connect/Internal/Unary/UnaryAsyncWrapper.swift:15:8: error: no such module 'os.log'
13 | // limitations under the License.
14 |
15 | import os.log
   |        `- error: no such module 'os.log'
16 | import SwiftProtobuf
17 |
[471/705] Compiling Connect Codec.swift
/host/spi-builder-workspace/.build/checkouts/connect-swift/Libraries/Connect/Internal/Unary/UnaryAsyncWrapper.swift:15:8: error: no such module 'os.log'
13 | // limitations under the License.
14 |
15 | import os.log
   |        `- error: no such module 'os.log'
16 | import SwiftProtobuf
17 |
[472/705] Compiling Connect CompressionPool.swift
/host/spi-builder-workspace/.build/checkouts/connect-swift/Libraries/Connect/Internal/Unary/UnaryAsyncWrapper.swift:15:8: error: no such module 'os.log'
13 | // limitations under the License.
14 |
15 | import os.log
   |        `- error: no such module 'os.log'
16 | import SwiftProtobuf
17 |
[473/705] Compiling Connect ConnectError.swift
/host/spi-builder-workspace/.build/checkouts/connect-swift/Libraries/Connect/Internal/Unary/UnaryAsyncWrapper.swift:15:8: error: no such module 'os.log'
13 | // limitations under the License.
14 |
15 | import os.log
   |        `- error: no such module 'os.log'
16 | import SwiftProtobuf
17 |
[474/705] Compiling Connect ClientOnlyStreamValidation.swift
/host/spi-builder-workspace/.build/checkouts/connect-swift/Libraries/Connect/Internal/Unary/UnaryAsyncWrapper.swift:15:8: error: no such module 'os.log'
13 | // limitations under the License.
14 |
15 | import os.log
   |        `- error: no such module 'os.log'
16 | import SwiftProtobuf
17 |
[475/705] Compiling Connect ConnectEndStreamResponse.swift
/host/spi-builder-workspace/.build/checkouts/connect-swift/Libraries/Connect/Internal/Unary/UnaryAsyncWrapper.swift:15:8: error: no such module 'os.log'
13 | // limitations under the License.
14 |
15 | import os.log
   |        `- error: no such module 'os.log'
16 | import SwiftProtobuf
17 |
[476/705] Compiling Connect ServerOnlyAsyncStream.swift
/host/spi-builder-workspace/.build/checkouts/connect-swift/Libraries/Connect/Internal/Unary/UnaryAsyncWrapper.swift:15:8: error: no such module 'os.log'
13 | // limitations under the License.
14 |
15 | import os.log
   |        `- error: no such module 'os.log'
16 | import SwiftProtobuf
17 |
[477/705] Compiling Connect ServerOnlyStream.swift
/host/spi-builder-workspace/.build/checkouts/connect-swift/Libraries/Connect/Internal/Unary/UnaryAsyncWrapper.swift:15:8: error: no such module 'os.log'
13 | // limitations under the License.
14 |
15 | import os.log
   |        `- error: no such module 'os.log'
16 | import SwiftProtobuf
17 |
[478/705] Compiling Connect URLSessionStream.swift
/host/spi-builder-workspace/.build/checkouts/connect-swift/Libraries/Connect/Internal/Unary/UnaryAsyncWrapper.swift:15:8: error: no such module 'os.log'
13 | // limitations under the License.
14 |
15 | import os.log
   |        `- error: no such module 'os.log'
16 | import SwiftProtobuf
17 |
[479/705] Compiling Connect UnaryAsyncWrapper.swift
/host/spi-builder-workspace/.build/checkouts/connect-swift/Libraries/Connect/Internal/Unary/UnaryAsyncWrapper.swift:15:8: error: no such module 'os.log'
13 | // limitations under the License.
14 |
15 | import os.log
   |        `- error: no such module 'os.log'
16 | import SwiftProtobuf
17 |
[480/705] Compiling Connect Lock.swift
/host/spi-builder-workspace/.build/checkouts/connect-swift/Libraries/Connect/Internal/Unary/UnaryAsyncWrapper.swift:15:8: error: no such module 'os.log'
13 | // limitations under the License.
14 |
15 | import os.log
   |        `- error: no such module 'os.log'
16 | import SwiftProtobuf
17 |
[481/705] Compiling Connect Locked.swift
/host/spi-builder-workspace/.build/checkouts/connect-swift/Libraries/Connect/Internal/Unary/UnaryAsyncWrapper.swift:15:8: error: no such module 'os.log'
13 | // limitations under the License.
14 |
15 | import os.log
   |        `- error: no such module 'os.log'
16 | import SwiftProtobuf
17 |
error: emit-module command failed with exit code 1 (use -v to see invocation)
[482/705] Emitting module Connect
/host/spi-builder-workspace/.build/checkouts/connect-swift/Libraries/Connect/Internal/Unary/UnaryAsyncWrapper.swift:15:8: error: no such module 'os.log'
13 | // limitations under the License.
14 |
15 | import os.log
   |        `- error: no such module 'os.log'
16 | import SwiftProtobuf
17 |
[483/705] Compiling Connect status.pb.swift
/host/spi-builder-workspace/.build/checkouts/connect-swift/Libraries/Connect/Internal/Unary/UnaryAsyncWrapper.swift:15:8: error: no such module 'os.log'
13 | // limitations under the License.
14 |
15 | import os.log
   |        `- error: no such module 'os.log'
16 | import SwiftProtobuf
17 |
[484/705] Compiling Connect ConnectInterceptor.swift
/host/spi-builder-workspace/.build/checkouts/connect-swift/Libraries/Connect/Internal/Unary/UnaryAsyncWrapper.swift:15:8: error: no such module 'os.log'
13 | // limitations under the License.
14 |
15 | import os.log
   |        `- error: no such module 'os.log'
16 | import SwiftProtobuf
17 |
[485/705] Compiling Connect GRPCWebInterceptor.swift
/host/spi-builder-workspace/.build/checkouts/connect-swift/Libraries/Connect/Internal/Unary/UnaryAsyncWrapper.swift:15:8: error: no such module 'os.log'
13 | // limitations under the License.
14 |
15 | import os.log
   |        `- error: no such module 'os.log'
16 | import SwiftProtobuf
17 |
[486/705] Compiling Connect InterceptorChain.swift
/host/spi-builder-workspace/.build/checkouts/connect-swift/Libraries/Connect/Internal/Unary/UnaryAsyncWrapper.swift:15:8: error: no such module 'os.log'
13 | // limitations under the License.
14 |
15 | import os.log
   |        `- error: no such module 'os.log'
16 | import SwiftProtobuf
17 |
[487/705] Compiling Connect BidirectionalAsyncStream.swift
/host/spi-builder-workspace/.build/checkouts/connect-swift/Libraries/Connect/Internal/Unary/UnaryAsyncWrapper.swift:15:8: error: no such module 'os.log'
13 | // limitations under the License.
14 |
15 | import os.log
   |        `- error: no such module 'os.log'
16 | import SwiftProtobuf
17 |
[488/705] Compiling Connect BidirectionalStream.swift
/host/spi-builder-workspace/.build/checkouts/connect-swift/Libraries/Connect/Internal/Unary/UnaryAsyncWrapper.swift:15:8: error: no such module 'os.log'
13 | // limitations under the License.
14 |
15 | import os.log
   |        `- error: no such module 'os.log'
16 | import SwiftProtobuf
17 |
[489/705] Compiling Connect ClientOnlyAsyncStream.swift
/host/spi-builder-workspace/.build/checkouts/connect-swift/Libraries/Connect/Internal/Unary/UnaryAsyncWrapper.swift:15:8: error: no such module 'os.log'
13 | // limitations under the License.
14 |
15 | import os.log
   |        `- error: no such module 'os.log'
16 | import SwiftProtobuf
17 |
[490/705] Compiling Connect ClientOnlyStream.swift
/host/spi-builder-workspace/.build/checkouts/connect-swift/Libraries/Connect/Internal/Unary/UnaryAsyncWrapper.swift:15:8: error: no such module 'os.log'
13 | // limitations under the License.
14 |
15 | import os.log
   |        `- error: no such module 'os.log'
16 | import SwiftProtobuf
17 |
[490/705] Compiling v3_int.cc
[491/705] Compiling v3_pcons.cc
[492/705] Compiling v3_pmaps.cc
[493/705] Compiling v3_ncons.cc
[494/705] Compiling v3_lib.cc
[495/705] Compiling v3_ocsp.cc
[496/705] Compiling v3_info.cc
[498/705] Compiling Connect TimeoutTimer.swift
/host/spi-builder-workspace/.build/checkouts/connect-swift/Libraries/Connect/Internal/Unary/UnaryAsyncWrapper.swift:15:8: error: no such module 'os.log'
13 | // limitations under the License.
14 |
15 | import os.log
   |        `- error: no such module 'os.log'
16 | import SwiftProtobuf
17 |
[499/705] Compiling Connect ConnectError+GRPC.swift
/host/spi-builder-workspace/.build/checkouts/connect-swift/Libraries/Connect/Internal/Unary/UnaryAsyncWrapper.swift:15:8: error: no such module 'os.log'
13 | // limitations under the License.
14 |
15 | import os.log
   |        `- error: no such module 'os.log'
16 | import SwiftProtobuf
17 |
[500/705] Compiling Connect Envelope.swift
/host/spi-builder-workspace/.build/checkouts/connect-swift/Libraries/Connect/Internal/Unary/UnaryAsyncWrapper.swift:15:8: error: no such module 'os.log'
13 | // limitations under the License.
14 |
15 | import os.log
   |        `- error: no such module 'os.log'
16 | import SwiftProtobuf
17 |
[501/705] Compiling Connect Headers+GRPC.swift
/host/spi-builder-workspace/.build/checkouts/connect-swift/Libraries/Connect/Internal/Unary/UnaryAsyncWrapper.swift:15:8: error: no such module 'os.log'
13 | // limitations under the License.
14 |
15 | import os.log
   |        `- error: no such module 'os.log'
16 | import SwiftProtobuf
17 |
[502/705] Compiling Connect Trailers+gRPC.swift
/host/spi-builder-workspace/.build/checkouts/connect-swift/Libraries/Connect/Internal/Unary/UnaryAsyncWrapper.swift:15:8: error: no such module 'os.log'
13 | // limitations under the License.
14 |
15 | import os.log
   |        `- error: no such module 'os.log'
16 | import SwiftProtobuf
17 |
[503/705] Compiling Connect ProtocolClient.swift
/host/spi-builder-workspace/.build/checkouts/connect-swift/Libraries/Connect/Internal/Unary/UnaryAsyncWrapper.swift:15:8: error: no such module 'os.log'
13 | // limitations under the License.
14 |
15 | import os.log
   |        `- error: no such module 'os.log'
16 | import SwiftProtobuf
17 |
[504/705] Compiling Connect URLSessionHTTPClient.swift
/host/spi-builder-workspace/.build/checkouts/connect-swift/Libraries/Connect/Internal/Unary/UnaryAsyncWrapper.swift:15:8: error: no such module 'os.log'
13 | // limitations under the License.
14 |
15 | import os.log
   |        `- error: no such module 'os.log'
16 | import SwiftProtobuf
17 |
[505/705] Compiling Connect JSONCodec.swift
/host/spi-builder-workspace/.build/checkouts/connect-swift/Libraries/Connect/Internal/Unary/UnaryAsyncWrapper.swift:15:8: error: no such module 'os.log'
13 | // limitations under the License.
14 |
15 | import os.log
   |        `- error: no such module 'os.log'
16 | import SwiftProtobuf
17 |
[505/705] Compiling v3_conf.cc
[505/705] Compiling v3_crld.cc
[505/705] Compiling v3_enum.cc
[505/705] Compiling v3_cpols.cc
[505/705] Compiling v3_extku.cc
[505/705] Compiling v3_genn.cc
[505/705] Compiling v3_ia5.cc
BUILD FAILURE 6.2 linux