The Swift Package Index logo.Swift Package Index

Build Information

Failed to build GoogleCloudGKEConnectGatewayV1, reference main (6b04ef), with Swift 6.2 for Android on 11 Oct 2026 01:14:44 UTC.

Build Command

bash -c docker run --pull=always --rm -v "checkouts-53886768-2":/host -w "$PWD" -e JAVA_HOME="/root/.sdkman/candidates/java/current" -e SPI_BUILD="1" -e SPI_PROCESSING="1" registry.gitlab.com/saguaro1/spi-images:android-6.2-latest swift build --swift-sdk aarch64-unknown-linux-android28 2>&1

Build Log

========================================
RunAll
========================================
Builder version: 5.1.1
Interrupt handler set up.
========================================
Checkout
========================================
Clone URL: https://github.com/googleapis/swift-google-cloud-gkeconnect-gateway-v1.git
Reference: main
Initialized empty Git repository in /host/spi-builder-workspace/.git/
hint: Using 'master' as the name for the initial branch. This default branch name
hint: is subject to change. To configure the initial branch name to use in all
hint: of your new repositories, which will suppress this warning, call:
hint:
hint: 	git config --global init.defaultBranch <name>
hint:
hint: Names commonly chosen instead of 'master' are 'main', 'trunk' and
hint: 'development'. The just-created branch can be renamed via this command:
hint:
hint: 	git branch -m <name>
From https://github.com/googleapis/swift-google-cloud-gkeconnect-gateway-v1
 * branch            main       -> FETCH_HEAD
 * [new branch]      main       -> origin/main
HEAD is now at 6b04ef6 chore: release circa 2026-10-07 (#1382)
Cloned https://github.com/googleapis/swift-google-cloud-gkeconnect-gateway-v1.git
Revision (git rev-parse @):
6b04ef6363989164055bd164cd6b2c04770cf080
SPI manifest file found: $PWD/.spi.yml
SUCCESS checkout https://github.com/googleapis/swift-google-cloud-gkeconnect-gateway-v1.git at main
========================================
Build
========================================
Selected platform:         android
Swift version:             6.2
Building package at path:  $PWD
https://github.com/googleapis/swift-google-cloud-gkeconnect-gateway-v1.git
Running build ...
bash -c docker run --pull=always --rm -v "checkouts-53886768-2":/host -w "$PWD" -e JAVA_HOME="/root/.sdkman/candidates/java/current" -e SPI_BUILD="1" -e SPI_PROCESSING="1" registry.gitlab.com/saguaro1/spi-images:android-6.2-latest swift build --swift-sdk aarch64-unknown-linux-android28 2>&1
android-6.2-latest: Pulling from saguaro1/spi-images
Digest: sha256:a839c9ce201f1dacc8eb056626ec7ab0a1c6d53d7b77c83feda395f4507c51be
Status: Image is up to date for registry.gitlab.com/saguaro1/spi-images:android-6.2-latest
Fetching https://github.com/googleapis/swift-google-gax
Fetching https://github.com/googleapis/swift-google-wkt
Fetching https://github.com/googleapis/swift-google-auth
[31/1023] Fetching swift-google-auth
[104/2046] Fetching swift-google-auth, swift-google-wkt
[953/3794] Fetching swift-google-auth, swift-google-wkt, swift-google-gax
Fetched https://github.com/googleapis/swift-google-wkt from cache (0.46s)
Fetched https://github.com/googleapis/swift-google-auth from cache (0.46s)
Fetching https://github.com/apple/swift-log
Fetched https://github.com/googleapis/swift-google-gax from cache (0.50s)
[1/8257] Fetching swift-log
Fetched https://github.com/apple/swift-log from cache (0.62s)
Computing version for https://github.com/googleapis/swift-google-wkt
Computed https://github.com/googleapis/swift-google-wkt at 0.5.0 (1.40s)
Fetching https://github.com/swift-extras/swift-extras-base64
[1/954] Fetching swift-extras-base64
Fetched https://github.com/swift-extras/swift-extras-base64 from cache (0.43s)
Computing version for https://github.com/googleapis/swift-google-gax
Computed https://github.com/googleapis/swift-google-gax at 0.5.0 (0.77s)
Fetching https://github.com/googleapis/swift-google-rpc
Fetching https://github.com/apple/swift-nio
Fetching https://github.com/swift-server/async-http-client.git
[1/422] Fetching swift-google-rpc
Fetched https://github.com/googleapis/swift-google-rpc from cache (0.39s)
[1/16464] Fetching async-http-client
[16465/102838] Fetching async-http-client, swift-nio
Fetched https://github.com/swift-server/async-http-client.git from cache (1.00s)
[4319/86374] Fetching swift-nio
Fetched https://github.com/apple/swift-nio from cache (3.12s)
Computing version for https://github.com/googleapis/swift-google-auth
Computed https://github.com/googleapis/swift-google-auth at 0.5.0 (3.28s)
Fetching https://github.com/apple/swift-system.git
Fetching https://github.com/vapor/jwt-kit.git
[1/7241] Fetching swift-system
[7098/17495] Fetching swift-system, jwt-kit
Fetched https://github.com/apple/swift-system.git from cache (0.87s)
Fetched https://github.com/vapor/jwt-kit.git from cache (0.87s)
Computing version for https://github.com/googleapis/swift-google-rpc
Computed https://github.com/googleapis/swift-google-rpc at 0.5.0 (1.03s)
Computing version for https://github.com/swift-extras/swift-extras-base64
Computed https://github.com/swift-extras/swift-extras-base64 at 1.2.0 (0.14s)
Computing version for https://github.com/swift-server/async-http-client.git
Computed https://github.com/swift-server/async-http-client.git at 1.36.2 (0.18s)
Fetching https://github.com/apple/swift-atomics.git
Fetching https://github.com/apple/swift-nio-http2.git
Fetching https://github.com/apple/swift-distributed-tracing.git
Fetching https://github.com/apple/swift-configuration.git
Fetching https://github.com/apple/swift-nio-ssl.git
Fetching https://github.com/apple/swift-service-context.git
[1/1500] Fetching swift-service-context
[1231/5428] Fetching swift-service-context, swift-configuration
[1619/22289] Fetching swift-service-context, swift-configuration, swift-nio-ssl
[1738/24178] Fetching swift-service-context, swift-configuration, swift-nio-ssl, swift-atomics
[2049/30729] Fetching swift-service-context, swift-configuration, swift-nio-ssl, swift-atomics, swift-distributed-tracing
Fetched https://github.com/apple/swift-service-context.git from cache (0.39s)
[588/29229] Fetching swift-configuration, swift-nio-ssl, swift-atomics, swift-distributed-tracing
Fetching https://github.com/apple/swift-nio-transport-services.git
[11258/41523] Fetching swift-configuration, swift-nio-ssl, swift-atomics, swift-distributed-tracing, swift-nio-http2
[36466/44390] Fetching swift-configuration, swift-nio-ssl, swift-atomics, swift-distributed-tracing, swift-nio-http2, swift-nio-transport-services
Fetched https://github.com/apple/swift-nio-transport-services.git from cache (0.46s)
Fetching https://github.com/apple/swift-nio-extras.git
Fetched https://github.com/apple/swift-configuration.git from cache (0.95s)
Fetching https://github.com/apple/swift-algorithms.git
Fetched https://github.com/apple/swift-nio-http2.git from cache (0.95s)
Fetched https://github.com/apple/swift-atomics.git from cache (1.20s)
Fetched https://github.com/apple/swift-distributed-tracing.git from cache (1.20s)
Fetched https://github.com/apple/swift-nio-ssl.git from cache (1.21s)
[1/6703] Fetching swift-nio-extras
[940/12867] Fetching swift-nio-extras, swift-algorithms
Fetched https://github.com/apple/swift-nio-extras.git from cache (0.56s)
Fetched https://github.com/apple/swift-algorithms.git from cache (0.50s)
Computing version for https://github.com/apple/swift-service-context.git
Computed https://github.com/apple/swift-service-context.git at 1.3.0 (1.59s)
Computing version for https://github.com/apple/swift-algorithms.git
Computed https://github.com/apple/swift-algorithms.git at 1.2.1 (0.86s)
Fetching https://github.com/apple/swift-numerics.git
[1/6728] Fetching swift-numerics
Fetched https://github.com/apple/swift-numerics.git from cache (0.52s)
Computing version for https://github.com/apple/swift-log
Computed https://github.com/apple/swift-log at 1.16.1 (0.68s)
Computing version for https://github.com/apple/swift-distributed-tracing.git
Computed https://github.com/apple/swift-distributed-tracing.git at 1.5.0 (0.14s)
Computing version for https://github.com/apple/swift-atomics.git
Computed https://github.com/apple/swift-atomics.git at 1.3.1 (0.14s)
Computing version for https://github.com/apple/swift-numerics.git
Computed https://github.com/apple/swift-numerics.git at 1.1.1 (0.13s)
Computing version for https://github.com/apple/swift-nio
Computed https://github.com/apple/swift-nio at 2.104.0 (0.33s)
Fetching https://github.com/apple/swift-collections.git
[1/28703] Fetching swift-collections
Fetched https://github.com/apple/swift-collections.git from cache (1.15s)
Computing version for https://github.com/apple/swift-configuration.git
Computed https://github.com/apple/swift-configuration.git at 1.2.2 (1.94s)
Fetching https://github.com/swift-server/swift-service-lifecycle
[1/2867] Fetching swift-service-lifecycle
Fetched https://github.com/swift-server/swift-service-lifecycle from cache (0.43s)
Computing version for https://github.com/apple/swift-nio-transport-services.git
Computed https://github.com/apple/swift-nio-transport-services.git at 1.28.0 (0.58s)
Computing version for https://github.com/swift-server/swift-service-lifecycle
Computed https://github.com/swift-server/swift-service-lifecycle at 2.12.1 (0.13s)
Fetching https://github.com/apple/swift-async-algorithms.git
[1/6820] Fetching swift-async-algorithms
Fetched https://github.com/apple/swift-async-algorithms.git from cache (0.56s)
Computing version for https://github.com/apple/swift-async-algorithms.git
Computed https://github.com/apple/swift-async-algorithms.git at 1.1.7 (0.77s)
Computing version for https://github.com/apple/swift-collections.git
Computed https://github.com/apple/swift-collections.git at 1.7.2 (0.23s)
Computing version for https://github.com/apple/swift-nio-http2.git
Computed https://github.com/apple/swift-nio-http2.git at 1.46.0 (0.16s)
Computing version for https://github.com/vapor/jwt-kit.git
Computed https://github.com/vapor/jwt-kit.git at 5.7.1 (0.14s)
Fetching https://github.com/apple/swift-certificates.git
Fetching https://github.com/apple/swift-crypto.git
[1/18629] Fetching swift-crypto
[560/26238] Fetching swift-crypto, swift-certificates
Fetched https://github.com/apple/swift-certificates.git from cache (1.16s)
Fetched https://github.com/apple/swift-crypto.git from cache (1.17s)
Computing version for https://github.com/apple/swift-crypto.git
Computed https://github.com/apple/swift-crypto.git at 4.5.2 (1.77s)
Fetching https://github.com/apple/swift-asn1.git
[1/2009] Fetching swift-asn1
Fetched https://github.com/apple/swift-asn1.git from cache (0.39s)
Computing version for https://github.com/apple/swift-asn1.git
Computed https://github.com/apple/swift-asn1.git at 1.7.3 (0.57s)
Computing version for https://github.com/apple/swift-certificates.git
Computed https://github.com/apple/swift-certificates.git at 1.21.0 (0.19s)
Computing version for https://github.com/apple/swift-nio-ssl.git
Computed https://github.com/apple/swift-nio-ssl.git at 2.37.5 (0.17s)
Computing version for https://github.com/apple/swift-system.git
Computed https://github.com/apple/swift-system.git at 1.8.1 (0.16s)
Computing version for https://github.com/apple/swift-nio-extras.git
Computed https://github.com/apple/swift-nio-extras.git at 1.35.1 (0.25s)
Fetching https://github.com/apple/swift-http-types.git
Fetching https://github.com/apple/swift-http-structured-headers.git
[1/1253] Fetching swift-http-structured-headers
[891/3192] Fetching swift-http-structured-headers, swift-http-types
Fetched https://github.com/apple/swift-http-structured-headers.git from cache (0.46s)
Fetched https://github.com/apple/swift-http-types.git from cache (0.46s)
Computing version for https://github.com/apple/swift-http-structured-headers.git
Computed https://github.com/apple/swift-http-structured-headers.git at 1.7.0 (0.60s)
Computing version for https://github.com/apple/swift-http-types.git
Computed https://github.com/apple/swift-http-types.git at 1.8.0 (0.16s)
Creating working copy for https://github.com/googleapis/swift-google-gax
Working copy of https://github.com/googleapis/swift-google-gax resolved at 0.5.0
Creating working copy for https://github.com/apple/swift-nio-transport-services.git
Working copy of https://github.com/apple/swift-nio-transport-services.git resolved at 1.28.0
Creating working copy for https://github.com/apple/swift-http-types.git
Working copy of https://github.com/apple/swift-http-types.git resolved at 1.8.0
Creating working copy for https://github.com/apple/swift-nio-extras.git
Working copy of https://github.com/apple/swift-nio-extras.git resolved at 1.35.1
Creating working copy for https://github.com/apple/swift-nio
Working copy of https://github.com/apple/swift-nio resolved at 2.104.0
Creating working copy for https://github.com/apple/swift-distributed-tracing.git
Working copy of https://github.com/apple/swift-distributed-tracing.git resolved at 1.5.0
Creating working copy for https://github.com/googleapis/swift-google-wkt
Working copy of https://github.com/googleapis/swift-google-wkt resolved at 0.5.0
Creating working copy for https://github.com/apple/swift-service-context.git
Working copy of https://github.com/apple/swift-service-context.git resolved at 1.3.0
Creating working copy for https://github.com/apple/swift-crypto.git
Working copy of https://github.com/apple/swift-crypto.git resolved at 4.5.2
Creating working copy for https://github.com/apple/swift-algorithms.git
Working copy of https://github.com/apple/swift-algorithms.git resolved at 1.2.1
Creating working copy for https://github.com/apple/swift-configuration.git
Working copy of https://github.com/apple/swift-configuration.git resolved at 1.2.2
Creating working copy for https://github.com/apple/swift-atomics.git
Working copy of https://github.com/apple/swift-atomics.git resolved at 1.3.1
Creating working copy for https://github.com/apple/swift-http-structured-headers.git
Working copy of https://github.com/apple/swift-http-structured-headers.git resolved at 1.7.0
Creating working copy for https://github.com/apple/swift-async-algorithms.git
Working copy of https://github.com/apple/swift-async-algorithms.git resolved at 1.1.7
Creating working copy for https://github.com/apple/swift-asn1.git
Working copy of https://github.com/apple/swift-asn1.git resolved at 1.7.3
Creating working copy for https://github.com/swift-server/swift-service-lifecycle
Working copy of https://github.com/swift-server/swift-service-lifecycle resolved at 2.12.1
Creating working copy for https://github.com/apple/swift-numerics.git
Working copy of https://github.com/apple/swift-numerics.git resolved at 1.1.1
Creating working copy for https://github.com/googleapis/swift-google-rpc
Working copy of https://github.com/googleapis/swift-google-rpc resolved at 0.5.0
Creating working copy for https://github.com/apple/swift-nio-ssl.git
Working copy of https://github.com/apple/swift-nio-ssl.git resolved at 2.37.5
Creating working copy for https://github.com/apple/swift-collections.git
Working copy of https://github.com/apple/swift-collections.git resolved at 1.7.2
Creating working copy for https://github.com/swift-server/async-http-client.git
Working copy of https://github.com/swift-server/async-http-client.git resolved at 1.36.2
Creating working copy for https://github.com/apple/swift-certificates.git
Working copy of https://github.com/apple/swift-certificates.git resolved at 1.21.0
Creating working copy for https://github.com/apple/swift-log
Working copy of https://github.com/apple/swift-log resolved at 1.16.1
Creating working copy for https://github.com/swift-extras/swift-extras-base64
Working copy of https://github.com/swift-extras/swift-extras-base64 resolved at 1.2.0
Creating working copy for https://github.com/apple/swift-system.git
Working copy of https://github.com/apple/swift-system.git resolved at 1.8.1
Creating working copy for https://github.com/apple/swift-nio-http2.git
Working copy of https://github.com/apple/swift-nio-http2.git resolved at 1.46.0
Creating working copy for https://github.com/vapor/jwt-kit.git
Working copy of https://github.com/vapor/jwt-kit.git resolved at 5.7.1
Creating working copy for https://github.com/googleapis/swift-google-auth
Working copy of https://github.com/googleapis/swift-google-auth resolved at 0.5.0
Building for debugging...
[0/894] Compiling curve25519_64_adx.cc
[1/894] Compiling evp_ctx.cc
[2/894] Compiling err.cc
[2/894] Write sources
[2/894] Compiling f_int.cc
[2/894] Write sources
[2/894] Compiling evp.cc
[2/894] Write sources
[47/894] Compiling engine.cc
[48/894] Compiling _NumericsShims _NumericsShims.c
[49/894] Compiling _AtomicsShims.c
[50/894] Compiling CXKCPShims shims.c
[51/894] Compiling SimpleFIPS202.c
[52/894] Compiling KeccakSponge.c
[53/894] Compiling CNIOWindows shim.c
[54/894] Compiling CNIOWindows WSAStartup.c
[55/894] Compiling KeccakHash.c
[56/894] Compiling CNIOPosix event_loop_id.c
[56/894] Compiling CNIOWASI CNIOWASI.c
[58/894] Write swift-version--11D90AFD9DD3AB2.txt
[59/894] Compiling CSystem shims.c
[60/894] Compiling CNIOOpenBSD shim.c
[61/894] Compiling CNIOLinux liburing_shims.c
[62/901] Compiling curve25519.cc
[63/902] Compiling CNIOLinux shim.c
[64/959] Compiling evp_asn1.cc
[66/970] Emitting module _CertificateInternals
[66/970] Compiling KeccakP-1600-opt64.c
[68/981] Emitting module SystemPackage
[69/986] Compiling SystemPackage SystemString.swift
[70/986] Compiling SystemPackage Util+StringArray.swift
[71/986] Compiling SystemPackage Util.swift
[72/986] Compiling SystemPackage UtilConsumers.swift
[73/986] Compiling SystemPackage WinSDK+Overlay.swift
[74/986] Compiling SwiftASN1 ASN1OctetString.swift
[75/986] Compiling SwiftASN1 ASN1Strings.swift
[76/988] Compiling _NIOBase64 Base64.swift
[77/988] Emitting module _NIOBase64
[78/989] Compiling SwiftASN1 TimeUtilities.swift
[79/989] Compiling SwiftASN1 UTCTime.swift
[80/989] Compiling ServiceContextModule ServiceContextKey.swift
[82/989] Compiling RealModule RealFunctions.swift
[83/990] Compiling Logging MultiplexLogHandler.swift
[84/990] Compiling Logging StreamLogHandler.swift
[85/990] Compiling Logging LogEvent.swift
[86/990] Compiling Logging LogHandler.swift
[87/990] Compiling Logging SwiftLogNoOpLogHandler.swift
[88/990] Compiling Logging Locks.swift
[91/990] Compiling RealModule Real.swift
[92/991] Compiling RealModule Float80+Real.swift
[93/991] Compiling Logging LoggingSystem.swift
[94/991] Compiling _CertificateInternals _TinyArray.swift
[95/992] Emitting module RealModule
[96/997] Compiling InternalCollectionsUtilities BorrowingIteratorProtocol+Equality.swift
[97/997] Compiling InternalCollectionsUtilities BorrowingIteratorProtocol+Extras.swift
[98/1005] Compiling RealModule RelaxedArithmetic.swift
[99/1005] Compiling _NIODataStructures PriorityQueue.swift
[100/1017] Compiling InternalCollectionsUtilities FixedWidthInteger+roundUpToPowerOfTwo.swift
[101/1017] Compiling InternalCollectionsUtilities Integer rank.swift
[102/1017] Compiling RealModule Float16+Real.swift
[103/1020] Compiling InternalCollectionsUtilities Debugging.swift
[104/1020] Compiling InternalCollectionsUtilities Descriptions.swift
[106/1021] Compiling Logging Logger.swift
[111/1021] Compiling InternalCollectionsUtilities UInt+first and last set bit.swift
[112/1021] Compiling InternalCollectionsUtilities UInt+reversed.swift
[116/1021] Emitting module ServiceContextModule
[117/1021] Compiling ServiceContextModule ServiceContext.swift
[117/1022] Wrapping AST for _NIOBase64 for debugging
[120/1022] Compiling Logging Logger+With.swift
[121/1023] Compiling Logging Logger+Attributes.swift
[122/1025] Compiling InternalCollectionsUtilities Iterable+CopyContents.swift
[123/1025] Compiling InternalCollectionsUtilities Iterable+Equality.swift
[124/1026] Compiling InternalCollectionsUtilities LifetimeOverride.swift
[125/1026] Compiling InternalCollectionsUtilities MutableRef.swift
[125/1030] Wrapping AST for _CertificateInternals for debugging
[126/1030] Wrapping AST for RealModule for debugging
[127/1036] Wrapping AST for ServiceContextModule for debugging
[129/1036] Compiling _NIODataStructures _TinyArray.swift
[130/1036] Emitting module _NIODataStructures
[131/1036] Compiling _NIODataStructures Heap.swift
[133/1037] Compiling Instrumentation NoOpInstrument.swift
[133/1037] Compiling CNIOLLHTTP c_nio_http.c
[135/1037] Compiling InternalCollectionsUtilities UnsafeRawBufferPointer+Extras.swift
[136/1037] Compiling InternalCollectionsUtilities _SortedCollection.swift
[137/1037] Compiling InternalCollectionsUtilities _UniqueCollection.swift
[138/1037] Compiling Instrumentation MultiplexInstrument.swift
[138/1037] Wrapping AST for _NIODataStructures for debugging
[140/1037] Compiling ExtrasBase64 Base32+Span.swift
[149/1037] Emitting module SwiftASN1
[149/1037] Compiling CNIOLLHTTP c_nio_llhttp.c
[150/1037] Compiling CNIOFreeBSD shim.c
[152/1037] Compiling InternalCollectionsUtilities Strideable+LimitHelpers.swift
[153/1037] Compiling InternalCollectionsUtilities String+Padding.swift
[154/1037] Compiling InternalCollectionsUtilities TemporaryAllocation.swift
[155/1037] Compiling InternalCollectionsUtilities _UnsafeBitSet+Index.swift
[156/1037] Compiling InternalCollectionsUtilities UnsafeMutablePointer+Extras.swift
[157/1037] Compiling InternalCollectionsUtilities UnsafeMutableRawBufferPointer+Extras.swift
[158/1037] Compiling InternalCollectionsUtilities UnsafePointer+Extras.swift
[158/1037] Compiling CNIOExtrasZlib zutil.c
[159/1037] Compiling CNIOLLHTTP c_nio_api.c
[161/1037] Emitting module Instrumentation
[162/1037] Compiling Instrumentation Instrument.swift
[162/1037] Compiling CNIOExtrasZlib inftrees.c
[163/1037] Compiling CNIOExtrasZlib trees.c
[164/1037] Compiling CNIOExtrasZlib inffast.c
[166/1037] Compiling InternalCollectionsUtilities MutableSpan+Extras.swift
[167/1037] Compiling InternalCollectionsUtilities OutputSpan+Extras.swift
[167/1037] Compiling CNIOExtrasZlib inflate.c
[169/1037] Emitting module InternalCollectionsUtilities
[169/1037] Compiling CNIOExtrasZlib crc32.c
[169/1037] Compiling CNIOExtrasZlib deflate.c
[171/1037] Compiling CNIODarwin shim.c
[172/1037] Compiling CNIOExtrasZlib adler32.c
[173/1037] Compiling fiat_p256_adx_sqr.S
[174/1037] Compiling fiat_p256_adx_mul.S
[175/1037] Compiling fiat_curve25519_adx_square.S
[176/1037] Compiling fiat_curve25519_adx_mul.S
[177/1037] Compiling CNIOBoringSSLShims shims.c
[181/1037] Compiling InternalCollectionsUtilities RandomAccessCollection+Offsets.swift
[182/1037] Compiling InternalCollectionsUtilities Span+Extras.swift
[183/1037] Compiling InternalCollectionsUtilities _UnsafeBitSet+_Word.swift
[184/1037] Compiling InternalCollectionsUtilities _UnsafeBitSet.swift
[185/1037] Compiling InternalCollectionsUtilities UnsafeBufferPointer+Extras.swift
[186/1037] Compiling InternalCollectionsUtilities UnsafeMutableBufferPointer+Extras.swift
[188/1038] Compiling ExtrasBase64 Base32.swift
[189/1042] Compiling SpanPreview OutputSpan+InputSpanHelpers.swift
[190/1042] Compiling SpanPreview MutableSpan+InputSpanHelpers.swift
[191/1042] Emitting module SpanPreview
[192/1042] Compiling SpanPreview InputSpan.swift
[193/1043] Wrapping AST for InternalCollectionsUtilities for debugging
[199/1043] Compiling SystemPackage RawIORequest.swift
[205/1043] Compiling SystemPackage RawBuffer.swift
[206/1043] Compiling SystemPackage Syscalls.swift
[207/1043] Compiling SystemPackage WindowsSyscallAdapters.swift
[208/1043] Compiling SystemPackage MachPort.swift
[209/1043] Compiling SystemPackage PlatformString.swift
[210/1074] Compiling DequeModule Deque+Extras.swift
[211/1074] Compiling DequeModule Deque+Hashable.swift
[212/1074] Compiling DequeModule Deque+Testing.swift
[213/1074] Compiling DequeModule Deque._Storage.swift
[214/1085] Compiling DequeModule Deque+Equatable.swift
[215/1085] Compiling DequeModule Deque+ExpressibleByArrayLiteral.swift
[216/1085] Compiling DequeModule Deque+Codable.swift
[217/1085] Compiling DequeModule Deque+Collection.swift
[218/1086] Emitting module Logging
[220/1086] Compiling Logging MetadataProvider.swift
[221/1087] Compiling DequeModule UniqueDeque+Descriptions.swift
[222/1087] Compiling DequeModule UniqueDeque+Equatable.swift
[223/1087] Compiling DequeModule UniqueDeque+Hashable.swift
[224/1087] Compiling DequeModule RigidDeque+Prepend.swift
[225/1087] Compiling DequeModule RigidDeque+Removals.swift
[225/1087] Wrapping AST for SpanPreview for debugging
[228/1087] Compiling Instrumentation Locks.swift
[229/1087] Compiling Instrumentation InstrumentationSystem.swift
[230/1088] Wrapping AST for SwiftASN1 for debugging
[231/1088] Wrapping AST for Logging for debugging
[233/1088] Compiling DequeModule UniqueDeque+Initializers.swift
[234/1088] Compiling DequeModule UniqueDeque+Insertions.swift
[235/1088] Compiling DequeModule UniqueDeque+Iterable.swift
[236/1088] Compiling DequeModule UniqueDeque+Prepend.swift
[237/1088] Compiling DequeModule UniqueDeque+Removals.swift
[238/1088] Compiling DequeModule RigidDeque+Deprecations.swift
[243/1088] Compiling DequeModule _DequeBuffer.swift
[244/1088] Compiling DequeModule _DequeBufferHeader.swift
[245/1088] Compiling DequeModule RigidDeque+Append.swift
[246/1088] Compiling DequeModule RigidDeque+Consumption.swift
[247/1088] Compiling DequeModule RigidDeque+ContainerOperations.swift
[248/1093] Compiling DequeModule UniqueDeque+Consumption.swift
[249/1093] Compiling DequeModule UniqueDeque+ContainerOperations.swift
[250/1093] Compiling DequeModule UniqueDeque+Deprecations.swift
[253/1093] Wrapping AST for Instrumentation for debugging
[255/1102] Wrapping AST for SystemPackage for debugging
[256/1102] Compiling tls_record.cc
[264/1102] Compiling Tracing TracingTime.swift
[265/1103] Compiling Tracing WithTracer.swift
[266/1103] Emitting module Tracing
[267/1103] Compiling Tracing TracerProtocol.swift
[268/1103] Compiling DequeModule RigidDeque+Descriptions.swift
[269/1103] Compiling DequeModule RigidDeque+Equatable.swift
[270/1103] Compiling DequeModule RigidDeque+Hashable.swift
[271/1103] Compiling DequeModule RigidDeque+Initializers.swift
[272/1103] Compiling DequeModule RigidDeque+Insertions.swift
[273/1103] Compiling DequeModule RigidDeque+Iterable.swift
[276/1103] Compiling DequeModule RigidDeque+Replacements.swift
[277/1103] Compiling DequeModule RigidDeque+Testing.swift
[278/1103] Compiling DequeModule RigidDeque.swift
[279/1103] Compiling DequeModule UniqueDeque+Append.swift
[280/1103] Compiling Tracing TracerProtocol+Legacy.swift
[281/1103] Compiling Tracing Tracer.swift
[282/1103] Compiling Tracing NoOpTracer.swift
[283/1103] Compiling Tracing SpanProtocol.swift
[284/1103] Compiling Tracing InstrumentationSystem+Tracing.swift
[284/1104] Compiling tls_method.cc
[289/1104] Compiling DequeModule Deque+CustomReflectable.swift
[290/1104] Compiling DequeModule Deque+Descriptions.swift
[297/1104] Compiling DequeModule Deque._UnsafeHandle.swift
[298/1104] Compiling DequeModule Deque.swift
[298/1104] Compiling tls13_enc.cc
[299/1104] Wrapping AST for Tracing for debugging
[300/1104] Compiling tls13_client.cc
[301/1104] Compiling tls13_server.cc
[302/1104] Compiling tls13_both.cc
[303/1104] Compiling ssl_x509.cc
[304/1104] Compiling t1_enc.cc
[305/1104] Compiling ssl_versions.cc
[306/1104] Compiling ssl_stat.cc
[307/1104] Compiling ssl_transcript.cc
[309/1104] Emitting module DequeModule
[310/1104] Compiling DequeModule UniqueDeque+Replacements.swift
[311/1104] Compiling DequeModule UniqueDeque.swift
[312/1104] Compiling DequeModule _DequeSlot.swift
[313/1104] Compiling DequeModule _UnsafeDequeHandle.swift
[314/1104] Compiling DequeModule _UnsafeDequeSegments.swift
[315/1148] Compiling ssl_privkey.cc
[316/1148] Wrapping AST for DequeModule for debugging
[317/1148] Compiling ssl_session.cc
[318/1148] Compiling ssl_lib.cc
[319/1148] Compiling ssl_key_share.cc
[321/1148] Emitting module Configuration
[322/1153] Compiling ExtrasBase64 Base64+Span.swift
[323/1153] Compiling ExtrasBase64 Base64.swift
[323/1153] Compiling ssl_file.cc
[324/1153] Compiling ssl_credential.cc
[326/1153] Emitting module ExtrasBase64
[328/1154] Compiling Configuration EnvironmentKeyEncoder.swift
[329/1154] Compiling Configuration EnvironmentVariablesProvider.swift
[330/1154] Compiling Configuration CommonProviderFileSystem.swift
[331/1154] Compiling Configuration DirectoryFilesProvider.swift
[332/1154] Compiling Configuration FileProvider.swift
[333/1154] Compiling Configuration FileProviderSnapshot.swift
[333/1154] Compiling ssl_cipher.cc
[334/1185] Compiling ssl_buffer.cc
[335/1185] Compiling ssl_aead_ctx.cc
[336/1185] Compiling ssl_cert.cc
[337/1185] Wrapping AST for ExtrasBase64 for debugging
[338/1185] Compiling ssl_asn1.cc
[339/1185] Compiling s3_pkt.cc
[340/1185] Compiling s3_lib.cc
[342/1185] Compiling Configuration MutableInMemoryProvider.swift
[343/1185] Compiling Configuration ConfigProvider+Operators.swift
[344/1185] Compiling Configuration KeyMappingProvider.swift
[345/1185] Compiling Configuration SecretsSpecifier.swift
[346/1185] Compiling Configuration AsyncCombineLatestManySequence.swift
[347/1185] Compiling Configuration CombineLatestManyStateMachine.swift
[348/1185] Compiling Configuration JSONSnapshot.swift
[349/1185] Compiling Configuration PropertyListSnapshot.swift
[350/1185] Compiling Configuration ReloadingFileProvider.swift
[351/1185] Compiling Configuration ReloadingFileProviderMetrics.swift
[352/1185] Compiling Configuration YAMLSnapshot.swift
[353/1185] Compiling Configuration InMemoryProvider.swift
[354/1185] Emitting module GoogleWKT
[355/1189] Compiling GoogleWKT WKTBoolValue.swift
[356/1189] Compiling GoogleWKT WKTBytesValue.swift
[357/1189] Compiling GoogleWKT WKTFloatValue.swift
[358/1189] Compiling GoogleWKT WKTInt32Value.swift
[359/1189] Compiling GoogleWKT WKTInt64Value.swift
[360/1189] Compiling GoogleWKT WKTRecursive.swift
[361/1189] Compiling GoogleWKT WKTDuration.swift
[362/1189] Compiling GoogleWKT WKTEmpty.swift
[363/1189] Compiling GoogleWKT WKTFieldMask.swift
[364/1189] Compiling GoogleWKT UnknownFields.swift
[365/1189] Compiling GoogleWKT WKTAny.swift
[366/1189] Compiling GoogleWKT WKTAnyError.swift
[366/1189] Compiling handshake_server.cc
[368/1189] Compiling Configuration CombineLatestManyStorage.swift
[369/1189] Compiling Configuration AsyncSequences.swift
[370/1189] Compiling Configuration FoundationExtensions.swift
[371/1189] Compiling Configuration Span.swift
[372/1189] Compiling Configuration ConfigBytesFromStringDecoder.swift
[373/1189] Compiling GoogleWKT WKTDoubleValue.swift
[381/1189] Compiling GoogleWKT WKTStringValue.swift
[382/1189] Compiling GoogleWKT WKTTimestamp.swift
[383/1189] Compiling GoogleWKT WKTUInt32Value.swift
[384/1189] Compiling GoogleWKT WKTUInt64Value.swift
[389/1189] Compiling handshake_client.cc
[390/1189] Compiling handshake.cc
[391/1189] Compiling s3_both.cc
[393/1189] Compiling GoogleWKT WKTField.swift
[394/1189] Compiling GoogleWKT WKTMethod.swift
[395/1189] Compiling GoogleWKT WKTMixin.swift
[396/1189] Compiling GoogleWKT WKTOption.swift
[397/1189] Compiling GoogleWKT WKTValue.swift
[398/1189] Compiling GoogleWKT WKTApi.swift
[399/1189] Compiling GoogleWKT WKTEnum.swift
[400/1189] Compiling GoogleWKT WKTEnumValue.swift
[401/1189] Compiling GoogleWKT WKTSourceContext.swift
[402/1189] Compiling GoogleWKT WKTSyntax.swift
[403/1189] Compiling GoogleWKT WKTType.swift
[404/1189] Compiling GoogleWKT PackageVersion.swift
[404/1189] Compiling handoff.cc
[406/1189] Compiling GoogleWKT AnyPackable.swift
[407/1189] Compiling GoogleWKT DecodeToDefault.swift
[408/1189] Compiling GoogleWKT DiscoveryBase64.swift
[409/1189] Compiling GoogleWKT ProtoJSONDecoder.swift
[410/1189] Compiling GoogleWKT ProtoJSONEncoder.swift
[411/1190] Compiling encrypted_client_hello.cc
[412/1190] Wrapping AST for GoogleWKT for debugging
[413/1205] Compiling extensions.cc
[415/1205] Compiling GoogleRpc DebugInfo.swift
[416/1205] Compiling GoogleRpc ErrorInfo.swift
[417/1205] Compiling GoogleRpc HttpRequest.swift
[418/1205] Compiling GoogleRpc HttpResponse.swift
[419/1205] Compiling GoogleRpc Help.swift
[420/1205] Compiling GoogleRpc HttpHeader.swift
[427/1206] Compiling dtls_method.cc
[428/1206] Compiling d1_srtp.cc
[429/1206] Compiling md5-x86_64-linux.S
[429/1206] Wrapping AST for Configuration for debugging
[433/1208] Compiling dtls_record.cc
[434/1208] Compiling md5-x86_64-apple.S
[435/1208] Compiling md5-586-linux.S
[437/1208] Emitting module GoogleRpc
[437/1208] Compiling md5-586-apple.S
[438/1208] Compiling chacha20_poly1305_x86_64-linux.S
[439/1208] Compiling chacha20_poly1305_x86_64-apple.S
[445/1208] Compiling GoogleRpc BadRequest.swift
[446/1208] Compiling GoogleRpc Code.swift
[446/1208] Compiling chacha20_poly1305_armv8-win.S
[447/1208] Compiling chacha20_poly1305_armv8-linux.S
[448/1208] Compiling chacha20_poly1305_armv8-apple.S
[450/1208] Compiling GoogleRpc RequestInfo.swift
[451/1208] Compiling GoogleRpc ResourceInfo.swift
[452/1208] Compiling GoogleRpc LocalizedMessage.swift
[453/1208] Compiling GoogleRpc PackageVersion.swift
[454/1208] Compiling GoogleRpc PreconditionFailure.swift
[455/1208] Compiling GoogleRpc QuotaFailure.swift
[455/1208] Compiling chacha-x86_64-linux.S
[456/1208] Compiling chacha-x86_64-apple.S
[457/1208] Compiling chacha-x86-linux.S
[458/1208] Compiling chacha-x86-apple.S
[459/1208] Compiling chacha-armv8-win.S
[460/1208] Compiling chacha-armv8-linux.S
[461/1208] Compiling chacha-armv8-apple.S
[462/1208] Compiling chacha-armv4-linux.S
[463/1208] Compiling aes128gcmsiv-x86_64-linux.S
[464/1208] Compiling aes128gcmsiv-x86_64-apple.S
[466/1208] Compiling GoogleRpc RetryInfo.swift
[467/1208] Compiling GoogleRpc Status.swift
[467/1209] Compiling x86_64-mont5-linux.S
[468/1209] Compiling x86_64-mont5-apple.S
[470/1209] Compiling x86_64-mont-linux.S
[471/1209] Compiling err_data.cc
[472/1209] Compiling x86_64-mont-apple.S
[473/1209] Compiling d1_pkt.cc
[474/1209] Compiling x86-mont-linux.S
[475/1209] Compiling x86-mont-apple.S
[476/1209] Compiling vpaes-x86_64-linux.S
[477/1209] Wrapping AST for GoogleRpc for debugging
[478/1209] Compiling vpaes-x86_64-apple.S
[479/1209] Compiling vpaes-x86-linux.S
[480/1209] Compiling vpaes-armv8-win.S
[481/1209] Compiling vpaes-x86-apple.S
[481/1209] Compiling vpaes-armv8-apple.S
[483/1209] Compiling vpaes-armv8-linux.S
[484/1209] Compiling vpaes-armv7-linux.S
[485/1209] Compiling sha512-armv8-win.S
[486/1209] Compiling sha512-x86_64-apple.S
[487/1209] Compiling sha512-x86_64-linux.S
[488/1209] Compiling sha512-armv8-apple.S
[489/1209] Compiling bio_ssl.cc
[490/1209] Compiling sha512-armv8-linux.S
[491/1209] Compiling sha512-armv4-linux.S
[492/1209] Compiling sha512-586-linux.S
[493/1209] Compiling sha512-586-apple.S
[494/1209] Compiling sha256-x86_64-apple.S
[495/1209] Compiling sha256-x86_64-linux.S
[496/1209] Compiling sha256-armv8-win.S
[497/1209] Compiling sha256-armv8-apple.S
[498/1209] Compiling sha256-armv4-linux.S
[499/1209] Compiling sha256-armv8-linux.S
[500/1209] Compiling sha256-586-linux.S
[501/1209] Compiling sha256-586-apple.S
[502/1209] Compiling sha1-x86_64-linux.S
[503/1209] Compiling sha1-x86_64-apple.S
[504/1209] Compiling sha1-armv8-win.S
[505/1209] Compiling sha1-armv8-apple.S
[506/1209] Compiling sha1-armv4-large-linux.S
[507/1209] Compiling sha1-armv8-linux.S
[508/1209] Compiling sha1-586-linux.S
[509/1209] Compiling d1_lib.cc
[510/1209] Compiling sha1-586-apple.S
[511/1209] Compiling rsaz-avx2-linux.S
[512/1209] Compiling rsaz-avx2-apple.S
[513/1209] Compiling rdrand-x86_64-linux.S
[514/1209] Compiling rdrand-x86_64-apple.S
[515/1209] Compiling p256_beeu-x86_64-asm-linux.S
[516/1209] Compiling p256_beeu-x86_64-asm-apple.S
[517/1209] Compiling p256_beeu-armv8-asm-win.S
[517/1209] Compiling p256_beeu-armv8-asm-linux.S
[519/1209] Compiling p256_beeu-armv8-asm-apple.S
[520/1209] Compiling p256-x86_64-asm-linux.S
[521/1209] Compiling p256-x86_64-asm-apple.S
[522/1209] Compiling p256-armv8-asm-win.S
[523/1209] Compiling ghashv8-armv8-win.S
[524/1209] Compiling p256-armv8-asm-apple.S
[525/1209] Compiling ghashv8-armv8-linux.S
[526/1209] Compiling p256-armv8-asm-linux.S
[527/1209] Compiling ghashv8-armv8-apple.S
[528/1209] Compiling ghashv8-armv7-linux.S
[529/1209] Compiling ghash-x86_64-linux.S
[530/1209] Compiling ghash-x86_64-apple.S
[531/1209] Compiling ghash-x86-linux.S
[532/1209] Compiling ghash-x86-apple.S
[533/1209] Compiling ghash-ssse3-x86_64-apple.S
[534/1209] Compiling ghash-ssse3-x86_64-linux.S
[535/1209] Compiling ghash-ssse3-x86-linux.S
[536/1209] Compiling ghash-ssse3-x86-apple.S
[537/1209] Compiling d1_both.cc
[538/1209] Compiling ghash-neon-armv8-win.S
[539/1209] Compiling ghash-neon-armv8-linux.S
[540/1209] Compiling ghash-armv4-linux.S
[541/1209] Compiling ghash-neon-armv8-apple.S
[542/1209] Compiling co-586-linux.S
[543/1209] Compiling bsaes-armv7-linux.S
[544/1209] Compiling co-586-apple.S
[545/1209] Compiling bn-armv8-win.S
[546/1209] Compiling bn-armv8-linux.S
[547/1209] Compiling bn-armv8-apple.S
[548/1209] Compiling bn-586-apple.S
[549/1209] Compiling bn-586-linux.S
[550/1209] Compiling armv8-mont-win.S
[551/1209] Compiling armv8-mont-apple.S
[552/1209] Compiling armv4-mont-linux.S
[553/1209] Compiling aesv8-gcm-armv8-win.S
[554/1209] Compiling armv8-mont-linux.S
[555/1209] Compiling aesv8-gcm-armv8-apple.S
[556/1209] Compiling aesv8-armv8-win.S
[557/1209] Compiling aesv8-armv8-linux.S
[558/1209] Compiling aesv8-gcm-armv8-linux.S
[559/1209] Compiling aesv8-armv8-apple.S
[560/1209] Compiling aesv8-armv7-linux.S
[561/1209] Compiling aesni-x86_64-linux.S
[562/1209] Compiling aesni-x86_64-apple.S
[563/1209] Compiling aesni-x86-apple.S
[563/1209] Compiling aesni-x86-linux.S
[565/1209] Compiling aesni-gcm-x86_64-linux.S
[566/1209] Compiling aesni-gcm-x86_64-apple.S
[567/1209] Compiling aes-gcm-avx2-x86_64-linux.S
[568/1209] Compiling aes-gcm-avx2-x86_64-apple.S
[569/1209] Compiling aes-gcm-avx10-x86_64-linux.S
[570/1209] Compiling aes-gcm-avx10-x86_64-apple.S
[571/1209] Compiling x_val.cc
[572/1209] Compiling x_sig.cc
[573/1209] Compiling x_spki.cc
[574/1209] Compiling x_x509a.cc
[575/1209] Compiling x_req.cc
[576/1209] Compiling x_pubkey.cc
[577/1209] Compiling x_x509.cc
[578/1209] Compiling x_name.cc
[579/1209] Compiling x_algor.cc
[579/1209] Compiling x_exten.cc
[581/1209] Compiling x509spki.cc
[582/1209] Compiling x_attrib.cc
[583/1209] Compiling x_crl.cc
[584/1209] Compiling x_all.cc
[585/1209] Compiling x509rset.cc
[586/1209] Compiling x509name.cc
[587/1209] Compiling x509_txt.cc
[588/1209] Compiling x509cset.cc
[589/1209] Compiling x509_vpm.cc
[590/1209] Compiling x509_v3.cc
[591/1209] Compiling x509_trs.cc
[592/1209] Compiling x509_set.cc
[593/1209] Compiling x509_vfy.cc
[594/1209] Compiling x509_req.cc
[595/1209] Compiling x509_def.cc
[596/1209] Compiling x509_obj.cc
[597/1209] Compiling x509_ext.cc
[598/1209] Compiling x509_d2.cc
[599/1209] Compiling x509_lu.cc
[600/1209] Compiling x509_att.cc
[601/1209] Compiling x509.cc
[602/1209] Compiling x509_cmp.cc
[603/1209] Compiling v3_skey.cc
[604/1209] Compiling v3_prn.cc
[605/1209] Compiling v3_purp.cc
[606/1209] Compiling v3_pmaps.cc
[607/1209] Compiling v3_ocsp.cc
[608/1209] Compiling v3_utl.cc
[609/1209] Compiling v3_pcons.cc
[610/1209] Compiling v3_ncons.cc
[611/1209] Compiling v3_int.cc
[612/1209] Compiling v3_lib.cc
[613/1209] Compiling v3_ia5.cc
[614/1209] Compiling v3_info.cc
[615/1209] Compiling v3_extku.cc
[616/1209] Compiling v3_enum.cc
[617/1209] Compiling v3_genn.cc
[618/1209] Compiling v3_crld.cc
[619/1209] Compiling v3_cpols.cc
[620/1209] Compiling v3_bitst.cc
[621/1209] Compiling v3_conf.cc
[622/1209] Compiling v3_bcons.cc
[623/1209] Compiling v3_akeya.cc
[624/1209] Compiling v3_akey.cc
[624/1209] Compiling v3_alt.cc
[626/1209] Compiling t_x509a.cc
[627/1209] Compiling i2d_pr.cc
[628/1209] Compiling t_crl.cc
[629/1209] Compiling t_x509.cc
[629/1209] Compiling t_req.cc
[631/1209] Compiling rsa_pss.cc
[632/1209] Compiling name_print.cc
[633/1209] Compiling policy.cc
[634/1209] Compiling by_file.cc
[635/1209] Compiling by_dir.cc
[636/1209] Compiling a_verify.cc
[637/1209] Compiling algorithm.cc
[638/1209] Compiling a_digest.cc
[639/1209] Compiling voprf.cc
[640/1209] Compiling asn1_gen.cc
[641/1209] Compiling a_sign.cc
[642/1209] Compiling trust_token.cc
[643/1209] Compiling thread_win.cc
[644/1209] Compiling thread_none.cc
[645/1209] Compiling thread.cc
[646/1209] Compiling thread_pthread.cc
[647/1209] Compiling stack.cc
[648/1209] Compiling pmbtoken.cc
[649/1209] Compiling slhdsa.cc
[650/1209] Compiling spake2plus.cc
[651/1209] Compiling sha256.cc
[652/1209] Compiling sha1.cc
[653/1209] Compiling siphash.cc
[654/1209] Compiling sha512.cc
[655/1209] Compiling rsa_print.cc
[656/1209] Compiling rsa_extra.cc
[657/1209] Compiling rsa_crypt.cc
[658/1209] Compiling rc4.cc
[659/1209] Compiling refcount.cc
[660/1209] Compiling windows.cc
[660/1209] Compiling urandom.cc
[662/1209] Compiling trusty.cc
[663/1209] Compiling rand.cc
[664/1209] Compiling rsa_asn1.cc
[665/1209] Compiling passive.cc
[666/1209] Compiling poly1305_arm_asm.S
[667/1209] Compiling ios.cc
[667/1209] Compiling getentropy.cc
[669/1209] Compiling deterministic.cc
[670/1209] Compiling forkunsafe.cc
[670/1209] Compiling fork_detect.cc
[672/1209] Compiling poly1305_vec.cc
[673/1209] Compiling pool.cc
[674/1209] Compiling poly1305_arm.cc
[675/1209] Compiling poly1305.cc
[676/1209] Compiling pkcs7.cc
[677/1209] Compiling pkcs8.cc
[678/1209] Compiling p5_pbev2.cc
[678/1209] Compiling pkcs7_x509.cc
[680/1209] Compiling pkcs8_x509.cc
[681/1209] Compiling pem_xaux.cc
[682/1209] Compiling pem_x509.cc
[683/1209] Compiling pem_pkey.cc
[684/1209] Compiling pem_pk8.cc
[685/1209] Compiling pem_oth.cc
[686/1209] Compiling pem_info.cc
[687/1209] Compiling mlkem.cc
[688/1209] Compiling pem_lib.cc
[689/1209] Compiling pem_all.cc
[690/1209] Compiling obj_xref.cc
[691/1209] Compiling mldsa.cc
[692/1209] Compiling obj.cc
[693/1209] Compiling poly_rq_mul.S
[694/1209] Compiling fips_shared_support.cc
[695/1209] Compiling mem.cc
[696/1209] Compiling md5.cc
[697/1209] Compiling md4.cc
[697/1209] Compiling lhash.cc
[699/1209] Compiling kyber.cc
[700/1209] Compiling ex_data.cc
[701/1209] Compiling sign.cc
[702/1209] Compiling scrypt.cc
[703/1209] Compiling print.cc
[704/1209] Compiling hrss.cc
[705/1209] Compiling hpke.cc
[706/1209] Compiling pbkdf.cc
[707/1209] Compiling p_x25519.cc
[708/1209] Compiling p_x25519_asn1.cc
[709/1209] Compiling p_rsa_asn1.cc
[710/1209] Compiling p_ed25519.cc
[711/1209] Compiling p_hkdf.cc
[711/1209] Compiling p_rsa.cc
[713/1209] Compiling p_ed25519_asn1.cc
[714/1209] Compiling p_ec_asn1.cc
[715/1209] Compiling p_ec.cc
[716/1209] Compiling p_dh.cc
[717/1209] Compiling p_dh_asn1.cc
[718/1209] Compiling ecdh.cc
[719/1209] Compiling p_dsa_asn1.cc
[720/1209] Compiling ecdsa_asn1.cc
[721/1209] Compiling ec_derive.cc
[722/1209] Compiling hash_to_curve.cc
[723/1209] Compiling dsa.cc
[724/1209] Compiling params.cc
[725/1209] Compiling dsa_asn1.cc
[726/1209] Compiling ec_asn1.cc
[727/1209] Compiling x25519-asm-arm.S
[728/1209] Compiling digest_extra.cc
[729/1209] Compiling des.cc
[730/1209] Compiling dh_asn1.cc
[731/1209] Compiling cpu_intel.cc
[732/1209] Compiling crypto.cc
[733/1209] Compiling cpu_arm_linux.cc
[734/1209] Compiling bcm.cc
[735/1209] Compiling spake25519.cc
[736/1209] Compiling cpu_arm_freebsd.cc
[737/1209] Compiling cpu_aarch64_win.cc
[738/1209] Compiling cpu_aarch64_sysreg.cc
[739/1209] Compiling cpu_aarch64_openbsd.cc
[740/1209] Compiling cpu_aarch64_fuchsia.cc
[741/1209] Compiling cpu_aarch64_linux.cc
[742/1209] Compiling cpu_aarch64_apple.cc
[743/1209] Compiling conf.cc
[744/1209] Compiling get_cipher.cc
[745/1209] Compiling tls_cbc.cc
[746/1209] Compiling e_tls.cc
[747/1209] Compiling e_rc4.cc
[748/1209] Compiling e_null.cc
[749/1209] Compiling e_rc2.cc
[750/1209] Compiling e_des.cc
[751/1209] Compiling e_aesgcmsiv.cc
[752/1209] Compiling e_chacha20poly1305.cc
[753/1209] Compiling e_aesctrhmac.cc
[754/1209] Compiling derive_key.cc
[755/1209] Compiling chacha.cc
[756/1209] Compiling unicode.cc
[757/1209] Compiling buf.cc
[758/1209] Compiling cbb.cc
[759/1209] Compiling cbs.cc
[760/1209] Compiling ber.cc
[761/1209] Compiling asn1_compat.cc
[762/1209] Compiling convert.cc
[763/1209] Compiling bn_asn1.cc
[764/1209] Compiling blake2.cc
[765/1209] Compiling socket.cc
[766/1209] Compiling socket_helper.cc
[767/1209] Compiling printf.cc
[768/1209] Compiling pair.cc
[769/1209] Compiling hexdump.cc
[770/1209] Compiling file.cc
[771/1209] Compiling errno.cc
[772/1209] Compiling fd.cc
[773/1209] Compiling bio_mem.cc
[774/1209] Compiling connect.cc
[775/1209] Compiling bio.cc
[776/1209] Compiling base64.cc
[777/1209] Compiling tasn_typ.cc
[778/1209] Compiling tasn_fre.cc
[779/1209] Compiling tasn_utl.cc
[780/1209] Compiling tasn_enc.cc
[781/1209] Compiling tasn_new.cc
[782/1209] Compiling posix_time.cc
[783/1209] Compiling f_string.cc
[784/1209] Compiling tasn_dec.cc
[785/1209] Compiling f_int.cc
[786/1209] Compiling asn_pack.cc
[787/1209] Compiling asn1_par.cc
[788/1209] Compiling a_utctm.cc
[789/1209] Compiling a_type.cc
[789/1209] Compiling asn1_lib.cc
[791/1209] Compiling a_time.cc
[792/1209] Compiling a_octet.cc
[793/1209] Compiling a_strnid.cc
[794/1209] Compiling a_strex.cc
[795/1209] Compiling a_object.cc
[796/1209] Compiling a_i2d_fp.cc
[797/1209] Compiling a_dup.cc
[798/1209] Compiling a_mbstr.cc
[799/1209] Compiling a_d2i_fp.cc
[800/1209] Compiling a_gentm.cc
[801/1209] Compiling a_int.cc
[802/1209] Compiling CGoogleGaxCRC32C CGoogleGaxCRC32C.c
[803/1209] Compiling fiat_p256_adx_sqr.S
[804/1209] Compiling fiat_p256_adx_mul.S
[805/1209] Compiling fiat_curve25519_adx_square.S
[806/1209] Compiling fiat_curve25519_adx_mul.S
[807/1209] Compiling md5-x86_64-linux.S
[808/1209] Compiling md5-x86_64-apple.S
[809/1209] Compiling md5-586-linux.S
[810/1209] Compiling md5-586-apple.S
[811/1209] Compiling a_bitstr.cc
[812/1209] Compiling chacha20_poly1305_x86_64-linux.S
[813/1209] Compiling chacha20_poly1305_x86_64-apple.S
[814/1209] Compiling a_bool.cc
[815/1209] Compiling chacha20_poly1305_armv8-win.S
[816/1209] Compiling chacha20_poly1305_armv8-apple.S
[817/1209] Compiling chacha-x86_64-linux.S
[817/1209] Compiling chacha20_poly1305_armv8-linux.S
[819/1209] Compiling chacha-x86_64-apple.S
[820/1209] Compiling chacha-x86-linux.S
[821/1209] Compiling CCryptoBoringSSLShims shims.c
[822/1209] Compiling chacha-armv8-win.S
[822/1209] Compiling chacha-x86-apple.S
[824/1209] Compiling chacha-armv8-apple.S
[825/1209] Compiling chacha-armv4-linux.S
[826/1209] Compiling chacha-armv8-linux.S
[827/1209] Compiling aes128gcmsiv-x86_64-linux.S
[828/1209] Compiling aes128gcmsiv-x86_64-apple.S
[829/1209] Compiling x86_64-mont5-linux.S
[830/1209] Compiling x86_64-mont5-apple.S
[831/1209] Compiling x86_64-mont-linux.S
[832/1209] Compiling x86-mont-linux.S
[833/1209] Compiling x86_64-mont-apple.S
[834/1209] Compiling x86-mont-apple.S
[835/1209] Compiling vpaes-x86_64-linux.S
[836/1209] Compiling vpaes-x86-linux.S
[836/1209] Compiling vpaes-x86_64-apple.S
[838/1209] Compiling vpaes-x86-apple.S
[839/1209] Compiling vpaes-armv8-win.S
[840/1209] Compiling vpaes-armv7-linux.S
[841/1209] Compiling sha512-x86_64-linux.S
[841/1209] Compiling vpaes-armv8-apple.S
[843/1209] Compiling vpaes-armv8-linux.S
[844/1209] Compiling sha512-x86_64-apple.S
[845/1209] Compiling sha512-armv8-win.S
[846/1209] Compiling sha512-armv8-apple.S
[847/1209] Compiling sha512-armv4-linux.S
[848/1209] Compiling sha512-armv8-linux.S
[849/1209] Compiling sha512-586-linux.S
[850/1209] Compiling err_data.cc
[851/1209] Compiling sha512-586-apple.S
[852/1209] Compiling sha256-x86_64-apple.S
[853/1209] Compiling sha256-x86_64-linux.S
[854/1209] Compiling sha256-armv8-win.S
[855/1209] Compiling sha256-armv8-apple.S
[856/1209] Compiling sha256-armv4-linux.S
[857/1209] Compiling sha256-586-linux.S
[858/1209] Compiling sha256-586-apple.S
[859/1209] Compiling sha256-armv8-linux.S
[860/1209] Compiling sha1-x86_64-linux.S
[861/1209] Compiling sha1-x86_64-apple.S
[862/1209] Compiling sha1-armv8-win.S
[862/1209] Compiling sha1-armv8-apple.S
[864/1209] Compiling sha1-armv4-large-linux.S
[865/1209] Compiling sha1-586-linux.S
[866/1209] Compiling sha1-armv8-linux.S
[867/1209] Compiling rsaz-avx2-linux.S
[867/1209] Compiling sha1-586-apple.S
[867/1209] Compiling rsaz-avx2-apple.S
[870/1209] Compiling rdrand-x86_64-linux.S
[871/1209] Compiling rdrand-x86_64-apple.S
[871/1209] Compiling p256_beeu-x86_64-asm-linux.S
[873/1209] Compiling p256_beeu-armv8-asm-win.S
[874/1209] Compiling p256_beeu-x86_64-asm-apple.S
[875/1209] Compiling p256_beeu-armv8-asm-linux.S
[876/1209] Compiling p256-x86_64-asm-linux.S
[877/1209] Compiling p256_beeu-armv8-asm-apple.S
[878/1209] Compiling p256-x86_64-asm-apple.S
[879/1209] Compiling p256-armv8-asm-win.S
[880/1209] Compiling p256-armv8-asm-apple.S
[881/1209] Compiling p256-armv8-asm-linux.S
[882/1209] Compiling ghashv8-armv8-apple.S
[882/1209] Compiling ghashv8-armv8-win.S
[884/1209] Compiling ghashv8-armv8-linux.S
[885/1209] Compiling ghash-x86_64-linux.S
[886/1209] Compiling ghashv8-armv7-linux.S
[887/1209] Compiling ghash-x86_64-apple.S
[888/1209] Compiling ghash-x86-linux.S
[889/1209] Compiling ghash-ssse3-x86_64-linux.S
[890/1209] Compiling ghash-x86-apple.S
[891/1209] Compiling ghash-ssse3-x86-linux.S
[892/1209] Compiling ghash-ssse3-x86-apple.S
[893/1209] Compiling ghash-ssse3-x86_64-apple.S
[894/1209] Compiling ghash-neon-armv8-win.S
[895/1209] Compiling ghash-neon-armv8-linux.S
[896/1209] Compiling ghash-neon-armv8-apple.S
[897/1209] Compiling ghash-armv4-linux.S
[898/1209] Compiling co-586-linux.S
[898/1209] Compiling co-586-apple.S
[900/1209] Compiling bsaes-armv7-linux.S
[901/1209] Compiling bn-armv8-linux.S
[901/1209] Compiling bn-armv8-win.S
[903/1209] Compiling bn-armv8-apple.S
[904/1209] Compiling bn-586-linux.S
[905/1209] Compiling armv8-mont-apple.S
[906/1209] Compiling bn-586-apple.S
[906/1209] Compiling armv8-mont-win.S
[908/1209] Compiling armv8-mont-linux.S
[909/1209] Compiling armv4-mont-linux.S
[910/1209] Compiling aesv8-gcm-armv8-win.S
[911/1209] Compiling aesv8-gcm-armv8-linux.S
[912/1209] Compiling aesv8-gcm-armv8-apple.S
[912/1209] Compiling aesv8-armv8-win.S
[914/1209] Compiling aesv8-armv8-linux.S
[915/1209] Compiling aesv8-armv8-apple.S
[916/1209] Compiling aesv8-armv7-linux.S
[917/1209] Compiling aesni-x86-linux.S
[918/1209] Compiling aesni-x86_64-linux.S
[919/1209] Compiling aesni-x86_64-apple.S
[920/1209] Compiling aesni-x86-apple.S
[921/1209] Compiling aesni-gcm-x86_64-linux.S
[922/1209] Compiling aesni-gcm-x86_64-apple.S
[923/1209] Compiling aes-gcm-avx512-x86_64-linux.S
[924/1209] Compiling aes-gcm-avx2-x86_64-apple.S
[925/1209] Compiling aes-gcm-avx512-x86_64-apple.S
[925/1209] Compiling aes-gcm-avx2-x86_64-linux.S
[927/1209] Compiling xwing.cc
[928/1209] Compiling x_x509a.cc
[929/1209] Compiling x_spki.cc
[930/1209] Compiling x_sig.cc
[931/1209] Compiling x_x509.cc
[932/1209] Compiling x_req.cc
[933/1209] Compiling c-nioatomics.c
[934/1209] Compiling x_pubkey.cc
[935/1209] Compiling x_exten.cc
[936/1209] Compiling x_name.cc
[937/1209] Compiling x_attrib.cc
[938/1209] Compiling x_crl.cc
[939/1209] Compiling c-atomics.c
[940/1209] Compiling x_all.cc
[942/1216] Compiling NIOConcurrencyHelpers NIOLockedValueBox.swift
[943/1216] Compiling NIOConcurrencyHelpers NIOAtomic.swift
[944/1216] Compiling NIOConcurrencyHelpers NIOLock.swift
[944/1216] Compiling x_algor.cc
[945/1216] Compiling x509spki.cc
[947/1216] Emitting module NIOConcurrencyHelpers
[948/1216] Compiling NIOConcurrencyHelpers NIOThreadPoolWorkAvailable.swift
[949/1216] Compiling NIOConcurrencyHelpers atomics.swift
[950/1216] Compiling NIOConcurrencyHelpers lock.swift
[950/1216] Compiling x509name.cc
[951/1217] Compiling x509rset.cc
[953/1217] Wrapping AST for NIOConcurrencyHelpers for debugging
[954/1217] Compiling x509cset.cc
[955/1217] Compiling x509_vpm.cc
[956/1217] Compiling x509_vfy.cc
[957/1217] Compiling x509_v3.cc
[958/1217] Compiling x509_txt.cc
[959/1217] Compiling x509_trs.cc
[960/1217] Compiling x509_set.cc
[961/1217] Compiling x509_obj.cc
[962/1217] Compiling x509_req.cc
[963/1217] Compiling x509_lu.cc
[964/1217] Compiling x509_ext.cc
[965/1217] Compiling x509_def.cc
[966/1217] Compiling x509_d2.cc
[967/1217] Compiling x509_att.cc
[968/1217] Compiling x509_cmp.cc
[969/1217] Compiling x509.cc
[970/1217] Compiling v3_utl.cc
[971/1217] Compiling v3_skey.cc
[972/1217] Compiling v3_purp.cc
[973/1217] Compiling v3_prn.cc
[974/1217] Compiling v3_pmaps.cc
[975/1217] Compiling v3_pcons.cc
[975/1217] Compiling v3_ocsp.cc
[977/1217] Compiling v3_ncons.cc
[978/1217] Compiling v3_lib.cc
[978/1217] Compiling v3_int.cc
[980/1217] Compiling v3_info.cc
[981/1217] Compiling v3_ia5.cc
[982/1217] Compiling v3_genn.cc
[983/1217] Compiling v3_enum.cc
[983/1217] Compiling v3_extku.cc
[985/1217] Compiling v3_crld.cc
[986/1217] Compiling v3_cpols.cc
[987/1217] Compiling v3_conf.cc
[988/1217] Compiling v3_bitst.cc
[989/1217] Compiling v3_bcons.cc
[990/1217] Compiling v3_alt.cc
[991/1217] Compiling v3_akeya.cc
[991/1217] Compiling v3_akey.cc
[993/1217] Compiling t_x509a.cc
[994/1217] Compiling t_x509.cc
[995/1217] Compiling t_req.cc
[996/1217] Compiling t_crl.cc
[997/1217] Compiling i2d_pr.cc
[998/1217] Compiling rsa_pss.cc
[999/1217] Compiling policy.cc
[1000/1217] Compiling name_print.cc
[1001/1217] Compiling by_file.cc
[1002/1217] Compiling by_dir.cc
[1003/1217] Compiling asn1_gen.cc
[1004/1217] Compiling algorithm.cc
[1005/1217] Compiling a_verify.cc
[1006/1217] Compiling a_sign.cc
[1007/1217] Compiling a_digest.cc
[1008/1217] Compiling voprf.cc
[1009/1217] Compiling thread_win.cc
[1010/1217] Compiling thread_pthread.cc
[1011/1217] Compiling thread_none.cc
[1012/1217] Compiling trust_token.cc
[1013/1217] Compiling pmbtoken.cc
[1014/1217] Compiling thread.cc
[1015/1217] Compiling stack.cc
[1016/1217] Compiling siphash.cc
[1017/1217] Compiling slhdsa.cc
[1018/1217] Compiling sha512.cc
[1019/1217] Compiling sha256.cc
[1020/1217] Compiling spake2plus.cc
[1021/1217] Compiling sha1.cc
[1022/1217] Compiling rsa_print.cc
[1023/1217] Compiling rsa_extra.cc
[1024/1217] Compiling rsa_crypt.cc
[1025/1217] Compiling rc4.cc
[1026/1217] Compiling refcount.cc
[1027/1217] Compiling windows.cc
[1028/1217] Compiling urandom.cc
[1029/1217] Compiling trusty.cc
[1030/1217] Compiling rand.cc
[1031/1217] Compiling passive.cc
[1032/1217] Compiling rsa_asn1.cc
[1033/1217] Compiling ios.cc
[1034/1217] Compiling getentropy.cc
[1035/1217] Compiling poly1305_arm_asm.S
[1036/1217] Compiling forkunsafe.cc
[1037/1217] Compiling deterministic.cc
[1038/1217] Compiling fork_detect.cc
[1039/1217] Compiling poly1305_vec.cc
[1040/1217] Compiling pool.cc
[1041/1217] Compiling poly1305_arm.cc
[1042/1217] Compiling poly1305.cc
[1043/1217] Compiling pkcs8_x509.cc
[1044/1217] Compiling pkcs8.cc
[1045/1217] Compiling p5_pbev2.cc
[1046/1217] Compiling pkcs7_x509.cc
[1047/1217] Compiling pkcs7.cc
[1048/1217] Compiling pem_xaux.cc
[1049/1217] Compiling pem_x509.cc
[1050/1217] Compiling pem_pkey.cc
[1051/1217] Compiling mlkem.cc
[1052/1217] Compiling pem_oth.cc
[1053/1217] Compiling pem_pk8.cc
[1054/1217] Compiling pem_lib.cc
[1055/1217] Compiling pem_info.cc
[1056/1217] Compiling pem_all.cc
[1057/1217] Compiling obj_xref.cc
[1058/1217] Compiling obj.cc
[1059/1217] Compiling poly_rq_mul.S
[1060/1217] Compiling mldsa.cc
[1061/1217] Compiling mem.cc
[1062/1217] Compiling fips_shared_support.cc
[1063/1217] Compiling lhash.cc
[1064/1217] Compiling md5.cc
[1065/1217] Compiling md4.cc
[1066/1217] Compiling kyber.cc
[1067/1217] Compiling fuzzer_mode.cc
[1068/1217] Compiling hrss.cc
[1069/1217] Compiling ex_data.cc
[1070/1217] Compiling hpke.cc
[1071/1217] Compiling scrypt.cc
[1072/1217] Compiling sign.cc
[1073/1217] Compiling print.cc
[1074/1217] Compiling pbkdf.cc
[1075/1217] Compiling p_x25519_asn1.cc
[1076/1217] Compiling p_x25519.cc
[1077/1217] Compiling p_rsa_asn1.cc
[1078/1217] Compiling p_rsa.cc
[1079/1217] Compiling p_ed25519.cc
[1080/1217] Compiling p_hkdf.cc
[1081/1217] Compiling p_ed25519_asn1.cc
[1082/1217] Compiling p_ec.cc
[1083/1217] Compiling p_ec_asn1.cc
[1084/1217] Compiling p_dsa_asn1.cc
[1084/1217] Compiling p_dh.cc
[1086/1217] Compiling p_dh_asn1.cc
[1087/1217] Compiling evp_ctx.cc
[1088/1217] Compiling evp_asn1.cc
[1089/1217] Compiling err.cc
[1090/1217] Compiling engine.cc
[1091/1217] Compiling ecdsa_p1363.cc
[1092/1217] Compiling evp.cc
[1093/1217] Compiling ecdh.cc
[1094/1217] Compiling ec_derive.cc
[1095/1217] Compiling ecdsa_asn1.cc
[1096/1217] Compiling hash_to_curve.cc
[1097/1217] Compiling dsa.cc
[1098/1217] Compiling ec_asn1.cc
[1099/1217] Compiling dsa_asn1.cc
[1100/1217] Compiling digest_extra.cc
[1101/1217] Compiling x25519-asm-arm.S
[1102/1217] Compiling curve25519_64_adx.cc
[1103/1217] Compiling params.cc
[1104/1217] Compiling des.cc
[1105/1217] Compiling dh_asn1.cc
[1106/1217] Compiling spake25519.cc
[1107/1217] Compiling crypto.cc
[1108/1217] Compiling cpu_intel.cc
[1109/1217] Compiling curve25519.cc
[1110/1217] Compiling cpu_arm_linux.cc
[1111/1217] Compiling cpu_arm_freebsd.cc
[1112/1217] Compiling cpu_aarch64_win.cc
[1113/1217] Compiling cpu_aarch64_sysreg.cc
[1114/1217] Compiling cpu_aarch64_linux.cc
[1115/1217] Compiling cpu_aarch64_openbsd.cc
[1116/1217] Compiling cpu_aarch64_fuchsia.cc
[1117/1217] Compiling cpu_aarch64_apple.cc
[1118/1217] Compiling conf.cc
[1119/1217] Compiling get_cipher.cc
[1120/1217] Compiling tls_cbc.cc
[1121/1217] Compiling e_tls.cc
[1122/1217] Compiling e_rc4.cc
[1123/1217] Compiling cms.cc
[1124/1217] Compiling e_rc2.cc
[1125/1217] Compiling e_null.cc
[1126/1217] Compiling e_des.cc
[1127/1217] Compiling e_chacha20poly1305.cc
[1128/1217] Compiling e_aesgcmsiv.cc
[1129/1217] Compiling derive_key.cc
[1130/1217] Compiling e_aeseax.cc
[1131/1217] Compiling e_aesctrhmac.cc
[1132/1217] Compiling chacha.cc
[1133/1217] Compiling unicode.cc
[1134/1217] Compiling buf.cc
[1135/1217] Compiling sqrt.cc
[1136/1217] Compiling cbs.cc
[1137/1217] Compiling cbb.cc
[1138/1217] Compiling exponentiation.cc
[1139/1217] Compiling ber.cc
[1140/1217] Compiling asn1_compat.cc
[1141/1217] Compiling div.cc
[1142/1217] Compiling blake2.cc
[1143/1217] Compiling printf.cc
[1144/1217] Compiling pair.cc
[1145/1217] Compiling hexdump.cc
[1146/1217] Compiling bn_asn1.cc
[1147/1217] Compiling convert.cc
[1148/1217] Compiling file.cc
[1149/1217] Compiling fd.cc
[1150/1217] Compiling errno.cc
[1151/1217] Compiling base64.cc
[1152/1217] Compiling bio_mem.cc
[1153/1217] Compiling bio.cc
[1154/1217] Compiling tasn_typ.cc
[1155/1217] Compiling tasn_utl.cc
[1156/1217] Compiling tasn_fre.cc
[1157/1217] Compiling tasn_enc.cc
[1158/1217] Compiling posix_time.cc
[1159/1217] Compiling tasn_new.cc
[1160/1217] Compiling tasn_dec.cc
[1161/1217] Compiling f_string.cc
[1162/1217] Compiling asn_pack.cc
[1163/1217] Compiling asn1_par.cc
[1164/1217] Compiling bcm.cc
[1165/1217] Compiling a_utctm.cc
[1166/1217] Compiling asn1_lib.cc
[1167/1217] Compiling a_octet.cc
[1168/1217] Compiling a_type.cc
[1169/1217] Compiling a_time.cc
[1170/1217] Compiling a_strnid.cc
[1171/1217] Compiling a_strex.cc
[1172/1217] Compiling a_i2d_fp.cc
[1173/1217] Compiling a_object.cc
[1174/1217] Compiling a_dup.cc
[1175/1217] Compiling a_mbstr.cc
[1175/1217] Write sources
[1178/1217] Compiling a_d2i_fp.cc
[1179/1217] Write sources
[1180/1217] Compiling CAsyncHTTPClient CAsyncHTTPClient.c
[1181/1217] Compiling a_int.cc
[1182/1217] Compiling a_gentm.cc
[1183/1260] Compiling a_bool.cc
[1185/1260] Compiling Algorithms Intersperse.swift
[1186/1260] Compiling Algorithms Compacted.swift
[1187/1262] Compiling Algorithms Cycle.swift
[1188/1262] Compiling Algorithms EitherSequence.swift
[1189/1262] Compiling Algorithms FirstNonNil.swift
[1190/1262] Compiling Algorithms AdjacentPairs.swift
[1190/1262] Compiling aes.cc
[1192/1262] Compiling Atomics IntegerOperations.swift
[1193/1262] Compiling Atomics Unmanaged extensions.swift
[1194/1262] Compiling Algorithms MinMax.swift
[1195/1262] Compiling Algorithms Partition.swift
[1196/1262] Compiling Algorithms Permutations.swift
[1197/1262] Compiling Algorithms Joined.swift
[1198/1262] Compiling Algorithms Keyed.swift
[1198/1262] Compiling a_bitstr.cc
[1200/1270] Compiling Algorithms Chain.swift
[1201/1270] Compiling Algorithms Chunked.swift
[1202/1270] Compiling Algorithms Combinations.swift
[1204/1270] Compiling Algorithms Stride.swift
[1205/1270] Compiling Algorithms Suffix.swift
[1206/1270] Compiling Algorithms RandomSample.swift
[1207/1270] Compiling Algorithms Reductions.swift
[1208/1270] Compiling Algorithms Rotate.swift
[1215/1273] Compiling CryptoBoringWrapper RandomBytes.swift
[1216/1273] Compiling CryptoBoringWrapper BoringSSLAEAD.swift
[1217/1273] Emitting module CryptoBoringWrapper
[1218/1273] Compiling Algorithms Trim.swift
[1219/1273] Compiling Algorithms Unique.swift
[1220/1273] Compiling Algorithms Windows.swift
[1229/1273] Compiling Algorithms FlattenCollection.swift
[1230/1273] Compiling Algorithms Grouped.swift
[1231/1273] Compiling Algorithms Indexed.swift
[1233/1273] Compiling CryptoBoringWrapper EllipticCurvePoint.swift
[1234/1273] Compiling CryptoBoringWrapper CryptoKitErrors_boring.swift
[1235/1273] Compiling CryptoBoringWrapper FiniteFieldArithmeticContext.swift
[1236/1273] Compiling CryptoBoringWrapper EllipticCurve.swift
[1237/1273] Compiling CryptoBoringWrapper ArbitraryPrecisionInteger.swift
[1239/1274] Emitting module Atomics
[1239/1274] Wrapping AST for CryptoBoringWrapper for debugging
[1241/1358] Emitting module Algorithms
[1242/1359] Compiling Crypto AES-GCM.swift
[1243/1359] Compiling Crypto AES-GCM_boring.swift
[1244/1359] Compiling Crypto ChaChaPoly_boring.swift
[1246/1360] Wrapping AST for Algorithms for debugging
[1247/1361] Wrapping AST for Atomics for debugging
[1249/1424] Compiling NIOCore ByteBuffer-binaryEncodedLengthPrefix.swift
[1250/1424] Compiling NIOCore ByteBuffer-conversions.swift
[1251/1424] Compiling NIOCore ByteBuffer-core.swift
[1252/1424] Compiling NIOCore ByteBuffer-hex.swift
[1253/1424] Compiling NIOCore ByteBuffer-int.swift
[1254/1424] Compiling NIOCore ByteBuffer-lengthPrefix.swift
[1255/1424] Compiling NIOCore CircularBuffer.swift
[1256/1424] Compiling NIOCore Codec.swift
[1257/1424] Compiling NIOCore ConvenienceOptionSupport.swift
[1258/1424] Compiling NIOCore DeadChannel.swift
[1259/1424] Compiling NIOCore DispatchQueue+WithFuture.swift
[1260/1424] Compiling NIOCore EventLoop+Deprecated.swift
[1261/1435] Emitting module Crypto
[1262/1435] Compiling NIOCore NIOCoreSendableMetatype.swift
[1263/1435] Compiling NIOCore NIODecodedAsyncSequence.swift
[1264/1435] Compiling NIOCore NIOLoopBound.swift
[1265/1435] Compiling NIOCore NIOPooledRecvBufferAllocator.swift
[1266/1435] Compiling NIOCore NIOScheduledCallback.swift
[1267/1435] Compiling NIOCore NIOSendable.swift
[1268/1435] Compiling NIOCore NIOSplitLinesMessageDecoder.swift
[1269/1435] Compiling NIOCore NIOTransportAccessibleChannelCore.swift
[1270/1435] Compiling NIOCore RecvByteBufferAllocator.swift
[1271/1443] Compiling NIOCore AddressedEnvelope.swift
[1272/1443] Compiling NIOCore AsyncAwaitSupport.swift
[1273/1443] Compiling NIOCore AsyncChannel.swift
[1274/1443] Compiling NIOCore AsyncChannelHandler.swift
[1275/1443] Compiling NIOCore AsyncChannelInboundStream.swift
[1276/1443] Compiling NIOCore AsyncChannelOutboundWriter.swift
[1277/1443] Compiling NIOCore NIOAsyncSequenceProducer.swift
[1278/1443] Compiling NIOCore NIOAsyncSequenceProducerStrategies.swift
[1279/1443] Compiling NIOCore NIOAsyncWriter.swift
[1280/1443] Compiling NIOCore NIOThrowingAsyncSequenceProducer.swift
[1281/1443] Compiling NIOCore BSDSocketAPI.swift
[1282/1443] Compiling NIOCore ByteBuffer-aux.swift
[1283/1443] Compiling Crypto Signature.swift
[1284/1443] Compiling Crypto CryptoKitErrors_boring.swift
[1285/1443] Compiling Crypto Optional+withUnsafeBytes_boring.swift
[1286/1443] Compiling Crypto RNG_boring.swift
[1287/1443] Compiling Crypto SafeCompare_boring.swift
[1288/1443] Compiling Crypto Zeroization_boring.swift
[1289/1443] Compiling Crypto _CryptoModuleAnchor.swift
[1290/1443] Compiling Crypto PrettyBytes.swift
[1291/1443] Compiling Crypto SafeCompare.swift
[1292/1443] Compiling Crypto SecureBytes.swift
[1293/1443] Compiling Crypto Zeroization.swift
[1294/1443] Compiling NIOCore IPProtocol.swift
[1295/1443] Compiling NIOCore IntegerBitPacking.swift
[1296/1443] Compiling NIOCore IntegerTypes.swift
[1297/1443] Compiling NIOCore Interfaces.swift
[1298/1443] Compiling NIOCore Linux.swift
[1299/1443] Compiling NIOCore MarkedCircularBuffer.swift
[1300/1443] Compiling NIOCore MulticastChannel.swift
[1301/1443] Compiling NIOCore NIOAny.swift
[1302/1443] Compiling NIOCore NIOCloseOnErrorHandler.swift
[1303/1443] Compiling NIOCore EventLoopFuture+Deprecated.swift
[1304/1443] Compiling NIOCore EventLoopFuture+WithEventLoop.swift
[1305/1443] Compiling NIOCore EventLoopFuture.swift
[1306/1443] Compiling NIOCore FileDescriptor.swift
[1307/1443] Compiling NIOCore FileHandle.swift
[1308/1443] Compiling NIOCore FileRegion.swift
[1309/1443] Compiling NIOCore GlobalSingletons.swift
[1310/1443] Compiling NIOCore IO.swift
[1311/1443] Compiling NIOCore IOData.swift
[1312/1443] Compiling Crypto MACFunctions.swift
[1313/1443] Compiling Crypto MessageAuthenticationCode.swift
[1314/1443] Compiling Crypto AES.swift
[1315/1443] Compiling Crypto ECDSASignature_boring.swift
[1316/1443] Compiling Crypto ECDSA_boring.swift
[1317/1443] Compiling Crypto EdDSA_boring.swift
[1318/1443] Compiling Crypto MLDSA_boring.swift
[1319/1443] Compiling Crypto MLDSA_wrapper.swift
[1320/1443] Compiling Crypto ECDSA.swift
[1321/1443] Compiling Crypto Ed25519.swift
[1322/1443] Compiling Crypto MLDSA.swift
[1356/1443] Compiling NIOCore EventLoop+SerialExecutor.swift
[1357/1443] Compiling NIOCore EventLoop.swift
[1358/1443] Compiling NIOCore EventLoopFuture+AssumeIsolated.swift
[1359/1443] Compiling NIOCore ByteBuffer-multi-int.swift
[1360/1443] Compiling NIOCore ByteBuffer-quicBinaryEncodingStrategy.swift
[1361/1443] Compiling NIOCore ByteBuffer-views.swift
[1362/1443] Compiling NIOCore Channel.swift
[1363/1443] Compiling NIOCore ChannelHandler.swift
[1364/1443] Compiling NIOCore ChannelHandlers.swift
[1365/1443] Compiling NIOCore ChannelInvoker.swift
[1366/1443] Compiling NIOCore ChannelOption.swift
[1367/1443] Compiling NIOCore ChannelPipeline.swift
[1371/1443] Compiling NIOCore SingleStepByteToMessageDecoder.swift
[1372/1443] Compiling NIOCore SocketAddresses.swift
[1373/1443] Compiling NIOCore SocketOptionProvider.swift
[1374/1443] Compiling NIOCore SystemCallHelpers.swift
[1375/1443] Compiling NIOCore TimeAmount+Duration.swift
[1376/1443] Compiling NIOCore TypeAssistedChannelHandler.swift
[1377/1443] Compiling NIOCore UniversalBootstrapSupport.swift
[1378/1443] Compiling NIOCore Utilities.swift
[1379/1443] Compiling Crypto HPKE-KexKeyDerivation.swift
[1389/1444] Wrapping AST for Crypto for debugging
[1399/1506] Compiling CryptoExtras AES_CBC.swift
[1400/1506] Compiling CryptoExtras AES_CFB.swift
[1401/1506] Compiling CryptoExtras AES_CTR.swift
[1402/1506] Compiling CryptoExtras AES_GCM_SIV.swift
[1403/1506] Compiling CryptoExtras Block Function.swift
[1404/1506] Compiling CryptoExtras AES_CBC_boring.swift
[1405/1506] Compiling CryptoExtras AES_CFB_boring.swift
[1406/1506] Compiling CryptoExtras AES_CTR_boring.swift
[1407/1506] Compiling CryptoExtras AES_GCM_SIV_boring.swift
[1408/1506] Compiling CryptoExtras ARCServer.swift
[1409/1506] Compiling CryptoExtras ChaCha20CTR_boring.swift
[1410/1506] Compiling CryptoExtras ChaCha20CTR.swift
[1411/1506] Compiling CryptoExtras BoringSSLSHA512256Context.swift
[1412/1506] Compiling CryptoExtras BoringSSLSHA512256HashFunction.swift
[1413/1506] Compiling CryptoExtras SHA512256.swift
[1414/1506] Compiling CryptoExtras SHA512256Digest.swift
[1415/1506] Compiling CryptoExtras Curve25519+PEM.swift
[1416/1506] Compiling CryptoExtras ObjectIdentifier.swift
[1417/1514] Compiling CryptoExtras PBKDF2.swift
[1418/1514] Compiling CryptoExtras Scrypt_boring.swift
[1419/1514] Compiling CryptoExtras Scrypt.swift
[1420/1514] Compiling CryptoExtras OPRF.swift
[1421/1514] Compiling CryptoExtras OPRFClient.swift
[1422/1514] Compiling CryptoExtras OPRFServer.swift
[1423/1514] Compiling CryptoExtras VOPRF+API.swift
[1424/1514] Compiling CryptoExtras VOPRFClient.swift
[1425/1514] Compiling CryptoExtras VOPRFServer.swift
[1426/1514] Compiling CryptoExtras ThreadOps.swift
[1427/1514] Compiling CryptoExtras ThreadPosix.swift
[1428/1514] Compiling CryptoExtras ThreadSpecific.swift
[1429/1514] Compiling CryptoExtras ThreadWindows.swift
[1430/1514] Compiling CryptoExtras DLEQ.swift
[1431/1514] Compiling CryptoExtras Prover.swift
[1432/1514] Compiling CryptoExtras Verifier.swift
[1433/1514] Compiling CryptoExtras ZKPToolbox.swift
[1434/1514] Compiling CryptoExtras CMAC.swift
[1435/1514] Compiling CryptoExtras ARC+API.swift
[1436/1514] Compiling CryptoExtras ARC.swift
[1437/1514] Compiling CryptoExtras ARCCredential.swift
[1438/1514] Compiling CryptoExtras ARCEncoding.swift
[1439/1514] Compiling CryptoExtras ARCPrecredential.swift
[1440/1514] Compiling CryptoExtras ARCPresentation.swift
[1441/1514] Compiling CryptoExtras ARCRequest.swift
[1442/1514] Compiling CryptoExtras ARCResponse.swift
[1443/1514] Compiling CryptoExtras BoringSSLPassphraseCallbackManager.swift
[1444/1514] Compiling CryptoExtras RSA+BlindSigning.swift
[1445/1514] Compiling CryptoExtras RSA.swift
[1446/1514] Compiling CryptoExtras RSA_boring.swift
[1447/1514] Compiling CryptoExtras Reexport.swift
[1448/1514] Compiling CryptoExtras Zeroization_boring.swift
[1449/1514] Compiling CryptoExtras BoringSSLHelpers.swift
[1450/1514] Compiling CryptoExtras CryptoKitErrors_boring.swift
[1451/1514] Emitting module CryptoExtras
[1452/1514] Compiling CryptoExtras PKCS8DERRepresentation.swift
[1453/1514] Compiling CryptoExtras PKCS8PrivateKey.swift
[1454/1514] Compiling CryptoExtras RFC8410AlgorithmIdentifier.swift
[1455/1514] Compiling CryptoExtras ECToolbox_boring.swift
[1456/1514] Compiling CryptoExtras ECToolbox.swift
[1457/1514] Compiling CryptoExtras HashToField.swift
[1458/1514] Compiling CryptoExtras KDF.swift
[1459/1514] Compiling CryptoExtras PBKDF2_boring.swift
[1460/1514] Compiling CryptoExtras PBKDF2_commoncrypto.swift
[1461/1514] Compiling CryptoExtras Data+Extensions.swift
[1462/1514] Compiling CryptoExtras DigestType.swift
[1463/1514] Compiling CryptoExtras Error.swift
[1464/1514] Compiling CryptoExtras I2OSP.swift
[1465/1514] Compiling CryptoExtras IntegerEncoding.swift
[1466/1514] Compiling CryptoExtras PEMDocument.swift
[1467/1514] Compiling CryptoExtras PrettyBytes.swift
[1468/1514] Compiling CryptoExtras SubjectPublicKeyInfo.swift
[1478/1515] Wrapping AST for CryptoExtras for debugging
[1480/1517] Emitting module _CryptoExtras
[1481/1517] Compiling _CryptoExtras Exports.swift
[1482/1518] Wrapping AST for _CryptoExtras for debugging
[1484/1613] Compiling X509 OneOfPolicies.swift
[1485/1613] Compiling X509 PolicyBuilder.swift
[1486/1613] Compiling X509 BasicConstraintsPolicy.swift
[1487/1613] Compiling X509 DNSNames.swift
[1488/1613] Compiling X509 ExpiryPolicy.swift
[1489/1613] Compiling X509 IPConstraints.swift
[1490/1613] Compiling X509 NameConstraintsPolicy.swift
[1491/1613] Compiling X509 RFC5280Policy.swift
[1492/1613] Compiling X509 URIConstraints.swift
[1493/1613] Emitting module NIOCore
[1494/1621] Wrapping AST for NIOCore for debugging
[1496/1671] Compiling NIOFoundationEssentialsCompat Codable+ByteBuffer.swift
[1497/1671] Emitting module NIOFoundationEssentialsCompat
[1498/1671] Emitting module NIOEmbedded
[1499/1671] Compiling NIOEmbedded AsyncTestingEventLoop.swift
[1500/1671] Compiling NIOFoundationEssentialsCompat ByteBuffer-foundation.swift
[1501/1672] Compiling NIOEmbedded Embedded.swift
[1502/1672] Wrapping AST for NIOFoundationEssentialsCompat for debugging
[1504/1672] Compiling NIOEmbedded AsyncTestingChannel.swift
[1505/1673] Wrapping AST for NIOEmbedded for debugging
[1507/1673] Compiling NIOPosix BSDSocketAPICommon.swift
[1508/1673] Compiling NIOPosix BSDSocketAPIPosix.swift
[1509/1673] Compiling NIOPosix BSDSocketAPIWindows.swift
[1510/1673] Compiling NIOPosix BaseSocket.swift
[1511/1673] Compiling NIOPosix BaseSocketChannel+AccessibleTransport.swift
[1512/1673] Compiling NIOPosix BaseSocketChannel+SocketOptionProvider.swift
[1513/1673] Compiling NIOPosix BaseSocketChannel.swift
[1514/1673] Compiling NIOPosix BaseStreamSocketChannel.swift
[1515/1673] Compiling NIOPosix Bootstrap.swift
[1516/1673] Compiling NIOPosix ControlMessage.swift
[1517/1673] Compiling NIOPosix DatagramVectorReadManager.swift
[1518/1673] Compiling NIOPosix Errors+Any.swift
[1519/1673] Compiling NIOPosix FileDescriptor.swift
[1520/1673] Compiling NIOPosix GetaddrinfoResolver.swift
[1521/1686] Compiling NIOPosix HappyEyeballs.swift
[1522/1686] Compiling NIOPosix IO.swift
[1523/1686] Compiling NIOPosix IntegerBitPacking.swift
[1524/1686] Compiling NIOPosix IntegerTypes.swift
[1525/1686] Compiling NIOPosix Linux.swift
[1526/1686] Compiling NIOPosix LinuxCPUSet.swift
[1527/1686] Compiling NIOPosix LinuxUring.swift
[1528/1686] Compiling NIOPosix MultiThreadedEventLoopGroup.swift
[1529/1686] Compiling NIOPosix NIOPosixSendableMetatype.swift
[1530/1686] Compiling NIOPosix NIORandomizedDNSResolver.swift
[1531/1686] Compiling NIOPosix NIOThreadPool.swift
[1532/1686] Compiling NIOPosix NonBlockingFileIO.swift
[1533/1686] Compiling NIOPosix PendingDatagramWritesManager.swift
[1534/1686] Compiling NIOPosix PendingWritesManager.swift
[1535/1686] Compiling NIOPosix Selectable.swift
[1536/1686] Compiling NIOPosix SelectableChannel.swift
[1537/1686] Compiling NIOPosix SelectableEventLoop.swift
[1538/1686] Compiling NIOPosix SelectorEpoll.swift
[1539/1686] Compiling NIOPosix SelectorGeneric.swift
[1540/1686] Compiling NIOPosix SelectorKqueue.swift
[1541/1686] Compiling NIOPosix SelectorUring.swift
[1542/1686] Compiling NIOPosix PipeChannel.swift
[1543/1686] Compiling NIOPosix PipePair.swift
[1544/1686] Compiling NIOPosix Pool.swift
[1545/1686] Compiling NIOPosix PosixSingletons+ConcurrencyTakeOver.swift
[1546/1686] Compiling NIOPosix PosixSingletons.swift
[1547/1686] Compiling X509 PKCS8PrivateKey.swift
[1548/1686] Compiling X509 PromiseAndFuture.swift
[1549/1686] Compiling X509 RDNAttribute.swift
[1550/1686] Compiling X509 RandomNumberGenerator+bytes.swift
[1551/1686] Compiling X509 RelativeDistinguishedName.swift
[1552/1686] Compiling X509 SEC1PrivateKey.swift
[1553/1686] Compiling X509 SecKeyWrapper.swift
[1554/1686] Compiling X509 Signature.swift
[1555/1686] Compiling X509 SignatureAlgorithm.swift
[1556/1686] Compiling X509 AllOfPolicies.swift
[1557/1686] Compiling X509 AnyPolicy.swift
[1558/1686] Compiling X509 CertificateStore.swift
[1559/1686] Compiling X509 CustomCertificateStore.swift
[1560/1686] Compiling X509 CMSIssuerAndSerialNumber.swift
[1561/1686] Compiling X509 CMSOperations.swift
[1562/1686] Compiling X509 CMSSignature.swift
[1563/1686] Compiling X509 CMSSignedData.swift
[1564/1686] Compiling X509 CMSSignerIdentifier.swift
[1565/1686] Compiling X509 CMSSignerInfo.swift
[1566/1686] Compiling X509 CMSVersion.swift
[1567/1686] Compiling X509 Curve25519+DER.swift
[1568/1686] Compiling X509 CustomPrivateKey.swift
[1569/1686] Compiling X509 Digests.swift
[1570/1686] Compiling X509 DistinguishedName.swift
[1571/1686] Compiling X509 CommonName.swift
[1572/1686] Compiling X509 CountryName.swift
[1573/1686] Compiling X509 DNBuilder.swift
[1574/1686] Compiling NIOPosix RawSocketBootstrap.swift
[1575/1686] Compiling NIOPosix Resolver.swift
[1576/1686] Compiling NIOPosix SelectorWSAPoll.swift
[1577/1686] Compiling NIOPosix ServerSocket.swift
[1578/1686] Compiling NIOPosix Socket.swift
[1579/1686] Compiling NIOPosix SocketChannel.swift
[1580/1686] Compiling NIOPosix SocketProtocols.swift
[1581/1686] Compiling NIOPosix StructuredConcurrencyHelpers.swift
[1582/1686] Compiling NIOPosix System.swift
[1583/1686] Compiling X509 BasicOCSPResponse.swift
[1584/1686] Compiling X509 DirectoryString.swift
[1585/1686] Compiling X509 OCSPCertID.swift
[1586/1686] Compiling X509 OCSPCertStatus.swift
[1587/1686] Compiling X509 CSRAttribute.swift
[1588/1686] Compiling X509 CSRAttributes.swift
[1589/1686] Compiling X509 CSRVersion.swift
[1590/1686] Compiling X509 CertificateSigningRequest.swift
[1591/1686] Compiling X509 CertificationRequestInfo.swift
[1592/1686] Compiling X509 ExtensionRequest.swift
[1593/1686] Compiling X509 Certificate.swift
[1594/1686] Compiling X509 CertificatePrivateKey.swift
[1595/1686] Compiling X509 CertificatePublicKey.swift
[1596/1686] Compiling X509 CertificateSerialNumber.swift
[1597/1686] Compiling X509 CertificateVersion.swift
[1598/1686] Compiling X509 CMSAttribute.swift
[1599/1686] Compiling X509 CMSContentInfo.swift
[1600/1686] Compiling X509 CMSEncapsulatedContentInfo.swift
[1608/1693] Emitting module NIOPosix
[1637/1693] Compiling NIOPosix Thread.swift
[1638/1693] Compiling NIOPosix ThreadPosix.swift
[1639/1693] Compiling NIOPosix ThreadWindows.swift
[1640/1693] Compiling NIOPosix Utilities.swift
[1641/1693] Compiling NIOPosix VsockAddress.swift
[1642/1693] Compiling NIOPosix VsockChannelEvents.swift
[1643/1693] Compiling NIOPosix Windows.swift
[1644/1693] Emitting module X509
[1659/1694] Wrapping AST for NIOPosix for debugging
[1661/1696] Compiling NIO Exports.swift
[1662/1696] Emitting module NIO
[1663/1697] Wrapping AST for NIO for debugging
[1665/1736] Compiling NIOTLS TLSEvents.swift
[1666/1736] Compiling NIOSOCKS SelectedAuthenticationMethod.swift
[1667/1737] Compiling NIOTLS ProtocolNegotiationHandlerStateMachine.swift
[1668/1737] Emitting module NIOFoundationCompat
[1669/1737] Compiling NIOSOCKS AuthenticationMethod.swift
[1670/1737] Compiling NIOSOCKS ClientGreeting.swift
[1671/1737] Compiling NIOFoundationCompat Exports.swift
[1672/1737] Compiling NIOFoundationCompat JSONSerialization+ByteBuffer.swift
[1673/1737] Compiling NIOFoundationCompat WaitSpinningRunLoop.swift
[1674/1737] Compiling NIOSOCKS ClientStateMachine.swift
[1675/1737] Compiling NIOSOCKS ServerStateMachine.swift
[1676/1738] Compiling NIOSOCKS SOCKSResponse.swift
[1677/1738] Wrapping AST for NIOFoundationCompat for debugging
[1679/1738] Compiling NIOSOCKS SOCKSClientHandler.swift
[1680/1738] Compiling NIOSOCKS SOCKSServerHandshakeHandler.swift
[1681/1738] Compiling NIOSOCKS Errors.swift
[1682/1738] Compiling NIOSOCKS Helpers.swift
[1683/1738] Emitting module NIOSOCKS
[1684/1738] Compiling NIOSOCKS Messages.swift
[1685/1738] Compiling NIOSOCKS SOCKSRequest.swift
[1687/1739] Compiling NIOTLS SNIHandler.swift
[1688/1739] Compiling NIOTLS ApplicationProtocolNegotiationHandler.swift
[1689/1739] Emitting module NIOTLS
[1690/1739] Compiling NIOTLS NIOTypedApplicationProtocolNegotiationHandler.swift
[1696/1741] Wrapping AST for NIOSOCKS for debugging
[1697/1742] Wrapping AST for NIOTLS for debugging
[1699/1755] Compiling NIOHTTP1 NIOTypedHTTPClientUpgradeHandler.swift
[1700/1755] Compiling NIOHTTP1 NIOTypedHTTPClientUpgraderStateMachine.swift
[1701/1759] Compiling NIOSSL SSLCertificateExtensions.swift
[1702/1759] Compiling NIOSSL SSLCertificateName.swift
[1703/1772] Compiling X509 ValidatedCertificateChain.swift
[1704/1772] Compiling X509 VerificationDiagnostic.swift
[1705/1772] Compiling X509 Verifier.swift
[1706/1772] Compiling X509 VerifierPolicy.swift
[1707/1772] Compiling X509 AlgorithmIdentifier.swift
[1708/1772] Compiling X509 ECDSASignature.swift
[1709/1772] Compiling X509 RSAPKCS1PublicKey.swift
[1710/1772] Compiling X509 SubjectPublicKeyInfo.swift
[1711/1772] Compiling X509 TBSCertificate.swift
[1712/1772] Compiling X509 Time.swift
[1713/1772] Compiling X509 TimeCalculations.swift
[1714/1772] Compiling X509 Validity.swift
[1715/1772] Compiling X509 X509SendableMetatype.swift
[1716/1773] Wrapping AST for X509 for debugging
[1718/1840] Compiling JWTKit SubjectClaim.swift
[1719/1840] Compiling JWTKit TenantIDClaim.swift
[1720/1840] Compiling JWTKit JWTMultiValueClaim.swift
[1721/1840] Compiling JWTKit JWTUnixEpochClaim.swift
[1722/1840] Compiling JWTKit ECDSACurveType.swift
[1723/1840] Compiling JWTKit ECDSAError.swift
[1724/1840] Emitting module NIOHTTP1
[1725/1840] Compiling JWTKit AudienceClaim.swift
[1726/1840] Compiling JWTKit BoolClaim.swift
[1727/1840] Compiling JWTKit ExpirationClaim.swift
[1728/1851] Wrapping AST for NIOHTTP1 for debugging
[1730/1858] Compiling JWTKit JWTSerializer.swift
[1731/1858] Compiling JWTKit JWTSigner.swift
[1732/1858] Compiling JWTKit JWTKeyCollection+MLDSA.swift
[1733/1858] Compiling JWTKit MLDSA.swift
[1734/1858] Compiling JWTKit MLDSA65+MLDSAKey.swift
[1735/1858] Compiling JWTKit MLDSA87+MLDSAKey.swift
[1736/1858] Compiling JWTKit MLDSAError.swift
[1737/1858] Compiling JWTKit MLDSAKey.swift
[1738/1858] Compiling JWTKit MLDSASigner.swift
[1739/1858] Compiling JWTKit MLDSAType.swift
[1740/1858] Compiling JWTKit JWTKeyCollection+UnsecuredNone.swift
[1741/1858] Compiling JWTKit UnsecuredNoneSigner.swift
[1742/1858] Compiling JWTKit JWTKeyCollection+RSA.swift
[1743/1858] Compiling JWTKit RSA.swift
[1744/1858] Compiling JWTKit RSAError.swift
[1745/1858] Compiling JWTKit RSASigner.swift
[1746/1858] Compiling JWTKit Base64URL.swift
[1747/1858] Compiling JWTKit CryptoSigner.swift
[1748/1867] Emitting module NIOHTTPCompression
[1749/1867] Compiling NIOHPACK IntegerCoding.swift
[1750/1867] Compiling NIOHPACK IndexedHeaderTable.swift
[1751/1868] Emitting module NIOSSL
[1752/1872] Emitting module JWTKit
[1753/1872] Compiling NIOSSL Zeroization.swift
[1754/1872] Compiling NIOSSL TLSConfiguration.swift
[1755/1872] Compiling NIOSSL UniversalBootstrapSupport.swift
[1756/1872] Compiling NIOSSL UnsafeKeyAndChainTarget.swift
[1757/1872] Compiling JWTKit Insecure.swift
[1758/1872] Compiling JWTKit JWK.swift
[1759/1872] Compiling JWTKit JWKIdentifier.swift
[1760/1872] Compiling JWTKit JWKS.swift
[1761/1872] Compiling JWTKit JWKSigner.swift
[1762/1872] Compiling NIOHTTPCompression HTTPDecompressor.swift
[1763/1872] Compiling NIOHPACK HuffmanTables.swift
[1764/1872] Compiling NIOHPACK StaticHeaderTable.swift
[1765/1872] Compiling JWTKit JWTError.swift
[1766/1872] Compiling JWTKit JWTHeader+CommonFields.swift
[1767/1872] Compiling JWTKit JWTHeader.swift
[1768/1872] Compiling JWTKit JWTHeaderField.swift
[1769/1872] Compiling NIOHTTPCompression HTTPDecompression.swift
[1770/1872] Compiling NIOHTTPCompression HTTPCompression.swift
[1771/1872] Compiling JWTKit ECDSASigningAlgorithm.swift
[1772/1872] Compiling JWTKit JWTKeyCollection+ECDSA.swift
[1773/1872] Compiling JWTKit P256+CurveType.swift
[1774/1872] Compiling NIOHPACK HuffmanCoding.swift
[1775/1872] Compiling JWTKit P384+CurveType.swift
[1776/1872] Compiling JWTKit P521+CurveType.swift
[1777/1872] Compiling JWTKit EdDSA.swift
[1778/1872] Compiling JWTKit EdDSACurve.swift
[1779/1872] Compiling JWTKit EdDSAError.swift
[1780/1872] Compiling JWTKit EdDSASigner.swift
[1781/1872] Compiling JWTKit JWTKeyCollection+EdDSA.swift
[1782/1872] Compiling JWTKit JWTAlgorithm.swift
[1787/1872] Compiling JWTKit JWTKeyCollection.swift
[1788/1872] Compiling JWTKit JWTParser+MandatoryVerificationFields.swift
[1789/1872] Compiling JWTKit JWTParser.swift
[1790/1872] Compiling JWTKit JWTPayload.swift
[1791/1872] Compiling JWTKit LocaleClaim.swift
[1792/1872] Compiling JWTKit NotBeforeClaim.swift
[1795/1872] Compiling JWTKit ECDSA.swift
[1796/1872] Compiling JWTKit ECDSACurve.swift
[1799/1872] Compiling JWTKit ECDSAKeyTypes.swift
[1800/1872] Compiling JWTKit ECDSASigner.swift
[1801/1872] Compiling NIOHPACK HPACKEncoder.swift
[1802/1872] Compiling NIOHPACK HPACKErrors.swift
[1803/1872] Compiling NIOHPACK HPACKHeader.swift
[1804/1872] Compiling NIOHPACK HeaderTables.swift
[1805/1872] Compiling NIOHPACK DynamicHeaderTable.swift
[1806/1872] Compiling NIOHPACK HPACKDecoder.swift
[1807/1872] Compiling JWTKit IssuerClaim.swift
[1808/1872] Compiling JWTKit JWTClaim.swift
[1811/1872] Compiling NIOHTTPCompression HTTPRequestCompressor.swift
[1812/1872] Compiling NIOHTTPCompression HTTPResponseCompressor.swift
[1813/1873] Wrapping AST for NIOHTTPCompression for debugging
[1825/1873] Emitting module NIOHPACK
[1826/1874] Wrapping AST for NIOHPACK for debugging
[1828/1937] Compiling NIOHTTP2 MaySendFrames.swift
[1829/1937] Compiling NIOHTTP2 SendingDataState.swift
[1830/1937] Compiling NIOHTTP2 SendingGoawayState.swift
[1831/1937] Compiling NIOHTTP2 SendingHeadersState.swift
[1832/1937] Compiling NIOHTTP2 ReceivingHeadersState.swift
[1833/1937] Compiling NIOHTTP2 ReceivingPushPromiseState.swift
[1834/1937] Compiling NIOHTTP2 ReceivingRstStreamState.swift
[1835/1937] Compiling NIOHTTP2 ReceivingWindowUpdateState.swift
[1836/1937] Compiling NIOHTTP2 SendingPushPromiseState.swift
[1837/1937] Compiling NIOHTTP2 SendingRstStreamState.swift
[1838/1937] Compiling NIOHTTP2 SendingWindowUpdateState.swift
[1839/1937] Compiling NIOHTTP2 HTTP2SettingsState.swift
[1840/1937] Compiling NIOHTTP2 ConnectionStateMachine.swift
[1841/1937] Compiling NIOHTTP2 ConnectionStreamsState.swift
[1842/1937] Compiling NIOHTTP2 MayReceiveFrames.swift
[1843/1937] Compiling NIOHTTP2 ReceivingDataState.swift
[1844/1937] Compiling NIOHTTP2 ReceivingGoAwayState.swift
[1845/1937] Compiling NIOHTTP2 HasExtendedConnectSettings.swift
[1846/1937] Compiling NIOHTTP2 DOSHeuristics.swift
[1847/1937] Compiling NIOHTTP2 Error+Any.swift
[1848/1937] Compiling NIOHTTP2 ConcurrentStreamBuffer.swift
[1849/1937] Compiling JWTKit CustomizedJSONCoders.swift
[1850/1937] Compiling JWTKit Utilities.swift
[1851/1937] Compiling JWTKit AppleIdentityToken.swift
[1852/1937] Compiling JWTKit FirebaseAuthIdentityToken.swift
[1853/1937] Compiling JWTKit GoogleIdentityToken.swift
[1854/1937] Compiling JWTKit MicrosoftIdentityToken.swift
[1855/1937] Compiling JWTKit EmptyPolicy.swift
[1856/1937] Compiling JWTKit ValidationTimePayload.swift
[1857/1937] Compiling JWTKit X5CVerifier.swift
[1858/1938] Wrapping AST for JWTKit for debugging
[1860/1938] Compiling NIOHTTP2 HTTP2PipelineHelpers.swift
[1861/1938] Compiling NIOHTTP2 HTTP2Settings.swift
[1862/1938] Compiling NIOHTTP2 HTTP2Stream.swift
[1863/1938] Compiling NIOHTTP2 HTTP2StreamChannel+OutboundStreamMultiplexer.swift
[1864/1939] Wrapping AST for NIOSSL for debugging
[1866/1939] Emitting module NIOHTTP2
[1876/1947] Compiling NIOHTTP2 NIOHTTP2ServerConnectionManagementHandler.swift
[1877/1947] Compiling NIOHTTP2 StreamChannelFlowController.swift
[1878/1947] Compiling NIOHTTP2 StreamChannelList.swift
[1879/1947] Compiling NIOHTTP2 StreamMap.swift
[1880/1947] Compiling NIOHTTP2 StreamStateMachine.swift
[1881/1947] Compiling NIOHTTP2 Timer.swift
[1882/1947] Compiling NIOHTTP2 UnsafeTransfer.swift
[1883/1947] Compiling NIOHTTP2 WatermarkedFlowController.swift
[1887/1947] Compiling NIOHTTP2 ControlFrameBuffer.swift
[1888/1947] Compiling NIOHTTP2 OutboundFlowControlBuffer.swift
[1889/1947] Compiling NIOHTTP2 OutboundFrameBuffer.swift
[1890/1947] Compiling NIOHTTP2 GlitchesMonitor.swift
[1891/1947] Compiling NIOHTTP2 HPACKHeaders+Validation.swift
[1892/1947] Compiling NIOHTTP2 HTTP2ChannelHandler+InboundStreamMultiplexer.swift
[1902/1947] Compiling NIOHTTP2 HasFlowControlWindows.swift
[1903/1947] Compiling NIOHTTP2 HasLocalSettings.swift
[1904/1947] Compiling NIOHTTP2 HasRemoteSettings.swift
[1905/1947] Compiling NIOHTTP2 LocallyQuiescingState.swift
[1906/1947] Compiling NIOHTTP2 QuiescingState.swift
[1907/1947] Compiling NIOHTTP2 RemotelyQuiescingState.swift
[1908/1947] Compiling NIOHTTP2 SendAndReceiveGoawayState.swift
[1909/1947] Compiling NIOHTTP2 StateMachineResult.swift
[1910/1947] Compiling NIOHTTP2 ContentLengthVerifier.swift
[1911/1947] Compiling NIOHTTP2 HTTP2FrameParser.swift
[1912/1947] Compiling NIOHTTP2 HTTP2PingData.swift
[1917/1947] Compiling NIOHTTP2 HTTP2StreamChannel.swift
[1918/1947] Compiling NIOHTTP2 HTTP2StreamDelegate.swift
[1919/1947] Compiling NIOHTTP2 HTTP2StreamID.swift
[1920/1947] Compiling NIOHTTP2 HTTP2StreamMultiplexer.swift
[1921/1947] Compiling NIOHTTP2 HTTP2ToHTTP1Codec.swift
[1922/1947] Compiling NIOHTTP2 HTTP2UserEvents.swift
[1923/1947] Compiling NIOHTTP2 InboundEventBuffer.swift
[1924/1947] Compiling NIOHTTP2 InboundWindowManager.swift
[1925/1947] Compiling NIOHTTP2 MultiplexerAbstractChannel.swift
[1926/1947] Compiling NIOHTTP2 NIOHTTP2FrameDelegate.swift
[1927/1947] Compiling NIOHTTP2 NIOHTTP2ServerConnectionManagementHandler+StateMachine.swift
[1928/1947] Compiling NIOHTTP2 HTTP2ChannelHandler+InlineStreamMultiplexer.swift
[1929/1947] Compiling NIOHTTP2 HTTP2ChannelHandler.swift
[1930/1947] Compiling NIOHTTP2 HTTP2CommonInboundStreamMultiplexer.swift
[1931/1947] Compiling NIOHTTP2 HTTP2ConnectionStateChange.swift
[1932/1947] Compiling NIOHTTP2 HTTP2Error.swift
[1933/1947] Compiling NIOHTTP2 HTTP2ErrorCode.swift
[1934/1947] Compiling NIOHTTP2 HTTP2FlowControlWindow.swift
[1935/1947] Compiling NIOHTTP2 HTTP2Frame.swift
[1936/1947] Compiling NIOHTTP2 HTTP2FrameEncoder.swift
[1937/1948] Wrapping AST for NIOHTTP2 for debugging
[1939/2012] Emitting module AsyncHTTPClient
[1940/2020] Compiling AsyncHTTPClient AnyAsyncSequence.swift
[1941/2020] Compiling AsyncHTTPClient AnyAsyncSequenceProucerDelete.swift
[1942/2020] Compiling AsyncHTTPClient AsyncLazySequence.swift
[1943/2020] Compiling AsyncHTTPClient HTTPClient+execute.swift
[1944/2020] Compiling AsyncHTTPClient HTTPClient+shutdown.swift
[1945/2020] Compiling AsyncHTTPClient HTTPClient+tracing.swift
[1946/2020] Compiling AsyncHTTPClient HTTPClientRequest+Prepared.swift
[1947/2020] Compiling AsyncHTTPClient HTTPClientRequest+auth.swift
[1948/2020] Compiling AsyncHTTPClient HTTPClientRequest.swift
[1949/2020] Compiling AsyncHTTPClient HTTPClientResponse.swift
[1950/2020] Compiling AsyncHTTPClient SingleIteratorPrecondition.swift
[1951/2020] Compiling AsyncHTTPClient Transaction+StateMachine.swift
[1952/2020] Compiling AsyncHTTPClient Transaction.swift
[1953/2020] Compiling AsyncHTTPClient Base64.swift
[1954/2020] Compiling AsyncHTTPClient BasicAuth.swift
[1955/2020] Compiling AsyncHTTPClient BestEffortHashableTLSConfiguration.swift
[1956/2020] Compiling AsyncHTTPClient Configuration+BrowserLike.swift
[1957/2020] Compiling AsyncHTTPClient ConnectionPool.swift
[1958/2020] Compiling AsyncHTTPClient LRUCache.swift
[1959/2020] Compiling AsyncHTTPClient NIOLoopBound+Execute.swift
[1960/2020] Compiling AsyncHTTPClient NWErrorHandler.swift
[1961/2020] Compiling AsyncHTTPClient NWWaitingHandler.swift
[1962/2020] Compiling AsyncHTTPClient TLSConfiguration.swift
[1963/2020] Compiling AsyncHTTPClient RedirectState.swift
[1964/2020] Compiling AsyncHTTPClient RequestBag+StateMachine.swift
[1965/2020] Compiling AsyncHTTPClient RequestBag+Tracing.swift
[1966/2020] Compiling AsyncHTTPClient RequestBag.swift
[1967/2020] Compiling AsyncHTTPClient HTTP1ProxyConnectHandler.swift
[1968/2020] Compiling AsyncHTTPClient SOCKSEventsHandler.swift
[1969/2020] Compiling AsyncHTTPClient TLSEventsHandler.swift
[1970/2020] Compiling AsyncHTTPClient HTTP1ClientChannelHandler.swift
[1971/2020] Compiling AsyncHTTPClient HTTP1Connection.swift
[1972/2020] Compiling AsyncHTTPClient HTTP1ConnectionStateMachine.swift
[1973/2020] Compiling AsyncHTTPClient HTTP2ClientRequestHandler.swift
[1974/2020] Compiling AsyncHTTPClient HTTP2Connection.swift
[1975/2020] Compiling AsyncHTTPClient HTTP2IdleHandler.swift
[1976/2020] Compiling AsyncHTTPClient RequestValidation.swift
[1977/2020] Compiling AsyncHTTPClient SSLContextCache.swift
[1978/2020] Compiling AsyncHTTPClient Scheme.swift
[1979/2020] Compiling AsyncHTTPClient Singleton.swift
[1980/2020] Compiling AsyncHTTPClient StringConvertibleInstances.swift
[1981/2020] Compiling AsyncHTTPClient StructuredConcurrencyHelpers.swift
[1982/2020] Compiling AsyncHTTPClient TracingSupport.swift
[1983/2020] Compiling AsyncHTTPClient Utils.swift
[1984/2020] Compiling AsyncHTTPClient HTTPConnectionEvent.swift
[1985/2020] Compiling AsyncHTTPClient HTTPConnectionPool+Factory.swift
[1986/2020] Compiling AsyncHTTPClient HTTPConnectionPool+Manager.swift
[1987/2020] Compiling AsyncHTTPClient HTTPConnectionPool.swift
[1988/2020] Compiling AsyncHTTPClient HTTPExecutableRequest.swift
[1989/2020] Compiling AsyncHTTPClient HTTPRequestStateMachine+Demand.swift
[1990/2020] Compiling AsyncHTTPClient HTTPRequestStateMachine.swift
[1991/2020] Compiling AsyncHTTPClient RequestBodyLength.swift
[1992/2020] Compiling AsyncHTTPClient RequestFramingMetadata.swift
[1993/2020] Compiling AsyncHTTPClient RequestOptions.swift
[1994/2020] Compiling AsyncHTTPClient HTTPConnectionPool+Backoff.swift
[1995/2020] Compiling AsyncHTTPClient HTTPConnectionPool+HTTP1Connections.swift
[1996/2020] Compiling AsyncHTTPClient HTTPConnectionPool+HTTP1StateMachine.swift
[1997/2020] Compiling AsyncHTTPClient HTTPConnectionPool+HTTP2Connections.swift
[1998/2020] Compiling AsyncHTTPClient HTTPConnectionPool+HTTP2StateMachine.swift
[1999/2020] Compiling AsyncHTTPClient HTTPConnectionPool+RequestQueue.swift
[2000/2020] Compiling AsyncHTTPClient HTTPConnectionPool+StateMachine.swift
[2001/2020] Compiling AsyncHTTPClient ConnectionTarget.swift
[2002/2020] Compiling AsyncHTTPClient DeconstructedURL.swift
[2003/2020] Compiling AsyncHTTPClient FileDownloadDelegate.swift
[2004/2020] Compiling AsyncHTTPClient FoundationExtensions.swift
[2005/2020] Compiling AsyncHTTPClient HTTPClient+HTTPCookie.swift
[2006/2020] Compiling AsyncHTTPClient HTTPClient+Proxy.swift
[2007/2020] Compiling AsyncHTTPClient HTTPClient+StructuredConcurrency.swift
[2008/2020] Compiling AsyncHTTPClient HTTPClient.swift
[2009/2020] Compiling AsyncHTTPClient HTTPClientConfiguration+SwiftConfiguration.swift
[2010/2020] Compiling AsyncHTTPClient HTTPHandler.swift
[2011/2021] Wrapping AST for AsyncHTTPClient for debugging
[2013/2044] Compiling GoogleAuth ADC.swift
[2014/2044] Compiling GoogleAuth ADCPath.swift
[2015/2044] Compiling GoogleAuth ADCResolver.swift
[2016/2044] Compiling GoogleAuth AuthHeaders.swift
[2017/2044] Compiling GoogleAuth SubjectTokenProvider.swift
[2018/2044] Compiling GoogleAuth MDSAccessTokenProvider.swift
[2019/2044] Compiling GoogleAuth MDSCredentials.swift
[2020/2044] Emitting module GoogleAuth
[2021/2047] Compiling GoogleAuth UserAccountData.swift
[2022/2047] Compiling GoogleAuth UserAccountTokenProvider.swift
[2023/2047] Compiling GoogleAuth UserCredentials.swift
[2024/2047] Compiling GoogleAuth AuthHTTPClient.swift
[2025/2047] Compiling GoogleAuth AuthHTTPError.swift
[2026/2047] Compiling GoogleAuth RetryEngine.swift
[2027/2047] Compiling GoogleAuth CredentialParserRegistry.swift
[2028/2047] Compiling GoogleAuth Credentials.swift
[2029/2047] Compiling GoogleAuth CredentialsError.swift
[2030/2047] Compiling GoogleAuth AnonymousCredentials.swift
[2031/2047] Compiling GoogleAuth ApiKeyCredentials.swift
[2032/2047] Compiling GoogleAuth ExternalAccountCredentials.swift
[2033/2047] Compiling GoogleAuth ServiceAccountCredentials.swift
[2034/2047] Compiling GoogleAuth ServiceAccountData.swift
[2035/2047] Compiling GoogleAuth ServiceAccountTokenProvider.swift
[2036/2047] Compiling GoogleAuth STSHandler.swift
[2037/2047] Compiling GoogleAuth TokenCache.swift
[2038/2047] Compiling GoogleAuth PackageVersion.swift
[2039/2048] Wrapping AST for GoogleAuth for debugging
[2041/2106] Compiling GoogleGax AIP194+PollingErrorPolicy.swift
[2042/2106] Compiling GoogleGax AIP194+RetryPolicy.swift
[2043/2106] Compiling GoogleGax AIP194.swift
[2044/2106] Compiling GoogleGax AdaptiveThrottler.swift
[2045/2106] Compiling GoogleGax AlwaysPoll.swift
[2046/2106] Compiling GoogleGax AlwaysRetry.swift
[2047/2106] Compiling GoogleGax ApiClientHeader.swift
[2048/2106] Compiling GoogleGax BackoffPolicy.swift
[2049/2106] Compiling GoogleGax BasePollingErrorPolicy.swift
[2050/2114] Emitting module GoogleGax
[2051/2114] Compiling GoogleGax RequestOptions.swift
[2052/2114] Compiling GoogleGax RetryLoop.swift
[2053/2114] Compiling GoogleGax RetryPolicy.swift
[2054/2114] Compiling GoogleGax RetryResult.swift
[2055/2114] Compiling GoogleGax RetryState.swift
[2056/2114] Compiling GoogleGax RetryThrottler.swift
[2057/2114] Compiling GoogleGax RetryThrottlerError.swift
[2058/2114] Compiling GoogleGax RoutingMatcher.swift
[2059/2114] Compiling GoogleGax LimitedAttemptCount+PollingErrorPolicy.swift
[2060/2114] Compiling GoogleGax LimitedAttemptCount+RetryPolicy.swift
[2061/2114] Compiling GoogleGax LimitedAttemptCount.swift
[2062/2114] Compiling GoogleGax LimitedElapsedTime+PollingErrorPolicy.swift
[2063/2114] Compiling GoogleGax LimitedElapsedTime+RetryPolicy.swift
[2064/2114] Compiling GoogleGax LimitedElapsedTime.swift
[2065/2114] Compiling GoogleGax LongRunningOperations.swift
[2066/2114] Compiling GoogleGax NeverRetry.swift
[2067/2114] Compiling GoogleGax BaseRetryPolicy.swift
[2068/2114] Compiling GoogleGax BindingError.swift
[2069/2114] Compiling GoogleGax CRC32C.swift
[2070/2114] Compiling GoogleGax CircuitBreaker.swift
[2071/2114] Compiling GoogleGax ClientError.swift
[2072/2114] Compiling GoogleGax ClientOptions.swift
[2073/2114] Compiling GoogleGax ContinueOnIO+PollingErrorPolicy.swift
[2074/2114] Compiling GoogleGax ContinueOnIO+RetryPolicy.swift
[2075/2114] Compiling GoogleGax Pagination.swift
/host/spi-builder-workspace/.build/checkouts/swift-google-gax/Sources/GoogleGax/Pagination.swift:44:22: error: cannot convert '@Sendable (String) async throws -> (response: ResponseType, items: [Item], nextToken: String)' to 'nonisolated(nonsending) @Sendable (String) async throws -> (response: ResponseType, items: [Item], nextToken: String)' because crossing of an isolation boundary requires parameter and result types to conform to 'Sendable' protocol
 42 |   ) where ResponseType: _PaginatedResponse<Item> {
 43 |     self.initialPageToken = initialPageToken ?? ""
 44 |     self.fetchPage = { token in
    |                      |- error: cannot convert '@Sendable (String) async throws -> (response: ResponseType, items: [Item], nextToken: String)' to 'nonisolated(nonsending) @Sendable (String) async throws -> (response: ResponseType, items: [Item], nextToken: String)' because crossing of an isolation boundary requires parameter and result types to conform to 'Sendable' protocol
    |                      `- note: type 'Item' does not conform to 'Sendable' protocol
 45 |       let response = try await listRpc(token)
 46 |       return (response, response._getPaginatedItems(), response._nextPageToken())
[2076/2114] Compiling GoogleGax PollingBackoffPolicy.swift
/host/spi-builder-workspace/.build/checkouts/swift-google-gax/Sources/GoogleGax/Pagination.swift:44:22: error: cannot convert '@Sendable (String) async throws -> (response: ResponseType, items: [Item], nextToken: String)' to 'nonisolated(nonsending) @Sendable (String) async throws -> (response: ResponseType, items: [Item], nextToken: String)' because crossing of an isolation boundary requires parameter and result types to conform to 'Sendable' protocol
 42 |   ) where ResponseType: _PaginatedResponse<Item> {
 43 |     self.initialPageToken = initialPageToken ?? ""
 44 |     self.fetchPage = { token in
    |                      |- error: cannot convert '@Sendable (String) async throws -> (response: ResponseType, items: [Item], nextToken: String)' to 'nonisolated(nonsending) @Sendable (String) async throws -> (response: ResponseType, items: [Item], nextToken: String)' because crossing of an isolation boundary requires parameter and result types to conform to 'Sendable' protocol
    |                      `- note: type 'Item' does not conform to 'Sendable' protocol
 45 |       let response = try await listRpc(token)
 46 |       return (response, response._getPaginatedItems(), response._nextPageToken())
[2077/2114] Compiling GoogleGax PollingErrorPolicy.swift
/host/spi-builder-workspace/.build/checkouts/swift-google-gax/Sources/GoogleGax/Pagination.swift:44:22: error: cannot convert '@Sendable (String) async throws -> (response: ResponseType, items: [Item], nextToken: String)' to 'nonisolated(nonsending) @Sendable (String) async throws -> (response: ResponseType, items: [Item], nextToken: String)' because crossing of an isolation boundary requires parameter and result types to conform to 'Sendable' protocol
 42 |   ) where ResponseType: _PaginatedResponse<Item> {
 43 |     self.initialPageToken = initialPageToken ?? ""
 44 |     self.fetchPage = { token in
    |                      |- error: cannot convert '@Sendable (String) async throws -> (response: ResponseType, items: [Item], nextToken: String)' to 'nonisolated(nonsending) @Sendable (String) async throws -> (response: ResponseType, items: [Item], nextToken: String)' because crossing of an isolation boundary requires parameter and result types to conform to 'Sendable' protocol
    |                      `- note: type 'Item' does not conform to 'Sendable' protocol
 45 |       let response = try await listRpc(token)
 46 |       return (response, response._getPaginatedItems(), response._nextPageToken())
[2078/2114] Compiling GoogleGax PollingResult.swift
/host/spi-builder-workspace/.build/checkouts/swift-google-gax/Sources/GoogleGax/Pagination.swift:44:22: error: cannot convert '@Sendable (String) async throws -> (response: ResponseType, items: [Item], nextToken: String)' to 'nonisolated(nonsending) @Sendable (String) async throws -> (response: ResponseType, items: [Item], nextToken: String)' because crossing of an isolation boundary requires parameter and result types to conform to 'Sendable' protocol
 42 |   ) where ResponseType: _PaginatedResponse<Item> {
 43 |     self.initialPageToken = initialPageToken ?? ""
 44 |     self.fetchPage = { token in
    |                      |- error: cannot convert '@Sendable (String) async throws -> (response: ResponseType, items: [Item], nextToken: String)' to 'nonisolated(nonsending) @Sendable (String) async throws -> (response: ResponseType, items: [Item], nextToken: String)' because crossing of an isolation boundary requires parameter and result types to conform to 'Sendable' protocol
    |                      `- note: type 'Item' does not conform to 'Sendable' protocol
 45 |       let response = try await listRpc(token)
 46 |       return (response, response._getPaginatedItems(), response._nextPageToken())
[2079/2114] Compiling GoogleGax PollingState.swift
/host/spi-builder-workspace/.build/checkouts/swift-google-gax/Sources/GoogleGax/Pagination.swift:44:22: error: cannot convert '@Sendable (String) async throws -> (response: ResponseType, items: [Item], nextToken: String)' to 'nonisolated(nonsending) @Sendable (String) async throws -> (response: ResponseType, items: [Item], nextToken: String)' because crossing of an isolation boundary requires parameter and result types to conform to 'Sendable' protocol
 42 |   ) where ResponseType: _PaginatedResponse<Item> {
 43 |     self.initialPageToken = initialPageToken ?? ""
 44 |     self.fetchPage = { token in
    |                      |- error: cannot convert '@Sendable (String) async throws -> (response: ResponseType, items: [Item], nextToken: String)' to 'nonisolated(nonsending) @Sendable (String) async throws -> (response: ResponseType, items: [Item], nextToken: String)' because crossing of an isolation boundary requires parameter and result types to conform to 'Sendable' protocol
    |                      `- note: type 'Item' does not conform to 'Sendable' protocol
 45 |       let response = try await listRpc(token)
 46 |       return (response, response._getPaginatedItems(), response._nextPageToken())
[2080/2114] Compiling GoogleGax ProtobufConversionError.swift
/host/spi-builder-workspace/.build/checkouts/swift-google-gax/Sources/GoogleGax/Pagination.swift:44:22: error: cannot convert '@Sendable (String) async throws -> (response: ResponseType, items: [Item], nextToken: String)' to 'nonisolated(nonsending) @Sendable (String) async throws -> (response: ResponseType, items: [Item], nextToken: String)' because crossing of an isolation boundary requires parameter and result types to conform to 'Sendable' protocol
 42 |   ) where ResponseType: _PaginatedResponse<Item> {
 43 |     self.initialPageToken = initialPageToken ?? ""
 44 |     self.fetchPage = { token in
    |                      |- error: cannot convert '@Sendable (String) async throws -> (response: ResponseType, items: [Item], nextToken: String)' to 'nonisolated(nonsending) @Sendable (String) async throws -> (response: ResponseType, items: [Item], nextToken: String)' because crossing of an isolation boundary requires parameter and result types to conform to 'Sendable' protocol
    |                      `- note: type 'Item' does not conform to 'Sendable' protocol
 45 |       let response = try await listRpc(token)
 46 |       return (response, response._getPaginatedItems(), response._nextPageToken())
[2081/2114] Compiling GoogleGax QueryParameter.swift
/host/spi-builder-workspace/.build/checkouts/swift-google-gax/Sources/GoogleGax/Pagination.swift:44:22: error: cannot convert '@Sendable (String) async throws -> (response: ResponseType, items: [Item], nextToken: String)' to 'nonisolated(nonsending) @Sendable (String) async throws -> (response: ResponseType, items: [Item], nextToken: String)' because crossing of an isolation boundary requires parameter and result types to conform to 'Sendable' protocol
 42 |   ) where ResponseType: _PaginatedResponse<Item> {
 43 |     self.initialPageToken = initialPageToken ?? ""
 44 |     self.fetchPage = { token in
    |                      |- error: cannot convert '@Sendable (String) async throws -> (response: ResponseType, items: [Item], nextToken: String)' to 'nonisolated(nonsending) @Sendable (String) async throws -> (response: ResponseType, items: [Item], nextToken: String)' because crossing of an isolation boundary requires parameter and result types to conform to 'Sendable' protocol
    |                      `- note: type 'Item' does not conform to 'Sendable' protocol
 45 |       let response = try await listRpc(token)
 46 |       return (response, response._getPaginatedItems(), response._nextPageToken())
[2082/2114] Compiling GoogleGax RequestError.swift
/host/spi-builder-workspace/.build/checkouts/swift-google-gax/Sources/GoogleGax/Pagination.swift:44:22: error: cannot convert '@Sendable (String) async throws -> (response: ResponseType, items: [Item], nextToken: String)' to 'nonisolated(nonsending) @Sendable (String) async throws -> (response: ResponseType, items: [Item], nextToken: String)' because crossing of an isolation boundary requires parameter and result types to conform to 'Sendable' protocol
 42 |   ) where ResponseType: _PaginatedResponse<Item> {
 43 |     self.initialPageToken = initialPageToken ?? ""
 44 |     self.fetchPage = { token in
    |                      |- error: cannot convert '@Sendable (String) async throws -> (response: ResponseType, items: [Item], nextToken: String)' to 'nonisolated(nonsending) @Sendable (String) async throws -> (response: ResponseType, items: [Item], nextToken: String)' because crossing of an isolation boundary requires parameter and result types to conform to 'Sendable' protocol
    |                      `- note: type 'Item' does not conform to 'Sendable' protocol
 45 |       let response = try await listRpc(token)
 46 |       return (response, response._getPaginatedItems(), response._nextPageToken())
[2083/2114] Compiling GoogleGax ContinueOnIO.swift
[2084/2114] Compiling GoogleGax CredentialsProtocol.swift
[2085/2114] Compiling GoogleGax ErrorWrapper.swift
[2086/2114] Compiling GoogleGax ExponentialBackoff+BackoffPolicy.swift
[2087/2114] Compiling GoogleGax ExponentialBackoff+PollingBackoffPolicy.swift
[2088/2114] Compiling GoogleGax ExponentialBackoff.swift
[2089/2114] Compiling GoogleGax HTTPClient.swift
[2090/2114] Compiling GoogleGax HTTPClientHolder.swift
[2091/2114] Compiling GoogleGax HTTPClientProtocol.swift
[2092/2114] Compiling GoogleGax HTTPClientRequest.swift
[2093/2114] Compiling GoogleGax HTTPClientResponse.swift
[2094/2114] Compiling GoogleGax HTTPHeaders.swift
[2095/2114] Compiling GoogleGax HTTPResponseBody.swift
[2096/2114] Compiling GoogleGax HeaderNames.swift
[2097/2114] Compiling GoogleGax Host.swift
[2098/2114] Compiling GoogleGax InProgressResult.swift
[2099/2114] Compiling GoogleGax ServiceError.swift
[2100/2114] Compiling GoogleGax StatusDetail.swift
[2101/2114] Compiling GoogleGax StrictIdempotency.swift
[2102/2114] Compiling GoogleGax ThrottleResult.swift
[2103/2114] Compiling GoogleGax TooManyRequests+PollingErrorPolicy.swift
[2104/2114] Compiling GoogleGax TooManyRequests+RetryPolicy.swift
[2105/2114] Compiling GoogleGax TooManyRequests.swift
[2106/2114] Compiling GoogleGax PackageVersion.swift
BUILD FAILURE 6.2 android