Build Information
Failed to build GoogleCloudOracleDatabaseV1, reference 0.5.0 (b30f88), with Swift 6.2 for Android on 11 Oct 2026 13:01:28 UTC.
Build Command
bash -c docker run --pull=always --rm -v "checkouts-54344843-3":/host -w "$PWD" -e JAVA_HOME="/root/.sdkman/candidates/java/current" -e SPI_BUILD="1" -e SPI_PROCESSING="1" registry.gitlab.com/saguaro1/spi-images:android-6.2-latest swift build --swift-sdk aarch64-unknown-linux-android28 2>&1Build Log
========================================
RunAll
========================================
Builder version: 5.1.1
Interrupt handler set up.
========================================
Checkout
========================================
Clone URL: https://github.com/googleapis/swift-google-cloud-oracledatabase-v1.git
Reference: 0.5.0
Initialized empty Git repository in /host/spi-builder-workspace/.git/
hint: Using 'master' as the name for the initial branch. This default branch name
hint: is subject to change. To configure the initial branch name to use in all
hint: of your new repositories, which will suppress this warning, call:
hint:
hint: git config --global init.defaultBranch <name>
hint:
hint: Names commonly chosen instead of 'master' are 'main', 'trunk' and
hint: 'development'. The just-created branch can be renamed via this command:
hint:
hint: git branch -m <name>
From https://github.com/googleapis/swift-google-cloud-oracledatabase-v1
* tag 0.5.0 -> FETCH_HEAD
HEAD is now at b30f881 chore: release circa 2026-10-07 (#1382)
Cloned https://github.com/googleapis/swift-google-cloud-oracledatabase-v1.git
Revision (git rev-parse @):
b30f8816675906ba6b44c722ba09779d9f500e1c
SPI manifest file found: $PWD/.spi.yml
SUCCESS checkout https://github.com/googleapis/swift-google-cloud-oracledatabase-v1.git at 0.5.0
========================================
Build
========================================
Selected platform: android
Swift version: 6.2
Building package at path: $PWD
https://github.com/googleapis/swift-google-cloud-oracledatabase-v1.git
Running build ...
bash -c docker run --pull=always --rm -v "checkouts-54344843-3":/host -w "$PWD" -e JAVA_HOME="/root/.sdkman/candidates/java/current" -e SPI_BUILD="1" -e SPI_PROCESSING="1" registry.gitlab.com/saguaro1/spi-images:android-6.2-latest swift build --swift-sdk aarch64-unknown-linux-android28 2>&1
android-6.2-latest: Pulling from saguaro1/spi-images
Digest: sha256:a839c9ce201f1dacc8eb056626ec7ab0a1c6d53d7b77c83feda395f4507c51be
Status: Image is up to date for registry.gitlab.com/saguaro1/spi-images:android-6.2-latest
Fetching https://github.com/googleapis/swift-google-longrunning
Fetching https://github.com/apple/swift-log
Fetching https://github.com/googleapis/swift-google-rpc
Fetching https://github.com/googleapis/swift-google-type
[1/619] Fetching swift-google-longrunning
[404/8876] Fetching swift-google-longrunning, swift-log
[621/9298] Fetching swift-google-longrunning, swift-log, swift-google-rpc
[672/9735] Fetching swift-google-longrunning, swift-log, swift-google-rpc, swift-google-type
Fetched https://github.com/googleapis/swift-google-rpc from cache (0.66s)
[3203/9313] Fetching swift-google-longrunning, swift-log, swift-google-type
Fetched https://github.com/googleapis/swift-google-type from cache (0.66s)
[3427/8876] Fetching swift-google-longrunning, swift-log
Fetching https://github.com/googleapis/swift-google-auth
Fetching https://github.com/googleapis/swift-google-cloud-location
Fetching https://github.com/googleapis/swift-google-wkt
Fetching https://github.com/googleapis/swift-google-gax
Fetched https://github.com/googleapis/swift-google-longrunning from cache (0.89s)
Fetched https://github.com/apple/swift-log from cache (0.89s)
[1/552] Fetching swift-google-cloud-location
[145/1575] Fetching swift-google-cloud-location, swift-google-auth
Fetched https://github.com/googleapis/swift-google-cloud-location from cache (0.43s)
Fetched https://github.com/googleapis/swift-google-auth from cache (0.47s)
[1/1023] Fetching swift-google-wkt
[12/2771] Fetching swift-google-wkt, swift-google-gax
Fetched https://github.com/googleapis/swift-google-wkt from cache (0.48s)
Fetched https://github.com/googleapis/swift-google-gax from cache (0.48s)
Computing version for https://github.com/googleapis/swift-google-wkt
Computed https://github.com/googleapis/swift-google-wkt at 0.5.0 (1.68s)
Fetching https://github.com/swift-extras/swift-extras-base64
[10/954] Fetching swift-extras-base64
Fetched https://github.com/swift-extras/swift-extras-base64 from cache (0.44s)
Computing version for https://github.com/googleapis/swift-google-type
Computed https://github.com/googleapis/swift-google-type at 0.5.0 (0.70s)
Computing version for https://github.com/googleapis/swift-google-rpc
Computed https://github.com/googleapis/swift-google-rpc at 0.5.0 (0.26s)
Computing version for https://github.com/googleapis/swift-google-longrunning
Computed https://github.com/googleapis/swift-google-longrunning at 0.5.0 (0.32s)
Computing version for https://github.com/googleapis/swift-google-gax
Computed https://github.com/googleapis/swift-google-gax at 0.5.0 (0.32s)
Fetching https://github.com/apple/swift-nio
[1/86374] Fetching swift-nio
Fetching https://github.com/swift-server/async-http-client.git
Fetched https://github.com/apple/swift-nio from cache (5.14s)
[1/16464] Fetching async-http-client
Fetched https://github.com/swift-server/async-http-client.git from cache (1.19s)
Computing version for https://github.com/googleapis/swift-google-cloud-location
Computed https://github.com/googleapis/swift-google-cloud-location at 0.5.0 (6.54s)
Computing version for https://github.com/googleapis/swift-google-auth
Computed https://github.com/googleapis/swift-google-auth at 0.5.0 (0.22s)
Fetching https://github.com/vapor/jwt-kit.git
Fetching https://github.com/apple/swift-system.git
[1/7241] Fetching swift-system
[1812/17495] Fetching swift-system, jwt-kit
Fetched https://github.com/apple/swift-system.git from cache (0.79s)
[4615/10254] Fetching jwt-kit
Fetched https://github.com/vapor/jwt-kit.git from cache (1.22s)
Computing version for https://github.com/swift-extras/swift-extras-base64
Computed https://github.com/swift-extras/swift-extras-base64 at 1.2.0 (1.51s)
Computing version for https://github.com/swift-server/async-http-client.git
Computed https://github.com/swift-server/async-http-client.git at 1.36.2 (0.30s)
Fetching https://github.com/apple/swift-service-context.git
Fetching https://github.com/apple/swift-configuration.git
Fetching https://github.com/apple/swift-nio-ssl.git
Fetching https://github.com/apple/swift-nio-http2.git
[15/1500] Fetching swift-service-context
Fetching https://github.com/apple/swift-algorithms.git
Fetched https://github.com/apple/swift-service-context.git from cache (0.46s)
Fetching https://github.com/apple/swift-nio-extras.git
[1/16871] Fetching swift-nio-ssl
[676/29165] Fetching swift-nio-ssl, swift-nio-http2
[3687/33093] Fetching swift-nio-ssl, swift-nio-http2, swift-configuration
Fetched https://github.com/apple/swift-configuration.git from cache (0.85s)
[8753/29165] Fetching swift-nio-ssl, swift-nio-http2
Fetching https://github.com/apple/swift-nio-transport-services.git
[10981/35868] Fetching swift-nio-ssl, swift-nio-http2, swift-nio-extras
[12135/42032] Fetching swift-nio-ssl, swift-nio-http2, swift-nio-extras, swift-algorithms
Fetched https://github.com/apple/swift-algorithms.git from cache (0.75s)
[28277/35868] Fetching swift-nio-ssl, swift-nio-http2, swift-nio-extras
Fetched https://github.com/apple/swift-nio-extras.git from cache (0.75s)
[21911/29165] Fetching swift-nio-ssl, swift-nio-http2
Fetching https://github.com/apple/swift-distributed-tracing.git
[24105/32032] Fetching swift-nio-ssl, swift-nio-http2, swift-nio-transport-services
Fetched https://github.com/apple/swift-nio-transport-services.git from cache (0.62s)
[1/6551] Fetching swift-distributed-tracing
Fetched https://github.com/apple/swift-nio-http2.git from cache (1.88s)
Fetched https://github.com/apple/swift-distributed-tracing.git from cache (0.79s)
Fetching https://github.com/apple/swift-atomics.git
Fetched https://github.com/apple/swift-nio-ssl.git from cache (2.55s)
[1/1889] Fetching swift-atomics
Fetched https://github.com/apple/swift-atomics.git from cache (0.59s)
Computing version for https://github.com/apple/swift-service-context.git
Computed https://github.com/apple/swift-service-context.git at 1.3.0 (3.40s)
Computing version for https://github.com/apple/swift-algorithms.git
Computed https://github.com/apple/swift-algorithms.git at 1.2.1 (1.98s)
Fetching https://github.com/apple/swift-numerics.git
[1/6733] Fetching swift-numerics
Fetched https://github.com/apple/swift-numerics.git from cache (0.62s)
Computing version for https://github.com/apple/swift-log
Computed https://github.com/apple/swift-log at 1.16.1 (0.92s)
Computing version for https://github.com/apple/swift-distributed-tracing.git
Computed https://github.com/apple/swift-distributed-tracing.git at 1.5.0 (0.26s)
Computing version for https://github.com/apple/swift-atomics.git
Computed https://github.com/apple/swift-atomics.git at 1.3.1 (0.23s)
Computing version for https://github.com/apple/swift-numerics.git
Computed https://github.com/apple/swift-numerics.git at 1.1.1 (0.31s)
Computing version for https://github.com/apple/swift-nio
Computed https://github.com/apple/swift-nio at 2.104.0 (0.60s)
Fetching https://github.com/apple/swift-collections.git
[1/28703] Fetching swift-collections
Fetched https://github.com/apple/swift-collections.git from cache (1.69s)
Computing version for https://github.com/apple/swift-configuration.git
Computed https://github.com/apple/swift-configuration.git at 1.2.2 (3.03s)
Fetching https://github.com/swift-server/swift-service-lifecycle
[1/2867] Fetching swift-service-lifecycle
Fetched https://github.com/swift-server/swift-service-lifecycle from cache (0.61s)
Computing version for https://github.com/apple/swift-nio-transport-services.git
Computed https://github.com/apple/swift-nio-transport-services.git at 1.28.0 (0.88s)
Computing version for https://github.com/swift-server/swift-service-lifecycle
Computed https://github.com/swift-server/swift-service-lifecycle at 2.12.1 (0.30s)
Fetching https://github.com/apple/swift-async-algorithms.git
[1/6820] Fetching swift-async-algorithms
Fetched https://github.com/apple/swift-async-algorithms.git from cache (0.68s)
Computing version for https://github.com/apple/swift-async-algorithms.git
Computed https://github.com/apple/swift-async-algorithms.git at 1.1.7 (1.10s)
Computing version for https://github.com/apple/swift-collections.git
Computed https://github.com/apple/swift-collections.git at 1.7.2 (0.38s)
Computing version for https://github.com/apple/swift-nio-http2.git
Computed https://github.com/apple/swift-nio-http2.git at 1.46.0 (0.23s)
Computing version for https://github.com/vapor/jwt-kit.git
Computed https://github.com/vapor/jwt-kit.git at 5.7.1 (0.20s)
Fetching https://github.com/apple/swift-certificates.git
Fetching https://github.com/apple/swift-crypto.git
[1/18629] Fetching swift-crypto
[560/26238] Fetching swift-crypto, swift-certificates
Fetched https://github.com/apple/swift-certificates.git from cache (1.78s)
Fetched https://github.com/apple/swift-crypto.git from cache (1.80s)
Computing version for https://github.com/apple/swift-crypto.git
Computed https://github.com/apple/swift-crypto.git at 4.5.2 (2.97s)
Fetching https://github.com/apple/swift-asn1.git
[1/2009] Fetching swift-asn1
Fetched https://github.com/apple/swift-asn1.git from cache (0.47s)
Computing version for https://github.com/apple/swift-asn1.git
Computed https://github.com/apple/swift-asn1.git at 1.7.3 (0.98s)
Computing version for https://github.com/apple/swift-certificates.git
Computed https://github.com/apple/swift-certificates.git at 1.21.0 (0.39s)
Computing version for https://github.com/apple/swift-nio-ssl.git
Computed https://github.com/apple/swift-nio-ssl.git at 2.37.5 (0.34s)
Computing version for https://github.com/apple/swift-system.git
Computed https://github.com/apple/swift-system.git at 1.8.1 (0.39s)
Computing version for https://github.com/apple/swift-nio-extras.git
Computed https://github.com/apple/swift-nio-extras.git at 1.35.1 (0.52s)
Fetching https://github.com/apple/swift-http-types.git
Fetching https://github.com/apple/swift-http-structured-headers.git
[1/1253] Fetching swift-http-structured-headers
[1254/3192] Fetching swift-http-structured-headers, swift-http-types
Fetched https://github.com/apple/swift-http-structured-headers.git from cache (0.42s)
[97/1939] Fetching swift-http-types
Fetched https://github.com/apple/swift-http-types.git from cache (0.52s)
Computing version for https://github.com/apple/swift-http-structured-headers.git
Computed https://github.com/apple/swift-http-structured-headers.git at 1.7.0 (0.80s)
Computing version for https://github.com/apple/swift-http-types.git
Computed https://github.com/apple/swift-http-types.git at 1.8.0 (0.31s)
Creating working copy for https://github.com/apple/swift-certificates.git
Working copy of https://github.com/apple/swift-certificates.git resolved at 1.21.0
Creating working copy for https://github.com/apple/swift-configuration.git
Working copy of https://github.com/apple/swift-configuration.git resolved at 1.2.2
Creating working copy for https://github.com/googleapis/swift-google-gax
Working copy of https://github.com/googleapis/swift-google-gax resolved at 0.5.0
Creating working copy for https://github.com/apple/swift-nio-transport-services.git
Working copy of https://github.com/apple/swift-nio-transport-services.git resolved at 1.28.0
Creating working copy for https://github.com/googleapis/swift-google-auth
Working copy of https://github.com/googleapis/swift-google-auth resolved at 0.5.0
Creating working copy for https://github.com/swift-extras/swift-extras-base64
Working copy of https://github.com/swift-extras/swift-extras-base64 resolved at 1.2.0
Creating working copy for https://github.com/swift-server/async-http-client.git
Working copy of https://github.com/swift-server/async-http-client.git resolved at 1.36.2
Creating working copy for https://github.com/apple/swift-crypto.git
Working copy of https://github.com/apple/swift-crypto.git resolved at 4.5.2
Creating working copy for https://github.com/apple/swift-log
Working copy of https://github.com/apple/swift-log resolved at 1.16.1
Creating working copy for https://github.com/apple/swift-nio
Working copy of https://github.com/apple/swift-nio resolved at 2.104.0
Creating working copy for https://github.com/apple/swift-system.git
Working copy of https://github.com/apple/swift-system.git resolved at 1.8.1
Creating working copy for https://github.com/googleapis/swift-google-wkt
Working copy of https://github.com/googleapis/swift-google-wkt resolved at 0.5.0
Creating working copy for https://github.com/apple/swift-async-algorithms.git
Working copy of https://github.com/apple/swift-async-algorithms.git resolved at 1.1.7
Creating working copy for https://github.com/apple/swift-algorithms.git
Working copy of https://github.com/apple/swift-algorithms.git resolved at 1.2.1
Creating working copy for https://github.com/apple/swift-collections.git
Working copy of https://github.com/apple/swift-collections.git resolved at 1.7.2
Creating working copy for https://github.com/apple/swift-atomics.git
Working copy of https://github.com/apple/swift-atomics.git resolved at 1.3.1
Creating working copy for https://github.com/apple/swift-distributed-tracing.git
Working copy of https://github.com/apple/swift-distributed-tracing.git resolved at 1.5.0
Creating working copy for https://github.com/googleapis/swift-google-rpc
Working copy of https://github.com/googleapis/swift-google-rpc resolved at 0.5.0
Creating working copy for https://github.com/apple/swift-http-structured-headers.git
Working copy of https://github.com/apple/swift-http-structured-headers.git resolved at 1.7.0
Creating working copy for https://github.com/swift-server/swift-service-lifecycle
Working copy of https://github.com/swift-server/swift-service-lifecycle resolved at 2.12.1
Creating working copy for https://github.com/apple/swift-service-context.git
Working copy of https://github.com/apple/swift-service-context.git resolved at 1.3.0
Creating working copy for https://github.com/apple/swift-http-types.git
Working copy of https://github.com/apple/swift-http-types.git resolved at 1.8.0
Creating working copy for https://github.com/apple/swift-asn1.git
Working copy of https://github.com/apple/swift-asn1.git resolved at 1.7.3
Creating working copy for https://github.com/googleapis/swift-google-cloud-location
Working copy of https://github.com/googleapis/swift-google-cloud-location resolved at 0.5.0
Creating working copy for https://github.com/apple/swift-nio-http2.git
Working copy of https://github.com/apple/swift-nio-http2.git resolved at 1.46.0
Creating working copy for https://github.com/googleapis/swift-google-type
Working copy of https://github.com/googleapis/swift-google-type resolved at 0.5.0
Creating working copy for https://github.com/apple/swift-numerics.git
Working copy of https://github.com/apple/swift-numerics.git resolved at 1.1.1
Creating working copy for https://github.com/vapor/jwt-kit.git
Working copy of https://github.com/vapor/jwt-kit.git resolved at 5.7.1
Creating working copy for https://github.com/googleapis/swift-google-longrunning
Working copy of https://github.com/googleapis/swift-google-longrunning resolved at 0.5.0
Creating working copy for https://github.com/apple/swift-nio-ssl.git
Working copy of https://github.com/apple/swift-nio-ssl.git resolved at 2.37.5
Creating working copy for https://github.com/apple/swift-nio-extras.git
Working copy of https://github.com/apple/swift-nio-extras.git resolved at 1.35.1
Building for debugging...
[0/1236] Write sources
[129/1236] Compiling _NumericsShims _NumericsShims.c
[130/1236] Compiling SimpleFIPS202.c
[131/1236] Write swift-version--11D90AFD9DD3AB2.txt
[132/1236] Compiling _AtomicsShims.c
[132/1236] Compiling KeccakHash.c
[134/1236] Compiling KeccakSponge.c
[135/1236] Compiling CXKCPShims shims.c
[136/1236] Compiling CNIOWindows shim.c
[137/1236] Compiling CNIOWindows WSAStartup.c
[138/1245] Compiling CSystem shims.c
[139/1286] Compiling KeccakP-1600-opt64.c
[141/1323] Emitting module _NIODataStructures
[142/1323] Compiling RealModule RealFunctions.swift
[143/1324] Compiling _NIOBase64 Base64.swift
[144/1324] Emitting module _NIOBase64
[145/1325] Compiling SystemPackage FilePathTempWindows.swift
[146/1325] Compiling SystemPackage FilePathWindows.swift
[150/1326] Compiling _CertificateInternals _TinyArray.swift
[151/1326] Emitting module _CertificateInternals
[152/1327] Compiling RealModule RelaxedArithmetic.swift
[153/1327] Compiling SystemPackage FilePermissions.swift
[154/1327] Compiling SystemPackage FilePathComponentView.swift
[155/1327] Compiling RealModule Float16+Real.swift
[156/1327] Compiling RealModule Float80+Real.swift
[157/1327] Compiling RealModule Real.swift
[158/1348] Compiling Logging LoggingSystem.swift
[159/1355] Emitting module RealModule
[160/1355] Compiling InternalCollectionsUtilities Iterable+CopyContents.swift
[161/1355] Compiling InternalCollectionsUtilities Iterable+Equality.swift
[162/1355] Compiling ServiceContextModule ServiceContextKey.swift
[164/1356] Emitting module ServiceContextModule
[165/1356] Compiling ServiceContextModule ServiceContext.swift
[166/1357] Compiling Logging Logger+With.swift
[167/1357] Compiling _NIODataStructures PriorityQueue.swift
[168/1357] Compiling _NIODataStructures _TinyArray.swift
[169/1357] Compiling _NIODataStructures Heap.swift
[173/1361] Compiling Logging Logger+Attributes.swift
[174/1361] Compiling Logging Logger.swift
[174/1363] Wrapping AST for _CertificateInternals for debugging
[175/1363] Wrapping AST for _NIOBase64 for debugging
[176/1363] Wrapping AST for _NIODataStructures for debugging
[178/1363] Compiling InternalCollectionsUtilities UnsafeMutablePointer+Extras.swift
[179/1363] Compiling InternalCollectionsUtilities UnsafeMutableRawBufferPointer+Extras.swift
[180/1363] Compiling InternalCollectionsUtilities UnsafePointer+Extras.swift
[180/1369] Wrapping AST for ServiceContextModule for debugging
[184/1372] Compiling InternalCollectionsUtilities LifetimeOverride.swift
[184/1374] Compiling CNIOWASI CNIOWASI.c
[186/1374] Compiling InternalCollectionsUtilities MutableRef.swift
[187/1374] Compiling InternalCollectionsUtilities MutableSpan+Extras.swift
[188/1374] Compiling InternalCollectionsUtilities OutputSpan+Extras.swift
[188/1374] Wrapping AST for RealModule for debugging
[189/1374] Compiling CNIOPosix event_loop_id.c
[190/1374] Compiling CNIOOpenBSD shim.c
[191/1374] Compiling CNIOLinux liburing_shims.c
[192/1374] Compiling CNIOLinux shim.c
[194/1374] Compiling InternalCollectionsUtilities Debugging.swift
[195/1374] Compiling InternalCollectionsUtilities Descriptions.swift
[196/1374] Compiling Instrumentation NoOpInstrument.swift
[196/1374] Compiling CNIOLLHTTP c_nio_http.c
[198/1374] Compiling InternalCollectionsUtilities UnsafeRawBufferPointer+Extras.swift
[199/1374] Compiling InternalCollectionsUtilities _SortedCollection.swift
[200/1374] Compiling InternalCollectionsUtilities _UniqueCollection.swift
[201/1374] Compiling Instrumentation MultiplexInstrument.swift
[202/1374] Emitting module Instrumentation
[203/1374] Emitting module SwiftASN1
[203/1374] Compiling CNIOLLHTTP c_nio_api.c
[205/1374] Compiling Instrumentation Instrument.swift
[206/1374] Compiling InternalCollectionsUtilities RandomAccessCollection+Offsets.swift
[207/1374] Compiling InternalCollectionsUtilities Span+Extras.swift
[208/1374] Compiling InternalCollectionsUtilities FixedWidthInteger+roundUpToPowerOfTwo.swift
[209/1374] Compiling InternalCollectionsUtilities Integer rank.swift
[209/1374] Compiling CNIOFreeBSD shim.c
[210/1374] Compiling CNIOExtrasZlib zutil.c
[211/1374] Compiling CNIOLLHTTP c_nio_llhttp.c
[213/1374] Compiling InternalCollectionsUtilities BorrowingIteratorProtocol+Equality.swift
[214/1374] Compiling InternalCollectionsUtilities BorrowingIteratorProtocol+Extras.swift
[219/1374] Compiling InternalCollectionsUtilities UInt+first and last set bit.swift
[220/1374] Compiling InternalCollectionsUtilities UInt+reversed.swift
[228/1374] Compiling CNIOExtrasZlib inftrees.c
[229/1374] Compiling CNIOExtrasZlib trees.c
[230/1374] Compiling CNIOExtrasZlib inflate.c
[231/1374] Compiling CNIOExtrasZlib inffast.c
[232/1374] Compiling CNIOExtrasZlib crc32.c
[234/1374] Compiling ExtrasBase64 Base32+Span.swift
[234/1374] Compiling CNIOExtrasZlib adler32.c
[235/1374] Compiling CNIOExtrasZlib deflate.c
[236/1374] Compiling CNIODarwin shim.c
[237/1374] Compiling fiat_p256_adx_sqr.S
[238/1374] Compiling fiat_p256_adx_mul.S
[240/1374] Compiling SwiftASN1 DER.swift
[241/1374] Compiling SwiftASN1 Errors.swift
[241/1374] Compiling fiat_curve25519_adx_square.S
[242/1374] Compiling fiat_curve25519_adx_mul.S
[244/1374] Emitting module InternalCollectionsUtilities
[244/1374] Compiling CNIOBoringSSLShims shims.c
[248/1374] Compiling InternalCollectionsUtilities TemporaryAllocation.swift
[249/1374] Compiling InternalCollectionsUtilities _UnsafeBitSet+Index.swift
[250/1374] Compiling InternalCollectionsUtilities _UnsafeBitSet+_Word.swift
[251/1374] Compiling InternalCollectionsUtilities _UnsafeBitSet.swift
[252/1374] Compiling InternalCollectionsUtilities UnsafeBufferPointer+Extras.swift
[253/1374] Compiling InternalCollectionsUtilities UnsafeMutableBufferPointer+Extras.swift
[271/1380] Emitting module SystemPackage
[276/1380] Compiling SystemPackage RawIORequest.swift
[277/1380] Compiling SystemPackage Backcompat.swift
[278/1380] Compiling SystemPackage CInterop.swift
[279/1380] Compiling SystemPackage Constants.swift
[280/1380] Compiling SystemPackage Exports.swift
[281/1380] Compiling SystemPackage Mocking.swift
[288/1380] Compiling Instrumentation InstrumentationSystem.swift
[289/1380] Compiling Instrumentation Locks.swift
[294/1380] Compiling Logging MetadataProvider.swift
[301/1381] Emitting module Logging
[307/1387] Compiling SpanPreview InputSpan.swift
[307/1388] Wrapping AST for Logging for debugging
[309/1395] Compiling SpanPreview OutputSpan+InputSpanHelpers.swift
[310/1395] Compiling SpanPreview MutableSpan+InputSpanHelpers.swift
[311/1395] Emitting module SpanPreview
[312/1396] Wrapping AST for SwiftASN1 for debugging
[313/1396] Wrapping AST for InternalCollectionsUtilities for debugging
[314/1408] Wrapping AST for SpanPreview for debugging
[315/1438] Wrapping AST for Instrumentation for debugging
[317/1438] Compiling Tracing InstrumentationSystem+Tracing.swift
[318/1438] Compiling Tracing NoOpTracer.swift
[319/1439] Compiling Tracing TracingTime.swift
[320/1439] Compiling Tracing WithTracer.swift
[321/1439] Emitting module Tracing
[322/1439] Compiling Tracing TracerProtocol+Legacy.swift
[323/1439] Compiling Tracing TracerProtocol.swift
[324/1439] Compiling Tracing Tracer.swift
[325/1439] Compiling Tracing SpanProtocol.swift
[326/1439] Compiling DequeModule UniqueDeque+Consumption.swift
[327/1439] Compiling DequeModule UniqueDeque+ContainerOperations.swift
[328/1439] Compiling DequeModule UniqueDeque+Deprecations.swift
[329/1439] Compiling DequeModule UniqueDeque+Descriptions.swift
[330/1439] Compiling DequeModule UniqueDeque+Equatable.swift
[331/1439] Compiling DequeModule UniqueDeque+Hashable.swift
[332/1439] Compiling DequeModule UniqueDeque+Initializers.swift
[333/1439] Compiling DequeModule UniqueDeque+Insertions.swift
[334/1439] Compiling DequeModule UniqueDeque+Iterable.swift
[335/1439] Compiling DequeModule UniqueDeque+Prepend.swift
[336/1439] Compiling DequeModule UniqueDeque+Removals.swift
[337/1445] Compiling DequeModule RigidDeque+Prepend.swift
[338/1445] Compiling DequeModule RigidDeque+Removals.swift
[339/1445] Compiling DequeModule RigidDeque+Replacements.swift
[340/1445] Compiling DequeModule RigidDeque+Testing.swift
[341/1445] Compiling DequeModule RigidDeque.swift
[342/1445] Compiling DequeModule UniqueDeque+Append.swift
[343/1445] Compiling DequeModule RigidDeque+Descriptions.swift
[344/1445] Compiling DequeModule RigidDeque+Equatable.swift
[345/1445] Compiling DequeModule RigidDeque+Hashable.swift
[346/1445] Compiling DequeModule RigidDeque+Initializers.swift
[347/1445] Compiling DequeModule RigidDeque+Insertions.swift
[348/1445] Compiling DequeModule RigidDeque+Iterable.swift
[349/1445] Wrapping AST for Tracing for debugging
[351/1445] Compiling DequeModule _DequeBuffer.swift
[352/1445] Compiling DequeModule _DequeBufferHeader.swift
[353/1445] Compiling DequeModule RigidDeque+Append.swift
[354/1445] Compiling DequeModule RigidDeque+Consumption.swift
[355/1445] Compiling DequeModule RigidDeque+ContainerOperations.swift
[356/1445] Compiling DequeModule RigidDeque+Deprecations.swift
[362/1446] Compiling tls_method.cc
[363/1446] Wrapping AST for SystemPackage for debugging
[364/1446] Compiling tls_record.cc
[365/1446] Compiling tls13_server.cc
[367/1446] Compiling DequeModule Deque+Codable.swift
[368/1446] Compiling DequeModule Deque+Collection.swift
[369/1446] Compiling DequeModule Deque+CustomReflectable.swift
[370/1446] Compiling DequeModule Deque+Descriptions.swift
[371/1446] Compiling DequeModule Deque+Equatable.swift
[372/1446] Compiling DequeModule Deque+ExpressibleByArrayLiteral.swift
[373/1446] Compiling DequeModule Deque+Extras.swift
[374/1446] Compiling DequeModule Deque+Hashable.swift
[375/1446] Compiling DequeModule Deque+Testing.swift
[376/1446] Compiling DequeModule Deque._Storage.swift
[377/1446] Compiling DequeModule Deque._UnsafeHandle.swift
[378/1446] Compiling DequeModule Deque.swift
[378/1446] Compiling tls13_enc.cc
[379/1446] Compiling tls13_client.cc
[380/1446] Compiling ssl_transcript.cc
[381/1446] Compiling ssl_versions.cc
[382/1446] Compiling t1_enc.cc
[383/1446] Compiling tls13_both.cc
[384/1446] Compiling ssl_x509.cc
[385/1446] Compiling ssl_session.cc
[386/1446] Compiling ssl_stat.cc
[387/1446] Compiling ssl_privkey.cc
[388/1446] Compiling ssl_lib.cc
[390/1446] Emitting module DequeModule
[390/1446] Compiling ssl_file.cc
[391/1446] Compiling ssl_key_share.cc
[392/1446] Compiling ssl_credential.cc
[394/1446] Emitting module ExtrasBase64
[395/1446] Compiling DequeModule UniqueDeque+Replacements.swift
[396/1446] Compiling DequeModule UniqueDeque.swift
[397/1446] Compiling DequeModule _DequeSlot.swift
[398/1446] Compiling DequeModule _UnsafeDequeHandle.swift
[399/1446] Compiling DequeModule _UnsafeDequeSegments.swift
[399/1447] Compiling ssl_cipher.cc
[401/1447] Compiling ExtrasBase64 Base32.swift
[402/1447] Compiling ExtrasBase64 Base64+Span.swift
[403/1447] Compiling ExtrasBase64 Base64.swift
[405/1448] Compiling ssl_cert.cc
[406/1448] Compiling ssl_aead_ctx.cc
[407/1448] Compiling ssl_buffer.cc
[408/1448] Wrapping AST for ExtrasBase64 for debugging
[409/1522] Wrapping AST for DequeModule for debugging
[410/1522] Compiling s3_lib.cc
[411/1522] Compiling s3_pkt.cc
[412/1522] Compiling ssl_asn1.cc
[414/1522] Emitting module Configuration
[415/1527] Compiling Configuration EnvironmentKeyEncoder.swift
[416/1527] Compiling Configuration EnvironmentVariablesProvider.swift
[417/1527] Compiling Configuration CommonProviderFileSystem.swift
[418/1527] Compiling Configuration DirectoryFilesProvider.swift
[419/1527] Compiling Configuration FileProvider.swift
[420/1527] Compiling Configuration FileProviderSnapshot.swift
[420/1527] Compiling handshake.cc
[422/1527] Emitting module GoogleWKT
[422/1531] Compiling handoff.cc
[423/1531] Compiling s3_both.cc
[424/1531] Compiling handshake_server.cc
[425/1531] Compiling handshake_client.cc
[427/1531] Compiling Configuration AccessLogger.swift
[428/1531] Compiling Configuration FileAccessLogger.swift
[429/1531] Compiling Configuration ConfigContext.swift
[430/1531] Compiling Configuration ConfigKey.swift
[431/1531] Compiling Configuration ReloadingFileProvider.swift
[432/1531] Compiling Configuration ReloadingFileProviderMetrics.swift
[433/1531] Compiling Configuration YAMLSnapshot.swift
[434/1531] Compiling Configuration InMemoryProvider.swift
[435/1531] Compiling Configuration ConfigReader.swift
[436/1531] Compiling Configuration ConfigSnapshotReader+methods.swift
[437/1531] Compiling Configuration ConfigSnapshotReader.swift
[438/1531] Compiling Configuration AccessReporter.swift
[441/1531] Compiling Configuration JSONSnapshot.swift
[442/1531] Compiling Configuration PropertyListSnapshot.swift
[443/1531] Compiling GoogleWKT WKTSourceContext.swift
[444/1531] Compiling GoogleWKT WKTSyntax.swift
[445/1531] Compiling GoogleWKT WKTType.swift
[446/1531] Compiling GoogleWKT PackageVersion.swift
[446/1531] Compiling extensions.cc
[447/1531] Compiling encrypted_client_hello.cc
[448/1531] Compiling dtls_method.cc
[449/1531] Compiling dtls_record.cc
[450/1531] Compiling d1_pkt.cc
[452/1531] Compiling Configuration EnvironmentFileParser.swift
[453/1531] Compiling Configuration ConfigProviderHelpers.swift
[454/1531] Compiling Configuration ConfigReader+internalHelpers.swift
[455/1531] Compiling Configuration ConfigReader+methods.swift
[456/1531] Compiling Configuration ConfigProvider.swift
[461/1531] Compiling Configuration SeparatorKeyEncoder.swift
[462/1531] Compiling Configuration MultiProvider.swift
[463/1531] Compiling Configuration CLIArgumentParser.swift
[464/1531] Compiling Configuration CLISnapshot.swift
[465/1531] Compiling Configuration CommandLineArgumentsProvider.swift
[465/1532] Compiling md5-x86_64-linux.S
[467/1532] Compiling md5-x86_64-apple.S
[468/1532] Compiling d1_srtp.cc
[469/1532] Compiling md5-586-linux.S
[470/1532] Compiling md5-586-apple.S
[476/1532] Compiling Configuration ConfigKeyEncoder.swift
[477/1532] Compiling Configuration DotSeparatorKeyDecoder.swift
[483/1532] Compiling chacha20_poly1305_x86_64-apple.S
[484/1532] Compiling chacha20_poly1305_x86_64-linux.S
[485/1532] Compiling err_data.cc
[486/1532] Compiling bio_ssl.cc
[488/1532] Compiling Configuration CombineLatestManyStorage.swift
[489/1532] Compiling Configuration AsyncSequences.swift
[490/1532] Compiling Configuration FoundationExtensions.swift
[491/1532] Compiling Configuration Span.swift
[492/1532] Compiling Configuration ConfigBytesFromStringDecoder.swift
[492/1532] Wrapping AST for GoogleWKT for debugging
[500/1532] Compiling Configuration MutableInMemoryProvider.swift
[501/1532] Compiling Configuration ConfigProvider+Operators.swift
[502/1532] Compiling Configuration KeyMappingProvider.swift
[503/1532] Compiling Configuration SecretsSpecifier.swift
[504/1532] Compiling Configuration AsyncCombineLatestManySequence.swift
[505/1532] Compiling Configuration CombineLatestManyStateMachine.swift
[505/1532] Compiling chacha20_poly1305_armv8-win.S
[506/1532] Compiling d1_lib.cc
[507/1559] Compiling chacha-x86_64-apple.S
[508/1563] Compiling chacha-x86_64-linux.S
[509/1565] Compiling d1_both.cc
[510/1565] Compiling chacha20_poly1305_armv8-apple.S
[511/1565] Compiling chacha-x86-linux.S
[512/1565] Compiling chacha-armv8-win.S
[513/1565] Compiling chacha-x86-apple.S
[514/1565] Compiling chacha-armv4-linux.S
[515/1565] Compiling chacha-armv8-apple.S
[516/1565] Compiling aes128gcmsiv-x86_64-linux.S
[517/1565] Compiling chacha-armv8-linux.S
[517/1565] Compiling aes128gcmsiv-x86_64-apple.S
[519/1565] Compiling x86_64-mont5-linux.S
[520/1565] Compiling x86_64-mont5-apple.S
[521/1565] Compiling chacha20_poly1305_armv8-linux.S
[523/1565] Compiling GoogleType Money.swift
[524/1565] Compiling GoogleType Month.swift
[524/1567] Compiling vpaes-x86_64-linux.S
[525/1567] Compiling x86_64-mont-linux.S
[526/1567] Compiling x86-mont-apple.S
[527/1567] Compiling x86_64-mont-apple.S
[528/1567] Compiling x86-mont-linux.S
[529/1567] Compiling vpaes-x86_64-apple.S
[531/1567] Compiling GoogleType Interval.swift
[533/1567] Compiling GoogleType DayOfWeek.swift
[534/1567] Compiling GoogleType Decimal.swift
[534/1569] Compiling vpaes-x86-apple.S
[535/1569] Compiling vpaes-armv8-win.S
[536/1569] Compiling vpaes-armv8-linux.S
[538/1569] Compiling GoogleType Expr.swift
[539/1569] Compiling GoogleType Fraction.swift
[540/1569] Compiling vpaes-x86-linux.S
[541/1569] Compiling vpaes-armv8-apple.S
[542/1569] Compiling vpaes-armv7-linux.S
[543/1569] Compiling sha512-x86_64-linux.S
[545/1569] Compiling GoogleType Date.swift
[546/1569] Compiling GoogleType DateTime.swift
[548/1569] Compiling GoogleType LatLng.swift
[551/1569] Compiling GoogleType LocalizedText.swift
[552/1569] Compiling GoogleType PackageVersion.swift
[553/1569] Compiling GoogleRpc RetryInfo.swift
[554/1569] Compiling GoogleRpc Status.swift
[555/1569] Compiling GoogleType Quaternion.swift
[556/1569] Compiling GoogleType TimeOfDay.swift
[565/1569] Compiling GoogleType CalendarPeriod.swift
[566/1569] Compiling GoogleType Color.swift
[568/1569] Emitting module GoogleType
[570/1570] Compiling GoogleType TimeZone.swift
[578/1570] Emitting module GoogleRpc
[583/1571] Compiling sha512-armv8-win.S
[584/1571] Compiling sha512-armv8-linux.S
[585/1571] Compiling sha512-armv8-apple.S
[586/1571] Compiling sha512-x86_64-apple.S
[587/1571] Compiling sha512-armv4-linux.S
[588/1571] Compiling sha512-586-linux.S
[589/1571] Compiling sha256-x86_64-linux.S
[590/1571] Compiling sha512-586-apple.S
[594/1572] Wrapping AST for Configuration for debugging
[595/1572] Wrapping AST for GoogleRpc for debugging
[596/1572] Compiling sha256-x86_64-apple.S
[598/1572] Compiling sha256-armv8-win.S
[599/1572] Compiling sha256-586-apple.S
[600/1572] Compiling sha256-586-linux.S
[601/1572] Compiling sha256-armv4-linux.S
[602/1572] Compiling sha256-armv8-apple.S
[603/1572] Compiling sha256-armv8-linux.S
[604/1572] Wrapping AST for GoogleType for debugging
[605/1572] Compiling sha1-x86_64-linux.S
[606/1572] Compiling sha1-x86_64-apple.S
[607/1572] Compiling sha1-armv8-win.S
[608/1572] Compiling sha1-armv8-apple.S
[609/1572] Compiling sha1-armv4-large-linux.S
[610/1572] Compiling sha1-armv8-linux.S
[611/1572] Compiling sha1-586-linux.S
[612/1572] Compiling sha1-586-apple.S
[613/1572] Compiling rsaz-avx2-apple.S
[614/1572] Compiling rsaz-avx2-linux.S
[614/1572] Compiling rdrand-x86_64-apple.S
[616/1572] Compiling rdrand-x86_64-linux.S
[616/1572] Compiling p256_beeu-x86_64-asm-apple.S
[618/1572] Compiling p256_beeu-x86_64-asm-linux.S
[619/1572] Compiling p256_beeu-armv8-asm-win.S
[620/1572] Compiling p256_beeu-armv8-asm-apple.S
[620/1572] Compiling p256_beeu-armv8-asm-linux.S
[622/1572] Compiling p256-x86_64-asm-apple.S
[623/1572] Compiling p256-armv8-asm-win.S
[624/1572] Compiling p256-x86_64-asm-linux.S
[625/1572] Compiling p256-armv8-asm-apple.S
[626/1572] Compiling ghashv8-armv8-win.S
[627/1572] Compiling p256-armv8-asm-linux.S
[628/1572] Compiling ghashv8-armv8-apple.S
[629/1572] Compiling ghashv8-armv8-linux.S
[630/1572] Compiling ghashv8-armv7-linux.S
[631/1572] Compiling ghash-x86_64-linux.S
[632/1572] Compiling ghash-x86_64-apple.S
[633/1572] Compiling ghash-x86-linux.S
[634/1572] Compiling ghash-ssse3-x86_64-linux.S
[635/1572] Compiling ghash-x86-apple.S
[636/1572] Compiling ghash-ssse3-x86_64-apple.S
[637/1572] Compiling ghash-ssse3-x86-linux.S
[638/1572] Compiling ghash-neon-armv8-win.S
[639/1572] Compiling ghash-ssse3-x86-apple.S
[640/1572] Compiling co-586-linux.S
[641/1572] Compiling co-586-apple.S
[642/1572] Compiling ghash-neon-armv8-apple.S
[643/1572] Compiling ghash-neon-armv8-linux.S
[644/1572] Compiling ghash-armv4-linux.S
[645/1572] Compiling bsaes-armv7-linux.S
[646/1572] Compiling bn-armv8-win.S
[647/1572] Compiling armv8-mont-win.S
[648/1572] Compiling bn-armv8-linux.S
[649/1572] Compiling bn-586-apple.S
[649/1572] Compiling bn-586-linux.S
[651/1572] Compiling bn-armv8-apple.S
[652/1572] Compiling armv4-mont-linux.S
[653/1572] Compiling armv8-mont-linux.S
[654/1572] Compiling armv8-mont-apple.S
[655/1572] Compiling aesv8-gcm-armv8-win.S
[656/1572] Compiling aesv8-gcm-armv8-linux.S
[657/1572] Compiling aesv8-armv8-win.S
[658/1572] Compiling aesv8-gcm-armv8-apple.S
[659/1572] Compiling aesv8-armv8-linux.S
[660/1572] Compiling aesv8-armv8-apple.S
[661/1572] Compiling aesni-x86_64-linux.S
[662/1572] Compiling aesv8-armv7-linux.S
[663/1572] Compiling aesni-x86_64-apple.S
[664/1572] Compiling aesni-x86-apple.S
[665/1572] Compiling aesni-x86-linux.S
[666/1572] Compiling aes-gcm-avx2-x86_64-linux.S
[667/1572] Compiling aesni-gcm-x86_64-linux.S
[668/1572] Compiling aesni-gcm-x86_64-apple.S
[669/1572] Compiling aes-gcm-avx2-x86_64-apple.S
[669/1572] Compiling aes-gcm-avx10-x86_64-linux.S
[671/1572] Compiling aes-gcm-avx10-x86_64-apple.S
[672/1572] Compiling x_req.cc
[673/1572] Compiling x_x509.cc
[674/1572] Compiling x_sig.cc
[675/1572] Compiling x_val.cc
[676/1572] Compiling x_spki.cc
[677/1572] Compiling x_pubkey.cc
[677/1572] Compiling x_x509a.cc
[679/1572] Compiling x_name.cc
[680/1572] Compiling x_exten.cc
[681/1572] Compiling x_attrib.cc
[682/1572] Compiling x_algor.cc
[683/1572] Compiling x_all.cc
[684/1572] Compiling x_crl.cc
[685/1572] Compiling x509cset.cc
[686/1572] Compiling x509rset.cc
[687/1572] Compiling x509name.cc
[688/1572] Compiling x509spki.cc
[688/1572] Compiling x509_vpm.cc
[690/1572] Compiling x509_v3.cc
[691/1572] Compiling x509_trs.cc
[692/1572] Compiling x509_lu.cc
[693/1572] Compiling x509_vfy.cc
[694/1572] Compiling x509_txt.cc
[695/1572] Compiling x509_set.cc
[696/1572] Compiling x509_req.cc
[697/1572] Compiling x509_def.cc
[698/1572] Compiling x509_obj.cc
[699/1572] Compiling x509_ext.cc
[700/1572] Compiling x509_cmp.cc
[701/1572] Compiling x509_d2.cc
[702/1572] Compiling x509.cc
[703/1572] Compiling v3_prn.cc
[704/1572] Compiling x509_att.cc
[705/1572] Compiling v3_utl.cc
[706/1572] Compiling v3_skey.cc
[707/1572] Compiling v3_purp.cc
[708/1572] Compiling v3_pmaps.cc
[709/1572] Compiling v3_ocsp.cc
[710/1572] Compiling v3_pcons.cc
[711/1572] Compiling v3_ncons.cc
[712/1572] Compiling v3_int.cc
[713/1572] Compiling v3_lib.cc
[714/1572] Compiling v3_info.cc
[715/1572] Compiling v3_genn.cc
[716/1572] Compiling v3_extku.cc
[717/1572] Compiling v3_ia5.cc
[718/1572] Compiling v3_crld.cc
[719/1572] Compiling v3_enum.cc
[720/1572] Compiling v3_cpols.cc
[721/1572] Compiling v3_alt.cc
[722/1572] Compiling v3_bitst.cc
[723/1572] Compiling v3_bcons.cc
[724/1572] Compiling v3_conf.cc
[725/1572] Compiling t_x509a.cc
[726/1572] Compiling v3_akeya.cc
[727/1572] Compiling t_req.cc
[727/1572] Compiling v3_akey.cc
[729/1572] Compiling t_crl.cc
[730/1572] Compiling t_x509.cc
[731/1572] Compiling rsa_pss.cc
[732/1572] Compiling policy.cc
[733/1572] Compiling i2d_pr.cc
[734/1572] Compiling by_dir.cc
[735/1572] Compiling by_file.cc
[736/1572] Compiling asn1_gen.cc
[736/1572] Compiling name_print.cc
[738/1572] Compiling algorithm.cc
[739/1572] Compiling a_verify.cc
[740/1572] Compiling thread_win.cc
[741/1572] Compiling a_sign.cc
[742/1572] Compiling thread_pthread.cc
[743/1572] Compiling voprf.cc
[744/1572] Compiling a_digest.cc
[745/1572] Compiling thread_none.cc
[746/1572] Compiling thread.cc
[747/1572] Compiling trust_token.cc
[748/1572] Compiling siphash.cc
[749/1572] Compiling sha1.cc
[750/1572] Compiling pmbtoken.cc
[751/1572] Compiling slhdsa.cc
[752/1572] Compiling sha256.cc
[753/1572] Compiling sha512.cc
[754/1572] Compiling stack.cc
[755/1572] Compiling spake2plus.cc
[756/1572] Compiling rsa_print.cc
[757/1572] Compiling rsa_extra.cc
[758/1572] Compiling windows.cc
[758/1572] Compiling rc4.cc
[760/1572] Compiling rsa_crypt.cc
[761/1572] Compiling refcount.cc
[762/1572] Compiling rsa_asn1.cc
[763/1572] Compiling trusty.cc
[764/1572] Compiling urandom.cc
[765/1572] Compiling ios.cc
[766/1572] Compiling rand.cc
[767/1572] Compiling passive.cc
[768/1572] Compiling poly1305_arm_asm.S
[769/1572] Compiling forkunsafe.cc
[770/1572] Compiling fork_detect.cc
[771/1572] Compiling deterministic.cc
[772/1572] Compiling getentropy.cc
[773/1572] Compiling poly1305_arm.cc
[774/1572] Compiling poly1305_vec.cc
[775/1572] Compiling poly1305.cc
[776/1572] Compiling pool.cc
[777/1572] Compiling pkcs8_x509.cc
[778/1572] Compiling pkcs8.cc
[779/1572] Compiling pkcs7.cc
[780/1572] Compiling pkcs7_x509.cc
[781/1572] Compiling p5_pbev2.cc
[782/1572] Compiling pem_x509.cc
[783/1572] Compiling pem_pkey.cc
[784/1572] Compiling pem_xaux.cc
[785/1572] Compiling pem_oth.cc
[786/1572] Compiling obj_xref.cc
[787/1572] Compiling pem_all.cc
[788/1572] Compiling mlkem.cc
[789/1572] Compiling pem_info.cc
[790/1572] Compiling mldsa.cc
[791/1572] Compiling pem_pk8.cc
[792/1572] Compiling pem_lib.cc
[793/1572] Compiling poly_rq_mul.S
[794/1572] Compiling md5.cc
[795/1572] Compiling fips_shared_support.cc
[796/1572] Compiling md4.cc
[797/1572] Compiling obj.cc
[798/1572] Compiling lhash.cc
[799/1572] Compiling kyber.cc
[800/1572] Compiling mem.cc
[801/1572] Compiling ex_data.cc
[802/1572] Compiling sign.cc
[803/1572] Compiling hpke.cc
[804/1572] Compiling print.cc
[805/1572] Compiling scrypt.cc
[806/1572] Compiling hrss.cc
[807/1572] Compiling pbkdf.cc
[808/1572] Compiling p_x25519_asn1.cc
[809/1572] Compiling p_x25519.cc
[810/1572] Compiling p_rsa_asn1.cc
[811/1572] Compiling p_ed25519_asn1.cc
[812/1572] Compiling p_ed25519.cc
[813/1572] Compiling p_hkdf.cc
[814/1572] Compiling p_rsa.cc
[815/1572] Compiling p_ec.cc
[816/1572] Compiling p_dsa_asn1.cc
[817/1572] Compiling p_ec_asn1.cc
[818/1572] Compiling p_dh.cc
[819/1572] Compiling p_dh_asn1.cc
[820/1572] Compiling evp_ctx.cc
[821/1572] Compiling err.cc
[822/1572] Compiling evp.cc
[823/1572] Compiling engine.cc
[824/1572] Compiling evp_asn1.cc
[825/1572] Compiling hash_to_curve.cc
[826/1572] Compiling ecdh.cc
[827/1572] Compiling ecdsa_asn1.cc
[828/1572] Compiling dsa_asn1.cc
[829/1572] Compiling ec_derive.cc
[830/1572] Compiling dsa.cc
[831/1572] Compiling ec_asn1.cc
[832/1572] Compiling params.cc
[833/1572] Compiling x25519-asm-arm.S
[834/1572] Compiling dh_asn1.cc
[835/1572] Compiling digest_extra.cc
[836/1572] Compiling bcm.cc
[837/1572] Compiling curve25519_64_adx.cc
[838/1572] Compiling des.cc
[839/1572] Compiling spake25519.cc
[840/1572] Compiling cpu_intel.cc
[841/1572] Compiling crypto.cc
[842/1572] Compiling curve25519.cc
[843/1572] Compiling cpu_arm_freebsd.cc
[844/1572] Compiling cpu_aarch64_win.cc
[845/1572] Compiling cpu_aarch64_openbsd.cc
[846/1572] Compiling cpu_arm_linux.cc
[847/1572] Compiling cpu_aarch64_sysreg.cc
[848/1572] Compiling cpu_aarch64_fuchsia.cc
[849/1572] Compiling tls_cbc.cc
[850/1572] Compiling conf.cc
[851/1572] Compiling cpu_aarch64_linux.cc
[852/1572] Compiling cpu_aarch64_apple.cc
[853/1572] Compiling e_tls.cc
[854/1572] Compiling e_rc4.cc
[855/1572] Compiling get_cipher.cc
[856/1572] Compiling e_rc2.cc
[857/1572] Compiling e_des.cc
[858/1572] Compiling e_null.cc
[859/1572] Compiling e_chacha20poly1305.cc
[860/1572] Compiling e_aesctrhmac.cc
[861/1572] Compiling derive_key.cc
[862/1572] Compiling chacha.cc
[863/1572] Compiling e_aesgcmsiv.cc
[864/1572] Compiling ber.cc
[865/1572] Compiling cbs.cc
[865/1572] Compiling cbb.cc
[867/1572] Compiling asn1_compat.cc
[868/1572] Compiling buf.cc
[869/1572] Compiling unicode.cc
[870/1572] Compiling blake2.cc
[871/1572] Compiling bn_asn1.cc
[872/1572] Compiling socket.cc
[873/1572] Compiling socket_helper.cc
[874/1572] Compiling file.cc
[875/1572] Compiling fd.cc
[876/1572] Compiling errno.cc
[877/1572] Compiling printf.cc
[878/1572] Compiling pair.cc
[879/1572] Compiling connect.cc
[880/1572] Compiling convert.cc
[881/1572] Compiling hexdump.cc
[882/1572] Compiling bio_mem.cc
[883/1572] Compiling bio.cc
[884/1572] Compiling tasn_typ.cc
[885/1572] Compiling base64.cc
[886/1572] Compiling tasn_fre.cc
[887/1572] Compiling tasn_dec.cc
[888/1572] Compiling posix_time.cc
[889/1572] Compiling tasn_utl.cc
[890/1572] Compiling tasn_enc.cc
[891/1572] Compiling f_string.cc
[892/1572] Compiling f_int.cc
[893/1572] Compiling tasn_new.cc
[894/1572] Compiling asn1_par.cc
[895/1572] Compiling asn_pack.cc
[896/1572] Compiling asn1_lib.cc
[897/1572] Compiling a_utctm.cc
[898/1572] Compiling a_time.cc
[899/1572] Compiling a_object.cc
[900/1572] Compiling a_type.cc
[901/1572] Compiling a_strnid.cc
[902/1572] Compiling a_octet.cc
[903/1572] Compiling a_strex.cc
[904/1572] Compiling a_d2i_fp.cc
[905/1572] Compiling a_bool.cc
[906/1572] Compiling a_i2d_fp.cc
[907/1572] Compiling a_bitstr.cc
[907/1572] Compiling a_dup.cc
[907/1572] Compiling a_int.cc
[910/1572] Compiling CGoogleGaxCRC32C CGoogleGaxCRC32C.c
[911/1572] Compiling a_mbstr.cc
[912/1572] Compiling a_gentm.cc
[913/1572] Compiling fiat_p256_adx_mul.S
[914/1572] Compiling fiat_p256_adx_sqr.S
[915/1572] Compiling CCryptoBoringSSLShims shims.c
[916/1572] Compiling fiat_curve25519_adx_mul.S
[917/1572] Compiling md5-x86_64-linux.S
[918/1572] Compiling fiat_curve25519_adx_square.S
[918/1572] Compiling md5-x86_64-apple.S
[920/1572] Compiling md5-586-linux.S
[921/1572] Compiling md5-586-apple.S
[922/1572] Compiling err_data.cc
[923/1572] Compiling chacha20_poly1305_x86_64-linux.S
[924/1572] Compiling chacha20_poly1305_x86_64-apple.S
[925/1572] Compiling chacha20_poly1305_armv8-win.S
[926/1572] Compiling chacha20_poly1305_armv8-linux.S
[927/1572] Compiling chacha20_poly1305_armv8-apple.S
[928/1572] Compiling chacha-x86_64-apple.S
[929/1572] Compiling chacha-x86-linux.S
[930/1572] Compiling chacha-armv8-win.S
[931/1572] Compiling chacha-x86_64-linux.S
[932/1572] Compiling chacha-x86-apple.S
[933/1572] Compiling chacha-armv4-linux.S
[934/1572] Compiling chacha-armv8-linux.S
[935/1572] Compiling chacha-armv8-apple.S
[936/1572] Compiling aes128gcmsiv-x86_64-linux.S
[937/1572] Compiling aes128gcmsiv-x86_64-apple.S
[938/1572] Compiling x86_64-mont5-linux.S
[939/1572] Compiling x86_64-mont5-apple.S
[940/1572] Compiling x86_64-mont-linux.S
[941/1572] Compiling x86_64-mont-apple.S
[941/1572] Compiling x86-mont-linux.S
[943/1572] Compiling x86-mont-apple.S
[944/1572] Compiling vpaes-x86_64-apple.S
[945/1572] Compiling vpaes-x86_64-linux.S
[946/1572] Compiling vpaes-armv8-win.S
[947/1572] Compiling vpaes-x86-apple.S
[948/1572] Compiling vpaes-x86-linux.S
[949/1572] Compiling vpaes-armv8-linux.S
[950/1572] Compiling sha512-x86_64-apple.S
[951/1572] Compiling vpaes-armv8-apple.S
[951/1572] Compiling vpaes-armv7-linux.S
[953/1572] Compiling sha512-x86_64-linux.S
[954/1572] Compiling sha512-armv8-win.S
[955/1572] Compiling sha512-armv8-apple.S
[956/1572] Compiling sha512-armv8-linux.S
[957/1572] Compiling sha512-armv4-linux.S
[958/1572] Compiling sha512-586-linux.S
[959/1572] Compiling sha256-x86_64-linux.S
[960/1572] Compiling sha512-586-apple.S
[961/1572] Compiling sha256-x86_64-apple.S
[962/1572] Compiling sha256-armv8-win.S
[963/1572] Compiling sha256-armv8-linux.S
[964/1572] Compiling c-nioatomics.c
[965/1572] Compiling sha256-armv4-linux.S
[966/1572] Compiling sha256-586-linux.S
[967/1572] Compiling sha256-armv8-apple.S
[968/1572] Compiling sha256-586-apple.S
[969/1572] Compiling sha1-x86_64-linux.S
[970/1572] Compiling sha1-x86_64-apple.S
[971/1572] Compiling c-atomics.c
[972/1572] Compiling sha1-armv8-win.S
[973/1572] Compiling sha1-armv4-large-linux.S
[974/1572] Compiling sha1-armv8-linux.S
[975/1572] Compiling sha1-armv8-apple.S
[976/1579] Compiling sha1-586-linux.S
[977/1579] Compiling sha1-586-apple.S
[978/1579] Compiling rsaz-avx2-linux.S
[979/1579] Compiling rsaz-avx2-apple.S
[981/1579] Compiling NIOConcurrencyHelpers NIOThreadPoolWorkAvailable.swift
[982/1579] Compiling NIOConcurrencyHelpers lock.swift
[982/1579] Compiling rdrand-x86_64-linux.S
[983/1579] Compiling p256_beeu-x86_64-asm-linux.S
[984/1579] Compiling rdrand-x86_64-apple.S
[986/1579] Compiling NIOConcurrencyHelpers NIOLockedValueBox.swift
[987/1579] Compiling NIOConcurrencyHelpers atomics.swift
[987/1579] Compiling p256_beeu-x86_64-asm-apple.S
[987/1579] Compiling p256_beeu-armv8-asm-win.S
[990/1579] Compiling NIOConcurrencyHelpers NIOAtomic.swift
[991/1579] Compiling NIOConcurrencyHelpers NIOLock.swift
[992/1579] Emitting module NIOConcurrencyHelpers
[992/1580] Compiling p256_beeu-armv8-asm-apple.S
[993/1580] Compiling p256-armv8-asm-win.S
[995/1580] Compiling p256_beeu-armv8-asm-linux.S
[996/1580] Compiling p256-x86_64-asm-apple.S
[997/1580] Compiling p256-x86_64-asm-linux.S
[998/1580] Compiling p256-armv8-asm-apple.S
[999/1580] Compiling ghashv8-armv8-win.S
[1000/1580] Compiling p256-armv8-asm-linux.S
[1001/1580] Compiling ghashv8-armv8-apple.S
[1002/1580] Wrapping AST for NIOConcurrencyHelpers for debugging
[1003/1580] Compiling ghashv8-armv8-linux.S
[1004/1580] Compiling ghash-x86_64-linux.S
[1005/1580] Compiling ghashv8-armv7-linux.S
[1006/1580] Compiling ghash-x86-linux.S
[1006/1580] Compiling ghash-x86-apple.S
[1008/1580] Compiling ghash-x86_64-apple.S
[1009/1580] Compiling ghash-ssse3-x86_64-linux.S
[1010/1580] Compiling ghash-ssse3-x86_64-apple.S
[1011/1580] Compiling ghash-ssse3-x86-linux.S
[1012/1580] Compiling ghash-ssse3-x86-apple.S
[1013/1580] Compiling ghash-armv4-linux.S
[1014/1580] Compiling ghash-neon-armv8-linux.S
[1015/1580] Compiling ghash-neon-armv8-win.S
[1016/1580] Compiling ghash-neon-armv8-apple.S
[1017/1580] Compiling co-586-linux.S
[1018/1580] Compiling co-586-apple.S
[1019/1580] Compiling bsaes-armv7-linux.S
[1020/1580] Compiling bn-armv8-apple.S
[1021/1580] Compiling bn-586-linux.S
[1022/1580] Compiling bn-armv8-linux.S
[1023/1580] Compiling bn-armv8-win.S
[1024/1580] Compiling bn-586-apple.S
[1025/1580] Compiling armv8-mont-win.S
[1026/1580] Compiling armv8-mont-linux.S
[1027/1580] Compiling armv8-mont-apple.S
[1028/1580] Compiling aesv8-gcm-armv8-linux.S
[1028/1580] Compiling aesv8-gcm-armv8-win.S
[1030/1580] Compiling armv4-mont-linux.S
[1031/1580] Compiling aesv8-gcm-armv8-apple.S
[1032/1580] Compiling aesv8-armv8-win.S
[1033/1580] Compiling aesv8-armv8-linux.S
[1034/1580] Compiling aesv8-armv8-apple.S
[1034/1580] Compiling aesv8-armv7-linux.S
[1036/1580] Compiling aesni-x86_64-apple.S
[1037/1580] Compiling aesni-x86_64-linux.S
[1038/1580] Compiling aesni-x86-apple.S
[1039/1580] Compiling aesni-x86-linux.S
[1040/1580] Compiling aesni-gcm-x86_64-linux.S
[1041/1580] Compiling aes-gcm-avx2-x86_64-linux.S
[1042/1580] Compiling aesni-gcm-x86_64-apple.S
[1043/1580] Compiling aes-gcm-avx2-x86_64-apple.S
[1043/1580] Compiling aes-gcm-avx512-x86_64-apple.S
[1045/1580] Compiling aes-gcm-avx512-x86_64-linux.S
[1046/1580] Compiling xwing.cc
[1047/1580] Compiling x_x509a.cc
[1048/1580] Compiling x_pubkey.cc
[1048/1580] Compiling x_sig.cc
[1048/1580] Compiling x_spki.cc
[1051/1580] Compiling x_x509.cc
[1052/1580] Compiling x_req.cc
[1053/1580] Compiling x_name.cc
[1054/1580] Compiling x_all.cc
[1055/1580] Compiling x509name.cc
[1056/1580] Compiling x_exten.cc
[1057/1580] Compiling x509spki.cc
[1058/1580] Compiling x_crl.cc
[1059/1580] Compiling x_algor.cc
[1059/1580] Compiling x509rset.cc
[1061/1580] Compiling x_attrib.cc
[1062/1580] Compiling x509_v3.cc
[1063/1580] Compiling x509_txt.cc
[1064/1580] Compiling x509cset.cc
[1065/1580] Compiling x509_set.cc
[1066/1580] Compiling x509_req.cc
[1067/1580] Compiling x509_vfy.cc
[1068/1580] Compiling x509_trs.cc
[1069/1580] Compiling x509_vpm.cc
[1070/1580] Compiling x509_obj.cc
[1071/1580] Compiling x509_lu.cc
[1072/1580] Compiling x509_ext.cc
[1073/1580] Compiling x509.cc
[1074/1580] Compiling x509_cmp.cc
[1075/1580] Compiling x509_def.cc
[1076/1580] Compiling v3_utl.cc
[1077/1580] Compiling x509_d2.cc
[1078/1580] Compiling x509_att.cc
[1079/1580] Compiling v3_skey.cc
[1080/1580] Compiling v3_purp.cc
[1081/1580] Compiling v3_prn.cc
[1082/1580] Compiling v3_int.cc
[1083/1580] Compiling v3_pmaps.cc
[1084/1580] Compiling v3_lib.cc
[1085/1580] Compiling v3_ocsp.cc
[1086/1580] Compiling v3_ncons.cc
[1086/1580] Compiling v3_pcons.cc
[1088/1580] Compiling v3_info.cc
[1089/1580] Compiling v3_ia5.cc
[1090/1580] Compiling v3_genn.cc
[1091/1580] Compiling v3_crld.cc
[1092/1580] Compiling v3_extku.cc
[1093/1580] Compiling v3_cpols.cc
[1094/1580] Compiling v3_enum.cc
[1095/1580] Compiling v3_conf.cc
[1096/1580] Compiling v3_bitst.cc
[1097/1580] Compiling v3_alt.cc
[1098/1580] Compiling v3_akeya.cc
[1099/1580] Compiling v3_bcons.cc
[1100/1580] Compiling t_x509a.cc
[1101/1580] Compiling v3_akey.cc
[1101/1580] Compiling t_x509.cc
[1103/1580] Compiling name_print.cc
[1104/1580] Compiling rsa_pss.cc
[1105/1580] Compiling t_crl.cc
[1106/1580] Compiling t_req.cc
[1107/1580] Compiling policy.cc
[1108/1580] Compiling i2d_pr.cc
[1109/1580] Compiling by_file.cc
[1110/1580] Compiling a_verify.cc
[1111/1580] Compiling asn1_gen.cc
[1112/1580] Compiling by_dir.cc
[1113/1580] Compiling a_sign.cc
[1114/1580] Compiling algorithm.cc
[1115/1580] Compiling thread_win.cc
[1116/1580] Compiling thread_pthread.cc
[1117/1580] Compiling voprf.cc
[1118/1580] Compiling trust_token.cc
[1119/1580] Compiling pmbtoken.cc
[1120/1580] Compiling stack.cc
[1121/1580] Compiling thread.cc
[1122/1580] Compiling a_digest.cc
[1123/1580] Compiling thread_none.cc
[1124/1580] Compiling siphash.cc
[1125/1580] Compiling sha1.cc
[1126/1580] Compiling sha256.cc
[1127/1580] Compiling slhdsa.cc
[1128/1580] Compiling sha512.cc
[1129/1580] Compiling spake2plus.cc
[1130/1580] Compiling rsa_print.cc
[1131/1580] Compiling rsa_extra.cc
[1132/1580] Compiling rsa_crypt.cc
[1133/1580] Compiling refcount.cc
[1134/1580] Compiling rc4.cc
[1135/1580] Compiling trusty.cc
[1136/1580] Compiling windows.cc
[1136/1580] Compiling urandom.cc
[1138/1580] Compiling passive.cc
[1139/1580] Compiling ios.cc
[1140/1580] Compiling rand.cc
[1141/1580] Compiling getentropy.cc
[1142/1580] Compiling poly1305_arm_asm.S
[1143/1580] Compiling rsa_asn1.cc
[1143/1580] Compiling fork_detect.cc
[1145/1580] Compiling deterministic.cc
[1146/1580] Compiling forkunsafe.cc
[1147/1580] Compiling poly1305_vec.cc
[1148/1580] Compiling poly1305.cc
[1149/1580] Compiling pool.cc
[1150/1580] Compiling poly1305_arm.cc
[1151/1580] Compiling pkcs8.cc
[1152/1580] Compiling pkcs7.cc
[1153/1580] Compiling p5_pbev2.cc
[1154/1580] Compiling pem_pkey.cc
[1155/1580] Compiling pem_x509.cc
[1156/1580] Compiling pem_pk8.cc
[1157/1580] Compiling pem_oth.cc
[1158/1580] Compiling pkcs7_x509.cc
[1159/1580] Compiling pem_xaux.cc
[1160/1580] Compiling obj_xref.cc
[1161/1580] Compiling pkcs8_x509.cc
[1162/1580] Compiling mlkem.cc
[1163/1580] Compiling pem_info.cc
[1163/1580] Compiling pem_lib.cc
[1165/1580] Compiling mldsa.cc
[1166/1580] Compiling md5.cc
[1167/1580] Compiling poly_rq_mul.S
[1168/1580] Compiling mem.cc
[1169/1580] Compiling lhash.cc
[1170/1580] Compiling fips_shared_support.cc
[1171/1580] Compiling md4.cc
[1172/1580] Compiling pem_all.cc
[1173/1580] Compiling obj.cc
[1174/1580] Compiling hpke.cc
[1175/1580] Compiling ex_data.cc
[1176/1580] Compiling kyber.cc
[1177/1580] Compiling fuzzer_mode.cc
[1178/1580] Compiling hrss.cc
[1179/1580] Compiling pbkdf.cc
[1180/1580] Compiling print.cc
[1181/1580] Compiling scrypt.cc
[1182/1580] Compiling sign.cc
[1183/1580] Compiling p_x25519.cc
[1184/1580] Compiling p_rsa.cc
[1185/1580] Compiling p_hkdf.cc
[1186/1580] Compiling p_rsa_asn1.cc
[1187/1580] Compiling p_ed25519_asn1.cc
[1188/1580] Compiling p_x25519_asn1.cc
[1189/1580] Compiling p_ec.cc
[1190/1580] Compiling p_dsa_asn1.cc
[1191/1580] Compiling p_dh_asn1.cc
[1192/1580] Compiling p_ed25519.cc
[1193/1580] Compiling err.cc
[1194/1580] Compiling evp_asn1.cc
[1195/1580] Compiling evp.cc
[1196/1580] Compiling p_ec_asn1.cc
[1197/1580] Compiling ecdsa_p1363.cc
[1198/1580] Compiling evp_ctx.cc
[1199/1580] Compiling ecdh.cc
[1200/1580] Compiling p_dh.cc
[1201/1580] Compiling ec_derive.cc
[1202/1580] Compiling engine.cc
[1203/1580] Compiling ecdsa_asn1.cc
[1204/1580] Compiling dsa.cc
[1205/1580] Compiling hash_to_curve.cc
[1206/1580] Compiling params.cc
[1207/1580] Compiling ec_asn1.cc
[1208/1580] Compiling digest_extra.cc
[1209/1580] Compiling x25519-asm-arm.S
[1210/1580] Compiling dsa_asn1.cc
[1211/1580] Compiling des.cc
[1212/1580] Compiling curve25519_64_adx.cc
[1213/1580] Compiling crypto.cc
[1214/1580] Compiling dh_asn1.cc
[1215/1580] Compiling curve25519.cc
[1216/1580] Compiling cpu_intel.cc
[1217/1580] Compiling cpu_aarch64_win.cc
[1218/1580] Compiling cpu_arm_freebsd.cc
[1219/1580] Compiling cpu_arm_linux.cc
[1220/1580] Compiling spake25519.cc
[1221/1580] Compiling cpu_aarch64_fuchsia.cc
[1222/1580] Compiling cpu_aarch64_sysreg.cc
[1223/1580] Compiling cpu_aarch64_linux.cc
[1224/1580] Compiling cpu_aarch64_openbsd.cc
[1225/1580] Compiling conf.cc
[1226/1580] Compiling cpu_aarch64_apple.cc
[1227/1580] Compiling e_tls.cc
[1228/1580] Compiling e_rc2.cc
[1229/1580] Compiling tls_cbc.cc
[1230/1580] Compiling e_null.cc
[1231/1580] Compiling get_cipher.cc
[1232/1580] Compiling e_des.cc
[1233/1580] Compiling e_chacha20poly1305.cc
[1234/1580] Compiling e_rc4.cc
[1235/1580] Compiling e_aeseax.cc
[1236/1580] Compiling e_aesctrhmac.cc
[1237/1580] Compiling cms.cc
[1238/1580] Compiling e_aesgcmsiv.cc
[1239/1580] Compiling chacha.cc
[1240/1580] Compiling derive_key.cc
[1241/1580] Compiling cbs.cc
[1242/1580] Compiling unicode.cc
[1243/1580] Compiling asn1_compat.cc
[1244/1580] Compiling sqrt.cc
[1245/1580] Compiling exponentiation.cc
[1246/1580] Compiling cbb.cc
[1247/1580] Compiling ber.cc
[1248/1580] Compiling div.cc
[1249/1580] Compiling buf.cc
[1250/1580] Compiling convert.cc
[1251/1580] Compiling fd.cc
[1252/1580] Compiling hexdump.cc
[1253/1580] Compiling printf.cc
[1254/1580] Compiling bio_mem.cc
[1255/1580] Compiling bn_asn1.cc
[1256/1580] Compiling blake2.cc
[1257/1580] Compiling pair.cc
[1258/1580] Compiling file.cc
[1259/1580] Compiling base64.cc
[1260/1580] Compiling errno.cc
[1261/1580] Compiling tasn_enc.cc
[1262/1580] Compiling bio.cc
[1263/1580] Compiling tasn_dec.cc
[1264/1580] Compiling tasn_fre.cc
[1265/1580] Compiling tasn_typ.cc
[1266/1580] Compiling f_int.cc
[1267/1580] Compiling asn1_par.cc
[1268/1580] Compiling tasn_new.cc
[1269/1580] Compiling asn1_lib.cc
[1270/1580] Compiling tasn_utl.cc
[1271/1580] Compiling posix_time.cc
[1272/1580] Compiling f_string.cc
[1273/1580] Compiling a_time.cc
[1274/1580] Compiling asn_pack.cc
[1275/1580] Compiling a_strnid.cc
[1276/1580] Compiling a_octet.cc
[1277/1580] Compiling a_object.cc
[1278/1580] Compiling a_int.cc
[1279/1580] Compiling a_type.cc
[1280/1580] Compiling a_i2d_fp.cc
[1281/1580] Compiling a_utctm.cc
[1282/1580] Compiling a_gentm.cc
[1283/1580] Compiling a_strex.cc
[1284/1580] Compiling CAsyncHTTPClient CAsyncHTTPClient.c
[1285/1580] Write sources
[1288/1580] Compiling a_dup.cc
[1289/1605] Compiling a_bitstr.cc
[1290/1623] Compiling aes.cc
[1292/1623] Compiling Atomics UnsafeAtomic.swift
[1293/1623] Compiling Atomics UnsafeAtomicLazyReference.swift
[1294/1625] Compiling Atomics IntegerOperations.swift
[1295/1625] Compiling Atomics Unmanaged extensions.swift
[1295/1625] Compiling a_mbstr.cc
[1297/1625] Compiling Atomics ManagedAtomic.swift
[1298/1625] Compiling Atomics ManagedAtomicLazyReference.swift
[1299/1625] Compiling Atomics AtomicStorage.swift
[1300/1625] Compiling Atomics AtomicValue.swift
[1301/1625] Compiling Atomics AtomicMemoryOrderings.swift
[1302/1625] Compiling Atomics DoubleWord.swift
[1302/1625] Compiling a_bool.cc
[1303/1625] Compiling a_d2i_fp.cc
[1305/1625] Compiling Atomics AtomicInteger.swift
[1306/1625] Compiling Atomics AtomicOptionalWrappable.swift
[1307/1625] Compiling Atomics AtomicReference.swift
[1309/1625] Compiling Algorithms Stride.swift
[1310/1625] Compiling Algorithms Suffix.swift
[1311/1628] Compiling Algorithms RandomSample.swift
[1312/1628] Compiling Algorithms Reductions.swift
[1313/1628] Compiling Algorithms Rotate.swift
[1313/1628] Compiling bcm.cc
[1325/1636] Compiling Atomics PointerConformances.swift
[1326/1636] Compiling Atomics Primitives.native.swift
[1329/1636] Compiling Atomics OptionalRawRepresentable.swift
[1330/1636] Compiling Atomics RawRepresentable.swift
[1331/1636] Compiling Atomics AtomicBool.swift
[1332/1636] Compiling Atomics IntegerConformances.swift
[1333/1636] Compiling Algorithms Trim.swift
[1334/1636] Compiling Algorithms Unique.swift
[1335/1636] Compiling Algorithms Windows.swift
[1336/1636] Compiling CryptoBoringWrapper CryptoKitErrors_boring.swift
[1337/1636] Compiling CryptoBoringWrapper EllipticCurve.swift
[1338/1636] Compiling CryptoBoringWrapper RandomBytes.swift
[1339/1636] Compiling CryptoBoringWrapper FiniteFieldArithmeticContext.swift
[1340/1636] Emitting module CryptoBoringWrapper
[1341/1636] Compiling CryptoBoringWrapper BoringSSLAEAD.swift
[1342/1636] Compiling CryptoBoringWrapper EllipticCurvePoint.swift
[1346/1636] Emitting module Atomics
[1350/1637] Wrapping AST for Atomics for debugging
[1352/1637] Compiling CryptoBoringWrapper ArbitraryPrecisionInteger.swift
[1353/1702] Wrapping AST for CryptoBoringWrapper for debugging
[1355/1786] Compiling Crypto MLKEM.swift
[1356/1786] Compiling Crypto XWing.swift
[1357/1786] Compiling Crypto ECDH_boring.swift
[1358/1786] Compiling Crypto DH.swift
[1359/1786] Compiling Crypto ECDH.swift
[1360/1786] Compiling Crypto ANSIx963.swift
[1361/1786] Compiling Crypto HKDF.swift
[1362/1786] Compiling Crypto AESWrap.swift
[1363/1786] Compiling Crypto AESWrap_boring.swift
[1364/1794] Emitting module Algorithms
[1365/1795] Wrapping AST for Algorithms for debugging
[1367/1795] Compiling Crypto HPKE-KEM-Curve25519.swift
[1368/1795] Compiling Crypto HPKE-NIST-EC-KEMs.swift
[1369/1795] Compiling Crypto HPKE-KEM.swift
[1370/1795] Compiling Crypto HPKE-Errors.swift
[1371/1795] Compiling Crypto HPKE.swift
[1372/1795] Compiling Crypto HPKE-Context.swift
[1373/1795] Compiling Crypto HPKE-KeySchedule.swift
[1374/1795] Compiling Crypto HPKE-Modes.swift
[1375/1795] Compiling Crypto Insecure.swift
[1376/1795] Compiling Crypto HPKE-Ciphersuite.swift
[1377/1795] Compiling Crypto HPKE-KDF.swift
[1378/1795] Compiling Crypto HPKE-KexKeyDerivation.swift
[1379/1795] Compiling Crypto Insecure_HashFunctions.swift
[1380/1795] Compiling Crypto MLKEM_boring.swift
[1381/1795] Compiling Crypto MLKEM_wrapper.swift
[1382/1795] Compiling Crypto XWing_boring.swift
[1383/1795] Compiling Crypto KEM-Errors.swift
[1384/1795] Compiling Crypto KEM.swift
[1385/1795] Compiling Crypto HPKE-LabeledExtract.swift
[1386/1795] Compiling Crypto HPKE-Utils.swift
[1387/1795] Compiling Crypto DHKEM.swift
[1397/1806] Compiling Crypto SEC1PrivateKey.swift
[1398/1806] Compiling Crypto SubjectPublicKeyInfo.swift
[1399/1806] Compiling Crypto CryptoError_boring.swift
[1400/1806] Compiling Crypto AES-GCM.swift
[1401/1806] Compiling Crypto AES-GCM_boring.swift
[1402/1806] Compiling Crypto ChaChaPoly_boring.swift
[1403/1806] Compiling Crypto ChaChaPoly.swift
[1404/1806] Compiling Crypto Cipher.swift
[1405/1806] Compiling Crypto Nonces.swift
[1406/1806] Compiling Crypto ASN1Null.swift
[1407/1806] Compiling Crypto ASN1OctetString.swift
[1408/1806] Compiling Crypto ASN1Strings.swift
[1409/1806] Compiling Crypto ArraySliceBigint.swift
[1410/1806] Compiling Crypto GeneralizedTime.swift
[1411/1806] Compiling Crypto ObjectIdentifier.swift
[1412/1806] Compiling Crypto ECDSASignature.swift
[1413/1806] Compiling Crypto PEMDocument.swift
[1414/1806] Compiling Crypto PKCS8PrivateKey.swift
[1418/1806] Emitting module Crypto
[1425/1806] Compiling Crypto ASN1.swift
[1426/1806] Compiling Crypto ASN1Any.swift
[1427/1806] Compiling Crypto ASN1BitString.swift
[1428/1806] Compiling Crypto ASN1Boolean.swift
[1429/1806] Compiling Crypto ASN1Identifier.swift
[1430/1806] Compiling Crypto ASN1Integer.swift
[1431/1806] Compiling NIOCore SingleStepByteToMessageDecoder.swift
[1432/1806] Compiling NIOCore SocketAddresses.swift
[1433/1806] Compiling NIOCore SocketOptionProvider.swift
[1434/1806] Compiling NIOCore SystemCallHelpers.swift
[1435/1806] Compiling NIOCore TimeAmount+Duration.swift
[1436/1806] Compiling NIOCore TypeAssistedChannelHandler.swift
[1437/1806] Compiling NIOCore UniversalBootstrapSupport.swift
[1438/1806] Compiling NIOCore Utilities.swift
[1439/1806] Compiling Crypto CryptoKitErrors.swift
[1440/1806] Compiling Crypto Digest_boring.swift
[1441/1806] Compiling Crypto Digest.swift
[1442/1806] Compiling Crypto Digests.swift
[1443/1806] Compiling Crypto HashFunctions.swift
[1444/1806] Compiling Crypto HashFunctions_SHA2.swift
[1445/1806] Compiling Crypto HashFunctions_SHA3.swift
[1446/1806] Compiling Crypto Digest_xkcp.swift
[1447/1806] Compiling Crypto HPKE-AEAD.swift
[1474/1806] Compiling Crypto HMAC.swift
[1475/1806] Compiling Crypto MACFunctions.swift
[1476/1806] Compiling Crypto MessageAuthenticationCode.swift
[1477/1806] Compiling Crypto AES.swift
[1478/1806] Compiling Crypto ECDSASignature_boring.swift
[1479/1806] Compiling Crypto ECDSA_boring.swift
[1480/1806] Compiling Crypto EdDSA_boring.swift
[1481/1806] Compiling Crypto MLDSA_boring.swift
[1482/1806] Compiling Crypto MLDSA_wrapper.swift
[1483/1806] Compiling Crypto ECDSA.swift
[1484/1806] Compiling Crypto Ed25519.swift
[1485/1806] Compiling Crypto MLDSA.swift
[1486/1806] Compiling Crypto Signature.swift
[1487/1806] Compiling Crypto CryptoKitErrors_boring.swift
[1488/1806] Compiling Crypto Optional+withUnsafeBytes_boring.swift
[1489/1806] Compiling Crypto RNG_boring.swift
[1490/1806] Compiling Crypto SafeCompare_boring.swift
[1491/1806] Compiling Crypto Zeroization_boring.swift
[1492/1806] Compiling Crypto _CryptoModuleAnchor.swift
[1493/1806] Compiling Crypto PrettyBytes.swift
[1494/1806] Compiling Crypto SafeCompare.swift
[1495/1806] Compiling Crypto SecureBytes.swift
[1496/1806] Compiling Crypto Zeroization.swift
[1497/1807] Wrapping AST for Crypto for debugging
[1499/1869] Compiling CryptoExtras CMAC.swift
[1500/1869] Compiling CryptoExtras ARC+API.swift
[1501/1869] Compiling CryptoExtras ARC.swift
[1502/1869] Compiling CryptoExtras ARCCredential.swift
[1503/1869] Compiling CryptoExtras ARCEncoding.swift
[1504/1869] Compiling CryptoExtras ARCPrecredential.swift
[1505/1869] Compiling CryptoExtras ARCPresentation.swift
[1506/1869] Compiling CryptoExtras ARCRequest.swift
[1507/1869] Compiling CryptoExtras ARCResponse.swift
[1508/1869] Compiling CryptoExtras ARCServer.swift
[1509/1869] Compiling CryptoExtras ChaCha20CTR_boring.swift
[1510/1869] Compiling CryptoExtras ChaCha20CTR.swift
[1511/1869] Compiling CryptoExtras BoringSSLSHA512256Context.swift
[1512/1869] Compiling CryptoExtras BoringSSLSHA512256HashFunction.swift
[1513/1869] Compiling CryptoExtras SHA512256.swift
[1514/1869] Compiling CryptoExtras SHA512256Digest.swift
[1515/1869] Compiling CryptoExtras Curve25519+PEM.swift
[1516/1869] Compiling CryptoExtras ObjectIdentifier.swift
[1517/1877] Compiling CryptoExtras Data+Extensions.swift
[1518/1877] Compiling CryptoExtras DigestType.swift
[1519/1877] Compiling CryptoExtras Error.swift
[1520/1877] Compiling CryptoExtras I2OSP.swift
[1521/1877] Compiling CryptoExtras IntegerEncoding.swift
[1522/1877] Compiling CryptoExtras PEMDocument.swift
[1523/1877] Compiling CryptoExtras PrettyBytes.swift
[1524/1877] Compiling CryptoExtras SubjectPublicKeyInfo.swift
[1525/1877] Emitting module CryptoExtras
[1526/1877] Compiling CryptoExtras PKCS8DERRepresentation.swift
[1527/1877] Compiling CryptoExtras PKCS8PrivateKey.swift
[1528/1877] Compiling CryptoExtras RFC8410AlgorithmIdentifier.swift
[1529/1877] Compiling CryptoExtras ECToolbox_boring.swift
[1530/1877] Compiling CryptoExtras ECToolbox.swift
[1531/1877] Compiling CryptoExtras HashToField.swift
[1532/1877] Compiling CryptoExtras KDF.swift
[1533/1877] Compiling CryptoExtras PBKDF2_boring.swift
[1534/1877] Compiling CryptoExtras PBKDF2_commoncrypto.swift
[1535/1877] Compiling CryptoExtras AES_CBC.swift
[1536/1877] Compiling CryptoExtras AES_CFB.swift
[1537/1877] Compiling CryptoExtras AES_CTR.swift
[1538/1877] Compiling CryptoExtras AES_GCM_SIV.swift
[1539/1877] Compiling CryptoExtras Block Function.swift
[1540/1877] Compiling CryptoExtras AES_CBC_boring.swift
[1541/1877] Compiling CryptoExtras AES_CFB_boring.swift
[1542/1877] Compiling CryptoExtras AES_CTR_boring.swift
[1543/1877] Compiling CryptoExtras AES_GCM_SIV_boring.swift
[1553/1877] Compiling CryptoExtras ThreadOps.swift
[1554/1877] Compiling CryptoExtras ThreadPosix.swift
[1555/1877] Compiling CryptoExtras ThreadSpecific.swift
[1556/1877] Compiling CryptoExtras ThreadWindows.swift
[1557/1877] Compiling CryptoExtras DLEQ.swift
[1558/1877] Compiling CryptoExtras Prover.swift
[1559/1877] Compiling CryptoExtras Verifier.swift
[1560/1877] Compiling CryptoExtras ZKPToolbox.swift
[1561/1877] Compiling CryptoExtras BoringSSLPassphraseCallbackManager.swift
[1562/1877] Compiling CryptoExtras RSA+BlindSigning.swift
[1563/1877] Compiling CryptoExtras RSA.swift
[1564/1877] Compiling CryptoExtras RSA_boring.swift
[1565/1877] Compiling CryptoExtras Reexport.swift
[1566/1877] Compiling CryptoExtras Zeroization_boring.swift
[1567/1877] Compiling CryptoExtras BoringSSLHelpers.swift
[1568/1877] Compiling CryptoExtras CryptoKitErrors_boring.swift
[1569/1877] Compiling CryptoExtras PBKDF2.swift
[1570/1877] Compiling CryptoExtras Scrypt_boring.swift
[1571/1877] Compiling CryptoExtras Scrypt.swift
[1572/1877] Compiling CryptoExtras OPRF.swift
[1573/1877] Compiling CryptoExtras OPRFClient.swift
[1574/1877] Compiling CryptoExtras OPRFServer.swift
[1575/1877] Compiling CryptoExtras VOPRF+API.swift
[1576/1877] Compiling CryptoExtras VOPRFClient.swift
[1577/1877] Compiling CryptoExtras VOPRFServer.swift
[1578/1880] Wrapping AST for CryptoExtras for debugging
[1580/1880] Compiling _CryptoExtras Exports.swift
[1581/1880] Emitting module _CryptoExtras
[1582/1881] Wrapping AST for _CryptoExtras for debugging
[1584/1976] Compiling X509 LockedValueBox.swift
[1585/1976] Compiling X509 BasicOCSPResponse.swift
[1586/1976] Compiling X509 DirectoryString.swift
[1587/1976] Compiling X509 OCSPCertID.swift
[1588/1976] Compiling X509 OCSPCertStatus.swift
[1589/1976] Compiling X509 PKCS8PrivateKey.swift
[1590/1976] Compiling X509 PromiseAndFuture.swift
[1591/1976] Compiling X509 RDNAttribute.swift
[1592/1976] Compiling X509 RandomNumberGenerator+bytes.swift
[1593/1976] Compiling X509 OrganizationalUnitName.swift
[1594/1976] Compiling X509 StateOrProvinceName.swift
[1595/1976] Compiling X509 StreetAddress.swift
[1596/1976] Compiling X509 Error.swift
[1597/1976] Compiling X509 AuthorityInformationAccess.swift
[1598/1976] Compiling X509 AuthorityKeyIdentifier.swift
[1599/1976] Compiling X509 BasicConstraints.swift
[1600/1976] Compiling X509 ExtendedKeyUsage.swift
[1601/1976] Compiling X509 ExtensionIdentifiers.swift
[1602/1976] Emitting module NIOCore
[1603/2032] Wrapping AST for NIOCore for debugging
[1605/2034] Compiling NIOFoundationEssentialsCompat Codable+ByteBuffer.swift
[1606/2034] Emitting module NIOFoundationEssentialsCompat
[1607/2034] Compiling NIOEmbedded Embedded.swift
[1608/2034] Compiling NIOEmbedded AsyncTestingEventLoop.swift
[1609/2034] Emitting module NIOEmbedded
[1610/2034] Compiling NIOEmbedded AsyncTestingChannel.swift
[1611/2035] Compiling X509 OneOfPolicies.swift
[1612/2035] Compiling X509 PolicyBuilder.swift
[1613/2035] Compiling X509 BasicConstraintsPolicy.swift
[1614/2035] Compiling X509 DNSNames.swift
[1615/2035] Compiling X509 ExpiryPolicy.swift
[1616/2035] Compiling X509 IPConstraints.swift
[1617/2035] Compiling X509 NameConstraintsPolicy.swift
[1618/2035] Compiling X509 RFC5280Policy.swift
[1619/2035] Compiling X509 URIConstraints.swift
[1620/2035] Compiling X509 VersionPolicy.swift
[1621/2035] Compiling X509 ServerIdentityPolicy.swift
[1622/2035] Compiling X509 TrustRootLoading.swift
[1623/2035] Compiling X509 UnverifiedChain.swift
[1624/2035] Compiling X509 CMSIssuerAndSerialNumber.swift
[1625/2035] Compiling X509 CMSOperations.swift
[1626/2035] Compiling X509 CMSSignature.swift
[1627/2035] Compiling X509 CMSSignedData.swift
[1628/2035] Compiling X509 CMSSignerIdentifier.swift
[1629/2035] Compiling X509 CMSSignerInfo.swift
[1630/2035] Compiling X509 CMSVersion.swift
[1631/2035] Compiling X509 Curve25519+DER.swift
[1632/2035] Compiling X509 CustomPrivateKey.swift
[1633/2035] Compiling X509 Digests.swift
[1634/2035] Compiling X509 DistinguishedName.swift
[1635/2035] Compiling X509 CommonName.swift
[1636/2035] Compiling X509 CountryName.swift
[1637/2035] Compiling X509 DNBuilder.swift
[1638/2048] Wrapping AST for NIOEmbedded for debugging
[1640/2048] Compiling NIOFoundationEssentialsCompat ByteBuffer-foundation.swift
[1642/2049] Compiling NIOPosix Resolver.swift
[1643/2049] Compiling NIOPosix SelectorWSAPoll.swift
[1644/2049] Compiling NIOPosix ServerSocket.swift
[1645/2049] Compiling NIOPosix Socket.swift
[1646/2049] Compiling NIOPosix SocketChannel.swift
[1647/2049] Compiling NIOPosix SocketProtocols.swift
[1648/2049] Compiling NIOPosix StructuredConcurrencyHelpers.swift
[1649/2049] Compiling NIOPosix System.swift
[1650/2049] Compiling X509 SignatureAlgorithm.swift
[1651/2049] Compiling X509 AllOfPolicies.swift
[1652/2049] Compiling X509 AnyPolicy.swift
[1653/2049] Compiling X509 CertificateStore.swift
[1654/2049] Compiling X509 CustomCertificateStore.swift
[1654/2049] Wrapping AST for NIOFoundationEssentialsCompat for debugging
[1656/2049] Compiling NIOPosix BSDSocketAPICommon.swift
[1657/2049] Compiling NIOPosix BSDSocketAPIPosix.swift
[1658/2049] Compiling NIOPosix BSDSocketAPIWindows.swift
[1659/2049] Compiling NIOPosix BaseSocket.swift
[1660/2049] Compiling NIOPosix BaseSocketChannel+AccessibleTransport.swift
[1661/2049] Compiling NIOPosix BaseSocketChannel+SocketOptionProvider.swift
[1662/2049] Compiling NIOPosix BaseSocketChannel.swift
[1663/2049] Compiling NIOPosix BaseStreamSocketChannel.swift
[1664/2049] Compiling NIOPosix Bootstrap.swift
[1665/2049] Compiling NIOPosix ControlMessage.swift
[1666/2049] Compiling NIOPosix DatagramVectorReadManager.swift
[1667/2049] Compiling NIOPosix Errors+Any.swift
[1668/2049] Compiling NIOPosix FileDescriptor.swift
[1669/2049] Compiling NIOPosix GetaddrinfoResolver.swift
[1670/2049] Compiling NIOPosix Selectable.swift
[1671/2049] Compiling NIOPosix SelectableChannel.swift
[1672/2049] Compiling NIOPosix SelectableEventLoop.swift
[1673/2049] Compiling NIOPosix SelectorEpoll.swift
[1674/2049] Compiling NIOPosix SelectorGeneric.swift
[1675/2049] Compiling NIOPosix SelectorKqueue.swift
[1676/2049] Compiling NIOPosix SelectorUring.swift
[1677/2049] Compiling NIOPosix PipeChannel.swift
[1678/2049] Compiling NIOPosix PipePair.swift
[1679/2049] Compiling NIOPosix Pool.swift
[1680/2049] Compiling NIOPosix PosixSingletons+ConcurrencyTakeOver.swift
[1681/2049] Compiling NIOPosix PosixSingletons.swift
[1682/2049] Compiling NIOPosix RawSocketBootstrap.swift
[1683/2049] Compiling NIOPosix MultiThreadedEventLoopGroup.swift
[1684/2049] Compiling NIOPosix NIOPosixSendableMetatype.swift
[1685/2049] Compiling NIOPosix NIORandomizedDNSResolver.swift
[1686/2049] Compiling NIOPosix NIOThreadPool.swift
[1687/2049] Compiling NIOPosix NonBlockingFileIO.swift
[1688/2049] Compiling NIOPosix PendingDatagramWritesManager.swift
[1689/2049] Compiling NIOPosix PendingWritesManager.swift
[1690/2049] Compiling NIOPosix HappyEyeballs.swift
[1691/2049] Compiling NIOPosix IO.swift
[1692/2049] Compiling NIOPosix IntegerBitPacking.swift
[1693/2049] Compiling NIOPosix IntegerTypes.swift
[1694/2049] Compiling NIOPosix Linux.swift
[1695/2049] Compiling NIOPosix LinuxCPUSet.swift
[1696/2049] Compiling NIOPosix LinuxUring.swift
[1697/2049] Compiling X509 OCSPExtensionID.swift
[1698/2049] Compiling X509 OCSPNonce.swift
[1699/2049] Compiling X509 OCSPPolicy.swift
[1700/2049] Compiling X509 OCSPRequest.swift
[1701/2049] Compiling X509 OCSPResponse.swift
[1702/2049] Compiling X509 OCSPResponseBytes.swift
[1703/2049] Compiling X509 OCSPResponseData.swift
[1704/2049] Compiling X509 OCSPResponseStatus.swift
[1705/2049] Compiling X509 OCSPSignature.swift
[1706/2049] Compiling X509 OCSPSingleRequest.swift
[1707/2049] Compiling X509 OCSPSingleResponse.swift
[1708/2049] Compiling X509 OCSPTBSRequest.swift
[1709/2049] Compiling X509 OCSPVersion.swift
[1710/2049] Emitting module NIOPosix
[1711/2056] Emitting module X509
[1733/2056] Compiling NIOPosix Thread.swift
[1734/2056] Compiling NIOPosix ThreadPosix.swift
[1735/2056] Compiling NIOPosix ThreadWindows.swift
[1736/2056] Compiling NIOPosix Utilities.swift
[1737/2056] Compiling NIOPosix VsockAddress.swift
[1738/2056] Compiling NIOPosix VsockChannelEvents.swift
[1739/2056] Compiling NIOPosix Windows.swift
[1768/2057] Wrapping AST for NIOPosix for debugging
[1770/2059] Compiling NIO Exports.swift
[1771/2059] Emitting module NIO
[1772/2060] Wrapping AST for NIO for debugging
[1774/2099] Compiling NIOTLS TLSEvents.swift
[1775/2099] Compiling NIOFoundationCompat JSONSerialization+ByteBuffer.swift
[1776/2099] Emitting module NIOFoundationCompat
[1777/2099] Compiling NIOFoundationCompat Exports.swift
[1778/2099] Compiling NIOFoundationCompat WaitSpinningRunLoop.swift
[1779/2099] Compiling NIOTLS NIOTypedApplicationProtocolNegotiationHandler.swift
[1780/2100] Compiling NIOTLS ApplicationProtocolNegotiationHandler.swift
[1782/2100] Compiling NIOSOCKS ClientStateMachine.swift
[1783/2100] Compiling NIOSOCKS SOCKSResponse.swift
[1784/2100] Compiling NIOSOCKS SelectedAuthenticationMethod.swift
[1785/2101] Compiling NIOSOCKS Errors.swift
[1786/2101] Compiling NIOSOCKS Helpers.swift
[1786/2101] Wrapping AST for NIOFoundationCompat for debugging
[1788/2101] Compiling NIOSOCKS AuthenticationMethod.swift
[1789/2101] Compiling NIOSOCKS ClientGreeting.swift
[1790/2101] Compiling NIOSOCKS SOCKSClientHandler.swift
[1791/2101] Compiling NIOSOCKS SOCKSServerHandshakeHandler.swift
[1792/2101] Emitting module NIOSOCKS
[1795/2103] Compiling NIOSOCKS Messages.swift
[1796/2103] Compiling NIOSOCKS SOCKSRequest.swift
[1797/2103] Compiling NIOSOCKS ServerStateMachine.swift
[1798/2104] Compiling X509 ValidatedCertificateChain.swift
[1799/2104] Compiling X509 VerificationDiagnostic.swift
[1800/2104] Compiling X509 Verifier.swift
[1801/2104] Compiling X509 VerifierPolicy.swift
[1802/2104] Compiling X509 AlgorithmIdentifier.swift
[1803/2104] Compiling X509 ECDSASignature.swift
[1804/2104] Compiling X509 RSAPKCS1PublicKey.swift
[1805/2104] Compiling X509 SubjectPublicKeyInfo.swift
[1806/2104] Compiling X509 TBSCertificate.swift
[1807/2104] Compiling X509 Time.swift
[1808/2104] Compiling X509 TimeCalculations.swift
[1809/2104] Compiling X509 Validity.swift
[1810/2104] Compiling X509 X509SendableMetatype.swift
[1811/2104] Emitting module NIOTLS
[1812/2104] Compiling NIOTLS ProtocolNegotiationHandlerStateMachine.swift
[1813/2104] Compiling NIOTLS SNIHandler.swift
[1816/2106] Wrapping AST for NIOTLS for debugging
[1817/2106] Wrapping AST for NIOSOCKS for debugging
[1819/2106] Compiling NIOHTTP1 NIOHTTPClientUpgradeHandler.swift
[1820/2106] Compiling NIOHTTP1 NIOHTTPObjectAggregator.swift
[1821/2106] Compiling NIOHTTP1 NIOTypedHTTPClientUpgradeHandler.swift
[1822/2106] Compiling NIOHTTP1 NIOTypedHTTPClientUpgraderStateMachine.swift
[1823/2136] Compiling NIOSSL ObjectIdentifier.swift
[1824/2136] Compiling NIOSSL PosixPort.swift
[1825/2136] Compiling NIOSSL SSLCallbacks.swift
[1825/2136] Wrapping AST for X509 for debugging
[1827/2203] Compiling JWTKit ECDSACurveType.swift
[1828/2203] Compiling JWTKit ECDSAError.swift
[1829/2203] Compiling JWTKit JWTSerializer.swift
[1830/2203] Compiling JWTKit JWTSigner.swift
[1831/2203] Compiling JWTKit JWTKeyCollection+MLDSA.swift
[1832/2203] Compiling JWTKit MLDSA.swift
[1833/2203] Compiling JWTKit MLDSA65+MLDSAKey.swift
[1834/2203] Compiling JWTKit MLDSA87+MLDSAKey.swift
[1835/2203] Compiling JWTKit MLDSAError.swift
[1836/2203] Compiling JWTKit MLDSAKey.swift
[1837/2203] Compiling JWTKit MLDSASigner.swift
[1838/2203] Compiling JWTKit MLDSAType.swift
[1839/2203] Compiling JWTKit JWTKeyCollection+UnsecuredNone.swift
[1840/2203] Compiling JWTKit UnsecuredNoneSigner.swift
[1841/2203] Compiling JWTKit JWTKeyCollection+RSA.swift
[1842/2203] Compiling JWTKit RSA.swift
[1843/2203] Compiling JWTKit RSAError.swift
[1844/2203] Compiling JWTKit RSASigner.swift
[1845/2203] Compiling JWTKit Base64URL.swift
[1846/2203] Compiling JWTKit CryptoSigner.swift
[1847/2212] Compiling JWTKit SubjectClaim.swift
[1848/2212] Compiling JWTKit TenantIDClaim.swift
[1849/2212] Compiling JWTKit LocaleClaim.swift
[1850/2212] Compiling JWTKit NotBeforeClaim.swift
[1851/2212] Compiling JWTKit AudienceClaim.swift
[1852/2212] Compiling JWTKit BoolClaim.swift
[1853/2212] Compiling JWTKit ExpirationClaim.swift
[1854/2212] Compiling JWTKit GoogleHostedDomainClaim.swift
[1855/2212] Compiling JWTKit IDClaim.swift
[1856/2212] Compiling JWTKit IssuedAtClaim.swift
[1857/2212] Compiling JWTKit IssuerClaim.swift
[1858/2212] Compiling JWTKit JWTClaim.swift
[1859/2212] Compiling JWTKit JWTMultiValueClaim.swift
[1860/2212] Compiling JWTKit JWTUnixEpochClaim.swift
[1865/2212] Compiling JWTKit ECDSA.swift
[1866/2212] Compiling JWTKit ECDSACurve.swift
[1869/2212] Compiling JWTKit ECDSAKeyTypes.swift
[1870/2212] Compiling JWTKit ECDSASigner.swift
[1874/2212] Emitting module NIOHTTP1
[1876/2213] Emitting module JWTKit
[1876/2213] Wrapping AST for NIOHTTP1 for debugging
[1878/2230] Compiling JWTKit HMAC.swift
[1879/2230] Compiling JWTKit HMACError.swift
[1880/2230] Compiling JWTKit HMACSigner.swift
[1881/2230] Compiling JWTKit JWTKeyCollection+HMAC.swift
[1882/2230] Compiling JWTKit Insecure.swift
[1883/2230] Compiling JWTKit JWK.swift
[1884/2230] Compiling JWTKit JWKIdentifier.swift
[1885/2230] Compiling JWTKit JWKS.swift
[1886/2230] Compiling JWTKit JWKSigner.swift
[1887/2230] Compiling JWTKit ECDSASigningAlgorithm.swift
[1888/2230] Compiling JWTKit JWTKeyCollection+ECDSA.swift
[1889/2230] Compiling JWTKit P256+CurveType.swift
[1890/2230] Compiling JWTKit P384+CurveType.swift
[1891/2230] Compiling JWTKit P521+CurveType.swift
[1892/2230] Compiling JWTKit EdDSA.swift
[1893/2230] Compiling JWTKit EdDSACurve.swift
[1894/2230] Compiling JWTKit EdDSAError.swift
[1895/2230] Compiling JWTKit EdDSASigner.swift
[1896/2230] Compiling JWTKit JWTKeyCollection+EdDSA.swift
[1897/2230] Compiling JWTKit JWTAlgorithm.swift
[1898/2230] Compiling JWTKit JWTError.swift
[1899/2230] Compiling JWTKit JWTHeader+CommonFields.swift
[1900/2230] Compiling JWTKit JWTHeader.swift
[1901/2230] Compiling JWTKit JWTHeaderField.swift
[1902/2230] Compiling JWTKit JWTKeyCollection.swift
[1903/2230] Compiling JWTKit JWTParser+MandatoryVerificationFields.swift
[1904/2230] Compiling JWTKit JWTParser.swift
[1905/2230] Compiling JWTKit JWTPayload.swift
[1906/2230] Compiling NIOHPACK IndexedHeaderTable.swift
[1907/2231] Emitting module NIOHTTPCompression
[1908/2231] Emitting module NIOSSL
[1909/2231] Compiling NIOHPACK DynamicHeaderTable.swift
[1910/2231] Compiling NIOHPACK HPACKDecoder.swift
[1911/2231] Compiling NIOHPACK HPACKEncoder.swift
[1912/2231] Compiling NIOHPACK HPACKErrors.swift
[1913/2235] Compiling NIOHTTPCompression HTTPDecompressor.swift
[1914/2235] Compiling NIOHTTPCompression HTTPDecompression.swift
[1915/2235] Compiling NIOHPACK IntegerCoding.swift
[1916/2235] Compiling NIOHTTPCompression HTTPCompression.swift
[1919/2235] Compiling NIOHPACK StaticHeaderTable.swift
[1920/2235] Compiling NIOHPACK HuffmanTables.swift
[1921/2235] Compiling NIOHTTPCompression HTTPRequestCompressor.swift
[1922/2235] Compiling NIOHTTPCompression HTTPResponseCompressor.swift
[1923/2236] Wrapping AST for NIOHTTPCompression for debugging
[1925/2236] Compiling NIOHPACK HuffmanCoding.swift
[1926/2236] Emitting module NIOHPACK
[1935/2236] Compiling JWTKit CustomizedJSONCoders.swift
[1936/2236] Compiling JWTKit Utilities.swift
[1937/2236] Compiling JWTKit AppleIdentityToken.swift
[1938/2236] Compiling JWTKit FirebaseAuthIdentityToken.swift
[1939/2236] Compiling JWTKit GoogleIdentityToken.swift
[1940/2236] Compiling JWTKit MicrosoftIdentityToken.swift
[1941/2236] Compiling JWTKit EmptyPolicy.swift
[1942/2236] Compiling JWTKit ValidationTimePayload.swift
[1943/2236] Compiling JWTKit X5CVerifier.swift
[1947/2237] Compiling NIOHPACK HPACKHeader.swift
[1948/2237] Compiling NIOHPACK HeaderTables.swift
[1953/2238] Wrapping AST for JWTKit for debugging
[1954/2238] Wrapping AST for NIOHPACK for debugging
[1956/2301] Compiling NIOHTTP2 ReceivingGoAwayState.swift
[1957/2301] Compiling NIOHTTP2 ReceivingHeadersState.swift
[1958/2301] Compiling NIOHTTP2 ReceivingPushPromiseState.swift
[1959/2301] Compiling NIOHTTP2 ReceivingRstStreamState.swift
[1960/2301] Compiling NIOHTTP2 ReceivingWindowUpdateState.swift
[1961/2301] Compiling NIOHTTP2 HasFlowControlWindows.swift
[1962/2301] Compiling NIOHTTP2 HasLocalSettings.swift
[1963/2301] Compiling NIOHTTP2 HasRemoteSettings.swift
[1964/2301] Compiling NIOHTTP2 LocallyQuiescingState.swift
[1965/2301] Compiling NIOHTTP2 QuiescingState.swift
[1966/2301] Compiling NIOHTTP2 RemotelyQuiescingState.swift
[1967/2301] Compiling NIOHTTP2 SendAndReceiveGoawayState.swift
[1968/2301] Compiling NIOHTTP2 StateMachineResult.swift
[1969/2301] Compiling NIOHTTP2 ConcurrentStreamBuffer.swift
[1970/2301] Compiling NIOHTTP2 ControlFrameBuffer.swift
[1971/2301] Compiling NIOHTTP2 OutboundFlowControlBuffer.swift
[1972/2301] Compiling NIOHTTP2 OutboundFrameBuffer.swift
[1973/2302] Wrapping AST for NIOSSL for debugging
[1975/2302] Emitting module NIOHTTP2
[1976/2310] Compiling NIOHTTP2 HTTP2StreamMultiplexer.swift
[1977/2310] Compiling NIOHTTP2 HTTP2ToHTTP1Codec.swift
[1978/2310] Compiling NIOHTTP2 HTTP2UserEvents.swift
[1979/2310] Compiling NIOHTTP2 InboundEventBuffer.swift
[1980/2310] Compiling NIOHTTP2 InboundWindowManager.swift
[1981/2310] Compiling NIOHTTP2 MultiplexerAbstractChannel.swift
[1982/2310] Compiling NIOHTTP2 NIOHTTP2FrameDelegate.swift
[1983/2310] Compiling NIOHTTP2 NIOHTTP2ServerConnectionManagementHandler+StateMachine.swift
[1984/2310] Compiling NIOHTTP2 ConnectionStateMachine.swift
[1985/2310] Compiling NIOHTTP2 ConnectionStreamsState.swift
[1986/2310] Compiling NIOHTTP2 MayReceiveFrames.swift
[1987/2310] Compiling NIOHTTP2 ReceivingDataState.swift
[1993/2310] Compiling NIOHTTP2 NIOHTTP2ServerConnectionManagementHandler.swift
[1994/2310] Compiling NIOHTTP2 StreamChannelFlowController.swift
[1995/2310] Compiling NIOHTTP2 StreamChannelList.swift
[1996/2310] Compiling NIOHTTP2 StreamMap.swift
[1997/2310] Compiling NIOHTTP2 StreamStateMachine.swift
[1998/2310] Compiling NIOHTTP2 Timer.swift
[1999/2310] Compiling NIOHTTP2 UnsafeTransfer.swift
[2000/2310] Compiling NIOHTTP2 WatermarkedFlowController.swift
[2001/2310] Compiling NIOHTTP2 HTTP2FrameParser.swift
[2002/2310] Compiling NIOHTTP2 HTTP2PingData.swift
[2003/2310] Compiling NIOHTTP2 HTTP2PipelineHelpers.swift
[2004/2310] Compiling NIOHTTP2 HTTP2Settings.swift
[2005/2310] Compiling NIOHTTP2 HTTP2Stream.swift
[2006/2310] Compiling NIOHTTP2 HTTP2StreamChannel+OutboundStreamMultiplexer.swift
[2007/2310] Compiling NIOHTTP2 HTTP2StreamChannel.swift
[2008/2310] Compiling NIOHTTP2 HTTP2StreamDelegate.swift
[2009/2310] Compiling NIOHTTP2 HTTP2StreamID.swift
[2010/2310] Compiling NIOHTTP2 DOSHeuristics.swift
[2011/2310] Compiling NIOHTTP2 Error+Any.swift
[2016/2310] Compiling NIOHTTP2 GlitchesMonitor.swift
[2017/2310] Compiling NIOHTTP2 HPACKHeaders+Validation.swift
[2018/2310] Compiling NIOHTTP2 HTTP2ChannelHandler+InboundStreamMultiplexer.swift
[2019/2310] Compiling NIOHTTP2 MaySendFrames.swift
[2020/2310] Compiling NIOHTTP2 SendingDataState.swift
[2021/2310] Compiling NIOHTTP2 SendingGoawayState.swift
[2022/2310] Compiling NIOHTTP2 SendingHeadersState.swift
[2023/2310] Compiling NIOHTTP2 SendingPushPromiseState.swift
[2024/2310] Compiling NIOHTTP2 SendingRstStreamState.swift
[2025/2310] Compiling NIOHTTP2 SendingWindowUpdateState.swift
[2026/2310] Compiling NIOHTTP2 HTTP2SettingsState.swift
[2027/2310] Compiling NIOHTTP2 HasExtendedConnectSettings.swift
[2036/2310] Compiling NIOHTTP2 ContentLengthVerifier.swift
[2037/2310] Compiling NIOHTTP2 HTTP2ChannelHandler+InlineStreamMultiplexer.swift
[2038/2310] Compiling NIOHTTP2 HTTP2ChannelHandler.swift
[2039/2310] Compiling NIOHTTP2 HTTP2CommonInboundStreamMultiplexer.swift
[2040/2310] Compiling NIOHTTP2 HTTP2ConnectionStateChange.swift
[2041/2310] Compiling NIOHTTP2 HTTP2Error.swift
[2042/2310] Compiling NIOHTTP2 HTTP2ErrorCode.swift
[2043/2310] Compiling NIOHTTP2 HTTP2FlowControlWindow.swift
[2044/2310] Compiling NIOHTTP2 HTTP2Frame.swift
[2045/2310] Compiling NIOHTTP2 HTTP2FrameEncoder.swift
[2046/2311] Wrapping AST for NIOHTTP2 for debugging
[2048/2375] Compiling AsyncHTTPClient AnyAsyncSequence.swift
[2049/2375] Compiling AsyncHTTPClient AnyAsyncSequenceProucerDelete.swift
[2050/2375] Compiling AsyncHTTPClient AsyncLazySequence.swift
[2051/2375] Compiling AsyncHTTPClient HTTPClient+execute.swift
[2052/2375] Compiling AsyncHTTPClient HTTPClient+shutdown.swift
[2053/2375] Compiling AsyncHTTPClient HTTPClient+tracing.swift
[2054/2375] Compiling AsyncHTTPClient HTTPClientRequest+Prepared.swift
[2055/2375] Compiling AsyncHTTPClient HTTPClientRequest+auth.swift
[2056/2375] Compiling AsyncHTTPClient HTTPClientRequest.swift
[2057/2383] Compiling AsyncHTTPClient LRUCache.swift
[2058/2383] Compiling AsyncHTTPClient NIOLoopBound+Execute.swift
[2059/2383] Compiling AsyncHTTPClient NWErrorHandler.swift
[2060/2383] Compiling AsyncHTTPClient NWWaitingHandler.swift
[2061/2383] Compiling AsyncHTTPClient TLSConfiguration.swift
[2062/2383] Compiling AsyncHTTPClient RedirectState.swift
[2063/2383] Compiling AsyncHTTPClient RequestBag+StateMachine.swift
[2064/2383] Compiling AsyncHTTPClient RequestBag+Tracing.swift
[2065/2383] Compiling AsyncHTTPClient RequestBag.swift
[2066/2383] Compiling AsyncHTTPClient RequestValidation.swift
[2067/2383] Compiling AsyncHTTPClient SSLContextCache.swift
[2068/2383] Compiling AsyncHTTPClient Scheme.swift
[2069/2383] Compiling AsyncHTTPClient Singleton.swift
[2070/2383] Compiling AsyncHTTPClient StringConvertibleInstances.swift
[2071/2383] Compiling AsyncHTTPClient StructuredConcurrencyHelpers.swift
[2072/2383] Compiling AsyncHTTPClient TracingSupport.swift
[2073/2383] Compiling AsyncHTTPClient Utils.swift
[2074/2383] Emitting module AsyncHTTPClient
[2075/2383] Compiling AsyncHTTPClient HTTP1ProxyConnectHandler.swift
[2076/2383] Compiling AsyncHTTPClient SOCKSEventsHandler.swift
[2077/2383] Compiling AsyncHTTPClient TLSEventsHandler.swift
[2078/2383] Compiling AsyncHTTPClient HTTP1ClientChannelHandler.swift
[2079/2383] Compiling AsyncHTTPClient HTTP1Connection.swift
[2080/2383] Compiling AsyncHTTPClient HTTP1ConnectionStateMachine.swift
[2081/2383] Compiling AsyncHTTPClient HTTP2ClientRequestHandler.swift
[2082/2383] Compiling AsyncHTTPClient HTTP2Connection.swift
[2083/2383] Compiling AsyncHTTPClient HTTP2IdleHandler.swift
[2084/2383] Compiling AsyncHTTPClient HTTPClientResponse.swift
[2085/2383] Compiling AsyncHTTPClient SingleIteratorPrecondition.swift
[2086/2383] Compiling AsyncHTTPClient Transaction+StateMachine.swift
[2087/2383] Compiling AsyncHTTPClient Transaction.swift
[2088/2383] Compiling AsyncHTTPClient Base64.swift
[2089/2383] Compiling AsyncHTTPClient BasicAuth.swift
[2090/2383] Compiling AsyncHTTPClient BestEffortHashableTLSConfiguration.swift
[2091/2383] Compiling AsyncHTTPClient Configuration+BrowserLike.swift
[2092/2383] Compiling AsyncHTTPClient ConnectionPool.swift
[2093/2383] Compiling AsyncHTTPClient RequestOptions.swift
[2094/2383] Compiling AsyncHTTPClient HTTPConnectionPool+Backoff.swift
[2095/2383] Compiling AsyncHTTPClient HTTPConnectionPool+HTTP1Connections.swift
[2096/2383] Compiling AsyncHTTPClient HTTPConnectionPool+HTTP1StateMachine.swift
[2097/2383] Compiling AsyncHTTPClient HTTPConnectionPool+HTTP2Connections.swift
[2098/2383] Compiling AsyncHTTPClient HTTPConnectionPool+HTTP2StateMachine.swift
[2099/2383] Compiling AsyncHTTPClient HTTPConnectionPool+RequestQueue.swift
[2100/2383] Compiling AsyncHTTPClient HTTPConnectionPool+StateMachine.swift
[2101/2383] Compiling AsyncHTTPClient ConnectionTarget.swift
[2102/2383] Compiling AsyncHTTPClient DeconstructedURL.swift
[2103/2383] Compiling AsyncHTTPClient FileDownloadDelegate.swift
[2104/2383] Compiling AsyncHTTPClient FoundationExtensions.swift
[2105/2383] Compiling AsyncHTTPClient HTTPClient+HTTPCookie.swift
[2106/2383] Compiling AsyncHTTPClient HTTPClient+Proxy.swift
[2107/2383] Compiling AsyncHTTPClient HTTPClient+StructuredConcurrency.swift
[2108/2383] Compiling AsyncHTTPClient HTTPClient.swift
[2109/2383] Compiling AsyncHTTPClient HTTPClientConfiguration+SwiftConfiguration.swift
[2110/2383] Compiling AsyncHTTPClient HTTPHandler.swift
[2111/2383] Compiling AsyncHTTPClient HTTPConnectionEvent.swift
[2112/2383] Compiling AsyncHTTPClient HTTPConnectionPool+Factory.swift
[2113/2383] Compiling AsyncHTTPClient HTTPConnectionPool+Manager.swift
[2114/2383] Compiling AsyncHTTPClient HTTPConnectionPool.swift
[2115/2383] Compiling AsyncHTTPClient HTTPExecutableRequest.swift
[2116/2383] Compiling AsyncHTTPClient HTTPRequestStateMachine+Demand.swift
[2117/2383] Compiling AsyncHTTPClient HTTPRequestStateMachine.swift
[2118/2383] Compiling AsyncHTTPClient RequestBodyLength.swift
[2119/2383] Compiling AsyncHTTPClient RequestFramingMetadata.swift
[2120/2384] Wrapping AST for AsyncHTTPClient for debugging
[2122/2407] Compiling GoogleAuth AuthHTTPClient.swift
[2123/2407] Compiling GoogleAuth AuthHTTPError.swift
[2124/2407] Compiling GoogleAuth RetryEngine.swift
[2125/2410] Compiling GoogleAuth CredentialParserRegistry.swift
[2126/2410] Compiling GoogleAuth Credentials.swift
[2127/2410] Compiling GoogleAuth CredentialsError.swift
[2128/2410] Compiling GoogleAuth SubjectTokenProvider.swift
[2129/2410] Compiling GoogleAuth MDSAccessTokenProvider.swift
[2130/2410] Compiling GoogleAuth MDSCredentials.swift
[2131/2410] Emitting module GoogleAuth
[2132/2410] Compiling GoogleAuth ADC.swift
[2133/2410] Compiling GoogleAuth ADCPath.swift
[2134/2410] Compiling GoogleAuth ADCResolver.swift
[2135/2410] Compiling GoogleAuth AuthHeaders.swift
[2136/2410] Compiling GoogleAuth ServiceAccountCredentials.swift
[2137/2410] Compiling GoogleAuth ServiceAccountData.swift
[2138/2410] Compiling GoogleAuth ServiceAccountTokenProvider.swift
[2139/2410] Compiling GoogleAuth AnonymousCredentials.swift
[2140/2410] Compiling GoogleAuth ApiKeyCredentials.swift
[2141/2410] Compiling GoogleAuth ExternalAccountCredentials.swift
[2142/2410] Compiling GoogleAuth UserAccountData.swift
[2143/2410] Compiling GoogleAuth UserAccountTokenProvider.swift
[2144/2410] Compiling GoogleAuth UserCredentials.swift
[2145/2410] Compiling GoogleAuth STSHandler.swift
[2146/2410] Compiling GoogleAuth TokenCache.swift
[2147/2410] Compiling GoogleAuth PackageVersion.swift
[2148/2411] Wrapping AST for GoogleAuth for debugging
[2150/2469] Compiling GoogleGax AIP194+PollingErrorPolicy.swift
[2151/2469] Compiling GoogleGax AIP194+RetryPolicy.swift
[2152/2469] Compiling GoogleGax AIP194.swift
[2153/2469] Compiling GoogleGax AdaptiveThrottler.swift
[2154/2469] Compiling GoogleGax AlwaysPoll.swift
[2155/2469] Compiling GoogleGax AlwaysRetry.swift
[2156/2469] Compiling GoogleGax ApiClientHeader.swift
[2157/2469] Compiling GoogleGax BackoffPolicy.swift
[2158/2469] Compiling GoogleGax BasePollingErrorPolicy.swift
[2159/2469] Compiling GoogleGax Pagination.swift
/host/spi-builder-workspace/.build/checkouts/swift-google-gax/Sources/GoogleGax/Pagination.swift:44:22: error: cannot convert '@Sendable (String) async throws -> (response: ResponseType, items: [Item], nextToken: String)' to 'nonisolated(nonsending) @Sendable (String) async throws -> (response: ResponseType, items: [Item], nextToken: String)' because crossing of an isolation boundary requires parameter and result types to conform to 'Sendable' protocol
42 | ) where ResponseType: _PaginatedResponse<Item> {
43 | self.initialPageToken = initialPageToken ?? ""
44 | self.fetchPage = { token in
| |- error: cannot convert '@Sendable (String) async throws -> (response: ResponseType, items: [Item], nextToken: String)' to 'nonisolated(nonsending) @Sendable (String) async throws -> (response: ResponseType, items: [Item], nextToken: String)' because crossing of an isolation boundary requires parameter and result types to conform to 'Sendable' protocol
| `- note: type 'Item' does not conform to 'Sendable' protocol
45 | let response = try await listRpc(token)
46 | return (response, response._getPaginatedItems(), response._nextPageToken())
[2160/2469] Compiling GoogleGax PollingBackoffPolicy.swift
/host/spi-builder-workspace/.build/checkouts/swift-google-gax/Sources/GoogleGax/Pagination.swift:44:22: error: cannot convert '@Sendable (String) async throws -> (response: ResponseType, items: [Item], nextToken: String)' to 'nonisolated(nonsending) @Sendable (String) async throws -> (response: ResponseType, items: [Item], nextToken: String)' because crossing of an isolation boundary requires parameter and result types to conform to 'Sendable' protocol
42 | ) where ResponseType: _PaginatedResponse<Item> {
43 | self.initialPageToken = initialPageToken ?? ""
44 | self.fetchPage = { token in
| |- error: cannot convert '@Sendable (String) async throws -> (response: ResponseType, items: [Item], nextToken: String)' to 'nonisolated(nonsending) @Sendable (String) async throws -> (response: ResponseType, items: [Item], nextToken: String)' because crossing of an isolation boundary requires parameter and result types to conform to 'Sendable' protocol
| `- note: type 'Item' does not conform to 'Sendable' protocol
45 | let response = try await listRpc(token)
46 | return (response, response._getPaginatedItems(), response._nextPageToken())
[2161/2469] Compiling GoogleGax PollingErrorPolicy.swift
/host/spi-builder-workspace/.build/checkouts/swift-google-gax/Sources/GoogleGax/Pagination.swift:44:22: error: cannot convert '@Sendable (String) async throws -> (response: ResponseType, items: [Item], nextToken: String)' to 'nonisolated(nonsending) @Sendable (String) async throws -> (response: ResponseType, items: [Item], nextToken: String)' because crossing of an isolation boundary requires parameter and result types to conform to 'Sendable' protocol
42 | ) where ResponseType: _PaginatedResponse<Item> {
43 | self.initialPageToken = initialPageToken ?? ""
44 | self.fetchPage = { token in
| |- error: cannot convert '@Sendable (String) async throws -> (response: ResponseType, items: [Item], nextToken: String)' to 'nonisolated(nonsending) @Sendable (String) async throws -> (response: ResponseType, items: [Item], nextToken: String)' because crossing of an isolation boundary requires parameter and result types to conform to 'Sendable' protocol
| `- note: type 'Item' does not conform to 'Sendable' protocol
45 | let response = try await listRpc(token)
46 | return (response, response._getPaginatedItems(), response._nextPageToken())
[2162/2469] Compiling GoogleGax PollingResult.swift
/host/spi-builder-workspace/.build/checkouts/swift-google-gax/Sources/GoogleGax/Pagination.swift:44:22: error: cannot convert '@Sendable (String) async throws -> (response: ResponseType, items: [Item], nextToken: String)' to 'nonisolated(nonsending) @Sendable (String) async throws -> (response: ResponseType, items: [Item], nextToken: String)' because crossing of an isolation boundary requires parameter and result types to conform to 'Sendable' protocol
42 | ) where ResponseType: _PaginatedResponse<Item> {
43 | self.initialPageToken = initialPageToken ?? ""
44 | self.fetchPage = { token in
| |- error: cannot convert '@Sendable (String) async throws -> (response: ResponseType, items: [Item], nextToken: String)' to 'nonisolated(nonsending) @Sendable (String) async throws -> (response: ResponseType, items: [Item], nextToken: String)' because crossing of an isolation boundary requires parameter and result types to conform to 'Sendable' protocol
| `- note: type 'Item' does not conform to 'Sendable' protocol
45 | let response = try await listRpc(token)
46 | return (response, response._getPaginatedItems(), response._nextPageToken())
[2163/2469] Compiling GoogleGax PollingState.swift
/host/spi-builder-workspace/.build/checkouts/swift-google-gax/Sources/GoogleGax/Pagination.swift:44:22: error: cannot convert '@Sendable (String) async throws -> (response: ResponseType, items: [Item], nextToken: String)' to 'nonisolated(nonsending) @Sendable (String) async throws -> (response: ResponseType, items: [Item], nextToken: String)' because crossing of an isolation boundary requires parameter and result types to conform to 'Sendable' protocol
42 | ) where ResponseType: _PaginatedResponse<Item> {
43 | self.initialPageToken = initialPageToken ?? ""
44 | self.fetchPage = { token in
| |- error: cannot convert '@Sendable (String) async throws -> (response: ResponseType, items: [Item], nextToken: String)' to 'nonisolated(nonsending) @Sendable (String) async throws -> (response: ResponseType, items: [Item], nextToken: String)' because crossing of an isolation boundary requires parameter and result types to conform to 'Sendable' protocol
| `- note: type 'Item' does not conform to 'Sendable' protocol
45 | let response = try await listRpc(token)
46 | return (response, response._getPaginatedItems(), response._nextPageToken())
[2164/2469] Compiling GoogleGax ProtobufConversionError.swift
/host/spi-builder-workspace/.build/checkouts/swift-google-gax/Sources/GoogleGax/Pagination.swift:44:22: error: cannot convert '@Sendable (String) async throws -> (response: ResponseType, items: [Item], nextToken: String)' to 'nonisolated(nonsending) @Sendable (String) async throws -> (response: ResponseType, items: [Item], nextToken: String)' because crossing of an isolation boundary requires parameter and result types to conform to 'Sendable' protocol
42 | ) where ResponseType: _PaginatedResponse<Item> {
43 | self.initialPageToken = initialPageToken ?? ""
44 | self.fetchPage = { token in
| |- error: cannot convert '@Sendable (String) async throws -> (response: ResponseType, items: [Item], nextToken: String)' to 'nonisolated(nonsending) @Sendable (String) async throws -> (response: ResponseType, items: [Item], nextToken: String)' because crossing of an isolation boundary requires parameter and result types to conform to 'Sendable' protocol
| `- note: type 'Item' does not conform to 'Sendable' protocol
45 | let response = try await listRpc(token)
46 | return (response, response._getPaginatedItems(), response._nextPageToken())
[2165/2469] Compiling GoogleGax QueryParameter.swift
/host/spi-builder-workspace/.build/checkouts/swift-google-gax/Sources/GoogleGax/Pagination.swift:44:22: error: cannot convert '@Sendable (String) async throws -> (response: ResponseType, items: [Item], nextToken: String)' to 'nonisolated(nonsending) @Sendable (String) async throws -> (response: ResponseType, items: [Item], nextToken: String)' because crossing of an isolation boundary requires parameter and result types to conform to 'Sendable' protocol
42 | ) where ResponseType: _PaginatedResponse<Item> {
43 | self.initialPageToken = initialPageToken ?? ""
44 | self.fetchPage = { token in
| |- error: cannot convert '@Sendable (String) async throws -> (response: ResponseType, items: [Item], nextToken: String)' to 'nonisolated(nonsending) @Sendable (String) async throws -> (response: ResponseType, items: [Item], nextToken: String)' because crossing of an isolation boundary requires parameter and result types to conform to 'Sendable' protocol
| `- note: type 'Item' does not conform to 'Sendable' protocol
45 | let response = try await listRpc(token)
46 | return (response, response._getPaginatedItems(), response._nextPageToken())
[2166/2469] Compiling GoogleGax RequestError.swift
/host/spi-builder-workspace/.build/checkouts/swift-google-gax/Sources/GoogleGax/Pagination.swift:44:22: error: cannot convert '@Sendable (String) async throws -> (response: ResponseType, items: [Item], nextToken: String)' to 'nonisolated(nonsending) @Sendable (String) async throws -> (response: ResponseType, items: [Item], nextToken: String)' because crossing of an isolation boundary requires parameter and result types to conform to 'Sendable' protocol
42 | ) where ResponseType: _PaginatedResponse<Item> {
43 | self.initialPageToken = initialPageToken ?? ""
44 | self.fetchPage = { token in
| |- error: cannot convert '@Sendable (String) async throws -> (response: ResponseType, items: [Item], nextToken: String)' to 'nonisolated(nonsending) @Sendable (String) async throws -> (response: ResponseType, items: [Item], nextToken: String)' because crossing of an isolation boundary requires parameter and result types to conform to 'Sendable' protocol
| `- note: type 'Item' does not conform to 'Sendable' protocol
45 | let response = try await listRpc(token)
46 | return (response, response._getPaginatedItems(), response._nextPageToken())
[2167/2477] Emitting module GoogleGax
[2168/2477] Compiling GoogleGax ServiceError.swift
[2169/2477] Compiling GoogleGax StatusDetail.swift
[2170/2477] Compiling GoogleGax StrictIdempotency.swift
[2171/2477] Compiling GoogleGax ThrottleResult.swift
[2172/2477] Compiling GoogleGax TooManyRequests+PollingErrorPolicy.swift
[2173/2477] Compiling GoogleGax TooManyRequests+RetryPolicy.swift
[2174/2477] Compiling GoogleGax TooManyRequests.swift
[2175/2477] Compiling GoogleGax PackageVersion.swift
[2176/2477] Compiling GoogleGax HTTPClientProtocol.swift
[2177/2477] Compiling GoogleGax HTTPClientRequest.swift
[2178/2477] Compiling GoogleGax HTTPClientResponse.swift
[2179/2477] Compiling GoogleGax HTTPHeaders.swift
[2180/2477] Compiling GoogleGax HTTPResponseBody.swift
[2181/2477] Compiling GoogleGax HeaderNames.swift
[2182/2477] Compiling GoogleGax Host.swift
[2183/2477] Compiling GoogleGax InProgressResult.swift
[2184/2477] Compiling GoogleGax ContinueOnIO.swift
[2185/2477] Compiling GoogleGax CredentialsProtocol.swift
[2186/2477] Compiling GoogleGax ErrorWrapper.swift
[2187/2477] Compiling GoogleGax ExponentialBackoff+BackoffPolicy.swift
[2188/2477] Compiling GoogleGax ExponentialBackoff+PollingBackoffPolicy.swift
[2189/2477] Compiling GoogleGax ExponentialBackoff.swift
[2190/2477] Compiling GoogleGax HTTPClient.swift
[2191/2477] Compiling GoogleGax HTTPClientHolder.swift
[2192/2477] Compiling GoogleGax BaseRetryPolicy.swift
[2193/2477] Compiling GoogleGax BindingError.swift
[2194/2477] Compiling GoogleGax CRC32C.swift
[2195/2477] Compiling GoogleGax CircuitBreaker.swift
[2196/2477] Compiling GoogleGax ClientError.swift
[2197/2477] Compiling GoogleGax ClientOptions.swift
[2198/2477] Compiling GoogleGax ContinueOnIO+PollingErrorPolicy.swift
[2199/2477] Compiling GoogleGax ContinueOnIO+RetryPolicy.swift
[2200/2477] Compiling GoogleGax LimitedAttemptCount+PollingErrorPolicy.swift
[2201/2477] Compiling GoogleGax LimitedAttemptCount+RetryPolicy.swift
[2202/2477] Compiling GoogleGax LimitedAttemptCount.swift
[2203/2477] Compiling GoogleGax LimitedElapsedTime+PollingErrorPolicy.swift
[2204/2477] Compiling GoogleGax LimitedElapsedTime+RetryPolicy.swift
[2205/2477] Compiling GoogleGax LimitedElapsedTime.swift
[2206/2477] Compiling GoogleGax LongRunningOperations.swift
[2207/2477] Compiling GoogleGax NeverRetry.swift
[2208/2477] Compiling GoogleGax RequestOptions.swift
[2209/2477] Compiling GoogleGax RetryLoop.swift
[2210/2477] Compiling GoogleGax RetryPolicy.swift
[2211/2477] Compiling GoogleGax RetryResult.swift
[2212/2477] Compiling GoogleGax RetryState.swift
[2213/2477] Compiling GoogleGax RetryThrottler.swift
[2214/2477] Compiling GoogleGax RetryThrottlerError.swift
[2215/2477] Compiling GoogleGax RoutingMatcher.swift
BUILD FAILURE 6.2 android