The Swift Package Index logo.Swift Package Index

Build Information

Failed to build Peppermint, reference 1.2.0 (9e3db6), with Swift 6.4 for visionOS using Xcode 27.0 on 18 Sep 2026 19:39:24 UTC.

Build Command

env DEVELOPER_DIR=/Applications/Xcode-27.0.0-Release.Candidate.app xcrun xcodebuild -IDEClonedSourcePackagesDirPathOverride=$PWD/.dependencies -skipMacroValidation -skipPackagePluginValidation -derivedDataPath $PWD/.derivedData build -scheme Peppermint -destination generic/platform=xrOS

Build Log

========================================
RunAll
========================================
Builder version: 5.1.0
Interrupt handler set up.
========================================
Checkout
========================================
Clone URL: https://github.com/nsagora/peppermint.git
Reference: 1.2.0
Initialized empty Git repository in /Users/admin/builder/spi-builder-workspace/.git/
From https://github.com/nsagora/peppermint
 * tag               1.2.0      -> FETCH_HEAD
HEAD is now at 9e3db63 Update readme version
Cloned https://github.com/nsagora/peppermint.git
Revision (git rev-parse @):
9e3db637fbf8041c23a1b7f71e4ef16ac54f833f
SUCCESS checkout https://github.com/nsagora/peppermint.git at 1.2.0
========================================
Build
========================================
Selected platform:         visionOS
Swift version:             6.4
Building package at path:  $PWD
https://github.com/nsagora/peppermint.git
Command line invocation:
    /Applications/Xcode-27.0.0-Release.Candidate.app/Contents/Developer/usr/bin/xcodebuild -IDEClonedSourcePackagesDirPathOverride=/Users/admin/builder/spi-builder-workspace/.dependencies -resolvePackageDependencies
Resolve Package Graph
Resolve Package Graph
Resolved source packages:
  Peppermint: /Users/admin/builder/spi-builder-workspace
resolved source packages: Peppermint
2026-09-18 15:38:19.824 xcodebuild[529:3057] [MT] IDERunDestination: Supported platforms for the buildables in the current scheme is empty.
2026-09-18 15:38:19.977 xcodebuild[529:3057] [MT] IDERunDestination: Supported platforms for the buildables in the current scheme is empty.
2026-09-18 15:38:21.604 xcodebuild[529:3057] [MT] IDERunDestination: Supported platforms for the buildables in the current scheme is empty.
{
  "dependencies" : [
  ],
  "manifest_display_name" : "Peppermint",
  "name" : "Peppermint",
  "path" : "/Users/admin/builder/spi-builder-workspace",
  "platforms" : [
  ],
  "products" : [
    {
      "name" : "Peppermint",
      "targets" : [
        "Peppermint"
      ],
      "type" : {
        "library" : [
          "automatic"
        ]
      }
    }
  ],
  "targets" : [
    {
      "c99name" : "PeppermintTests",
      "module_type" : "SwiftTarget",
      "name" : "PeppermintTests",
      "path" : "Tests",
      "sources" : [
        "Constraints/ConstraintBuilderTests.swift",
        "Constraints/ContratintTests.swift",
        "Constraints/Standard/BlockConstraintTests.swift",
        "Constraints/Standard/GroupConstraintTests.swift",
        "Constraints/Standard/OptionalConstraintTests.swift",
        "Constraints/Standard/PredicateConstraintTests.swift",
        "Constraints/Standard/RequiredConstraintTests.swift",
        "Constraints/Standard/TypeConstraintTests.swift",
        "Constraints/SummaryTests.swift",
        "Predicates/AsyncPredicateTests.swift",
        "Predicates/Standard/BlockPredicateTests.swift",
        "Predicates/Standard/CharacterSetPredicateTests.swift",
        "Predicates/Standard/DatePredicateTests.swift",
        "Predicates/Standard/EmailPredicateTests.swift",
        "Predicates/Standard/LengthPredicateTests.swift",
        "Predicates/Standard/RangePredicateTests.swift",
        "Predicates/Standard/RegexPredicateTests.swift",
        "Predicates/Standard/RequiredPredicateTests.swift",
        "Predicates/Standard/URLPredicateTests.swift",
        "Shared/FakeError.swift",
        "Shared/FakePredicate.swift"
      ],
      "target_dependencies" : [
        "Peppermint"
      ],
      "type" : "test"
    },
    {
      "c99name" : "Peppermint",
      "module_type" : "SwiftTarget",
      "name" : "Peppermint",
      "path" : "Sources",
      "product_memberships" : [
        "Peppermint"
      ],
      "sources" : [
        "Constraints/AnyConstraint.swift",
        "Constraints/AsyncConstraint.swift",
        "Constraints/Constraint.swift",
        "Constraints/ConstraintBuilder.swift",
        "Constraints/Standard/BlockConstraint.swift",
        "Constraints/Standard/GroupConstraint+AllStrategy.swift",
        "Constraints/Standard/GroupConstraint+AnyStrategy.swift",
        "Constraints/Standard/GroupConstraint.swift",
        "Constraints/Standard/KeyPathConstraint.swift",
        "Constraints/Standard/OptionalConstraint.swift",
        "Constraints/Standard/PredicateConstraint.swift",
        "Constraints/Standard/RequiredConstraint.swift",
        "Constraints/Standard/TypeConstraint.swift",
        "Constraints/Summary+Result.swift",
        "Constraints/Summary.swift",
        "Predicates/AnyPredicate.swift",
        "Predicates/AsyncPredicate.swift",
        "Predicates/Predicate.swift",
        "Predicates/Standard/BlockPredicate.swift",
        "Predicates/Standard/CharacterSetPredicate.swift",
        "Predicates/Standard/DatePredicate.swift",
        "Predicates/Standard/EmailPredicate.swift",
        "Predicates/Standard/LengthPredicate.swift",
        "Predicates/Standard/RangePredicate.swift",
        "Predicates/Standard/RegexPredicate.swift",
        "Predicates/Standard/RequiredPredicate.swift",
        "Predicates/Standard/URLPredicate.swift"
      ],
      "type" : "library"
    }
  ],
  "tools_version" : "4.2"
}
{
  "workspace" : {
    "name" : "Peppermint",
    "schemes" : [
      "Peppermint"
    ]
  }
}
2026-09-18 15:39:06.699 xcodebuild[653:4195] [MT] IDERunDestination: Supported platforms for the buildables in the current scheme is empty.
2026-09-18 15:39:06.838 xcodebuild[653:4195] [MT] IDERunDestination: Supported platforms for the buildables in the current scheme is empty.
Running build ...
env DEVELOPER_DIR=/Applications/Xcode-27.0.0-Release.Candidate.app xcrun xcodebuild -IDEClonedSourcePackagesDirPathOverride=$PWD/.dependencies -skipMacroValidation -skipPackagePluginValidation -derivedDataPath $PWD/.derivedData build -scheme Peppermint -destination generic/platform=xrOS
Command line invocation:
    /Applications/Xcode-27.0.0-Release.Candidate.app/Contents/Developer/usr/bin/xcodebuild -IDEClonedSourcePackagesDirPathOverride=/Users/admin/builder/spi-builder-workspace/.dependencies -skipMacroValidation -skipPackagePluginValidation -derivedDataPath /Users/admin/builder/spi-builder-workspace/.derivedData build -scheme Peppermint -destination generic/platform=xrOS
Resolve Package Graph
Resolved source packages:
  Peppermint: /Users/admin/builder/spi-builder-workspace
ComputePackagePrebuildTargetDependencyGraph
Prepare packages
CreateBuildRequest
SendProjectDescription
CreateBuildOperation
ComputeTargetDependencyGraph
note: Building targets in dependency order
note: Target dependency graph (3 targets)
    Target 'PeppermintTests-product' in project 'Peppermint'
        ➜ Explicit dependency on target 'Peppermint' in project 'Peppermint'
    Target 'Peppermint-product' in project 'Peppermint'
        ➜ Explicit dependency on target 'Peppermint' in project 'Peppermint'
    Target 'Peppermint' in project 'Peppermint' (no dependencies)
GatherProvisioningInputs
CreateBuildDescription
ExecuteExternalTool /Applications/Xcode-27.0.0-Release.Candidate.app/Contents/Developer/Toolchains/XcodeDefault.xctoolchain/usr/bin/clang -v -E -dM -isysroot /Applications/Xcode-27.0.0-Release.Candidate.app/Contents/Developer/Platforms/XROS.platform/Developer/SDKs/XROS27.0.sdk -x c -c /dev/null
ExecuteExternalTool /Applications/Xcode-27.0.0-Release.Candidate.app/Contents/Developer/Toolchains/XcodeDefault.xctoolchain/usr/bin/swiftc --version
ExecuteExternalTool /Applications/Xcode-27.0.0-Release.Candidate.app/Contents/Developer/Toolchains/XcodeDefault.xctoolchain/usr/bin/ld -version_details
Build description signature: f7a237bbd66f0286fb2fda35e01d5acf
Build description path: /Users/admin/builder/spi-builder-workspace/.derivedData/Build/Intermediates.noindex/XCBuildData/f7a237bbd66f0286fb2fda35e01d5acf.xcbuilddata
CreateBuildDirectory /Users/admin/builder/spi-builder-workspace/.derivedData/SDKExplicitPrecompiledModules
    cd /Users/admin/builder/spi-builder-workspace/.swiftpm/xcode
    builtin-create-build-directory /Users/admin/builder/spi-builder-workspace/.derivedData/SDKExplicitPrecompiledModules
CreateBuildDirectory /Users/admin/builder/spi-builder-workspace/.derivedData/ModuleCache.noindex
    cd /Users/admin/builder/spi-builder-workspace/.swiftpm/xcode
    builtin-create-build-directory /Users/admin/builder/spi-builder-workspace/.derivedData/ModuleCache.noindex
CreateBuildDirectory /Users/admin/builder/spi-builder-workspace/.derivedData/CompilationCache.noindex
    cd /Users/admin/builder/spi-builder-workspace/.swiftpm/xcode
    builtin-create-build-directory /Users/admin/builder/spi-builder-workspace/.derivedData/CompilationCache.noindex
CreateBuildDirectory /Users/admin/builder/spi-builder-workspace/.derivedData/Build/Products
    cd /Users/admin/builder/spi-builder-workspace/.swiftpm/xcode
    builtin-create-build-directory /Users/admin/builder/spi-builder-workspace/.derivedData/Build/Products
ClangStatCache /Applications/Xcode-27.0.0-Release.Candidate.app/Contents/Developer/Toolchains/XcodeDefault.xctoolchain/usr/bin/clang-stat-cache /Applications/Xcode-27.0.0-Release.Candidate.app/Contents/Developer/Platforms/XROS.platform/Developer/SDKs/XROS27.0.sdk /Users/admin/builder/spi-builder-workspace/.derivedData/SDKStatCaches.noindex/xros27.0-24M361-e829b21a6f8c9b70876ba0858053c044735bd543db762f57723cac368afd1ce4.sdkstatcache
    cd /Users/admin/builder/spi-builder-workspace/.swiftpm/xcode
    /Applications/Xcode-27.0.0-Release.Candidate.app/Contents/Developer/Toolchains/XcodeDefault.xctoolchain/usr/bin/clang-stat-cache /Applications/Xcode-27.0.0-Release.Candidate.app/Contents/Developer/Platforms/XROS.platform/Developer/SDKs/XROS27.0.sdk -o /Users/admin/builder/spi-builder-workspace/.derivedData/SDKStatCaches.noindex/xros27.0-24M361-e829b21a6f8c9b70876ba0858053c044735bd543db762f57723cac368afd1ce4.sdkstatcache
CreateBuildDirectory /Users/admin/builder/spi-builder-workspace/.derivedData/Build/Intermediates.noindex
    cd /Users/admin/builder/spi-builder-workspace/.swiftpm/xcode
    builtin-create-build-directory /Users/admin/builder/spi-builder-workspace/.derivedData/Build/Intermediates.noindex
CreateBuildDirectory /Users/admin/builder/spi-builder-workspace/.derivedData/Build/Products/Debug-xros
    cd /Users/admin/builder/spi-builder-workspace/.swiftpm/xcode
    builtin-create-build-directory /Users/admin/builder/spi-builder-workspace/.derivedData/Build/Products/Debug-xros
CreateBuildDirectory /Users/admin/builder/spi-builder-workspace/.derivedData/Build/Intermediates.noindex/SwiftExplicitPrecompiledModules
    cd /Users/admin/builder/spi-builder-workspace/.swiftpm/xcode
    builtin-create-build-directory /Users/admin/builder/spi-builder-workspace/.derivedData/Build/Intermediates.noindex/SwiftExplicitPrecompiledModules
CreateBuildDirectory /Users/admin/builder/spi-builder-workspace/.derivedData/Build/Intermediates.noindex/PrecompiledHeaders
    cd /Users/admin/builder/spi-builder-workspace/.swiftpm/xcode
    builtin-create-build-directory /Users/admin/builder/spi-builder-workspace/.derivedData/Build/Intermediates.noindex/PrecompiledHeaders
CreateBuildDirectory /Users/admin/builder/spi-builder-workspace/.derivedData/Build/Intermediates.noindex/ExplicitPrecompiledModules
    cd /Users/admin/builder/spi-builder-workspace/.swiftpm/xcode
    builtin-create-build-directory /Users/admin/builder/spi-builder-workspace/.derivedData/Build/Intermediates.noindex/ExplicitPrecompiledModules
CreateBuildDirectory /Users/admin/builder/spi-builder-workspace/.derivedData/Build/Intermediates.noindex/EagerLinkingTBDs/Debug-xros
    cd /Users/admin/builder/spi-builder-workspace/.swiftpm/xcode
    builtin-create-build-directory /Users/admin/builder/spi-builder-workspace/.derivedData/Build/Intermediates.noindex/EagerLinkingTBDs/Debug-xros
CreateBuildDirectory /Users/admin/builder/spi-builder-workspace/.derivedData/Build/Products/Debug-xros/PackageFrameworks
    cd /Users/admin/builder/spi-builder-workspace/.swiftpm/xcode
    builtin-create-build-directory /Users/admin/builder/spi-builder-workspace/.derivedData/Build/Products/Debug-xros/PackageFrameworks
WriteAuxiliaryFile /Users/admin/builder/spi-builder-workspace/.derivedData/Build/Intermediates.noindex/Peppermint.build/Debug-xros/PeppermintTests-p.build/PeppermintTests.DependencyStaticMetadataFileList (in target 'PeppermintTests-product' from project 'Peppermint')
    cd /Users/admin/builder/spi-builder-workspace
    write-file /Users/admin/builder/spi-builder-workspace/.derivedData/Build/Intermediates.noindex/Peppermint.build/Debug-xros/PeppermintTests-p.build/PeppermintTests.DependencyStaticMetadataFileList
WriteAuxiliaryFile /Users/admin/builder/spi-builder-workspace/.derivedData/Build/Intermediates.noindex/Peppermint.build/Debug-xros/PeppermintTests-p.build/empty-PeppermintTests.plist (in target 'PeppermintTests-product' from project 'Peppermint')
    cd /Users/admin/builder/spi-builder-workspace
    write-file /Users/admin/builder/spi-builder-workspace/.derivedData/Build/Intermediates.noindex/Peppermint.build/Debug-xros/PeppermintTests-p.build/empty-PeppermintTests.plist
WriteAuxiliaryFile /Users/admin/builder/spi-builder-workspace/.derivedData/Build/Intermediates.noindex/Peppermint.build/Debug-xros/Peppermint-t.build/Peppermint.modulemap (in target 'Peppermint' from project 'Peppermint')
    cd /Users/admin/builder/spi-builder-workspace
    write-file /Users/admin/builder/spi-builder-workspace/.derivedData/Build/Intermediates.noindex/Peppermint.build/Debug-xros/Peppermint-t.build/Peppermint.modulemap
WriteAuxiliaryFile /Users/admin/builder/spi-builder-workspace/.derivedData/Build/Intermediates.noindex/Peppermint.build/Debug-xros/PeppermintTests-p.build/PeppermintTests.DependencyMetadataFileList (in target 'PeppermintTests-product' from project 'Peppermint')
    cd /Users/admin/builder/spi-builder-workspace
    write-file /Users/admin/builder/spi-builder-workspace/.derivedData/Build/Intermediates.noindex/Peppermint.build/Debug-xros/PeppermintTests-p.build/PeppermintTests.DependencyMetadataFileList
WriteAuxiliaryFile /Users/admin/builder/spi-builder-workspace/.derivedData/Build/Intermediates.noindex/Peppermint.build/Debug-xros/PeppermintTests-p.build/Objects-normal/arm64/PeppermintTests-OutputFileMap.json (in target 'PeppermintTests-product' from project 'Peppermint')
    cd /Users/admin/builder/spi-builder-workspace
    write-file /Users/admin/builder/spi-builder-workspace/.derivedData/Build/Intermediates.noindex/Peppermint.build/Debug-xros/PeppermintTests-p.build/Objects-normal/arm64/PeppermintTests-OutputFileMap.json
WriteAuxiliaryFile /Users/admin/builder/spi-builder-workspace/.derivedData/Build/Intermediates.noindex/Peppermint.build/Debug-xros/PeppermintTests-p.build/Objects-normal/arm64/PeppermintTests_const_extract_protocols.json (in target 'PeppermintTests-product' from project 'Peppermint')
    cd /Users/admin/builder/spi-builder-workspace
    write-file /Users/admin/builder/spi-builder-workspace/.derivedData/Build/Intermediates.noindex/Peppermint.build/Debug-xros/PeppermintTests-p.build/Objects-normal/arm64/PeppermintTests_const_extract_protocols.json
WriteAuxiliaryFile /Users/admin/builder/spi-builder-workspace/.derivedData/Build/Intermediates.noindex/Peppermint.build/Debug-xros/PeppermintTests-p.build/Objects-normal/arm64/PeppermintTests.LinkFileList (in target 'PeppermintTests-product' from project 'Peppermint')
    cd /Users/admin/builder/spi-builder-workspace
    write-file /Users/admin/builder/spi-builder-workspace/.derivedData/Build/Intermediates.noindex/Peppermint.build/Debug-xros/PeppermintTests-p.build/Objects-normal/arm64/PeppermintTests.LinkFileList
WriteAuxiliaryFile /Users/admin/builder/spi-builder-workspace/.derivedData/Build/Intermediates.noindex/Peppermint.build/Debug-xros/PeppermintTests-p.build/Objects-normal/arm64/PeppermintTests.SwiftConstValuesFileList (in target 'PeppermintTests-product' from project 'Peppermint')
    cd /Users/admin/builder/spi-builder-workspace
    write-file /Users/admin/builder/spi-builder-workspace/.derivedData/Build/Intermediates.noindex/Peppermint.build/Debug-xros/PeppermintTests-p.build/Objects-normal/arm64/PeppermintTests.SwiftConstValuesFileList
WriteAuxiliaryFile /Users/admin/builder/spi-builder-workspace/.derivedData/Build/Intermediates.noindex/Peppermint.build/Debug-xros/PeppermintTests-p.build/Objects-normal/arm64/PeppermintTests.SwiftFileList (in target 'PeppermintTests-product' from project 'Peppermint')
    cd /Users/admin/builder/spi-builder-workspace
    write-file /Users/admin/builder/spi-builder-workspace/.derivedData/Build/Intermediates.noindex/Peppermint.build/Debug-xros/PeppermintTests-p.build/Objects-normal/arm64/PeppermintTests.SwiftFileList
WriteAuxiliaryFile /Users/admin/builder/spi-builder-workspace/.derivedData/Build/Intermediates.noindex/Peppermint.build/Debug-xros/Peppermint-t.build/Peppermint.DependencyStaticMetadataFileList (in target 'Peppermint' from project 'Peppermint')
    cd /Users/admin/builder/spi-builder-workspace
    write-file /Users/admin/builder/spi-builder-workspace/.derivedData/Build/Intermediates.noindex/Peppermint.build/Debug-xros/Peppermint-t.build/Peppermint.DependencyStaticMetadataFileList
WriteAuxiliaryFile /Users/admin/builder/spi-builder-workspace/.derivedData/Build/Intermediates.noindex/Peppermint.build/Debug-xros/Peppermint-t.build/Peppermint.DependencyMetadataFileList (in target 'Peppermint' from project 'Peppermint')
    cd /Users/admin/builder/spi-builder-workspace
    write-file /Users/admin/builder/spi-builder-workspace/.derivedData/Build/Intermediates.noindex/Peppermint.build/Debug-xros/Peppermint-t.build/Peppermint.DependencyMetadataFileList
WriteAuxiliaryFile /Users/admin/builder/spi-builder-workspace/.derivedData/Build/Intermediates.noindex/Peppermint.build/Debug-xros/Peppermint-t.build/Objects-normal/arm64/Peppermint.SwiftFileList (in target 'Peppermint' from project 'Peppermint')
    cd /Users/admin/builder/spi-builder-workspace
    write-file /Users/admin/builder/spi-builder-workspace/.derivedData/Build/Intermediates.noindex/Peppermint.build/Debug-xros/Peppermint-t.build/Objects-normal/arm64/Peppermint.SwiftFileList
WriteAuxiliaryFile /Users/admin/builder/spi-builder-workspace/.derivedData/Build/Intermediates.noindex/Peppermint.build/Debug-xros/Peppermint-t.build/Objects-normal/arm64/Peppermint_const_extract_protocols.json (in target 'Peppermint' from project 'Peppermint')
    cd /Users/admin/builder/spi-builder-workspace
    write-file /Users/admin/builder/spi-builder-workspace/.derivedData/Build/Intermediates.noindex/Peppermint.build/Debug-xros/Peppermint-t.build/Objects-normal/arm64/Peppermint_const_extract_protocols.json
WriteAuxiliaryFile /Users/admin/builder/spi-builder-workspace/.derivedData/Build/Intermediates.noindex/Peppermint.build/Debug-xros/Peppermint-t.build/Objects-normal/arm64/Peppermint.SwiftConstValuesFileList (in target 'Peppermint' from project 'Peppermint')
    cd /Users/admin/builder/spi-builder-workspace
    write-file /Users/admin/builder/spi-builder-workspace/.derivedData/Build/Intermediates.noindex/Peppermint.build/Debug-xros/Peppermint-t.build/Objects-normal/arm64/Peppermint.SwiftConstValuesFileList
WriteAuxiliaryFile /Users/admin/builder/spi-builder-workspace/.derivedData/Build/Intermediates.noindex/Peppermint.build/Debug-xros/Peppermint-t.build/Objects-normal/arm64/Peppermint.LinkFileList (in target 'Peppermint' from project 'Peppermint')
    cd /Users/admin/builder/spi-builder-workspace
    write-file /Users/admin/builder/spi-builder-workspace/.derivedData/Build/Intermediates.noindex/Peppermint.build/Debug-xros/Peppermint-t.build/Objects-normal/arm64/Peppermint.LinkFileList
WriteAuxiliaryFile /Users/admin/builder/spi-builder-workspace/.derivedData/Build/Intermediates.noindex/Peppermint.build/Debug-xros/Peppermint-t.build/Objects-normal/arm64/Peppermint-OutputFileMap.json (in target 'Peppermint' from project 'Peppermint')
    cd /Users/admin/builder/spi-builder-workspace
    write-file /Users/admin/builder/spi-builder-workspace/.derivedData/Build/Intermediates.noindex/Peppermint.build/Debug-xros/Peppermint-t.build/Objects-normal/arm64/Peppermint-OutputFileMap.json
Copy /Users/admin/builder/spi-builder-workspace/.derivedData/Build/Intermediates.noindex/GeneratedModuleMaps-xros/Peppermint.modulemap /Users/admin/builder/spi-builder-workspace/.derivedData/Build/Intermediates.noindex/Peppermint.build/Debug-xros/Peppermint-t.build/Peppermint.modulemap (in target 'Peppermint' from project 'Peppermint')
    cd /Users/admin/builder/spi-builder-workspace
    builtin-copy -exclude .DS_Store -exclude CVS -exclude .svn -exclude .git -exclude .hg -resolve-src-symlinks /Users/admin/builder/spi-builder-workspace/.derivedData/Build/Intermediates.noindex/Peppermint.build/Debug-xros/Peppermint-t.build/Peppermint.modulemap /Users/admin/builder/spi-builder-workspace/.derivedData/Build/Intermediates.noindex/GeneratedModuleMaps-xros
MkDir /Users/admin/builder/spi-builder-workspace/.derivedData/Build/Products/Debug-xros/PeppermintTests.xctest (in target 'PeppermintTests-product' from project 'Peppermint')
    cd /Users/admin/builder/spi-builder-workspace
    /bin/mkdir -p /Users/admin/builder/spi-builder-workspace/.derivedData/Build/Products/Debug-xros/PeppermintTests.xctest
SwiftDriver Peppermint normal arm64 com.apple.xcode.tools.swift.compiler (in target 'Peppermint' from project 'Peppermint')
    cd /Users/admin/builder/spi-builder-workspace/.swiftpm/xcode
    builtin-SwiftDriver -- /Applications/Xcode-27.0.0-Release.Candidate.app/Contents/Developer/Toolchains/XcodeDefault.xctoolchain/usr/bin/swiftc -parse-as-library -module-name Peppermint -Onone @/Users/admin/builder/spi-builder-workspace/.derivedData/Build/Intermediates.noindex/Peppermint.build/Debug-xros/Peppermint-t.build/Objects-normal/arm64/Peppermint.SwiftFileList -DSWIFT_PACKAGE -DDEBUG -DSWIFT_MODULE_RESOURCE_BUNDLE_UNAVAILABLE -DXcode -plugin-path /Applications/Xcode-27.0.0-Release.Candidate.app/Contents/Developer/Toolchains/XcodeDefault.xctoolchain/usr/lib/swift/host/plugins/testing -enable-experimental-feature DebugDescriptionMacro -sdk /Applications/Xcode-27.0.0-Release.Candidate.app/Contents/Developer/Platforms/XROS.platform/Developer/SDKs/XROS27.0.sdk -target arm64-apple-xros1.0 -g -module-cache-path /Users/admin/builder/spi-builder-workspace/.derivedData/ModuleCache.noindex -Xfrontend -serialize-debugging-options -profile-coverage-mapping -profile-generate -enable-testing -index-store-path /Users/admin/builder/spi-builder-workspace/.derivedData/Index.noindex/DataStore -Xcc -D_LIBCPP_HARDENING_MODE\=_LIBCPP_HARDENING_MODE_DEBUG -swift-version 4.2 -I /Users/admin/builder/spi-builder-workspace/.derivedData/Build/Products/Debug-xros -Isystem /Applications/Xcode-27.0.0-Release.Candidate.app/Contents/Developer/Platforms/XROS.platform/Developer/usr/lib -F /Users/admin/builder/spi-builder-workspace/.derivedData/Build/Products/Debug-xros -F /Applications/Xcode-27.0.0-Release.Candidate.app/Contents/Developer/Platforms/XROS.platform/Developer/Library/Frameworks -F /Applications/Xcode-27.0.0-Release.Candidate.app/Contents/Developer/Platforms/XROS.platform/Developer/SDKs/XROS27.0.sdk/Developer/Library/Frameworks -c -j10 -enable-batch-mode -incremental -Xcc -ivfsstatcache -Xcc /Users/admin/builder/spi-builder-workspace/.derivedData/SDKStatCaches.noindex/xros27.0-24M361-e829b21a6f8c9b70876ba0858053c044735bd543db762f57723cac368afd1ce4.sdkstatcache -output-file-map /Users/admin/builder/spi-builder-workspace/.derivedData/Build/Intermediates.noindex/Peppermint.build/Debug-xros/Peppermint-t.build/Objects-normal/arm64/Peppermint-OutputFileMap.json -save-temps -no-color-diagnostics -emit-dependencies -emit-module -emit-module-path /Users/admin/builder/spi-builder-workspace/.derivedData/Build/Intermediates.noindex/Peppermint.build/Debug-xros/Peppermint-t.build/Objects-normal/arm64/Peppermint.swiftmodule -serialize-diagnostics -validate-clang-modules-once -clang-build-session-file /Users/admin/builder/spi-builder-workspace/.derivedData/ModuleCache.noindex/Session.modulevalidation -Xcc -fmodules-prune-interval\=86400 -Xcc -fmodules-prune-after\=345600 -emit-const-values -const-gather-protocols-list /Users/admin/builder/spi-builder-workspace/.derivedData/Build/Intermediates.noindex/Peppermint.build/Debug-xros/Peppermint-t.build/Objects-normal/arm64/Peppermint_const_extract_protocols.json -Xcc -I/Users/admin/builder/spi-builder-workspace/.derivedData/Build/Products/Debug-xros/include -Xcc -I/Users/admin/builder/spi-builder-workspace/.derivedData/Build/Intermediates.noindex/Peppermint.build/Debug-xros/Peppermint-t.build/DerivedSources-normal/arm64 -Xcc -I/Users/admin/builder/spi-builder-workspace/.derivedData/Build/Intermediates.noindex/Peppermint.build/Debug-xros/Peppermint-t.build/DerivedSources/arm64 -Xcc -I/Users/admin/builder/spi-builder-workspace/.derivedData/Build/Intermediates.noindex/Peppermint.build/Debug-xros/Peppermint-t.build/DerivedSources -Xcc -DSWIFT_PACKAGE -Xcc -DDEBUG\=1 -emit-objc-header -emit-objc-header-path /Users/admin/builder/spi-builder-workspace/.derivedData/Build/Intermediates.noindex/Peppermint.build/Debug-xros/Peppermint-t.build/Objects-normal/arm64/Peppermint-Swift.h -working-directory /Users/admin/builder/spi-builder-workspace/.swiftpm/xcode -experimental-emit-module-separately -disable-cmo
SwiftCompile normal arm64 Compiling\ AnyConstraint.swift,\ AsyncConstraint.swift,\ Constraint.swift /Users/admin/builder/spi-builder-workspace/Sources/Constraints/AnyConstraint.swift /Users/admin/builder/spi-builder-workspace/Sources/Constraints/AsyncConstraint.swift /Users/admin/builder/spi-builder-workspace/Sources/Constraints/Constraint.swift (in target 'Peppermint' from project 'Peppermint')
SwiftCompile normal arm64 /Users/admin/builder/spi-builder-workspace/Sources/Constraints/AnyConstraint.swift (in target 'Peppermint' from project 'Peppermint')
    cd /Users/admin/builder/spi-builder-workspace/.swiftpm/xcode
    builtin-SwiftPerFileCompile AnyConstraint.swift
SwiftCompile normal arm64 /Users/admin/builder/spi-builder-workspace/Sources/Constraints/AsyncConstraint.swift (in target 'Peppermint' from project 'Peppermint')
    cd /Users/admin/builder/spi-builder-workspace/.swiftpm/xcode
    builtin-SwiftPerFileCompile AsyncConstraint.swift
SwiftCompile normal arm64 /Users/admin/builder/spi-builder-workspace/Sources/Constraints/Constraint.swift (in target 'Peppermint' from project 'Peppermint')
    cd /Users/admin/builder/spi-builder-workspace/.swiftpm/xcode
    builtin-SwiftPerFileCompile Constraint.swift
SwiftCompile normal arm64 Compiling\ ConstraintBuilder.swift,\ BlockConstraint.swift,\ GroupConstraint+AllStrategy.swift /Users/admin/builder/spi-builder-workspace/Sources/Constraints/ConstraintBuilder.swift /Users/admin/builder/spi-builder-workspace/Sources/Constraints/Standard/BlockConstraint.swift /Users/admin/builder/spi-builder-workspace/Sources/Constraints/Standard/GroupConstraint+AllStrategy.swift (in target 'Peppermint' from project 'Peppermint')
/Users/admin/builder/spi-builder-workspace/Sources/Constraints/Standard/GroupConstraint+AllStrategy.swift:5:24: warning: generic parameter 'T' shadows generic parameter from outer scope with the same name; this is an error in the Swift 6 language mode
 3 | extension GroupConstraint {
 4 |
 5 |     struct AllStrategy<T, E: Error>: Strategy {
   |                        `- warning: generic parameter 'T' shadows generic parameter from outer scope with the same name; this is an error in the Swift 6 language mode
 6 |
 7 |         typealias InputType = T
/Users/admin/builder/spi-builder-workspace/Sources/Constraints/Standard/GroupConstraint.swift:12:31: note: 'T' previously declared here
10 | }
11 |
12 | public struct GroupConstraint<T, E: Error>: Constraint {
   |                               `- note: 'T' previously declared here
13 |
14 |     public enum Mode {
/Users/admin/builder/spi-builder-workspace/Sources/Constraints/Standard/GroupConstraint+AllStrategy.swift:5:27: warning: generic parameter 'E' shadows generic parameter from outer scope with the same name; this is an error in the Swift 6 language mode
 3 | extension GroupConstraint {
 4 |
 5 |     struct AllStrategy<T, E: Error>: Strategy {
   |                           `- warning: generic parameter 'E' shadows generic parameter from outer scope with the same name; this is an error in the Swift 6 language mode
 6 |
 7 |         typealias InputType = T
/Users/admin/builder/spi-builder-workspace/Sources/Constraints/Standard/GroupConstraint.swift:12:34: note: 'E' previously declared here
10 | }
11 |
12 | public struct GroupConstraint<T, E: Error>: Constraint {
   |                                  `- note: 'E' previously declared here
13 |
14 |     public enum Mode {
SwiftCompile normal arm64 /Users/admin/builder/spi-builder-workspace/Sources/Constraints/ConstraintBuilder.swift (in target 'Peppermint' from project 'Peppermint')
    cd /Users/admin/builder/spi-builder-workspace/.swiftpm/xcode
    builtin-SwiftPerFileCompile ConstraintBuilder.swift
SwiftCompile normal arm64 /Users/admin/builder/spi-builder-workspace/Sources/Constraints/Standard/BlockConstraint.swift (in target 'Peppermint' from project 'Peppermint')
    cd /Users/admin/builder/spi-builder-workspace/.swiftpm/xcode
    builtin-SwiftPerFileCompile BlockConstraint.swift
SwiftCompile normal arm64 /Users/admin/builder/spi-builder-workspace/Sources/Constraints/Standard/GroupConstraint+AllStrategy.swift (in target 'Peppermint' from project 'Peppermint')
    cd /Users/admin/builder/spi-builder-workspace/.swiftpm/xcode
    builtin-SwiftPerFileCompile GroupConstraint+AllStrategy.swift
SwiftCompile normal arm64 Compiling\ OptionalConstraint.swift,\ PredicateConstraint.swift,\ RequiredConstraint.swift /Users/admin/builder/spi-builder-workspace/Sources/Constraints/Standard/OptionalConstraint.swift /Users/admin/builder/spi-builder-workspace/Sources/Constraints/Standard/PredicateConstraint.swift /Users/admin/builder/spi-builder-workspace/Sources/Constraints/Standard/RequiredConstraint.swift (in target 'Peppermint' from project 'Peppermint')
SwiftCompile normal arm64 /Users/admin/builder/spi-builder-workspace/Sources/Constraints/Standard/OptionalConstraint.swift (in target 'Peppermint' from project 'Peppermint')
    cd /Users/admin/builder/spi-builder-workspace/.swiftpm/xcode
    builtin-SwiftPerFileCompile OptionalConstraint.swift
SwiftCompile normal arm64 /Users/admin/builder/spi-builder-workspace/Sources/Constraints/Standard/PredicateConstraint.swift (in target 'Peppermint' from project 'Peppermint')
    cd /Users/admin/builder/spi-builder-workspace/.swiftpm/xcode
    builtin-SwiftPerFileCompile PredicateConstraint.swift
SwiftCompile normal arm64 /Users/admin/builder/spi-builder-workspace/Sources/Constraints/Standard/RequiredConstraint.swift (in target 'Peppermint' from project 'Peppermint')
    cd /Users/admin/builder/spi-builder-workspace/.swiftpm/xcode
    builtin-SwiftPerFileCompile RequiredConstraint.swift
SwiftCompile normal arm64 Compiling\ TypeConstraint.swift,\ Summary+Result.swift,\ Summary.swift /Users/admin/builder/spi-builder-workspace/Sources/Constraints/Standard/TypeConstraint.swift /Users/admin/builder/spi-builder-workspace/Sources/Constraints/Summary+Result.swift /Users/admin/builder/spi-builder-workspace/Sources/Constraints/Summary.swift (in target 'Peppermint' from project 'Peppermint')
SwiftCompile normal arm64 /Users/admin/builder/spi-builder-workspace/Sources/Constraints/Standard/TypeConstraint.swift (in target 'Peppermint' from project 'Peppermint')
    cd /Users/admin/builder/spi-builder-workspace/.swiftpm/xcode
    builtin-SwiftPerFileCompile TypeConstraint.swift
SwiftCompile normal arm64 /Users/admin/builder/spi-builder-workspace/Sources/Constraints/Summary+Result.swift (in target 'Peppermint' from project 'Peppermint')
    cd /Users/admin/builder/spi-builder-workspace/.swiftpm/xcode
    builtin-SwiftPerFileCompile Summary+Result.swift
SwiftCompile normal arm64 /Users/admin/builder/spi-builder-workspace/Sources/Constraints/Summary.swift (in target 'Peppermint' from project 'Peppermint')
    cd /Users/admin/builder/spi-builder-workspace/.swiftpm/xcode
    builtin-SwiftPerFileCompile Summary.swift
SwiftCompile normal arm64 Compiling\ GroupConstraint+AnyStrategy.swift,\ GroupConstraint.swift,\ KeyPathConstraint.swift /Users/admin/builder/spi-builder-workspace/Sources/Constraints/Standard/GroupConstraint+AnyStrategy.swift /Users/admin/builder/spi-builder-workspace/Sources/Constraints/Standard/GroupConstraint.swift /Users/admin/builder/spi-builder-workspace/Sources/Constraints/Standard/KeyPathConstraint.swift (in target 'Peppermint' from project 'Peppermint')
SwiftCompile normal arm64 /Users/admin/builder/spi-builder-workspace/Sources/Constraints/Standard/GroupConstraint+AnyStrategy.swift (in target 'Peppermint' from project 'Peppermint')
    cd /Users/admin/builder/spi-builder-workspace/.swiftpm/xcode
    builtin-SwiftPerFileCompile GroupConstraint+AnyStrategy.swift
SwiftCompile normal arm64 /Users/admin/builder/spi-builder-workspace/Sources/Constraints/Standard/GroupConstraint.swift (in target 'Peppermint' from project 'Peppermint')
    cd /Users/admin/builder/spi-builder-workspace/.swiftpm/xcode
    builtin-SwiftPerFileCompile GroupConstraint.swift
SwiftCompile normal arm64 /Users/admin/builder/spi-builder-workspace/Sources/Constraints/Standard/KeyPathConstraint.swift (in target 'Peppermint' from project 'Peppermint')
    cd /Users/admin/builder/spi-builder-workspace/.swiftpm/xcode
    builtin-SwiftPerFileCompile KeyPathConstraint.swift
/Users/admin/builder/spi-builder-workspace/Sources/Constraints/Standard/GroupConstraint+AnyStrategy.swift:5:24: warning: generic parameter 'T' shadows generic parameter from outer scope with the same name; this is an error in the Swift 6 language mode
 3 | extension GroupConstraint {
 4 |
 5 |     struct AnyStrategy<T, E: Error>: Strategy {
   |                        `- warning: generic parameter 'T' shadows generic parameter from outer scope with the same name; this is an error in the Swift 6 language mode
 6 |
 7 |         typealias InputType = T
/Users/admin/builder/spi-builder-workspace/Sources/Constraints/Standard/GroupConstraint.swift:12:31: note: 'T' previously declared here
10 | }
11 |
12 | public struct GroupConstraint<T, E: Error>: Constraint {
   |                               `- note: 'T' previously declared here
13 |
14 |     public enum Mode {
/Users/admin/builder/spi-builder-workspace/Sources/Constraints/Standard/GroupConstraint+AnyStrategy.swift:5:27: warning: generic parameter 'E' shadows generic parameter from outer scope with the same name; this is an error in the Swift 6 language mode
 3 | extension GroupConstraint {
 4 |
 5 |     struct AnyStrategy<T, E: Error>: Strategy {
   |                           `- warning: generic parameter 'E' shadows generic parameter from outer scope with the same name; this is an error in the Swift 6 language mode
 6 |
 7 |         typealias InputType = T
/Users/admin/builder/spi-builder-workspace/Sources/Constraints/Standard/GroupConstraint.swift:12:34: note: 'E' previously declared here
10 | }
11 |
12 | public struct GroupConstraint<T, E: Error>: Constraint {
   |                                  `- note: 'E' previously declared here
13 |
14 |     public enum Mode {
SwiftCompile normal arm64 Compiling\ RequiredPredicate.swift,\ URLPredicate.swift /Users/admin/builder/spi-builder-workspace/Sources/Predicates/Standard/RequiredPredicate.swift /Users/admin/builder/spi-builder-workspace/Sources/Predicates/Standard/URLPredicate.swift (in target 'Peppermint' from project 'Peppermint')
SwiftCompile normal arm64 /Users/admin/builder/spi-builder-workspace/Sources/Predicates/Standard/RequiredPredicate.swift (in target 'Peppermint' from project 'Peppermint')
    cd /Users/admin/builder/spi-builder-workspace/.swiftpm/xcode
    builtin-SwiftPerFileCompile RequiredPredicate.swift
SwiftCompile normal arm64 /Users/admin/builder/spi-builder-workspace/Sources/Predicates/Standard/URLPredicate.swift (in target 'Peppermint' from project 'Peppermint')
    cd /Users/admin/builder/spi-builder-workspace/.swiftpm/xcode
    builtin-SwiftPerFileCompile URLPredicate.swift
SwiftEmitModule normal arm64 Emitting\ module\ for\ Peppermint (in target 'Peppermint' from project 'Peppermint')
/Users/admin/builder/spi-builder-workspace/Sources/Constraints/Standard/GroupConstraint+AllStrategy.swift:5:24: warning: generic parameter 'T' shadows generic parameter from outer scope with the same name; this is an error in the Swift 6 language mode
 3 | extension GroupConstraint {
 4 |
 5 |     struct AllStrategy<T, E: Error>: Strategy {
   |                        `- warning: generic parameter 'T' shadows generic parameter from outer scope with the same name; this is an error in the Swift 6 language mode
 6 |
 7 |         typealias InputType = T
/Users/admin/builder/spi-builder-workspace/Sources/Constraints/Standard/GroupConstraint.swift:12:31: note: 'T' previously declared here
10 | }
11 |
12 | public struct GroupConstraint<T, E: Error>: Constraint {
   |                               `- note: 'T' previously declared here
13 |
14 |     public enum Mode {
/Users/admin/builder/spi-builder-workspace/Sources/Constraints/Standard/GroupConstraint+AllStrategy.swift:5:27: warning: generic parameter 'E' shadows generic parameter from outer scope with the same name; this is an error in the Swift 6 language mode
 3 | extension GroupConstraint {
 4 |
 5 |     struct AllStrategy<T, E: Error>: Strategy {
   |                           `- warning: generic parameter 'E' shadows generic parameter from outer scope with the same name; this is an error in the Swift 6 language mode
 6 |
 7 |         typealias InputType = T
/Users/admin/builder/spi-builder-workspace/Sources/Constraints/Standard/GroupConstraint.swift:12:34: note: 'E' previously declared here
10 | }
11 |
12 | public struct GroupConstraint<T, E: Error>: Constraint {
   |                                  `- note: 'E' previously declared here
13 |
14 |     public enum Mode {
/Users/admin/builder/spi-builder-workspace/Sources/Constraints/Standard/GroupConstraint+AnyStrategy.swift:5:24: warning: generic parameter 'T' shadows generic parameter from outer scope with the same name; this is an error in the Swift 6 language mode
 3 | extension GroupConstraint {
 4 |
 5 |     struct AnyStrategy<T, E: Error>: Strategy {
   |                        `- warning: generic parameter 'T' shadows generic parameter from outer scope with the same name; this is an error in the Swift 6 language mode
 6 |
 7 |         typealias InputType = T
/Users/admin/builder/spi-builder-workspace/Sources/Constraints/Standard/GroupConstraint.swift:12:31: note: 'T' previously declared here
10 | }
11 |
12 | public struct GroupConstraint<T, E: Error>: Constraint {
   |                               `- note: 'T' previously declared here
13 |
14 |     public enum Mode {
/Users/admin/builder/spi-builder-workspace/Sources/Constraints/Standard/GroupConstraint+AnyStrategy.swift:5:27: warning: generic parameter 'E' shadows generic parameter from outer scope with the same name; this is an error in the Swift 6 language mode
 3 | extension GroupConstraint {
 4 |
 5 |     struct AnyStrategy<T, E: Error>: Strategy {
   |                           `- warning: generic parameter 'E' shadows generic parameter from outer scope with the same name; this is an error in the Swift 6 language mode
 6 |
 7 |         typealias InputType = T
/Users/admin/builder/spi-builder-workspace/Sources/Constraints/Standard/GroupConstraint.swift:12:34: note: 'E' previously declared here
10 | }
11 |
12 | public struct GroupConstraint<T, E: Error>: Constraint {
   |                                  `- note: 'E' previously declared here
13 |
14 |     public enum Mode {
SwiftCompile normal arm64 (in target 'Peppermint' from project 'Peppermint')
    cd /Users/admin/builder/spi-builder-workspace/.swiftpm/xcode

SwiftCompile normal arm64 Compiling\ RangePredicate.swift,\ RegexPredicate.swift /Users/admin/builder/spi-builder-workspace/Sources/Predicates/Standard/RangePredicate.swift /Users/admin/builder/spi-builder-workspace/Sources/Predicates/Standard/RegexPredicate.swift (in target 'Peppermint' from project 'Peppermint')
SwiftCompile normal arm64 /Users/admin/builder/spi-builder-workspace/Sources/Predicates/Standard/RangePredicate.swift (in target 'Peppermint' from project 'Peppermint')
    cd /Users/admin/builder/spi-builder-workspace/.swiftpm/xcode
    builtin-SwiftPerFileCompile RangePredicate.swift
SwiftCompile normal arm64 /Users/admin/builder/spi-builder-workspace/Sources/Predicates/Standard/RegexPredicate.swift (in target 'Peppermint' from project 'Peppermint')
    cd /Users/admin/builder/spi-builder-workspace/.swiftpm/xcode
    builtin-SwiftPerFileCompile RegexPredicate.swift
SwiftCompile normal arm64 Compiling\ AnyPredicate.swift,\ AsyncPredicate.swift,\ Predicate.swift /Users/admin/builder/spi-builder-workspace/Sources/Predicates/AnyPredicate.swift /Users/admin/builder/spi-builder-workspace/Sources/Predicates/AsyncPredicate.swift /Users/admin/builder/spi-builder-workspace/Sources/Predicates/Predicate.swift (in target 'Peppermint' from project 'Peppermint')
SwiftCompile normal arm64 /Users/admin/builder/spi-builder-workspace/Sources/Predicates/AnyPredicate.swift (in target 'Peppermint' from project 'Peppermint')
    cd /Users/admin/builder/spi-builder-workspace/.swiftpm/xcode
    builtin-SwiftPerFileCompile AnyPredicate.swift
SwiftCompile normal arm64 /Users/admin/builder/spi-builder-workspace/Sources/Predicates/AsyncPredicate.swift (in target 'Peppermint' from project 'Peppermint')
    cd /Users/admin/builder/spi-builder-workspace/.swiftpm/xcode
    builtin-SwiftPerFileCompile AsyncPredicate.swift
SwiftCompile normal arm64 /Users/admin/builder/spi-builder-workspace/Sources/Predicates/Predicate.swift (in target 'Peppermint' from project 'Peppermint')
    cd /Users/admin/builder/spi-builder-workspace/.swiftpm/xcode
    builtin-SwiftPerFileCompile Predicate.swift
SwiftCompile normal arm64 Compiling\ EmailPredicate.swift,\ LengthPredicate.swift /Users/admin/builder/spi-builder-workspace/Sources/Predicates/Standard/EmailPredicate.swift /Users/admin/builder/spi-builder-workspace/Sources/Predicates/Standard/LengthPredicate.swift (in target 'Peppermint' from project 'Peppermint')
SwiftCompile normal arm64 /Users/admin/builder/spi-builder-workspace/Sources/Predicates/Standard/EmailPredicate.swift (in target 'Peppermint' from project 'Peppermint')
    cd /Users/admin/builder/spi-builder-workspace/.swiftpm/xcode
    builtin-SwiftPerFileCompile EmailPredicate.swift
SwiftCompile normal arm64 /Users/admin/builder/spi-builder-workspace/Sources/Predicates/Standard/LengthPredicate.swift (in target 'Peppermint' from project 'Peppermint')
    cd /Users/admin/builder/spi-builder-workspace/.swiftpm/xcode
    builtin-SwiftPerFileCompile LengthPredicate.swift
SwiftCompile normal arm64 Compiling\ BlockPredicate.swift,\ CharacterSetPredicate.swift,\ DatePredicate.swift /Users/admin/builder/spi-builder-workspace/Sources/Predicates/Standard/BlockPredicate.swift /Users/admin/builder/spi-builder-workspace/Sources/Predicates/Standard/CharacterSetPredicate.swift /Users/admin/builder/spi-builder-workspace/Sources/Predicates/Standard/DatePredicate.swift (in target 'Peppermint' from project 'Peppermint')
SwiftCompile normal arm64 /Users/admin/builder/spi-builder-workspace/Sources/Predicates/Standard/BlockPredicate.swift (in target 'Peppermint' from project 'Peppermint')
    cd /Users/admin/builder/spi-builder-workspace/.swiftpm/xcode
    builtin-SwiftPerFileCompile BlockPredicate.swift
SwiftCompile normal arm64 /Users/admin/builder/spi-builder-workspace/Sources/Predicates/Standard/CharacterSetPredicate.swift (in target 'Peppermint' from project 'Peppermint')
    cd /Users/admin/builder/spi-builder-workspace/.swiftpm/xcode
    builtin-SwiftPerFileCompile CharacterSetPredicate.swift
SwiftCompile normal arm64 /Users/admin/builder/spi-builder-workspace/Sources/Predicates/Standard/DatePredicate.swift (in target 'Peppermint' from project 'Peppermint')
    cd /Users/admin/builder/spi-builder-workspace/.swiftpm/xcode
    builtin-SwiftPerFileCompile DatePredicate.swift
SwiftDriverJobDiscovery normal arm64 Emitting module for Peppermint (in target 'Peppermint' from project 'Peppermint')
SwiftDriver\ Compilation\ Requirements Peppermint normal arm64 com.apple.xcode.tools.swift.compiler (in target 'Peppermint' from project 'Peppermint')
    cd /Users/admin/builder/spi-builder-workspace/.swiftpm/xcode
    builtin-Swift-Compilation-Requirements -- /Applications/Xcode-27.0.0-Release.Candidate.app/Contents/Developer/Toolchains/XcodeDefault.xctoolchain/usr/bin/swiftc -parse-as-library -module-name Peppermint -Onone @/Users/admin/builder/spi-builder-workspace/.derivedData/Build/Intermediates.noindex/Peppermint.build/Debug-xros/Peppermint-t.build/Objects-normal/arm64/Peppermint.SwiftFileList -DSWIFT_PACKAGE -DDEBUG -DSWIFT_MODULE_RESOURCE_BUNDLE_UNAVAILABLE -DXcode -plugin-path /Applications/Xcode-27.0.0-Release.Candidate.app/Contents/Developer/Toolchains/XcodeDefault.xctoolchain/usr/lib/swift/host/plugins/testing -enable-experimental-feature DebugDescriptionMacro -sdk /Applications/Xcode-27.0.0-Release.Candidate.app/Contents/Developer/Platforms/XROS.platform/Developer/SDKs/XROS27.0.sdk -target arm64-apple-xros1.0 -g -module-cache-path /Users/admin/builder/spi-builder-workspace/.derivedData/ModuleCache.noindex -Xfrontend -serialize-debugging-options -profile-coverage-mapping -profile-generate -enable-testing -index-store-path /Users/admin/builder/spi-builder-workspace/.derivedData/Index.noindex/DataStore -Xcc -D_LIBCPP_HARDENING_MODE\=_LIBCPP_HARDENING_MODE_DEBUG -swift-version 4.2 -I /Users/admin/builder/spi-builder-workspace/.derivedData/Build/Products/Debug-xros -Isystem /Applications/Xcode-27.0.0-Release.Candidate.app/Contents/Developer/Platforms/XROS.platform/Developer/usr/lib -F /Users/admin/builder/spi-builder-workspace/.derivedData/Build/Products/Debug-xros -F /Applications/Xcode-27.0.0-Release.Candidate.app/Contents/Developer/Platforms/XROS.platform/Developer/Library/Frameworks -F /Applications/Xcode-27.0.0-Release.Candidate.app/Contents/Developer/Platforms/XROS.platform/Developer/SDKs/XROS27.0.sdk/Developer/Library/Frameworks -c -j10 -enable-batch-mode -incremental -Xcc -ivfsstatcache -Xcc /Users/admin/builder/spi-builder-workspace/.derivedData/SDKStatCaches.noindex/xros27.0-24M361-e829b21a6f8c9b70876ba0858053c044735bd543db762f57723cac368afd1ce4.sdkstatcache -output-file-map /Users/admin/builder/spi-builder-workspace/.derivedData/Build/Intermediates.noindex/Peppermint.build/Debug-xros/Peppermint-t.build/Objects-normal/arm64/Peppermint-OutputFileMap.json -save-temps -no-color-diagnostics -emit-dependencies -emit-module -emit-module-path /Users/admin/builder/spi-builder-workspace/.derivedData/Build/Intermediates.noindex/Peppermint.build/Debug-xros/Peppermint-t.build/Objects-normal/arm64/Peppermint.swiftmodule -serialize-diagnostics -validate-clang-modules-once -clang-build-session-file /Users/admin/builder/spi-builder-workspace/.derivedData/ModuleCache.noindex/Session.modulevalidation -Xcc -fmodules-prune-interval\=86400 -Xcc -fmodules-prune-after\=345600 -emit-const-values -const-gather-protocols-list /Users/admin/builder/spi-builder-workspace/.derivedData/Build/Intermediates.noindex/Peppermint.build/Debug-xros/Peppermint-t.build/Objects-normal/arm64/Peppermint_const_extract_protocols.json -Xcc -I/Users/admin/builder/spi-builder-workspace/.derivedData/Build/Products/Debug-xros/include -Xcc -I/Users/admin/builder/spi-builder-workspace/.derivedData/Build/Intermediates.noindex/Peppermint.build/Debug-xros/Peppermint-t.build/DerivedSources-normal/arm64 -Xcc -I/Users/admin/builder/spi-builder-workspace/.derivedData/Build/Intermediates.noindex/Peppermint.build/Debug-xros/Peppermint-t.build/DerivedSources/arm64 -Xcc -I/Users/admin/builder/spi-builder-workspace/.derivedData/Build/Intermediates.noindex/Peppermint.build/Debug-xros/Peppermint-t.build/DerivedSources -Xcc -DSWIFT_PACKAGE -Xcc -DDEBUG\=1 -emit-objc-header -emit-objc-header-path /Users/admin/builder/spi-builder-workspace/.derivedData/Build/Intermediates.noindex/Peppermint.build/Debug-xros/Peppermint-t.build/Objects-normal/arm64/Peppermint-Swift.h -working-directory /Users/admin/builder/spi-builder-workspace/.swiftpm/xcode -experimental-emit-module-separately -disable-cmo
SwiftDriverJobDiscovery normal arm64 Compiling RequiredPredicate.swift, URLPredicate.swift (in target 'Peppermint' from project 'Peppermint')
SwiftDriverJobDiscovery normal arm64 Compiling EmailPredicate.swift, LengthPredicate.swift (in target 'Peppermint' from project 'Peppermint')
SwiftDriverJobDiscovery normal arm64 Compiling RangePredicate.swift, RegexPredicate.swift (in target 'Peppermint' from project 'Peppermint')
SwiftDriverJobDiscovery normal arm64 Compiling BlockPredicate.swift, CharacterSetPredicate.swift, DatePredicate.swift (in target 'Peppermint' from project 'Peppermint')
SwiftDriverJobDiscovery normal arm64 Compiling TypeConstraint.swift, Summary+Result.swift, Summary.swift (in target 'Peppermint' from project 'Peppermint')
SwiftDriverJobDiscovery normal arm64 Compiling OptionalConstraint.swift, PredicateConstraint.swift, RequiredConstraint.swift (in target 'Peppermint' from project 'Peppermint')
SwiftDriverJobDiscovery normal arm64 Compiling ConstraintBuilder.swift, BlockConstraint.swift, GroupConstraint+AllStrategy.swift (in target 'Peppermint' from project 'Peppermint')
SwiftDriverJobDiscovery normal arm64 Compiling AnyConstraint.swift, AsyncConstraint.swift, Constraint.swift (in target 'Peppermint' from project 'Peppermint')
SwiftDriverJobDiscovery normal arm64 Compiling AnyPredicate.swift, AsyncPredicate.swift, Predicate.swift (in target 'Peppermint' from project 'Peppermint')
SwiftDriverJobDiscovery normal arm64 Compiling GroupConstraint+AnyStrategy.swift, GroupConstraint.swift, KeyPathConstraint.swift (in target 'Peppermint' from project 'Peppermint')
SwiftMergeGeneratedHeaders /Users/admin/builder/spi-builder-workspace/.derivedData/Build/Intermediates.noindex/GeneratedModuleMaps-xros/Peppermint-Swift.h /Users/admin/builder/spi-builder-workspace/.derivedData/Build/Intermediates.noindex/Peppermint.build/Debug-xros/Peppermint-t.build/Objects-normal/arm64/Peppermint-Swift.h (in target 'Peppermint' from project 'Peppermint')
    cd /Users/admin/builder/spi-builder-workspace
    builtin-swiftHeaderTool -arch arm64 /Users/admin/builder/spi-builder-workspace/.derivedData/Build/Intermediates.noindex/Peppermint.build/Debug-xros/Peppermint-t.build/Objects-normal/arm64/Peppermint-Swift.h -o /Users/admin/builder/spi-builder-workspace/.derivedData/Build/Intermediates.noindex/GeneratedModuleMaps-xros/Peppermint-Swift.h
SwiftDriver\ Compilation Peppermint normal arm64 com.apple.xcode.tools.swift.compiler (in target 'Peppermint' from project 'Peppermint')
    cd /Users/admin/builder/spi-builder-workspace/.swiftpm/xcode
    builtin-Swift-Compilation -- /Applications/Xcode-27.0.0-Release.Candidate.app/Contents/Developer/Toolchains/XcodeDefault.xctoolchain/usr/bin/swiftc -parse-as-library -module-name Peppermint -Onone @/Users/admin/builder/spi-builder-workspace/.derivedData/Build/Intermediates.noindex/Peppermint.build/Debug-xros/Peppermint-t.build/Objects-normal/arm64/Peppermint.SwiftFileList -DSWIFT_PACKAGE -DDEBUG -DSWIFT_MODULE_RESOURCE_BUNDLE_UNAVAILABLE -DXcode -plugin-path /Applications/Xcode-27.0.0-Release.Candidate.app/Contents/Developer/Toolchains/XcodeDefault.xctoolchain/usr/lib/swift/host/plugins/testing -enable-experimental-feature DebugDescriptionMacro -sdk /Applications/Xcode-27.0.0-Release.Candidate.app/Contents/Developer/Platforms/XROS.platform/Developer/SDKs/XROS27.0.sdk -target arm64-apple-xros1.0 -g -module-cache-path /Users/admin/builder/spi-builder-workspace/.derivedData/ModuleCache.noindex -Xfrontend -serialize-debugging-options -profile-coverage-mapping -profile-generate -enable-testing -index-store-path /Users/admin/builder/spi-builder-workspace/.derivedData/Index.noindex/DataStore -Xcc -D_LIBCPP_HARDENING_MODE\=_LIBCPP_HARDENING_MODE_DEBUG -swift-version 4.2 -I /Users/admin/builder/spi-builder-workspace/.derivedData/Build/Products/Debug-xros -Isystem /Applications/Xcode-27.0.0-Release.Candidate.app/Contents/Developer/Platforms/XROS.platform/Developer/usr/lib -F /Users/admin/builder/spi-builder-workspace/.derivedData/Build/Products/Debug-xros -F /Applications/Xcode-27.0.0-Release.Candidate.app/Contents/Developer/Platforms/XROS.platform/Developer/Library/Frameworks -F /Applications/Xcode-27.0.0-Release.Candidate.app/Contents/Developer/Platforms/XROS.platform/Developer/SDKs/XROS27.0.sdk/Developer/Library/Frameworks -c -j10 -enable-batch-mode -incremental -Xcc -ivfsstatcache -Xcc /Users/admin/builder/spi-builder-workspace/.derivedData/SDKStatCaches.noindex/xros27.0-24M361-e829b21a6f8c9b70876ba0858053c044735bd543db762f57723cac368afd1ce4.sdkstatcache -output-file-map /Users/admin/builder/spi-builder-workspace/.derivedData/Build/Intermediates.noindex/Peppermint.build/Debug-xros/Peppermint-t.build/Objects-normal/arm64/Peppermint-OutputFileMap.json -save-temps -no-color-diagnostics -emit-dependencies -emit-module -emit-module-path /Users/admin/builder/spi-builder-workspace/.derivedData/Build/Intermediates.noindex/Peppermint.build/Debug-xros/Peppermint-t.build/Objects-normal/arm64/Peppermint.swiftmodule -serialize-diagnostics -validate-clang-modules-once -clang-build-session-file /Users/admin/builder/spi-builder-workspace/.derivedData/ModuleCache.noindex/Session.modulevalidation -Xcc -fmodules-prune-interval\=86400 -Xcc -fmodules-prune-after\=345600 -emit-const-values -const-gather-protocols-list /Users/admin/builder/spi-builder-workspace/.derivedData/Build/Intermediates.noindex/Peppermint.build/Debug-xros/Peppermint-t.build/Objects-normal/arm64/Peppermint_const_extract_protocols.json -Xcc -I/Users/admin/builder/spi-builder-workspace/.derivedData/Build/Products/Debug-xros/include -Xcc -I/Users/admin/builder/spi-builder-workspace/.derivedData/Build/Intermediates.noindex/Peppermint.build/Debug-xros/Peppermint-t.build/DerivedSources-normal/arm64 -Xcc -I/Users/admin/builder/spi-builder-workspace/.derivedData/Build/Intermediates.noindex/Peppermint.build/Debug-xros/Peppermint-t.build/DerivedSources/arm64 -Xcc -I/Users/admin/builder/spi-builder-workspace/.derivedData/Build/Intermediates.noindex/Peppermint.build/Debug-xros/Peppermint-t.build/DerivedSources -Xcc -DSWIFT_PACKAGE -Xcc -DDEBUG\=1 -emit-objc-header -emit-objc-header-path /Users/admin/builder/spi-builder-workspace/.derivedData/Build/Intermediates.noindex/Peppermint.build/Debug-xros/Peppermint-t.build/Objects-normal/arm64/Peppermint-Swift.h -working-directory /Users/admin/builder/spi-builder-workspace/.swiftpm/xcode -experimental-emit-module-separately -disable-cmo
Copy /Users/admin/builder/spi-builder-workspace/.derivedData/Build/Products/Debug-xros/Peppermint.swiftmodule/arm64-apple-xros.swiftmodule /Users/admin/builder/spi-builder-workspace/.derivedData/Build/Intermediates.noindex/Peppermint.build/Debug-xros/Peppermint-t.build/Objects-normal/arm64/Peppermint.swiftmodule (in target 'Peppermint' from project 'Peppermint')
    cd /Users/admin/builder/spi-builder-workspace
    builtin-copy -exclude .DS_Store -exclude CVS -exclude .svn -exclude .git -exclude .hg -resolve-src-symlinks -rename /Users/admin/builder/spi-builder-workspace/.derivedData/Build/Intermediates.noindex/Peppermint.build/Debug-xros/Peppermint-t.build/Objects-normal/arm64/Peppermint.swiftmodule /Users/admin/builder/spi-builder-workspace/.derivedData/Build/Products/Debug-xros/Peppermint.swiftmodule/arm64-apple-xros.swiftmodule
Copy /Users/admin/builder/spi-builder-workspace/.derivedData/Build/Products/Debug-xros/Peppermint.swiftmodule/arm64-apple-xros.swiftdoc /Users/admin/builder/spi-builder-workspace/.derivedData/Build/Intermediates.noindex/Peppermint.build/Debug-xros/Peppermint-t.build/Objects-normal/arm64/Peppermint.swiftdoc (in target 'Peppermint' from project 'Peppermint')
    cd /Users/admin/builder/spi-builder-workspace
    builtin-copy -exclude .DS_Store -exclude CVS -exclude .svn -exclude .git -exclude .hg -resolve-src-symlinks -rename /Users/admin/builder/spi-builder-workspace/.derivedData/Build/Intermediates.noindex/Peppermint.build/Debug-xros/Peppermint-t.build/Objects-normal/arm64/Peppermint.swiftdoc /Users/admin/builder/spi-builder-workspace/.derivedData/Build/Products/Debug-xros/Peppermint.swiftmodule/arm64-apple-xros.swiftdoc
Copy /Users/admin/builder/spi-builder-workspace/.derivedData/Build/Products/Debug-xros/Peppermint.swiftmodule/arm64-apple-xros.abi.json /Users/admin/builder/spi-builder-workspace/.derivedData/Build/Intermediates.noindex/Peppermint.build/Debug-xros/Peppermint-t.build/Objects-normal/arm64/Peppermint.abi.json (in target 'Peppermint' from project 'Peppermint')
    cd /Users/admin/builder/spi-builder-workspace
    builtin-copy -exclude .DS_Store -exclude CVS -exclude .svn -exclude .git -exclude .hg -resolve-src-symlinks -rename /Users/admin/builder/spi-builder-workspace/.derivedData/Build/Intermediates.noindex/Peppermint.build/Debug-xros/Peppermint-t.build/Objects-normal/arm64/Peppermint.abi.json /Users/admin/builder/spi-builder-workspace/.derivedData/Build/Products/Debug-xros/Peppermint.swiftmodule/arm64-apple-xros.abi.json
Copy /Users/admin/builder/spi-builder-workspace/.derivedData/Build/Products/Debug-xros/Peppermint.swiftmodule/Project/arm64-apple-xros.swiftsourceinfo /Users/admin/builder/spi-builder-workspace/.derivedData/Build/Intermediates.noindex/Peppermint.build/Debug-xros/Peppermint-t.build/Objects-normal/arm64/Peppermint.swiftsourceinfo (in target 'Peppermint' from project 'Peppermint')
    cd /Users/admin/builder/spi-builder-workspace
    builtin-copy -exclude .DS_Store -exclude CVS -exclude .svn -exclude .git -exclude .hg -resolve-src-symlinks -rename /Users/admin/builder/spi-builder-workspace/.derivedData/Build/Intermediates.noindex/Peppermint.build/Debug-xros/Peppermint-t.build/Objects-normal/arm64/Peppermint.swiftsourceinfo /Users/admin/builder/spi-builder-workspace/.derivedData/Build/Products/Debug-xros/Peppermint.swiftmodule/Project/arm64-apple-xros.swiftsourceinfo
Ld /Users/admin/builder/spi-builder-workspace/.derivedData/Build/Products/Debug-xros/Peppermint.o normal (in target 'Peppermint' from project 'Peppermint')
    cd /Users/admin/builder/spi-builder-workspace
    /Applications/Xcode-27.0.0-Release.Candidate.app/Contents/Developer/Toolchains/XcodeDefault.xctoolchain/usr/bin/clang -Xlinker -reproducible -target arm64-apple-xros1.0 -r -isysroot /Applications/Xcode-27.0.0-Release.Candidate.app/Contents/Developer/Platforms/XROS.platform/Developer/SDKs/XROS27.0.sdk -O0 -Xlinker -no_warn_duplicate_libraries -F/Users/admin/builder/spi-builder-workspace/.derivedData/Build/Intermediates.noindex/EagerLinkingTBDs/Debug-xros -F/Users/admin/builder/spi-builder-workspace/.derivedData/Build/Products/Debug-xros -iframework /Applications/Xcode-27.0.0-Release.Candidate.app/Contents/Developer/Platforms/XROS.platform/Developer/Library/Frameworks -iframework /Applications/Xcode-27.0.0-Release.Candidate.app/Contents/Developer/Platforms/XROS.platform/Developer/SDKs/XROS27.0.sdk/Developer/Library/Frameworks -filelist /Users/admin/builder/spi-builder-workspace/.derivedData/Build/Intermediates.noindex/Peppermint.build/Debug-xros/Peppermint-t.build/Objects-normal/arm64/Peppermint.LinkFileList -nostdlib -Xlinker -object_path_lto -Xlinker /Users/admin/builder/spi-builder-workspace/.derivedData/Build/Intermediates.noindex/Peppermint.build/Debug-xros/Peppermint-t.build/Objects-normal/arm64/Peppermint_lto.o -Xlinker -no_deduplicate -Xlinker -debug_variant -Xlinker -dependency_info -Xlinker /Users/admin/builder/spi-builder-workspace/.derivedData/Build/Intermediates.noindex/Peppermint.build/Debug-xros/Peppermint-t.build/Objects-normal/arm64/Peppermint_dependency_info.dat -fobjc-link-runtime -L/Applications/Xcode-27.0.0-Release.Candidate.app/Contents/Developer/Toolchains/XcodeDefault.xctoolchain/usr/lib/swift/xros -L/usr/lib/swift -Xlinker -add_ast_path -Xlinker /Users/admin/builder/spi-builder-workspace/.derivedData/Build/Intermediates.noindex/Peppermint.build/Debug-xros/Peppermint-t.build/Objects-normal/arm64/Peppermint.swiftmodule -o /Users/admin/builder/spi-builder-workspace/.derivedData/Build/Products/Debug-xros/Peppermint.o
SwiftDriver PeppermintTests normal arm64 com.apple.xcode.tools.swift.compiler (in target 'PeppermintTests-product' from project 'Peppermint')
    cd /Users/admin/builder/spi-builder-workspace/.swiftpm/xcode
    builtin-SwiftDriver -- /Applications/Xcode-27.0.0-Release.Candidate.app/Contents/Developer/Toolchains/XcodeDefault.xctoolchain/usr/bin/swiftc -parse-as-library -module-name PeppermintTests -Onone @/Users/admin/builder/spi-builder-workspace/.derivedData/Build/Intermediates.noindex/Peppermint.build/Debug-xros/PeppermintTests-p.build/Objects-normal/arm64/PeppermintTests.SwiftFileList -DSWIFT_PACKAGE -DDEBUG -DXcode -plugin-path /Applications/Xcode-27.0.0-Release.Candidate.app/Contents/Developer/Toolchains/XcodeDefault.xctoolchain/usr/lib/swift/host/plugins/testing -enable-experimental-feature DebugDescriptionMacro -sdk /Applications/Xcode-27.0.0-Release.Candidate.app/Contents/Developer/Platforms/XROS.platform/Developer/SDKs/XROS27.0.sdk -target arm64-apple-xros1.0 -g -module-cache-path /Users/admin/builder/spi-builder-workspace/.derivedData/ModuleCache.noindex -Xfrontend -serialize-debugging-options -profile-coverage-mapping -profile-generate -enable-testing -index-store-path /Users/admin/builder/spi-builder-workspace/.derivedData/Index.noindex/DataStore -Xcc -D_LIBCPP_HARDENING_MODE\=_LIBCPP_HARDENING_MODE_DEBUG -swift-version 4.2 -I /Users/admin/builder/spi-builder-workspace/.derivedData/Build/Products/Debug-xros -Isystem /Applications/Xcode-27.0.0-Release.Candidate.app/Contents/Developer/Platforms/XROS.platform/Developer/usr/lib -F /Users/admin/builder/spi-builder-workspace/.derivedData/Build/Products/Debug-xros/PackageFrameworks -F /Users/admin/builder/spi-builder-workspace/.derivedData/Build/Products/Debug-xros -F /Applications/Xcode-27.0.0-Release.Candidate.app/Contents/Developer/Platforms/XROS.platform/Developer/Library/Frameworks -F /Applications/Xcode-27.0.0-Release.Candidate.app/Contents/Developer/Platforms/XROS.platform/Developer/SDKs/XROS27.0.sdk/Developer/Library/Frameworks -c -j10 -enable-batch-mode -incremental -Xcc -ivfsstatcache -Xcc /Users/admin/builder/spi-builder-workspace/.derivedData/SDKStatCaches.noindex/xros27.0-24M361-e829b21a6f8c9b70876ba0858053c044735bd543db762f57723cac368afd1ce4.sdkstatcache -output-file-map /Users/admin/builder/spi-builder-workspace/.derivedData/Build/Intermediates.noindex/Peppermint.build/Debug-xros/PeppermintTests-p.build/Objects-normal/arm64/PeppermintTests-OutputFileMap.json -save-temps -no-color-diagnostics -emit-dependencies -emit-module -emit-module-path /Users/admin/builder/spi-builder-workspace/.derivedData/Build/Intermediates.noindex/Peppermint.build/Debug-xros/PeppermintTests-p.build/Objects-normal/arm64/PeppermintTests.swiftmodule -serialize-diagnostics -validate-clang-modules-once -clang-build-session-file /Users/admin/builder/spi-builder-workspace/.derivedData/ModuleCache.noindex/Session.modulevalidation -Xcc -fmodules-prune-interval\=86400 -Xcc -fmodules-prune-after\=345600 -emit-const-values -const-gather-protocols-list /Users/admin/builder/spi-builder-workspace/.derivedData/Build/Intermediates.noindex/Peppermint.build/Debug-xros/PeppermintTests-p.build/Objects-normal/arm64/PeppermintTests_const_extract_protocols.json -Xcc -I/Users/admin/builder/spi-builder-workspace/.derivedData/Build/Products/Debug-xros/include -Xcc -I/Users/admin/builder/spi-builder-workspace/.derivedData/Build/Intermediates.noindex/Peppermint.build/Debug-xros/PeppermintTests-p.build/DerivedSources-normal/arm64 -Xcc -I/Users/admin/builder/spi-builder-workspace/.derivedData/Build/Intermediates.noindex/Peppermint.build/Debug-xros/PeppermintTests-p.build/DerivedSources/arm64 -Xcc -I/Users/admin/builder/spi-builder-workspace/.derivedData/Build/Intermediates.noindex/Peppermint.build/Debug-xros/PeppermintTests-p.build/DerivedSources -Xcc -DSWIFT_PACKAGE -Xcc -DDEBUG\=1 -working-directory /Users/admin/builder/spi-builder-workspace/.swiftpm/xcode -experimental-emit-module-separately -disable-cmo
ExtractAppIntentsMetadata (in target 'Peppermint' from project 'Peppermint')
    cd /Users/admin/builder/spi-builder-workspace
    /Applications/Xcode-27.0.0-Release.Candidate.app/Contents/Developer/Toolchains/XcodeDefault.xctoolchain/usr/bin/appintentsmetadataprocessor --toolchain-dir /var/run/com.apple.security.cryptexd/mnt/com.apple.MobileAsset.MetalToolchain-v27.1.266.1.ckzkXN/Metal.xctoolchain --module-name Peppermint --sdk-root /Applications/Xcode-27.0.0-Release.Candidate.app/Contents/Developer/Platforms/XROS.platform/Developer/SDKs/XROS27.0.sdk --xcode-version 27A266a --platform-family xrOS --deployment-target 1.0 --bundle-identifier spi-builder-workspace.Peppermint --output /Users/admin/builder/spi-builder-workspace/.derivedData/Build/Products/Debug-xros/Peppermint.appintents --target-triple arm64-apple-xros1.0 --binary-file /Users/admin/builder/spi-builder-workspace/.derivedData/Build/Products/Debug-xros/Peppermint.o --dependency-file /Users/admin/builder/spi-builder-workspace/.derivedData/Build/Intermediates.noindex/Peppermint.build/Debug-xros/Peppermint-t.build/Objects-normal/arm64/Peppermint_dependency_info.dat --stringsdata-file /Users/admin/builder/spi-builder-workspace/.derivedData/Build/Intermediates.noindex/Peppermint.build/Debug-xros/Peppermint-t.build/Objects-normal/arm64/ExtractedAppShortcutsMetadata.stringsdata --source-file-list /Users/admin/builder/spi-builder-workspace/.derivedData/Build/Intermediates.noindex/Peppermint.build/Debug-xros/Peppermint-t.build/Objects-normal/arm64/Peppermint.SwiftFileList --metadata-file-list /Users/admin/builder/spi-builder-workspace/.derivedData/Build/Intermediates.noindex/Peppermint.build/Debug-xros/Peppermint-t.build/Peppermint.DependencyMetadataFileList --static-metadata-file-list /Users/admin/builder/spi-builder-workspace/.derivedData/Build/Intermediates.noindex/Peppermint.build/Debug-xros/Peppermint-t.build/Peppermint.DependencyStaticMetadataFileList --swift-const-vals-list /Users/admin/builder/spi-builder-workspace/.derivedData/Build/Intermediates.noindex/Peppermint.build/Debug-xros/Peppermint-t.build/Objects-normal/arm64/Peppermint.SwiftConstValuesFileList --force --compile-time-extraction --deployment-aware-processing --no-app-shortcuts-localization
2026-09-18 15:39:14.751 appintentsmetadataprocessor[697:4485] Starting appintentsmetadataprocessor export
2026-09-18 15:39:14.852 appintentsmetadataprocessor[697:4485] Extracted no relevant App Intents symbols, skipping writing output
SwiftCompile normal arm64 Compiling\ PredicateConstraintTests.swift,\ RequiredConstraintTests.swift /Users/admin/builder/spi-builder-workspace/Tests/Constraints/Standard/PredicateConstraintTests.swift /Users/admin/builder/spi-builder-workspace/Tests/Constraints/Standard/RequiredConstraintTests.swift (in target 'PeppermintTests-product' from project 'Peppermint')
SwiftCompile normal arm64 /Users/admin/builder/spi-builder-workspace/Tests/Constraints/Standard/PredicateConstraintTests.swift (in target 'PeppermintTests-product' from project 'Peppermint')
    cd /Users/admin/builder/spi-builder-workspace/.swiftpm/xcode
    builtin-SwiftPerFileCompile PredicateConstraintTests.swift
SwiftCompile normal arm64 /Users/admin/builder/spi-builder-workspace/Tests/Constraints/Standard/RequiredConstraintTests.swift (in target 'PeppermintTests-product' from project 'Peppermint')
    cd /Users/admin/builder/spi-builder-workspace/.swiftpm/xcode
    builtin-SwiftPerFileCompile RequiredConstraintTests.swift
/Users/admin/builder/spi-builder-workspace/Tests/Constraints/Standard/PredicateConstraintTests.swift:11:19: error: initializer 'init(_:error:)' requires that 'FakePredicate<String>' conform to 'Predicate'
 9 |
10 |     func testEvaluateShouldReturnASuccessfulResultWhenTheInputIsValid() {
11 |         let sut = PredicateConstraint(predicate, error: FakeError.Invalid)
   |                   `- error: initializer 'init(_:error:)' requires that 'FakePredicate<String>' conform to 'Predicate'
12 |         let result = sut.evaluate(with: validInput)
13 |
/Users/admin/builder/spi-builder-workspace/Sources/Constraints/Standard/PredicateConstraint.swift:30:12: note: where 'some Predicate<T>' = 'FakePredicate<String>'
 28 |      - parameter error: An `Error` that describes why the evaluation has failed.
 29 |      */
 30 |     public init(_ predicate: some Predicate<T>, error: E) {
    |            `- note: where 'some Predicate<T>' = 'FakePredicate<String>'
 31 |         self.predicate = predicate
 32 |         self.errorBuilder = { _ in return error }
/Users/admin/builder/spi-builder-workspace/Tests/Constraints/Standard/PredicateConstraintTests.swift:22:19: error: initializer 'init(_:error:)' requires that 'FakePredicate<String>' conform to 'Predicate'
20 |
21 |     func testEvaluateShouldReturnAFailureResultWhenTheInputIsInvalid() {
22 |         let sut = PredicateConstraint(predicate, error: FakeError.Invalid)
   |                   `- error: initializer 'init(_:error:)' requires that 'FakePredicate<String>' conform to 'Predicate'
23 |         let result = sut.evaluate(with: invalidInput)
24 |
/Users/admin/builder/spi-builder-workspace/Sources/Constraints/Standard/PredicateConstraint.swift:30:12: note: where 'some Predicate<T>' = 'FakePredicate<String>'
 28 |      - parameter error: An `Error` that describes why the evaluation has failed.
 29 |      */
 30 |     public init(_ predicate: some Predicate<T>, error: E) {
    |            `- note: where 'some Predicate<T>' = 'FakePredicate<String>'
 31 |         self.predicate = predicate
 32 |         self.errorBuilder = { _ in return error }
/Users/admin/builder/spi-builder-workspace/Tests/Constraints/Standard/PredicateConstraintTests.swift:38:19: error: initializer 'init(_:errorBuilder:)' requires that 'FakePredicate<String>' conform to 'Predicate'
36 |
37 |     func testEvaluateShouldDynamicallyBuildTheErrorWhenInitializedWithErrorBlock() {
38 |         let sut = PredicateConstraint(predicate) { FakeError.Unexpected($0) }
   |                   `- error: initializer 'init(_:errorBuilder:)' requires that 'FakePredicate<String>' conform to 'Predicate'
39 |         let result = sut.evaluate(with: invalidInput)
40 |
/Users/admin/builder/spi-builder-workspace/Sources/Constraints/Standard/PredicateConstraint.swift:48:12: note: where 'some Predicate<T>' = 'FakePredicate<String>'
 46 |      - parameter error: A generic closure that dynamically builds an `Error` to describe why the evaluation has failed.
 47 |      */
 48 |     public init(_ predicate: some Predicate<T>, errorBuilder: @escaping (T) -> E) {
    |            `- note: where 'some Predicate<T>' = 'FakePredicate<String>'
 49 |         self.predicate = predicate
 50 |         self.errorBuilder = errorBuilder
/Users/admin/builder/spi-builder-workspace/Tests/Constraints/Standard/PredicateConstraintTests.swift:49:19: error: initializer 'init(_:errorBuilder:)' requires that 'FakePredicate<String>' conform to 'Predicate'
47 |
48 |     func testEvaluateShouldDynamicallyBuildTheErrorWhenInitialisedWithNoParamErrorBlock() {
49 |         let sut = PredicateConstraint(predicate) { FakeError.Invalid }
   |                   `- error: initializer 'init(_:errorBuilder:)' requires that 'FakePredicate<String>' conform to 'Predicate'
50 |         let result = sut.evaluate(with: invalidInput)
51 |
/Users/admin/builder/spi-builder-workspace/Sources/Constraints/Standard/PredicateConstraint.swift:66:12: note: where 'some Predicate<T>' = 'FakePredicate<String>'
 64 |      - parameter error: A generic closure that dynamically builds an `Error` to describe why the evaluation has failed.
 65 |      */
 66 |     public init(_ predicate: some Predicate<T>, errorBuilder: @escaping () -> E) {
    |            `- note: where 'some Predicate<T>' = 'FakePredicate<String>'
 67 |         self.predicate = predicate
 68 |         self.errorBuilder = { _ in errorBuilder() }
/Users/admin/builder/spi-builder-workspace/Tests/Constraints/Standard/PredicateConstraintTests.swift:60:19: error: initializer 'init(_:errorBuilder:)' requires that 'FakePredicate<String>' conform to 'Predicate'
58 |
59 |     func testEvaluteShouldDynamicallyBuildThePredicateWhenInitialisedWithPredicateBuilderAndErrorBuilder() {
60 |         let sut = PredicateConstraint {
   |                   `- error: initializer 'init(_:errorBuilder:)' requires that 'FakePredicate<String>' conform to 'Predicate'
61 |             self.predicate
62 |         } errorBuilder: {
/Users/admin/builder/spi-builder-workspace/Sources/Constraints/Standard/PredicateConstraint.swift:86:12: note: where 'some Predicate<T>' = 'FakePredicate<String>'
 84 |      - parameter error: A generic closure that dynamically builds an `Error` to describe why the evaluation has failed.
 85 |      */
 86 |     public init(_ predicateBuilder: @escaping () -> some Predicate<T>, errorBuilder: @escaping (T) -> E) {
    |            `- note: where 'some Predicate<T>' = 'FakePredicate<String>'
 87 |         self.predicate = predicateBuilder()
 88 |         self.errorBuilder = errorBuilder
SwiftCompile normal arm64 Compiling\ ConstraintBuilderTests.swift,\ ContratintTests.swift,\ BlockConstraintTests.swift /Users/admin/builder/spi-builder-workspace/Tests/Constraints/ConstraintBuilderTests.swift /Users/admin/builder/spi-builder-workspace/Tests/Constraints/ContratintTests.swift /Users/admin/builder/spi-builder-workspace/Tests/Constraints/Standard/BlockConstraintTests.swift (in target 'PeppermintTests-product' from project 'Peppermint')
SwiftCompile normal arm64 /Users/admin/builder/spi-builder-workspace/Tests/Constraints/ConstraintBuilderTests.swift (in target 'PeppermintTests-product' from project 'Peppermint')
    cd /Users/admin/builder/spi-builder-workspace/.swiftpm/xcode
    builtin-SwiftPerFileCompile ConstraintBuilderTests.swift
SwiftCompile normal arm64 /Users/admin/builder/spi-builder-workspace/Tests/Constraints/ContratintTests.swift (in target 'PeppermintTests-product' from project 'Peppermint')
    cd /Users/admin/builder/spi-builder-workspace/.swiftpm/xcode
    builtin-SwiftPerFileCompile ContratintTests.swift
SwiftCompile normal arm64 /Users/admin/builder/spi-builder-workspace/Tests/Constraints/Standard/BlockConstraintTests.swift (in target 'PeppermintTests-product' from project 'Peppermint')
    cd /Users/admin/builder/spi-builder-workspace/.swiftpm/xcode
    builtin-SwiftPerFileCompile BlockConstraintTests.swift
SwiftCompile normal arm64 Compiling\ CharacterSetPredicateTests.swift,\ DatePredicateTests.swift /Users/admin/builder/spi-builder-workspace/Tests/Predicates/Standard/CharacterSetPredicateTests.swift /Users/admin/builder/spi-builder-workspace/Tests/Predicates/Standard/DatePredicateTests.swift (in target 'PeppermintTests-product' from project 'Peppermint')
SwiftCompile normal arm64 /Users/admin/builder/spi-builder-workspace/Tests/Predicates/Standard/CharacterSetPredicateTests.swift (in target 'PeppermintTests-product' from project 'Peppermint')
    cd /Users/admin/builder/spi-builder-workspace/.swiftpm/xcode
    builtin-SwiftPerFileCompile CharacterSetPredicateTests.swift
SwiftCompile normal arm64 /Users/admin/builder/spi-builder-workspace/Tests/Predicates/Standard/DatePredicateTests.swift (in target 'PeppermintTests-product' from project 'Peppermint')
    cd /Users/admin/builder/spi-builder-workspace/.swiftpm/xcode
    builtin-SwiftPerFileCompile DatePredicateTests.swift
SwiftCompile normal arm64 Compiling\ AsyncPredicateTests.swift,\ BlockPredicateTests.swift /Users/admin/builder/spi-builder-workspace/Tests/Predicates/AsyncPredicateTests.swift /Users/admin/builder/spi-builder-workspace/Tests/Predicates/Standard/BlockPredicateTests.swift (in target 'PeppermintTests-product' from project 'Peppermint')
SwiftCompile normal arm64 /Users/admin/builder/spi-builder-workspace/Tests/Predicates/AsyncPredicateTests.swift (in target 'PeppermintTests-product' from project 'Peppermint')
    cd /Users/admin/builder/spi-builder-workspace/.swiftpm/xcode
    builtin-SwiftPerFileCompile AsyncPredicateTests.swift
SwiftCompile normal arm64 /Users/admin/builder/spi-builder-workspace/Tests/Predicates/Standard/BlockPredicateTests.swift (in target 'PeppermintTests-product' from project 'Peppermint')
    cd /Users/admin/builder/spi-builder-workspace/.swiftpm/xcode
    builtin-SwiftPerFileCompile BlockPredicateTests.swift
SwiftEmitModule normal arm64 Emitting\ module\ for\ PeppermintTests (in target 'PeppermintTests-product' from project 'Peppermint')
/Users/admin/builder/spi-builder-workspace/Tests/Shared/FakePredicate.swift:4:26: error: 'Predicate' is ambiguous for type lookup in this context
 2 | import Peppermint
 3 |
 4 | struct FakePredicate<T>: Predicate where T: Equatable {
   |                          `- error: 'Predicate' is ambiguous for type lookup in this context
 5 |
 6 |     typealias InputType = T
Foundation.Predicate:2:15: note: found this candidate
1 | @available(macOS 14, iOS 17, tvOS 17, watchOS 10, *)
2 | public struct Predicate<each Input> : Sendable {
  |               `- note: found this candidate
3 |     public let expression: any StandardPredicateExpression<Bool>
4 |     public let variable: (repeat PredicateExpressions.Variable<each Input>)
/Users/admin/builder/spi-builder-workspace/Sources/Predicates/Predicate.swift:24:17: note: found this candidate
22 |  ```
23 |  */
24 | public protocol Predicate<InputType>: AsyncPredicate {
   |                 `- note: found this candidate
25 |
26 |     /// A type that provides information about what kind of values the predicate can be evaluated with.
Failed frontend command:
/Applications/Xcode-27.0.0-Release.Candidate.app/Contents/Developer/Toolchains/XcodeDefault.xctoolchain/usr/bin/swift-frontend -frontend -emit-module -experimental-skip-non-inlinable-function-bodies-without-types /Users/admin/builder/spi-builder-workspace/Tests/Constraints/ConstraintBuilderTests.swift /Users/admin/builder/spi-builder-workspace/Tests/Constraints/ContratintTests.swift /Users/admin/builder/spi-builder-workspace/Tests/Constraints/Standard/BlockConstraintTests.swift /Users/admin/builder/spi-builder-workspace/Tests/Constraints/Standard/GroupConstraintTests.swift /Users/admin/builder/spi-builder-workspace/Tests/Constraints/Standard/OptionalConstraintTests.swift /Users/admin/builder/spi-builder-workspace/Tests/Constraints/Standard/PredicateConstraintTests.swift /Users/admin/builder/spi-builder-workspace/Tests/Constraints/Standard/RequiredConstraintTests.swift /Users/admin/builder/spi-builder-workspace/Tests/Constraints/Standard/TypeConstraintTests.swift /Users/admin/builder/spi-builder-workspace/Tests/Constraints/SummaryTests.swift /Users/admin/builder/spi-builder-workspace/Tests/Predicates/AsyncPredicateTests.swift /Users/admin/builder/spi-builder-workspace/Tests/Predicates/Standard/BlockPredicateTests.swift /Users/admin/builder/spi-builder-workspace/Tests/Predicates/Standard/CharacterSetPredicateTests.swift /Users/admin/builder/spi-builder-workspace/Tests/Predicates/Standard/DatePredicateTests.swift /Users/admin/builder/spi-builder-workspace/Tests/Predicates/Standard/EmailPredicateTests.swift /Users/admin/builder/spi-builder-workspace/Tests/Predicates/Standard/LengthPredicateTests.swift /Users/admin/builder/spi-builder-workspace/Tests/Predicates/Standard/RangePredicateTests.swift /Users/admin/builder/spi-builder-workspace/Tests/Predicates/Standard/RegexPredicateTests.swift /Users/admin/builder/spi-builder-workspace/Tests/Predicates/Standard/RequiredPredicateTests.swift /Users/admin/builder/spi-builder-workspace/Tests/Predicates/Standard/URLPredicateTests.swift /Users/admin/builder/spi-builder-workspace/Tests/Shared/FakeError.swift /Users/admin/builder/spi-builder-workspace/Tests/Shared/FakePredicate.swift -target arm64-apple-xros1.0 -Xllvm -aarch64-use-tbi -enable-objc-interop -stack-check -sdk /Applications/Xcode-27.0.0-Release.Candidate.app/Contents/Developer/Platforms/XROS.platform/Developer/SDKs/XROS27.0.sdk -I /Users/admin/builder/spi-builder-workspace/.derivedData/Build/Products/Debug-xros -Isystem /Applications/Xcode-27.0.0-Release.Candidate.app/Contents/Developer/Platforms/XROS.platform/Developer/usr/lib -F /Users/admin/builder/spi-builder-workspace/.derivedData/Build/Products/Debug-xros/PackageFrameworks -F /Users/admin/builder/spi-builder-workspace/.derivedData/Build/Products/Debug-xros -F /Applications/Xcode-27.0.0-Release.Candidate.app/Contents/Developer/Platforms/XROS.platform/Developer/Library/Frameworks -F /Applications/Xcode-27.0.0-Release.Candidate.app/Contents/Developer/Platforms/XROS.platform/Developer/SDKs/XROS27.0.sdk/Developer/Library/Frameworks -module-cache-path /Users/admin/builder/spi-builder-workspace/.derivedData/ModuleCache.noindex -no-color-diagnostics -Xcc -fno-color-diagnostics -enable-testing -g -debug-info-format\=dwarf -dwarf-version\=4 -profile-generate -profile-coverage-mapping -swift-version 4.2 -Onone -D SWIFT_PACKAGE -D DEBUG -D Xcode -serialize-debugging-options -enable-experimental-feature DebugDescriptionMacro -empty-abi-descriptor -plugin-path /Applications/Xcode-27.0.0-Release.Candidate.app/Contents/Developer/Toolchains/XcodeDefault.xctoolchain/usr/lib/swift/host/plugins/testing -validate-clang-modules-once -clang-build-session-file /Users/admin/builder/spi-builder-workspace/.derivedData/ModuleCache.noindex/Session.modulevalidation -Xcc -working-directory -Xcc /Users/admin/builder/spi-builder-workspace/.swiftpm/xcode -enable-anonymous-context-mangled-names -file-compilation-dir /Users/admin/builder/spi-builder-workspace/.swiftpm/xcode -Xcc -D_LIBCPP_HARDENING_MODE\=_LIBCPP_HARDENING_MODE_DEBUG -Xcc -ivfsstatcache -Xcc /Users/admin/builder/spi-builder-workspace/.derivedData/SDKStatCaches.noindex/xros27.0-24M361-e829b21a6f8c9b70876ba0858053c044735bd543db762f57723cac368afd1ce4.sdkstatcache -Xcc -fmodules-prune-interval\=86400 -Xcc -fmodules-prune-after\=345600 -Xcc -I/Users/admin/builder/spi-builder-workspace/.derivedData/Build/Products/Debug-xros/include -Xcc -I/Users/admin/builder/spi-builder-workspace/.derivedData/Build/Intermediates.noindex/Peppermint.build/Debug-xros/PeppermintTests-p.build/DerivedSources-normal/arm64 -Xcc -I/Users/admin/builder/spi-builder-workspace/.derivedData/Build/Intermediates.noindex/Peppermint.build/Debug-xros/PeppermintTests-p.build/DerivedSources/arm64 -Xcc -I/Users/admin/builder/spi-builder-workspace/.derivedData/Build/Intermediates.noindex/Peppermint.build/Debug-xros/PeppermintTests-p.build/DerivedSources -Xcc -DSWIFT_PACKAGE -Xcc -DDEBUG\=1 -no-auto-bridging-header-chaining -module-name PeppermintTests -const-gather-protocols-file /Users/admin/builder/spi-builder-workspace/.derivedData/Build/Intermediates.noindex/Peppermint.build/Debug-xros/PeppermintTests-p.build/Objects-normal/arm64/PeppermintTests_const_extract_protocols.json -disable-clang-spi -target-sdk-version 27.0 -target-sdk-name xros27.0 -external-plugin-path /Applications/Xcode-27.0.0-Release.Candidate.app/Contents/Developer/Platforms/XROS.platform/Developer/usr/lib/swift/host/plugins\#/Applications/Xcode-27.0.0-Release.Candidate.app/Contents/Developer/Platforms/XROS.platform/Developer/usr/bin/swift-plugin-server -external-plugin-path /Applications/Xcode-27.0.0-Release.Candidate.app/Contents/Developer/Platforms/XROS.platform/Developer/usr/local/lib/swift/host/plugins\#/Applications/Xcode-27.0.0-Release.Candidate.app/Contents/Developer/Platforms/XROS.platform/Developer/usr/bin/swift-plugin-server -in-process-plugin-server-path /Applications/Xcode-27.0.0-Release.Candidate.app/Contents/Developer/Toolchains/XcodeDefault.xctoolchain/usr/lib/swift/host/libSwiftInProcPluginServer.dylib -plugin-path /Applications/Xcode-27.0.0-Release.Candidate.app/Contents/Developer/Toolchains/XcodeDefault.xctoolchain/usr/lib/swift/host/plugins -plugin-path /Applications/Xcode-27.0.0-Release.Candidate.app/Contents/Developer/Toolchains/XcodeDefault.xctoolchain/usr/local/lib/swift/host/plugins -emit-module-doc-path /Users/admin/builder/spi-builder-workspace/.derivedData/Build/Intermediates.noindex/Peppermint.build/Debug-xros/PeppermintTests-p.build/Objects-normal/arm64/PeppermintTests.swiftdoc -emit-module-source-info-path /Users/admin/builder/spi-builder-workspace/.derivedData/Build/Intermediates.noindex/Peppermint.build/Debug-xros/PeppermintTests-p.build/Objects-normal/arm64/PeppermintTests.swiftsourceinfo -serialize-diagnostics-path /Users/admin/builder/spi-builder-workspace/.derivedData/Build/Intermediates.noindex/Peppermint.build/Debug-xros/PeppermintTests-p.build/Objects-normal/arm64/PeppermintTests-primary-emit-module.dia -emit-dependencies-path /Users/admin/builder/spi-builder-workspace/.derivedData/Build/Intermediates.noindex/Peppermint.build/Debug-xros/PeppermintTests-p.build/Objects-normal/arm64/PeppermintTests-primary-emit-module.d -parse-as-library -o /Users/admin/builder/spi-builder-workspace/.derivedData/Build/Intermediates.noindex/Peppermint.build/Debug-xros/PeppermintTests-p.build/Objects-normal/arm64/PeppermintTests.swiftmodule -emit-abi-descriptor-path /Users/admin/builder/spi-builder-workspace/.derivedData/Build/Intermediates.noindex/Peppermint.build/Debug-xros/PeppermintTests-p.build/Objects-normal/arm64/PeppermintTests.abi.json
SwiftCompile normal arm64 (in target 'PeppermintTests-product' from project 'Peppermint')
    cd /Users/admin/builder/spi-builder-workspace/.swiftpm/xcode

SwiftCompile normal arm64 Compiling\ FakeError.swift,\ FakePredicate.swift /Users/admin/builder/spi-builder-workspace/Tests/Shared/FakeError.swift /Users/admin/builder/spi-builder-workspace/Tests/Shared/FakePredicate.swift (in target 'PeppermintTests-product' from project 'Peppermint')
SwiftCompile normal arm64 /Users/admin/builder/spi-builder-workspace/Tests/Shared/FakeError.swift (in target 'PeppermintTests-product' from project 'Peppermint')
    cd /Users/admin/builder/spi-builder-workspace/.swiftpm/xcode
    builtin-SwiftPerFileCompile FakeError.swift
SwiftCompile normal arm64 /Users/admin/builder/spi-builder-workspace/Tests/Shared/FakePredicate.swift (in target 'PeppermintTests-product' from project 'Peppermint')
    cd /Users/admin/builder/spi-builder-workspace/.swiftpm/xcode
    builtin-SwiftPerFileCompile FakePredicate.swift
SwiftCompile normal arm64 Compiling\ TypeConstraintTests.swift,\ SummaryTests.swift /Users/admin/builder/spi-builder-workspace/Tests/Constraints/Standard/TypeConstraintTests.swift /Users/admin/builder/spi-builder-workspace/Tests/Constraints/SummaryTests.swift (in target 'PeppermintTests-product' from project 'Peppermint')
SwiftCompile normal arm64 /Users/admin/builder/spi-builder-workspace/Tests/Constraints/Standard/TypeConstraintTests.swift (in target 'PeppermintTests-product' from project 'Peppermint')
    cd /Users/admin/builder/spi-builder-workspace/.swiftpm/xcode
    builtin-SwiftPerFileCompile TypeConstraintTests.swift
SwiftCompile normal arm64 /Users/admin/builder/spi-builder-workspace/Tests/Constraints/SummaryTests.swift (in target 'PeppermintTests-product' from project 'Peppermint')
    cd /Users/admin/builder/spi-builder-workspace/.swiftpm/xcode
    builtin-SwiftPerFileCompile SummaryTests.swift
SwiftCompile normal arm64 Compiling\ GroupConstraintTests.swift,\ OptionalConstraintTests.swift /Users/admin/builder/spi-builder-workspace/Tests/Constraints/Standard/GroupConstraintTests.swift /Users/admin/builder/spi-builder-workspace/Tests/Constraints/Standard/OptionalConstraintTests.swift (in target 'PeppermintTests-product' from project 'Peppermint')
SwiftCompile normal arm64 /Users/admin/builder/spi-builder-workspace/Tests/Constraints/Standard/GroupConstraintTests.swift (in target 'PeppermintTests-product' from project 'Peppermint')
    cd /Users/admin/builder/spi-builder-workspace/.swiftpm/xcode
    builtin-SwiftPerFileCompile GroupConstraintTests.swift
SwiftCompile normal arm64 /Users/admin/builder/spi-builder-workspace/Tests/Constraints/Standard/OptionalConstraintTests.swift (in target 'PeppermintTests-product' from project 'Peppermint')
    cd /Users/admin/builder/spi-builder-workspace/.swiftpm/xcode
    builtin-SwiftPerFileCompile OptionalConstraintTests.swift
SwiftCompile normal arm64 Compiling\ EmailPredicateTests.swift,\ LengthPredicateTests.swift /Users/admin/builder/spi-builder-workspace/Tests/Predicates/Standard/EmailPredicateTests.swift /Users/admin/builder/spi-builder-workspace/Tests/Predicates/Standard/LengthPredicateTests.swift (in target 'PeppermintTests-product' from project 'Peppermint')
SwiftCompile normal arm64 /Users/admin/builder/spi-builder-workspace/Tests/Predicates/Standard/EmailPredicateTests.swift (in target 'PeppermintTests-product' from project 'Peppermint')
    cd /Users/admin/builder/spi-builder-workspace/.swiftpm/xcode
    builtin-SwiftPerFileCompile EmailPredicateTests.swift
SwiftCompile normal arm64 /Users/admin/builder/spi-builder-workspace/Tests/Predicates/Standard/LengthPredicateTests.swift (in target 'PeppermintTests-product' from project 'Peppermint')
    cd /Users/admin/builder/spi-builder-workspace/.swiftpm/xcode
    builtin-SwiftPerFileCompile LengthPredicateTests.swift
SwiftCompile normal arm64 Compiling\ RangePredicateTests.swift,\ RegexPredicateTests.swift /Users/admin/builder/spi-builder-workspace/Tests/Predicates/Standard/RangePredicateTests.swift /Users/admin/builder/spi-builder-workspace/Tests/Predicates/Standard/RegexPredicateTests.swift (in target 'PeppermintTests-product' from project 'Peppermint')
SwiftCompile normal arm64 /Users/admin/builder/spi-builder-workspace/Tests/Predicates/Standard/RangePredicateTests.swift (in target 'PeppermintTests-product' from project 'Peppermint')
    cd /Users/admin/builder/spi-builder-workspace/.swiftpm/xcode
    builtin-SwiftPerFileCompile RangePredicateTests.swift
SwiftCompile normal arm64 /Users/admin/builder/spi-builder-workspace/Tests/Predicates/Standard/RegexPredicateTests.swift (in target 'PeppermintTests-product' from project 'Peppermint')
    cd /Users/admin/builder/spi-builder-workspace/.swiftpm/xcode
    builtin-SwiftPerFileCompile RegexPredicateTests.swift
PruneExplicitPrecompiledModules /Users/admin/builder/spi-builder-workspace/.derivedData/SDKExplicitPrecompiledModules
PruneExplicitPrecompiledModules /Users/admin/builder/spi-builder-workspace/.derivedData/Build/Intermediates.noindex/SwiftExplicitPrecompiledModules
PruneExplicitPrecompiledModules /Users/admin/builder/spi-builder-workspace/.derivedData/Build/Intermediates.noindex/ExplicitPrecompiledModules
2026-09-18 15:39:07.665 xcodebuild[654:4245] [MT] IDERunDestination: Supported platforms for the buildables in the current scheme is empty.
2026-09-18 15:39:07.764 xcodebuild[654:4245] [MT] IDERunDestination: Supported platforms for the buildables in the current scheme is empty.
** BUILD FAILED **
The following build commands failed:
	SwiftEmitModule normal arm64 Emitting\ module\ for\ PeppermintTests (in target 'PeppermintTests-product' from project 'Peppermint')
	SwiftCompile normal arm64 (in target 'PeppermintTests-product' from project 'Peppermint')
	Building workspace Peppermint with scheme Peppermint
(3 failures)
Command line invocation:
    /Applications/Xcode-27.0.0-Release.Candidate.app/Contents/Developer/usr/bin/xcodebuild -IDEClonedSourcePackagesDirPathOverride=/Users/admin/builder/spi-builder-workspace/.dependencies -resolvePackageDependencies
Resolve Package Graph
Resolved source packages:
  Peppermint: /Users/admin/builder/spi-builder-workspace
resolved source packages: Peppermint
2026-09-18 15:39:21.098 xcodebuild[708:4652] [MT] IDERunDestination: Supported platforms for the buildables in the current scheme is empty.
2026-09-18 15:39:21.203 xcodebuild[708:4652] [MT] IDERunDestination: Supported platforms for the buildables in the current scheme is empty.
{
  "dependencies" : [
  ],
  "manifest_display_name" : "Peppermint",
  "name" : "Peppermint",
  "path" : "/Users/admin/builder/spi-builder-workspace",
  "platforms" : [
  ],
  "products" : [
    {
      "name" : "Peppermint",
      "targets" : [
        "Peppermint"
      ],
      "type" : {
        "library" : [
          "automatic"
        ]
      }
    }
  ],
  "targets" : [
    {
      "c99name" : "PeppermintTests",
      "module_type" : "SwiftTarget",
      "name" : "PeppermintTests",
      "path" : "Tests",
      "sources" : [
        "Constraints/ConstraintBuilderTests.swift",
        "Constraints/ContratintTests.swift",
        "Constraints/Standard/BlockConstraintTests.swift",
        "Constraints/Standard/GroupConstraintTests.swift",
        "Constraints/Standard/OptionalConstraintTests.swift",
        "Constraints/Standard/PredicateConstraintTests.swift",
        "Constraints/Standard/RequiredConstraintTests.swift",
        "Constraints/Standard/TypeConstraintTests.swift",
        "Constraints/SummaryTests.swift",
        "Predicates/AsyncPredicateTests.swift",
        "Predicates/Standard/BlockPredicateTests.swift",
        "Predicates/Standard/CharacterSetPredicateTests.swift",
        "Predicates/Standard/DatePredicateTests.swift",
        "Predicates/Standard/EmailPredicateTests.swift",
        "Predicates/Standard/LengthPredicateTests.swift",
        "Predicates/Standard/RangePredicateTests.swift",
        "Predicates/Standard/RegexPredicateTests.swift",
        "Predicates/Standard/RequiredPredicateTests.swift",
        "Predicates/Standard/URLPredicateTests.swift",
        "Shared/FakeError.swift",
        "Shared/FakePredicate.swift"
      ],
      "target_dependencies" : [
        "Peppermint"
      ],
      "type" : "test"
    },
    {
      "c99name" : "Peppermint",
      "module_type" : "SwiftTarget",
      "name" : "Peppermint",
      "path" : "Sources",
      "product_memberships" : [
        "Peppermint"
      ],
      "sources" : [
        "Constraints/AnyConstraint.swift",
        "Constraints/AsyncConstraint.swift",
        "Constraints/Constraint.swift",
        "Constraints/ConstraintBuilder.swift",
        "Constraints/Standard/BlockConstraint.swift",
        "Constraints/Standard/GroupConstraint+AllStrategy.swift",
        "Constraints/Standard/GroupConstraint+AnyStrategy.swift",
        "Constraints/Standard/GroupConstraint.swift",
        "Constraints/Standard/KeyPathConstraint.swift",
        "Constraints/Standard/OptionalConstraint.swift",
        "Constraints/Standard/PredicateConstraint.swift",
        "Constraints/Standard/RequiredConstraint.swift",
        "Constraints/Standard/TypeConstraint.swift",
        "Constraints/Summary+Result.swift",
        "Constraints/Summary.swift",
        "Predicates/AnyPredicate.swift",
        "Predicates/AsyncPredicate.swift",
        "Predicates/Predicate.swift",
        "Predicates/Standard/BlockPredicate.swift",
        "Predicates/Standard/CharacterSetPredicate.swift",
        "Predicates/Standard/DatePredicate.swift",
        "Predicates/Standard/EmailPredicate.swift",
        "Predicates/Standard/LengthPredicate.swift",
        "Predicates/Standard/RangePredicate.swift",
        "Predicates/Standard/RegexPredicate.swift",
        "Predicates/Standard/RequiredPredicate.swift",
        "Predicates/Standard/URLPredicate.swift"
      ],
      "type" : "library"
    }
  ],
  "tools_version" : "4.2"
}
{
  "workspace" : {
    "name" : "Peppermint",
    "schemes" : [
      "Peppermint"
    ]
  }
}
2026-09-18 15:39:22.294 xcodebuild[716:4726] [MT] IDERunDestination: Supported platforms for the buildables in the current scheme is empty.
2026-09-18 15:39:22.395 xcodebuild[716:4726] [MT] IDERunDestination: Supported platforms for the buildables in the current scheme is empty.
Running build ...
env DEVELOPER_DIR=/Applications/Xcode-27.0.0-Release.Candidate.app xcrun xcodebuild -IDEClonedSourcePackagesDirPathOverride=$PWD/.dependencies -skipMacroValidation -skipPackagePluginValidation -derivedDataPath $PWD/.derivedData build -scheme Peppermint -destination generic/platform=xrOS
Command line invocation:
    /Applications/Xcode-27.0.0-Release.Candidate.app/Contents/Developer/usr/bin/xcodebuild -IDEClonedSourcePackagesDirPathOverride=/Users/admin/builder/spi-builder-workspace/.dependencies -skipMacroValidation -skipPackagePluginValidation -derivedDataPath /Users/admin/builder/spi-builder-workspace/.derivedData build -scheme Peppermint -destination generic/platform=xrOS
Resolve Package Graph
Resolved source packages:
  Peppermint: /Users/admin/builder/spi-builder-workspace
ComputePackagePrebuildTargetDependencyGraph
Prepare packages
CreateBuildRequest
SendProjectDescription
CreateBuildOperation
ComputeTargetDependencyGraph
note: Building targets in dependency order
note: Target dependency graph (3 targets)
    Target 'PeppermintTests-product' in project 'Peppermint'
        ➜ Explicit dependency on target 'Peppermint' in project 'Peppermint'
    Target 'Peppermint-product' in project 'Peppermint'
        ➜ Explicit dependency on target 'Peppermint' in project 'Peppermint'
    Target 'Peppermint' in project 'Peppermint' (no dependencies)
GatherProvisioningInputs
CreateBuildDescription
ClangStatCache /Applications/Xcode-27.0.0-Release.Candidate.app/Contents/Developer/Toolchains/XcodeDefault.xctoolchain/usr/bin/clang-stat-cache /Applications/Xcode-27.0.0-Release.Candidate.app/Contents/Developer/Platforms/XROS.platform/Developer/SDKs/XROS27.0.sdk /Users/admin/builder/spi-builder-workspace/.derivedData/SDKStatCaches.noindex/xros27.0-24M361-e829b21a6f8c9b70876ba0858053c044735bd543db762f57723cac368afd1ce4.sdkstatcache
    cd /Users/admin/builder/spi-builder-workspace/.swiftpm/xcode
    /Applications/Xcode-27.0.0-Release.Candidate.app/Contents/Developer/Toolchains/XcodeDefault.xctoolchain/usr/bin/clang-stat-cache /Applications/Xcode-27.0.0-Release.Candidate.app/Contents/Developer/Platforms/XROS.platform/Developer/SDKs/XROS27.0.sdk -o /Users/admin/builder/spi-builder-workspace/.derivedData/SDKStatCaches.noindex/xros27.0-24M361-e829b21a6f8c9b70876ba0858053c044735bd543db762f57723cac368afd1ce4.sdkstatcache
SwiftDriver PeppermintTests normal arm64 com.apple.xcode.tools.swift.compiler (in target 'PeppermintTests-product' from project 'Peppermint')
    cd /Users/admin/builder/spi-builder-workspace/.swiftpm/xcode
    builtin-SwiftDriver -- /Applications/Xcode-27.0.0-Release.Candidate.app/Contents/Developer/Toolchains/XcodeDefault.xctoolchain/usr/bin/swiftc -parse-as-library -module-name PeppermintTests -Onone @/Users/admin/builder/spi-builder-workspace/.derivedData/Build/Intermediates.noindex/Peppermint.build/Debug-xros/PeppermintTests-p.build/Objects-normal/arm64/PeppermintTests.SwiftFileList -DSWIFT_PACKAGE -DDEBUG -DXcode -plugin-path /Applications/Xcode-27.0.0-Release.Candidate.app/Contents/Developer/Toolchains/XcodeDefault.xctoolchain/usr/lib/swift/host/plugins/testing -enable-experimental-feature DebugDescriptionMacro -sdk /Applications/Xcode-27.0.0-Release.Candidate.app/Contents/Developer/Platforms/XROS.platform/Developer/SDKs/XROS27.0.sdk -target arm64-apple-xros1.0 -g -module-cache-path /Users/admin/builder/spi-builder-workspace/.derivedData/ModuleCache.noindex -Xfrontend -serialize-debugging-options -profile-coverage-mapping -profile-generate -enable-testing -index-store-path /Users/admin/builder/spi-builder-workspace/.derivedData/Index.noindex/DataStore -Xcc -D_LIBCPP_HARDENING_MODE\=_LIBCPP_HARDENING_MODE_DEBUG -swift-version 4.2 -I /Users/admin/builder/spi-builder-workspace/.derivedData/Build/Products/Debug-xros -Isystem /Applications/Xcode-27.0.0-Release.Candidate.app/Contents/Developer/Platforms/XROS.platform/Developer/usr/lib -F /Users/admin/builder/spi-builder-workspace/.derivedData/Build/Products/Debug-xros/PackageFrameworks -F /Users/admin/builder/spi-builder-workspace/.derivedData/Build/Products/Debug-xros -F /Applications/Xcode-27.0.0-Release.Candidate.app/Contents/Developer/Platforms/XROS.platform/Developer/Library/Frameworks -F /Applications/Xcode-27.0.0-Release.Candidate.app/Contents/Developer/Platforms/XROS.platform/Developer/SDKs/XROS27.0.sdk/Developer/Library/Frameworks -c -j10 -enable-batch-mode -incremental -Xcc -ivfsstatcache -Xcc /Users/admin/builder/spi-builder-workspace/.derivedData/SDKStatCaches.noindex/xros27.0-24M361-e829b21a6f8c9b70876ba0858053c044735bd543db762f57723cac368afd1ce4.sdkstatcache -output-file-map /Users/admin/builder/spi-builder-workspace/.derivedData/Build/Intermediates.noindex/Peppermint.build/Debug-xros/PeppermintTests-p.build/Objects-normal/arm64/PeppermintTests-OutputFileMap.json -save-temps -no-color-diagnostics -emit-dependencies -emit-module -emit-module-path /Users/admin/builder/spi-builder-workspace/.derivedData/Build/Intermediates.noindex/Peppermint.build/Debug-xros/PeppermintTests-p.build/Objects-normal/arm64/PeppermintTests.swiftmodule -serialize-diagnostics -validate-clang-modules-once -clang-build-session-file /Users/admin/builder/spi-builder-workspace/.derivedData/ModuleCache.noindex/Session.modulevalidation -Xcc -fmodules-prune-interval\=86400 -Xcc -fmodules-prune-after\=345600 -emit-const-values -const-gather-protocols-list /Users/admin/builder/spi-builder-workspace/.derivedData/Build/Intermediates.noindex/Peppermint.build/Debug-xros/PeppermintTests-p.build/Objects-normal/arm64/PeppermintTests_const_extract_protocols.json -Xcc -I/Users/admin/builder/spi-builder-workspace/.derivedData/Build/Products/Debug-xros/include -Xcc -I/Users/admin/builder/spi-builder-workspace/.derivedData/Build/Intermediates.noindex/Peppermint.build/Debug-xros/PeppermintTests-p.build/DerivedSources-normal/arm64 -Xcc -I/Users/admin/builder/spi-builder-workspace/.derivedData/Build/Intermediates.noindex/Peppermint.build/Debug-xros/PeppermintTests-p.build/DerivedSources/arm64 -Xcc -I/Users/admin/builder/spi-builder-workspace/.derivedData/Build/Intermediates.noindex/Peppermint.build/Debug-xros/PeppermintTests-p.build/DerivedSources -Xcc -DSWIFT_PACKAGE -Xcc -DDEBUG\=1 -working-directory /Users/admin/builder/spi-builder-workspace/.swiftpm/xcode -experimental-emit-module-separately -disable-cmo
ProcessInfoPlistFile /Users/admin/builder/spi-builder-workspace/.derivedData/Build/Products/Debug-xros/PeppermintTests.xctest/Info.plist /Users/admin/builder/spi-builder-workspace/.derivedData/Build/Intermediates.noindex/Peppermint.build/Debug-xros/PeppermintTests-p.build/empty-PeppermintTests.plist (in target 'PeppermintTests-product' from project 'Peppermint')
    cd /Users/admin/builder/spi-builder-workspace
    builtin-infoPlistUtility /Users/admin/builder/spi-builder-workspace/.derivedData/Build/Intermediates.noindex/Peppermint.build/Debug-xros/PeppermintTests-p.build/empty-PeppermintTests.plist -producttype com.apple.product-type.bundle.unit-test -expandbuildsettings -format binary -platform xros -o /Users/admin/builder/spi-builder-workspace/.derivedData/Build/Products/Debug-xros/PeppermintTests.xctest/Info.plist
SwiftCompile normal arm64 Compiling\ ConstraintBuilderTests.swift,\ ContratintTests.swift,\ BlockConstraintTests.swift /Users/admin/builder/spi-builder-workspace/Tests/Constraints/ConstraintBuilderTests.swift /Users/admin/builder/spi-builder-workspace/Tests/Constraints/ContratintTests.swift /Users/admin/builder/spi-builder-workspace/Tests/Constraints/Standard/BlockConstraintTests.swift (in target 'PeppermintTests-product' from project 'Peppermint')
SwiftCompile normal arm64 /Users/admin/builder/spi-builder-workspace/Tests/Constraints/ConstraintBuilderTests.swift (in target 'PeppermintTests-product' from project 'Peppermint')
    cd /Users/admin/builder/spi-builder-workspace/.swiftpm/xcode
    builtin-SwiftPerFileCompile ConstraintBuilderTests.swift
SwiftCompile normal arm64 /Users/admin/builder/spi-builder-workspace/Tests/Constraints/ContratintTests.swift (in target 'PeppermintTests-product' from project 'Peppermint')
    cd /Users/admin/builder/spi-builder-workspace/.swiftpm/xcode
    builtin-SwiftPerFileCompile ContratintTests.swift
SwiftCompile normal arm64 /Users/admin/builder/spi-builder-workspace/Tests/Constraints/Standard/BlockConstraintTests.swift (in target 'PeppermintTests-product' from project 'Peppermint')
    cd /Users/admin/builder/spi-builder-workspace/.swiftpm/xcode
    builtin-SwiftPerFileCompile BlockConstraintTests.swift
SwiftCompile normal arm64 Compiling\ TypeConstraintTests.swift,\ SummaryTests.swift /Users/admin/builder/spi-builder-workspace/Tests/Constraints/Standard/TypeConstraintTests.swift /Users/admin/builder/spi-builder-workspace/Tests/Constraints/SummaryTests.swift (in target 'PeppermintTests-product' from project 'Peppermint')
SwiftCompile normal arm64 /Users/admin/builder/spi-builder-workspace/Tests/Constraints/Standard/TypeConstraintTests.swift (in target 'PeppermintTests-product' from project 'Peppermint')
    cd /Users/admin/builder/spi-builder-workspace/.swiftpm/xcode
    builtin-SwiftPerFileCompile TypeConstraintTests.swift
SwiftCompile normal arm64 /Users/admin/builder/spi-builder-workspace/Tests/Constraints/SummaryTests.swift (in target 'PeppermintTests-product' from project 'Peppermint')
    cd /Users/admin/builder/spi-builder-workspace/.swiftpm/xcode
    builtin-SwiftPerFileCompile SummaryTests.swift
SwiftCompile normal arm64 Compiling\ EmailPredicateTests.swift,\ LengthPredicateTests.swift /Users/admin/builder/spi-builder-workspace/Tests/Predicates/Standard/EmailPredicateTests.swift /Users/admin/builder/spi-builder-workspace/Tests/Predicates/Standard/LengthPredicateTests.swift (in target 'PeppermintTests-product' from project 'Peppermint')
SwiftCompile normal arm64 /Users/admin/builder/spi-builder-workspace/Tests/Predicates/Standard/EmailPredicateTests.swift (in target 'PeppermintTests-product' from project 'Peppermint')
    cd /Users/admin/builder/spi-builder-workspace/.swiftpm/xcode
    builtin-SwiftPerFileCompile EmailPredicateTests.swift
SwiftCompile normal arm64 /Users/admin/builder/spi-builder-workspace/Tests/Predicates/Standard/LengthPredicateTests.swift (in target 'PeppermintTests-product' from project 'Peppermint')
    cd /Users/admin/builder/spi-builder-workspace/.swiftpm/xcode
    builtin-SwiftPerFileCompile LengthPredicateTests.swift
SwiftCompile normal arm64 Compiling\ CharacterSetPredicateTests.swift,\ DatePredicateTests.swift /Users/admin/builder/spi-builder-workspace/Tests/Predicates/Standard/CharacterSetPredicateTests.swift /Users/admin/builder/spi-builder-workspace/Tests/Predicates/Standard/DatePredicateTests.swift (in target 'PeppermintTests-product' from project 'Peppermint')
SwiftCompile normal arm64 /Users/admin/builder/spi-builder-workspace/Tests/Predicates/Standard/CharacterSetPredicateTests.swift (in target 'PeppermintTests-product' from project 'Peppermint')
    cd /Users/admin/builder/spi-builder-workspace/.swiftpm/xcode
    builtin-SwiftPerFileCompile CharacterSetPredicateTests.swift
SwiftCompile normal arm64 /Users/admin/builder/spi-builder-workspace/Tests/Predicates/Standard/DatePredicateTests.swift (in target 'PeppermintTests-product' from project 'Peppermint')
    cd /Users/admin/builder/spi-builder-workspace/.swiftpm/xcode
    builtin-SwiftPerFileCompile DatePredicateTests.swift
SwiftCompile normal arm64 Compiling\ AsyncPredicateTests.swift,\ BlockPredicateTests.swift /Users/admin/builder/spi-builder-workspace/Tests/Predicates/AsyncPredicateTests.swift /Users/admin/builder/spi-builder-workspace/Tests/Predicates/Standard/BlockPredicateTests.swift (in target 'PeppermintTests-product' from project 'Peppermint')
SwiftCompile normal arm64 /Users/admin/builder/spi-builder-workspace/Tests/Predicates/AsyncPredicateTests.swift (in target 'PeppermintTests-product' from project 'Peppermint')
    cd /Users/admin/builder/spi-builder-workspace/.swiftpm/xcode
    builtin-SwiftPerFileCompile AsyncPredicateTests.swift
SwiftCompile normal arm64 /Users/admin/builder/spi-builder-workspace/Tests/Predicates/Standard/BlockPredicateTests.swift (in target 'PeppermintTests-product' from project 'Peppermint')
    cd /Users/admin/builder/spi-builder-workspace/.swiftpm/xcode
    builtin-SwiftPerFileCompile BlockPredicateTests.swift
SwiftCompile normal arm64 Compiling\ GroupConstraintTests.swift,\ OptionalConstraintTests.swift /Users/admin/builder/spi-builder-workspace/Tests/Constraints/Standard/GroupConstraintTests.swift /Users/admin/builder/spi-builder-workspace/Tests/Constraints/Standard/OptionalConstraintTests.swift (in target 'PeppermintTests-product' from project 'Peppermint')
/Users/admin/builder/spi-builder-workspace/Tests/Constraints/Standard/GroupConstraintTests.swift:14:26: error: initializer 'init(_:error:)' requires that 'FakePredicate<String>' conform to 'Predicate'
 12 |     func testAllOfShouldReturnAnInstanceWithAnArrayOfConstrains() {
 13 |         let predicate = FakePredicate(expected: validInput)
 14 |         let constraint = PredicateConstraint(predicate, error: FakeError.Invalid)
    |                          `- error: initializer 'init(_:error:)' requires that 'FakePredicate<String>' conform to 'Predicate'
 15 |
 16 |         let sut = GroupConstraint<String, FakeError>(constraints: [constraint])
/Users/admin/builder/spi-builder-workspace/Sources/Constraints/Standard/PredicateConstraint.swift:30:12: note: where 'some Predicate<T>' = 'FakePredicate<String>'
 28 |      - parameter error: An `Error` that describes why the evaluation has failed.
 29 |      */
 30 |     public init(_ predicate: some Predicate<T>, error: E) {
    |            `- note: where 'some Predicate<T>' = 'FakePredicate<String>'
 31 |         self.predicate = predicate
 32 |         self.errorBuilder = { _ in return error }
/Users/admin/builder/spi-builder-workspace/Tests/Constraints/Standard/GroupConstraintTests.swift:16:19: error: type 'Any' cannot conform to 'Constraint' [#ProtocolTypeNonConformance]
 14 |         let constraint = PredicateConstraint(predicate, error: FakeError.Invalid)
 15 |
 16 |         let sut = GroupConstraint<String, FakeError>(constraints: [constraint])
    |                   |- error: type 'Any' cannot conform to 'Constraint' [#ProtocolTypeNonConformance]
    |                   |- note: only concrete types such as structs, enums and classes can conform to protocols
    |                   `- note: required by initializer 'init(_:constraints:)' where 'some Constraint<T, E>' = 'Any'
 17 |
 18 |         XCTAssertEqual(sut.count, 1)
/Users/admin/builder/spi-builder-workspace/Tests/Constraints/Standard/GroupConstraintTests.swift:23:26: error: initializer 'init(_:error:)' requires that 'FakePredicate<String>' conform to 'Predicate'
 21 |     func testAllOfShouldReturnAnInstanceWithAListArrayOfConstrains() {
 22 |         let predicate = FakePredicate(expected: validInput)
 23 |         let constraint = PredicateConstraint(predicate, error: FakeError.Invalid)
    |                          `- error: initializer 'init(_:error:)' requires that 'FakePredicate<String>' conform to 'Predicate'
 24 |
 25 |         let sut = GroupConstraint(constraints: [constraint])
/Users/admin/builder/spi-builder-workspace/Sources/Constraints/Standard/PredicateConstraint.swift:30:12: note: where 'some Predicate<T>' = 'FakePredicate<String>'
 28 |      - parameter error: An `Error` that describes why the evaluation has failed.
 29 |      */
 30 |     public init(_ predicate: some Predicate<T>, error: E) {
    |            `- note: where 'some Predicate<T>' = 'FakePredicate<String>'
 31 |         self.predicate = predicate
 32 |         self.errorBuilder = { _ in return error }
/Users/admin/builder/spi-builder-workspace/Tests/Constraints/Standard/GroupConstraintTests.swift:25:19: error: type 'Any' cannot conform to 'Constraint' [#ProtocolTypeNonConformance]
 23 |         let constraint = PredicateConstraint(predicate, error: FakeError.Invalid)
 24 |
 25 |         let sut = GroupConstraint(constraints: [constraint])
    |                   |- error: type 'Any' cannot conform to 'Constraint' [#ProtocolTypeNonConformance]
    |                   |- note: only concrete types such as structs, enums and classes can conform to protocols
    |                   `- note: required by initializer 'init(_:constraints:)' where 'some Constraint<T, E>' = 'Any'
 26 |
 27 |         XCTAssertEqual(sut.count, 1)
/Users/admin/builder/spi-builder-workspace/Tests/Constraints/Standard/GroupConstraintTests.swift:32:31: error: initializer 'init(_:error:)' requires that 'FakePredicate<String>' conform to 'Predicate'
 30 |     func testEvaluateShouldReturnASuccessfulResultWhenAllOfTheContraintsAreFulfilled() {
 31 |         let predicate = FakePredicate(expected: validInput)
 32 |         let firstConstraint = PredicateConstraint(predicate, error: FakeError.Invalid)
    |                               `- error: initializer 'init(_:error:)' requires that 'FakePredicate<String>' conform to 'Predicate'
 33 |         let secondConstraint = PredicateConstraint(predicate, error: FakeError.MissingInput)
 34 |
/Users/admin/builder/spi-builder-workspace/Sources/Constraints/Standard/PredicateConstraint.swift:30:12: note: where 'some Predicate<T>' = 'FakePredicate<String>'
 28 |      - parameter error: An `Error` that describes why the evaluation has failed.
 29 |      */
 30 |     public init(_ predicate: some Predicate<T>, error: E) {
    |            `- note: where 'some Predicate<T>' = 'FakePredicate<String>'
 31 |         self.predicate = predicate
 32 |         self.errorBuilder = { _ in return error }
/Users/admin/builder/spi-builder-workspace/Tests/Constraints/Standard/GroupConstraintTests.swift:33:32: error: initializer 'init(_:error:)' requires that 'FakePredicate<String>' conform to 'Predicate'
 31 |         let predicate = FakePredicate(expected: validInput)
 32 |         let firstConstraint = PredicateConstraint(predicate, error: FakeError.Invalid)
 33 |         let secondConstraint = PredicateConstraint(predicate, error: FakeError.MissingInput)
    |                                `- error: initializer 'init(_:error:)' requires that 'FakePredicate<String>' conform to 'Predicate'
 34 |
 35 |         let sut = GroupConstraint(constraints: [firstConstraint, secondConstraint])
/Users/admin/builder/spi-builder-workspace/Sources/Constraints/Standard/PredicateConstraint.swift:30:12: note: where 'some Predicate<T>' = 'FakePredicate<String>'
 28 |      - parameter error: An `Error` that describes why the evaluation has failed.
 29 |      */
 30 |     public init(_ predicate: some Predicate<T>, error: E) {
    |            `- note: where 'some Predicate<T>' = 'FakePredicate<String>'
 31 |         self.predicate = predicate
 32 |         self.errorBuilder = { _ in return error }
/Users/admin/builder/spi-builder-workspace/Tests/Constraints/Standard/GroupConstraintTests.swift:35:19: error: type 'Any' cannot conform to 'Constraint' [#ProtocolTypeNonConformance]
 33 |         let secondConstraint = PredicateConstraint(predicate, error: FakeError.MissingInput)
 34 |
 35 |         let sut = GroupConstraint(constraints: [firstConstraint, secondConstraint])
    |                   |- error: type 'Any' cannot conform to 'Constraint' [#ProtocolTypeNonConformance]
    |                   |- note: only concrete types such as structs, enums and classes can conform to protocols
    |                   `- note: required by initializer 'init(_:constraints:)' where 'some Constraint<T, E>' = 'Any'
 36 |         let result = sut.evaluate(with: validInput)
 37 |
/Users/admin/builder/spi-builder-workspace/Tests/Constraints/Standard/GroupConstraintTests.swift:47:31: error: initializer 'init(_:error:)' requires that 'FakePredicate<String>' conform to 'Predicate'
 45 |     func testEvaluateShouldReturnAFailureResultWhenAllOfTheConstraintsAreFailing() {
 46 |         let predicate = FakePredicate(expected: validInput)
 47 |         let firstConstraint = PredicateConstraint(predicate, error: FakeError.Invalid)
    |                               `- error: initializer 'init(_:error:)' requires that 'FakePredicate<String>' conform to 'Predicate'
 48 |         let secondConstraint = PredicateConstraint(predicate, error: FakeError.MissingInput)
 49 |
/Users/admin/builder/spi-builder-workspace/Sources/Constraints/Standard/PredicateConstraint.swift:30:12: note: where 'some Predicate<T>' = 'FakePredicate<String>'
 28 |      - parameter error: An `Error` that describes why the evaluation has failed.
 29 |      */
 30 |     public init(_ predicate: some Predicate<T>, error: E) {
    |            `- note: where 'some Predicate<T>' = 'FakePredicate<String>'
 31 |         self.predicate = predicate
 32 |         self.errorBuilder = { _ in return error }
/Users/admin/builder/spi-builder-workspace/Tests/Constraints/Standard/GroupConstraintTests.swift:48:32: error: initializer 'init(_:error:)' requires that 'FakePredicate<String>' conform to 'Predicate'
 46 |         let predicate = FakePredicate(expected: validInput)
 47 |         let firstConstraint = PredicateConstraint(predicate, error: FakeError.Invalid)
 48 |         let secondConstraint = PredicateConstraint(predicate, error: FakeError.MissingInput)
    |                                `- error: initializer 'init(_:error:)' requires that 'FakePredicate<String>' conform to 'Predicate'
 49 |
 50 |         let sut = GroupConstraint(constraints: [firstConstraint, secondConstraint])
/Users/admin/builder/spi-builder-workspace/Sources/Constraints/Standard/PredicateConstraint.swift:30:12: note: where 'some Predicate<T>' = 'FakePredicate<String>'
 28 |      - parameter error: An `Error` that describes why the evaluation has failed.
 29 |      */
 30 |     public init(_ predicate: some Predicate<T>, error: E) {
    |            `- note: where 'some Predicate<T>' = 'FakePredicate<String>'
 31 |         self.predicate = predicate
 32 |         self.errorBuilder = { _ in return error }
/Users/admin/builder/spi-builder-workspace/Tests/Constraints/Standard/GroupConstraintTests.swift:50:19: error: type 'Any' cannot conform to 'Constraint' [#ProtocolTypeNonConformance]
 48 |         let secondConstraint = PredicateConstraint(predicate, error: FakeError.MissingInput)
 49 |
 50 |         let sut = GroupConstraint(constraints: [firstConstraint, secondConstraint])
    |                   |- error: type 'Any' cannot conform to 'Constraint' [#ProtocolTypeNonConformance]
    |                   |- note: only concrete types such as structs, enums and classes can conform to protocols
    |                   `- note: required by initializer 'init(_:constraints:)' where 'some Constraint<T, E>' = 'Any'
 51 |         let result = sut.evaluate(with: invalidInput)
 52 |
/Users/admin/builder/spi-builder-workspace/Tests/Constraints/Standard/GroupConstraintTests.swift:65:26: error: initializer 'init(_:error:)' requires that 'FakePredicate<String>' conform to 'Predicate'
 63 |     func testAnyOfShouldReturnAnInstanceWithAnArrayOfConstrains() {
 64 |         let predicate = FakePredicate(expected: validInput)
 65 |         let constraint = PredicateConstraint(predicate, error: FakeError.Invalid)
    |                          `- error: initializer 'init(_:error:)' requires that 'FakePredicate<String>' conform to 'Predicate'
 66 |
 67 |         let sut = GroupConstraint(.any, constraints: [constraint])
/Users/admin/builder/spi-builder-workspace/Sources/Constraints/Standard/PredicateConstraint.swift:30:12: note: where 'some Predicate<T>' = 'FakePredicate<String>'
 28 |      - parameter error: An `Error` that describes why the evaluation has failed.
 29 |      */
 30 |     public init(_ predicate: some Predicate<T>, error: E) {
    |            `- note: where 'some Predicate<T>' = 'FakePredicate<String>'
 31 |         self.predicate = predicate
 32 |         self.errorBuilder = { _ in return error }
/Users/admin/builder/spi-builder-workspace/Tests/Constraints/Standard/GroupConstraintTests.swift:67:19: error: type 'Any' cannot conform to 'Constraint' [#ProtocolTypeNonConformance]
 65 |         let constraint = PredicateConstraint(predicate, error: FakeError.Invalid)
 66 |
 67 |         let sut = GroupConstraint(.any, constraints: [constraint])
    |                   |- error: type 'Any' cannot conform to 'Constraint' [#ProtocolTypeNonConformance]
    |                   |- note: only concrete types such as structs, enums and classes can conform to protocols
    |                   `- note: required by initializer 'init(_:constraints:)' where 'some Constraint<T, E>' = 'Any'
 68 |
 69 |         XCTAssertEqual(sut.count, 1)
/Users/admin/builder/spi-builder-workspace/Tests/Constraints/Standard/GroupConstraintTests.swift:74:26: error: initializer 'init(_:error:)' requires that 'FakePredicate<String>' conform to 'Predicate'
 72 |     func testAnyOfShouldReturnAnInstanceWithAListOfConstrains() {
 73 |         let predicate = FakePredicate(expected: validInput)
 74 |         let constraint = PredicateConstraint(predicate, error: FakeError.Invalid)
    |                          `- error: initializer 'init(_:error:)' requires that 'FakePredicate<String>' conform to 'Predicate'
 75 |
 76 |         let sut = GroupConstraint(.any, constraints: [constraint])
/Users/admin/builder/spi-builder-workspace/Sources/Constraints/Standard/PredicateConstraint.swift:30:12: note: where 'some Predicate<T>' = 'FakePredicate<String>'
 28 |      - parameter error: An `Error` that describes why the evaluation has failed.
 29 |      */
 30 |     public init(_ predicate: some Predicate<T>, error: E) {
    |            `- note: where 'some Predicate<T>' = 'FakePredicate<String>'
 31 |         self.predicate = predicate
 32 |         self.errorBuilder = { _ in return error }
/Users/admin/builder/spi-builder-workspace/Tests/Constraints/Standard/GroupConstraintTests.swift:76:19: error: type 'Any' cannot conform to 'Constraint' [#ProtocolTypeNonConformance]
 74 |         let constraint = PredicateConstraint(predicate, error: FakeError.Invalid)
 75 |
 76 |         let sut = GroupConstraint(.any, constraints: [constraint])
    |                   |- error: type 'Any' cannot conform to 'Constraint' [#ProtocolTypeNonConformance]
    |                   |- note: only concrete types such as structs, enums and classes can conform to protocols
    |                   `- note: required by initializer 'init(_:constraints:)' where 'some Constraint<T, E>' = 'Any'
 77 |
 78 |         XCTAssertEqual(sut.count, 1)
/Users/admin/builder/spi-builder-workspace/Tests/Constraints/Standard/GroupConstraintTests.swift:83:31: error: initializer 'init(_:error:)' requires that 'FakePredicate<String>' conform to 'Predicate'
 81 |     func testEvaluateShouldReturnASuccessfulResultWhenAnyOfTheContraintsAreFulfilled() {
 82 |         let predicate = FakePredicate(expected: validInput)
 83 |         let firstConstraint = PredicateConstraint(predicate, error: FakeError.Invalid)
    |                               `- error: initializer 'init(_:error:)' requires that 'FakePredicate<String>' conform to 'Predicate'
 84 |         let secondConstraint = PredicateConstraint(predicate, error: FakeError.MissingInput)
 85 |
/Users/admin/builder/spi-builder-workspace/Sources/Constraints/Standard/PredicateConstraint.swift:30:12: note: where 'some Predicate<T>' = 'FakePredicate<String>'
 28 |      - parameter error: An `Error` that describes why the evaluation has failed.
 29 |      */
 30 |     public init(_ predicate: some Predicate<T>, error: E) {
    |            `- note: where 'some Predicate<T>' = 'FakePredicate<String>'
 31 |         self.predicate = predicate
 32 |         self.errorBuilder = { _ in return error }
/Users/admin/builder/spi-builder-workspace/Tests/Constraints/Standard/GroupConstraintTests.swift:84:32: error: initializer 'init(_:error:)' requires that 'FakePredicate<String>' conform to 'Predicate'
 82 |         let predicate = FakePredicate(expected: validInput)
 83 |         let firstConstraint = PredicateConstraint(predicate, error: FakeError.Invalid)
 84 |         let secondConstraint = PredicateConstraint(predicate, error: FakeError.MissingInput)
    |                                `- error: initializer 'init(_:error:)' requires that 'FakePredicate<String>' conform to 'Predicate'
 85 |
 86 |         let sut = GroupConstraint(.any, constraints: [firstConstraint, secondConstraint])
/Users/admin/builder/spi-builder-workspace/Sources/Constraints/Standard/PredicateConstraint.swift:30:12: note: where 'some Predicate<T>' = 'FakePredicate<String>'
 28 |      - parameter error: An `Error` that describes why the evaluation has failed.
 29 |      */
 30 |     public init(_ predicate: some Predicate<T>, error: E) {
    |            `- note: where 'some Predicate<T>' = 'FakePredicate<String>'
 31 |         self.predicate = predicate
 32 |         self.errorBuilder = { _ in return error }
/Users/admin/builder/spi-builder-workspace/Tests/Constraints/Standard/GroupConstraintTests.swift:86:19: error: type 'Any' cannot conform to 'Constraint' [#ProtocolTypeNonConformance]
 84 |         let secondConstraint = PredicateConstraint(predicate, error: FakeError.MissingInput)
 85 |
 86 |         let sut = GroupConstraint(.any, constraints: [firstConstraint, secondConstraint])
    |                   |- error: type 'Any' cannot conform to 'Constraint' [#ProtocolTypeNonConformance]
    |                   |- note: only concrete types such as structs, enums and classes can conform to protocols
    |                   `- note: required by initializer 'init(_:constraints:)' where 'some Constraint<T, E>' = 'Any'
 87 |         let result = sut.evaluate(with: validInput)
 88 |
/Users/admin/builder/spi-builder-workspace/Tests/Constraints/Standard/GroupConstraintTests.swift:98:31: error: initializer 'init(_:error:)' requires that 'FakePredicate<String>' conform to 'Predicate'
 96 |     func testEvaluateShouldReturnAFailureResultWhenAnyOfTheConstraintsAreFailing() {
 97 |         let predicate = FakePredicate(expected: validInput)
 98 |         let firstConstraint = PredicateConstraint(predicate, error: FakeError.Invalid)
    |                               `- error: initializer 'init(_:error:)' requires that 'FakePredicate<String>' conform to 'Predicate'
 99 |         let secondConstraint = PredicateConstraint(predicate, error: FakeError.MissingInput)
100 |
/Users/admin/builder/spi-builder-workspace/Sources/Constraints/Standard/PredicateConstraint.swift:30:12: note: where 'some Predicate<T>' = 'FakePredicate<String>'
 28 |      - parameter error: An `Error` that describes why the evaluation has failed.
 29 |      */
 30 |     public init(_ predicate: some Predicate<T>, error: E) {
    |            `- note: where 'some Predicate<T>' = 'FakePredicate<String>'
 31 |         self.predicate = predicate
 32 |         self.errorBuilder = { _ in return error }
/Users/admin/builder/spi-builder-workspace/Tests/Constraints/Standard/GroupConstraintTests.swift:99:32: error: initializer 'init(_:error:)' requires that 'FakePredicate<String>' conform to 'Predicate'
 97 |         let predicate = FakePredicate(expected: validInput)
 98 |         let firstConstraint = PredicateConstraint(predicate, error: FakeError.Invalid)
 99 |         let secondConstraint = PredicateConstraint(predicate, error: FakeError.MissingInput)
    |                                `- error: initializer 'init(_:error:)' requires that 'FakePredicate<String>' conform to 'Predicate'
100 |
101 |         let sut = GroupConstraint(.any, constraints: [firstConstraint, secondConstraint])
/Users/admin/builder/spi-builder-workspace/Sources/Constraints/Standard/PredicateConstraint.swift:30:12: note: where 'some Predicate<T>' = 'FakePredicate<String>'
 28 |      - parameter error: An `Error` that describes why the evaluation has failed.
 29 |      */
 30 |     public init(_ predicate: some Predicate<T>, error: E) {
    |            `- note: where 'some Predicate<T>' = 'FakePredicate<String>'
 31 |         self.predicate = predicate
 32 |         self.errorBuilder = { _ in return error }
SwiftCompile normal arm64 /Users/admin/builder/spi-builder-workspace/Tests/Constraints/Standard/GroupConstraintTests.swift (in target 'PeppermintTests-product' from project 'Peppermint')
    cd /Users/admin/builder/spi-builder-workspace/.swiftpm/xcode
    builtin-SwiftPerFileCompile GroupConstraintTests.swift
SwiftCompile normal arm64 /Users/admin/builder/spi-builder-workspace/Tests/Constraints/Standard/OptionalConstraintTests.swift (in target 'PeppermintTests-product' from project 'Peppermint')
    cd /Users/admin/builder/spi-builder-workspace/.swiftpm/xcode
    builtin-SwiftPerFileCompile OptionalConstraintTests.swift
SwiftCompile normal arm64 Compiling\ PredicateConstraintTests.swift,\ RequiredConstraintTests.swift /Users/admin/builder/spi-builder-workspace/Tests/Constraints/Standard/PredicateConstraintTests.swift /Users/admin/builder/spi-builder-workspace/Tests/Constraints/Standard/RequiredConstraintTests.swift (in target 'PeppermintTests-product' from project 'Peppermint')
/Users/admin/builder/spi-builder-workspace/Tests/Constraints/Standard/PredicateConstraintTests.swift:11:19: error: initializer 'init(_:error:)' requires that 'FakePredicate<String>' conform to 'Predicate'
 9 |
10 |     func testEvaluateShouldReturnASuccessfulResultWhenTheInputIsValid() {
11 |         let sut = PredicateConstraint(predicate, error: FakeError.Invalid)
   |                   `- error: initializer 'init(_:error:)' requires that 'FakePredicate<String>' conform to 'Predicate'
12 |         let result = sut.evaluate(with: validInput)
13 |
/Users/admin/builder/spi-builder-workspace/Sources/Constraints/Standard/PredicateConstraint.swift:30:12: note: where 'some Predicate<T>' = 'FakePredicate<String>'
 28 |      - parameter error: An `Error` that describes why the evaluation has failed.
 29 |      */
 30 |     public init(_ predicate: some Predicate<T>, error: E) {
    |            `- note: where 'some Predicate<T>' = 'FakePredicate<String>'
 31 |         self.predicate = predicate
 32 |         self.errorBuilder = { _ in return error }
/Users/admin/builder/spi-builder-workspace/Tests/Constraints/Standard/PredicateConstraintTests.swift:22:19: error: initializer 'init(_:error:)' requires that 'FakePredicate<String>' conform to 'Predicate'
20 |
21 |     func testEvaluateShouldReturnAFailureResultWhenTheInputIsInvalid() {
22 |         let sut = PredicateConstraint(predicate, error: FakeError.Invalid)
   |                   `- error: initializer 'init(_:error:)' requires that 'FakePredicate<String>' conform to 'Predicate'
23 |         let result = sut.evaluate(with: invalidInput)
24 |
/Users/admin/builder/spi-builder-workspace/Sources/Constraints/Standard/PredicateConstraint.swift:30:12: note: where 'some Predicate<T>' = 'FakePredicate<String>'
 28 |      - parameter error: An `Error` that describes why the evaluation has failed.
 29 |      */
 30 |     public init(_ predicate: some Predicate<T>, error: E) {
    |            `- note: where 'some Predicate<T>' = 'FakePredicate<String>'
 31 |         self.predicate = predicate
 32 |         self.errorBuilder = { _ in return error }
/Users/admin/builder/spi-builder-workspace/Tests/Constraints/Standard/PredicateConstraintTests.swift:38:19: error: initializer 'init(_:errorBuilder:)' requires that 'FakePredicate<String>' conform to 'Predicate'
36 |
37 |     func testEvaluateShouldDynamicallyBuildTheErrorWhenInitializedWithErrorBlock() {
38 |         let sut = PredicateConstraint(predicate) { FakeError.Unexpected($0) }
   |                   `- error: initializer 'init(_:errorBuilder:)' requires that 'FakePredicate<String>' conform to 'Predicate'
39 |         let result = sut.evaluate(with: invalidInput)
40 |
/Users/admin/builder/spi-builder-workspace/Sources/Constraints/Standard/PredicateConstraint.swift:48:12: note: where 'some Predicate<T>' = 'FakePredicate<String>'
 46 |      - parameter error: A generic closure that dynamically builds an `Error` to describe why the evaluation has failed.
 47 |      */
 48 |     public init(_ predicate: some Predicate<T>, errorBuilder: @escaping (T) -> E) {
    |            `- note: where 'some Predicate<T>' = 'FakePredicate<String>'
 49 |         self.predicate = predicate
 50 |         self.errorBuilder = errorBuilder
/Users/admin/builder/spi-builder-workspace/Tests/Constraints/Standard/PredicateConstraintTests.swift:49:19: error: initializer 'init(_:errorBuilder:)' requires that 'FakePredicate<String>' conform to 'Predicate'
47 |
48 |     func testEvaluateShouldDynamicallyBuildTheErrorWhenInitialisedWithNoParamErrorBlock() {
49 |         let sut = PredicateConstraint(predicate) { FakeError.Invalid }
   |                   `- error: initializer 'init(_:errorBuilder:)' requires that 'FakePredicate<String>' conform to 'Predicate'
50 |         let result = sut.evaluate(with: invalidInput)
51 |
/Users/admin/builder/spi-builder-workspace/Sources/Constraints/Standard/PredicateConstraint.swift:66:12: note: where 'some Predicate<T>' = 'FakePredicate<String>'
 64 |      - parameter error: A generic closure that dynamically builds an `Error` to describe why the evaluation has failed.
 65 |      */
 66 |     public init(_ predicate: some Predicate<T>, errorBuilder: @escaping () -> E) {
    |            `- note: where 'some Predicate<T>' = 'FakePredicate<String>'
 67 |         self.predicate = predicate
 68 |         self.errorBuilder = { _ in errorBuilder() }
/Users/admin/builder/spi-builder-workspace/Tests/Constraints/Standard/PredicateConstraintTests.swift:60:19: error: initializer 'init(_:errorBuilder:)' requires that 'FakePredicate<String>' conform to 'Predicate'
58 |
59 |     func testEvaluteShouldDynamicallyBuildThePredicateWhenInitialisedWithPredicateBuilderAndErrorBuilder() {
60 |         let sut = PredicateConstraint {
   |                   `- error: initializer 'init(_:errorBuilder:)' requires that 'FakePredicate<String>' conform to 'Predicate'
61 |             self.predicate
62 |         } errorBuilder: {
/Users/admin/builder/spi-builder-workspace/Sources/Constraints/Standard/PredicateConstraint.swift:86:12: note: where 'some Predicate<T>' = 'FakePredicate<String>'
 84 |      - parameter error: A generic closure that dynamically builds an `Error` to describe why the evaluation has failed.
 85 |      */
 86 |     public init(_ predicateBuilder: @escaping () -> some Predicate<T>, errorBuilder: @escaping (T) -> E) {
    |            `- note: where 'some Predicate<T>' = 'FakePredicate<String>'
 87 |         self.predicate = predicateBuilder()
 88 |         self.errorBuilder = errorBuilder
SwiftCompile normal arm64 /Users/admin/builder/spi-builder-workspace/Tests/Constraints/Standard/PredicateConstraintTests.swift (in target 'PeppermintTests-product' from project 'Peppermint')
    cd /Users/admin/builder/spi-builder-workspace/.swiftpm/xcode
    builtin-SwiftPerFileCompile PredicateConstraintTests.swift
SwiftCompile normal arm64 /Users/admin/builder/spi-builder-workspace/Tests/Constraints/Standard/RequiredConstraintTests.swift (in target 'PeppermintTests-product' from project 'Peppermint')
    cd /Users/admin/builder/spi-builder-workspace/.swiftpm/xcode
    builtin-SwiftPerFileCompile RequiredConstraintTests.swift
SwiftCompile normal arm64 Compiling\ RequiredPredicateTests.swift,\ URLPredicateTests.swift /Users/admin/builder/spi-builder-workspace/Tests/Predicates/Standard/RequiredPredicateTests.swift /Users/admin/builder/spi-builder-workspace/Tests/Predicates/Standard/URLPredicateTests.swift (in target 'PeppermintTests-product' from project 'Peppermint')
SwiftCompile normal arm64 /Users/admin/builder/spi-builder-workspace/Tests/Predicates/Standard/RequiredPredicateTests.swift (in target 'PeppermintTests-product' from project 'Peppermint')
    cd /Users/admin/builder/spi-builder-workspace/.swiftpm/xcode
    builtin-SwiftPerFileCompile RequiredPredicateTests.swift
SwiftCompile normal arm64 /Users/admin/builder/spi-builder-workspace/Tests/Predicates/Standard/URLPredicateTests.swift (in target 'PeppermintTests-product' from project 'Peppermint')
    cd /Users/admin/builder/spi-builder-workspace/.swiftpm/xcode
    builtin-SwiftPerFileCompile URLPredicateTests.swift
SwiftCompile normal arm64 Compiling\ FakeError.swift,\ FakePredicate.swift /Users/admin/builder/spi-builder-workspace/Tests/Shared/FakeError.swift /Users/admin/builder/spi-builder-workspace/Tests/Shared/FakePredicate.swift (in target 'PeppermintTests-product' from project 'Peppermint')
/Users/admin/builder/spi-builder-workspace/Tests/Shared/FakePredicate.swift:4:26: error: 'Predicate' is ambiguous for type lookup in this context
 2 | import Peppermint
 3 |
 4 | struct FakePredicate<T>: Predicate where T: Equatable {
   |                          `- error: 'Predicate' is ambiguous for type lookup in this context
 5 |
 6 |     typealias InputType = T
Foundation.Predicate:2:15: note: found this candidate
1 | @available(macOS 14, iOS 17, tvOS 17, watchOS 10, *)
2 | public struct Predicate<each Input> : Sendable {
  |               `- note: found this candidate
3 |     public let expression: any StandardPredicateExpression<Bool>
4 |     public let variable: (repeat PredicateExpressions.Variable<each Input>)
/Users/admin/builder/spi-builder-workspace/Sources/Predicates/Predicate.swift:24:17: note: found this candidate
22 |  ```
23 |  */
24 | public protocol Predicate<InputType>: AsyncPredicate {
   |                 `- note: found this candidate
25 |
26 |     /// A type that provides information about what kind of values the predicate can be evaluated with.
Failed frontend command:
/Applications/Xcode-27.0.0-Release.Candidate.app/Contents/Developer/Toolchains/XcodeDefault.xctoolchain/usr/bin/swift-frontend -frontend -c /Users/admin/builder/spi-builder-workspace/Tests/Constraints/ConstraintBuilderTests.swift /Users/admin/builder/spi-builder-workspace/Tests/Constraints/ContratintTests.swift /Users/admin/builder/spi-builder-workspace/Tests/Constraints/Standard/BlockConstraintTests.swift /Users/admin/builder/spi-builder-workspace/Tests/Constraints/Standard/GroupConstraintTests.swift /Users/admin/builder/spi-builder-workspace/Tests/Constraints/Standard/OptionalConstraintTests.swift /Users/admin/builder/spi-builder-workspace/Tests/Constraints/Standard/PredicateConstraintTests.swift /Users/admin/builder/spi-builder-workspace/Tests/Constraints/Standard/RequiredConstraintTests.swift /Users/admin/builder/spi-builder-workspace/Tests/Constraints/Standard/TypeConstraintTests.swift /Users/admin/builder/spi-builder-workspace/Tests/Constraints/SummaryTests.swift /Users/admin/builder/spi-builder-workspace/Tests/Predicates/AsyncPredicateTests.swift /Users/admin/builder/spi-builder-workspace/Tests/Predicates/Standard/BlockPredicateTests.swift /Users/admin/builder/spi-builder-workspace/Tests/Predicates/Standard/CharacterSetPredicateTests.swift /Users/admin/builder/spi-builder-workspace/Tests/Predicates/Standard/DatePredicateTests.swift /Users/admin/builder/spi-builder-workspace/Tests/Predicates/Standard/EmailPredicateTests.swift /Users/admin/builder/spi-builder-workspace/Tests/Predicates/Standard/LengthPredicateTests.swift /Users/admin/builder/spi-builder-workspace/Tests/Predicates/Standard/RangePredicateTests.swift /Users/admin/builder/spi-builder-workspace/Tests/Predicates/Standard/RegexPredicateTests.swift /Users/admin/builder/spi-builder-workspace/Tests/Predicates/Standard/RequiredPredicateTests.swift /Users/admin/builder/spi-builder-workspace/Tests/Predicates/Standard/URLPredicateTests.swift -primary-file /Users/admin/builder/spi-builder-workspace/Tests/Shared/FakeError.swift -primary-file /Users/admin/builder/spi-builder-workspace/Tests/Shared/FakePredicate.swift -emit-dependencies-path /Users/admin/builder/spi-builder-workspace/.derivedData/Build/Intermediates.noindex/Peppermint.build/Debug-xros/PeppermintTests-p.build/Objects-normal/arm64/FakeError.d -emit-const-values-path /Users/admin/builder/spi-builder-workspace/.derivedData/Build/Intermediates.noindex/Peppermint.build/Debug-xros/PeppermintTests-p.build/Objects-normal/arm64/FakeError.swiftconstvalues -emit-reference-dependencies-path /Users/admin/builder/spi-builder-workspace/.derivedData/Build/Intermediates.noindex/Peppermint.build/Debug-xros/PeppermintTests-p.build/Objects-normal/arm64/FakeError.swiftdeps -serialize-diagnostics-path /Users/admin/builder/spi-builder-workspace/.derivedData/Build/Intermediates.noindex/Peppermint.build/Debug-xros/PeppermintTests-p.build/Objects-normal/arm64/FakeError.dia -emit-dependencies-path /Users/admin/builder/spi-builder-workspace/.derivedData/Build/Intermediates.noindex/Peppermint.build/Debug-xros/PeppermintTests-p.build/Objects-normal/arm64/FakePredicate.d -emit-const-values-path /Users/admin/builder/spi-builder-workspace/.derivedData/Build/Intermediates.noindex/Peppermint.build/Debug-xros/PeppermintTests-p.build/Objects-normal/arm64/FakePredicate.swiftconstvalues -emit-reference-dependencies-path /Users/admin/builder/spi-builder-workspace/.derivedData/Build/Intermediates.noindex/Peppermint.build/Debug-xros/PeppermintTests-p.build/Objects-normal/arm64/FakePredicate.swiftdeps -serialize-diagnostics-path /Users/admin/builder/spi-builder-workspace/.derivedData/Build/Intermediates.noindex/Peppermint.build/Debug-xros/PeppermintTests-p.build/Objects-normal/arm64/FakePredicate.dia -target arm64-apple-xros1.0 -Xllvm -aarch64-use-tbi -enable-objc-interop -stack-check -sdk /Applications/Xcode-27.0.0-Release.Candidate.app/Contents/Developer/Platforms/XROS.platform/Developer/SDKs/XROS27.0.sdk -I /Users/admin/builder/spi-builder-workspace/.derivedData/Build/Products/Debug-xros -Isystem /Applications/Xcode-27.0.0-Release.Candidate.app/Contents/Developer/Platforms/XROS.platform/Developer/usr/lib -F /Users/admin/builder/spi-builder-workspace/.derivedData/Build/Products/Debug-xros/PackageFrameworks -F /Users/admin/builder/spi-builder-workspace/.derivedData/Build/Products/Debug-xros -F /Applications/Xcode-27.0.0-Release.Candidate.app/Contents/Developer/Platforms/XROS.platform/Developer/Library/Frameworks -F /Applications/Xcode-27.0.0-Release.Candidate.app/Contents/Developer/Platforms/XROS.platform/Developer/SDKs/XROS27.0.sdk/Developer/Library/Frameworks -module-cache-path /Users/admin/builder/spi-builder-workspace/.derivedData/ModuleCache.noindex -no-color-diagnostics -Xcc -fno-color-diagnostics -enable-testing -g -debug-info-format\=dwarf -dwarf-version\=4 -profile-generate -profile-coverage-mapping -swift-version 4.2 -Onone -D SWIFT_PACKAGE -D DEBUG -D Xcode -serialize-debugging-options -enable-experimental-feature DebugDescriptionMacro -empty-abi-descriptor -plugin-path /Applications/Xcode-27.0.0-Release.Candidate.app/Contents/Developer/Toolchains/XcodeDefault.xctoolchain/usr/lib/swift/host/plugins/testing -validate-clang-modules-once -clang-build-session-file /Users/admin/builder/spi-builder-workspace/.derivedData/ModuleCache.noindex/Session.modulevalidation -Xcc -working-directory -Xcc /Users/admin/builder/spi-builder-workspace/.swiftpm/xcode -enable-anonymous-context-mangled-names -file-compilation-dir /Users/admin/builder/spi-builder-workspace/.swiftpm/xcode -Xcc -D_LIBCPP_HARDENING_MODE\=_LIBCPP_HARDENING_MODE_DEBUG -Xcc -ivfsstatcache -Xcc /Users/admin/builder/spi-builder-workspace/.derivedData/SDKStatCaches.noindex/xros27.0-24M361-e829b21a6f8c9b70876ba0858053c044735bd543db762f57723cac368afd1ce4.sdkstatcache -Xcc -fmodules-prune-interval\=86400 -Xcc -fmodules-prune-after\=345600 -Xcc -I/Users/admin/builder/spi-builder-workspace/.derivedData/Build/Products/Debug-xros/include -Xcc -I/Users/admin/builder/spi-builder-workspace/.derivedData/Build/Intermediates.noindex/Peppermint.build/Debug-xros/PeppermintTests-p.build/DerivedSources-normal/arm64 -Xcc -I/Users/admin/builder/spi-builder-workspace/.derivedData/Build/Intermediates.noindex/Peppermint.build/Debug-xros/PeppermintTests-p.build/DerivedSources/arm64 -Xcc -I/Users/admin/builder/spi-builder-workspace/.derivedData/Build/Intermediates.noindex/Peppermint.build/Debug-xros/PeppermintTests-p.build/DerivedSources -Xcc -DSWIFT_PACKAGE -Xcc -DDEBUG\=1 -no-auto-bridging-header-chaining -module-name PeppermintTests -const-gather-protocols-file /Users/admin/builder/spi-builder-workspace/.derivedData/Build/Intermediates.noindex/Peppermint.build/Debug-xros/PeppermintTests-p.build/Objects-normal/arm64/PeppermintTests_const_extract_protocols.json -disable-clang-spi -target-sdk-version 27.0 -target-sdk-name xros27.0 -external-plugin-path /Applications/Xcode-27.0.0-Release.Candidate.app/Contents/Developer/Platforms/XROS.platform/Developer/usr/lib/swift/host/plugins\#/Applications/Xcode-27.0.0-Release.Candidate.app/Contents/Developer/Platforms/XROS.platform/Developer/usr/bin/swift-plugin-server -external-plugin-path /Applications/Xcode-27.0.0-Release.Candidate.app/Contents/Developer/Platforms/XROS.platform/Developer/usr/local/lib/swift/host/plugins\#/Applications/Xcode-27.0.0-Release.Candidate.app/Contents/Developer/Platforms/XROS.platform/Developer/usr/bin/swift-plugin-server -in-process-plugin-server-path /Applications/Xcode-27.0.0-Release.Candidate.app/Contents/Developer/Toolchains/XcodeDefault.xctoolchain/usr/lib/swift/host/libSwiftInProcPluginServer.dylib -plugin-path /Applications/Xcode-27.0.0-Release.Candidate.app/Contents/Developer/Toolchains/XcodeDefault.xctoolchain/usr/lib/swift/host/plugins -plugin-path /Applications/Xcode-27.0.0-Release.Candidate.app/Contents/Developer/Toolchains/XcodeDefault.xctoolchain/usr/local/lib/swift/host/plugins -parse-as-library -o /Users/admin/builder/spi-builder-workspace/.derivedData/Build/Intermediates.noindex/Peppermint.build/Debug-xros/PeppermintTests-p.build/Objects-normal/arm64/FakeError.o -o /Users/admin/builder/spi-builder-workspace/.derivedData/Build/Intermediates.noindex/Peppermint.build/Debug-xros/PeppermintTests-p.build/Objects-normal/arm64/FakePredicate.o -index-unit-output-path /Peppermint.build/Debug-xros/PeppermintTests-p.build/Objects-normal/arm64/FakeError.o -index-unit-output-path /Peppermint.build/Debug-xros/PeppermintTests-p.build/Objects-normal/arm64/FakePredicate.o -index-store-path /Users/admin/builder/spi-builder-workspace/.derivedData/Index.noindex/DataStore -index-system-modules
SwiftCompile normal arm64 /Users/admin/builder/spi-builder-workspace/Tests/Shared/FakeError.swift (in target 'PeppermintTests-product' from project 'Peppermint')
    cd /Users/admin/builder/spi-builder-workspace/.swiftpm/xcode
    builtin-SwiftPerFileCompile FakeError.swift
SwiftCompile normal arm64 /Users/admin/builder/spi-builder-workspace/Tests/Shared/FakePredicate.swift (in target 'PeppermintTests-product' from project 'Peppermint')
    cd /Users/admin/builder/spi-builder-workspace/.swiftpm/xcode
    builtin-SwiftPerFileCompile FakePredicate.swift
SwiftCompile normal arm64 Compiling\ RangePredicateTests.swift,\ RegexPredicateTests.swift /Users/admin/builder/spi-builder-workspace/Tests/Predicates/Standard/RangePredicateTests.swift /Users/admin/builder/spi-builder-workspace/Tests/Predicates/Standard/RegexPredicateTests.swift (in target 'PeppermintTests-product' from project 'Peppermint')
SwiftCompile normal arm64 /Users/admin/builder/spi-builder-workspace/Tests/Predicates/Standard/RangePredicateTests.swift (in target 'PeppermintTests-product' from project 'Peppermint')
    cd /Users/admin/builder/spi-builder-workspace/.swiftpm/xcode
    builtin-SwiftPerFileCompile RangePredicateTests.swift
SwiftCompile normal arm64 /Users/admin/builder/spi-builder-workspace/Tests/Predicates/Standard/RegexPredicateTests.swift (in target 'PeppermintTests-product' from project 'Peppermint')
    cd /Users/admin/builder/spi-builder-workspace/.swiftpm/xcode
    builtin-SwiftPerFileCompile RegexPredicateTests.swift
SwiftEmitModule normal arm64 Emitting\ module\ for\ PeppermintTests (in target 'PeppermintTests-product' from project 'Peppermint')
SwiftCompile normal arm64 (in target 'PeppermintTests-product' from project 'Peppermint')
    cd /Users/admin/builder/spi-builder-workspace/.swiftpm/xcode

PruneExplicitPrecompiledModules /Users/admin/builder/spi-builder-workspace/.derivedData/Build/Intermediates.noindex/ExplicitPrecompiledModules
PruneExplicitPrecompiledModules /Users/admin/builder/spi-builder-workspace/.derivedData/Build/Intermediates.noindex/SwiftExplicitPrecompiledModules
PruneExplicitPrecompiledModules /Users/admin/builder/spi-builder-workspace/.derivedData/SDKExplicitPrecompiledModules
2026-09-18 15:39:23.244 xcodebuild[717:4752] [MT] IDERunDestination: Supported platforms for the buildables in the current scheme is empty.
2026-09-18 15:39:23.345 xcodebuild[717:4752] [MT] IDERunDestination: Supported platforms for the buildables in the current scheme is empty.
** BUILD FAILED **
The following build commands failed:
	SwiftCompile normal arm64 Compiling\ FakeError.swift,\ FakePredicate.swift /Users/admin/builder/spi-builder-workspace/Tests/Shared/FakeError.swift /Users/admin/builder/spi-builder-workspace/Tests/Shared/FakePredicate.swift (in target 'PeppermintTests-product' from project 'Peppermint')
	SwiftCompile normal arm64 /Users/admin/builder/spi-builder-workspace/Tests/Shared/FakePredicate.swift (in target 'PeppermintTests-product' from project 'Peppermint')
	Building workspace Peppermint with scheme Peppermint
(3 failures)
BUILD FAILURE 6.4 visionOS