Build Information
Failed to build Lightning, reference master (e2649a), with Swift 6.4 for watchOS using Xcode 27.0 on 16 Sep 2026 06:31:11 UTC.
Build Command
No build command. This typically means the build failed at an early stage where we determine the build command.Build Log
========================================
RunAll
========================================
Builder version: 5.1.0
Interrupt handler set up.
========================================
Checkout
========================================
Clone URL: https://github.com/skylab-inc/lightning.git
Reference: master
Initialized empty Git repository in /Users/admin/builder/spi-builder-workspace/.git/
From https://github.com/skylab-inc/lightning
* branch master -> FETCH_HEAD
* [new branch] master -> origin/master
HEAD is now at e2649af Refactored and added more tests
Cloned https://github.com/skylab-inc/lightning.git
Revision (git rev-parse @):
e2649af0c70347ee0d4a7d863b8e86e8c98136f8
SUCCESS checkout https://github.com/skylab-inc/lightning.git at master
========================================
Build
========================================
Selected platform: watchOS
Swift version: 6.4
Building package at path: $PWD
https://github.com/skylab-inc/lightning.git
Command line invocation:
/Applications/Xcode-27.0.0-Release.Candidate.app/Contents/Developer/usr/bin/xcodebuild -IDEClonedSourcePackagesDirPathOverride=/Users/admin/builder/spi-builder-workspace/.dependencies -resolvePackageDependencies
Resolve Package Graph
Fetching from https://github.com/crossroadlabs/Regex.git
Fetching from https://github.com/skylab-inc/PathToRegex.git
the Swift tools version specification is possibly missing a version specifier; consider using '// swift-tools-version: 6.4' to specify the current Swift toolchain version as the lowest Swift version supported by the project in https://github.com/skylab-inc/PathToRegex.gitResolve Package Graph
Updating from https://github.com/crossroadlabs/Regex.git
Updating from https://github.com/skylab-inc/PathToRegex.git
the Swift tools version specification is possibly missing a version specifier; consider using '// swift-tools-version: 6.4' to specify the current Swift toolchain version as the lowest Swift version supported by the project in https://github.com/skylab-inc/PathToRegex.gitResolve Package Graph
Updating from https://github.com/crossroadlabs/Regex.git
Updating from https://github.com/skylab-inc/PathToRegex.git
the Swift tools version specification is possibly missing a version specifier; consider using '// swift-tools-version: 6.4' to specify the current Swift toolchain version as the lowest Swift version supported by the project in https://github.com/skylab-inc/PathToRegex.gitResolve Package Graph
Updating from https://github.com/crossroadlabs/Regex.git
Updating from https://github.com/skylab-inc/PathToRegex.git
the Swift tools version specification is possibly missing a version specifier; consider using '// swift-tools-version: 6.4' to specify the current Swift toolchain version as the lowest Swift version supported by the project in https://github.com/skylab-inc/PathToRegex.git
Resolved source packages:
spi-builder-workspace: (null)
2026-09-16 02:31:09.004 xcodebuild[529:3041] Writing error result bundle to /var/folders/xq/y_g06wb113726d38xsyx71_h0000gn/T/ResultBundle_2026-16-09_02-31-0009.xcresult
xcodebuild: error: Could not resolve package dependencies:
the Swift tools version specification is possibly missing a version specifier; consider using '// swift-tools-version: 6.4' to specify the current Swift toolchain version as the lowest Swift version supported by the project in https://github.com/skylab-inc/PathToRegex.git
Command line invocation:
/Applications/Xcode-27.0.0-Release.Candidate.app/Contents/Developer/usr/bin/xcodebuild -IDEClonedSourcePackagesDirPathOverride=/Users/admin/builder/spi-builder-workspace/.dependencies -resolvePackageDependencies
Resolve Package Graph
Updating from https://github.com/crossroadlabs/Regex.git
Updating from https://github.com/skylab-inc/PathToRegex.git
the Swift tools version specification is possibly missing a version specifier; consider using '// swift-tools-version: 6.4' to specify the current Swift toolchain version as the lowest Swift version supported by the project in https://github.com/skylab-inc/PathToRegex.git
Resolved source packages:
spi-builder-workspace: (null)
2026-09-16 02:31:11.166 xcodebuild[691:3972] Writing error result bundle to /var/folders/xq/y_g06wb113726d38xsyx71_h0000gn/T/ResultBundle_2026-16-09_02-31-0011.xcresult
xcodebuild: error: Could not resolve package dependencies:
the Swift tools version specification is possibly missing a version specifier; consider using '// swift-tools-version: 6.4' to specify the current Swift toolchain version as the lowest Swift version supported by the project in https://github.com/skylab-inc/PathToRegex.git
BUILD FAILURE 6.4 watchOS