The Swift Package Index logo.Swift Package Index

Build Information

Failed to build AsyncMultiplexImage, reference main (6bec01), with Swift 6.4 for watchOS using Xcode 27.0 on 28 Sep 2026 04:16:46 UTC.

Build Command

env DEVELOPER_DIR=/Applications/Xcode-27.0.0-Release.Candidate.app xcrun xcodebuild -IDEClonedSourcePackagesDirPathOverride=$PWD/.dependencies -skipMacroValidation -skipPackagePluginValidation -derivedDataPath $PWD/.derivedData build -scheme AsyncMultiplexImage-Package -destination generic/platform=watchOS

Build Log

WriteAuxiliaryFile /Users/admin/builder/spi-builder-workspace/.derivedData/Build/Intermediates.noindex/AsyncMultiplexImage.build/Debug-watchos/AsyncMultiplexImage-t.build/Objects-normal/arm64_32/AsyncMultiplexImage-OutputFileMap.json (in target 'AsyncMultiplexImage' from project 'AsyncMultiplexImage')
    cd /Users/admin/builder/spi-builder-workspace
    write-file /Users/admin/builder/spi-builder-workspace/.derivedData/Build/Intermediates.noindex/AsyncMultiplexImage.build/Debug-watchos/AsyncMultiplexImage-t.build/Objects-normal/arm64_32/AsyncMultiplexImage-OutputFileMap.json
WriteAuxiliaryFile /Users/admin/builder/spi-builder-workspace/.derivedData/Build/Intermediates.noindex/AsyncMultiplexImage.build/Debug-watchos/AsyncMultiplexImage-t.build/Objects-normal/arm64/AsyncMultiplexImage_const_extract_protocols.json (in target 'AsyncMultiplexImage' from project 'AsyncMultiplexImage')
    cd /Users/admin/builder/spi-builder-workspace
    write-file /Users/admin/builder/spi-builder-workspace/.derivedData/Build/Intermediates.noindex/AsyncMultiplexImage.build/Debug-watchos/AsyncMultiplexImage-t.build/Objects-normal/arm64/AsyncMultiplexImage_const_extract_protocols.json
Copy /Users/admin/builder/spi-builder-workspace/.derivedData/Build/Intermediates.noindex/GeneratedModuleMaps-watchos/Nuke.modulemap /Users/admin/builder/spi-builder-workspace/.derivedData/Build/Intermediates.noindex/Nuke.build/Debug-watchos/Nuke-t.build/Nuke.modulemap (in target 'Nuke' from project 'Nuke')
    cd /Users/admin/builder/spi-builder-workspace/.dependencies/checkouts/Nuke
    builtin-copy -exclude .DS_Store -exclude CVS -exclude .svn -exclude .git -exclude .hg -resolve-src-symlinks /Users/admin/builder/spi-builder-workspace/.derivedData/Build/Intermediates.noindex/Nuke.build/Debug-watchos/Nuke-t.build/Nuke.modulemap /Users/admin/builder/spi-builder-workspace/.derivedData/Build/Intermediates.noindex/GeneratedModuleMaps-watchos
WriteAuxiliaryFile /Users/admin/builder/spi-builder-workspace/.derivedData/Build/Intermediates.noindex/AsyncMultiplexImage.build/Debug-watchos/AsyncMultiplexImage-t.build/Objects-normal/arm64/AsyncMultiplexImage.SwiftFileList (in target 'AsyncMultiplexImage' from project 'AsyncMultiplexImage')
    cd /Users/admin/builder/spi-builder-workspace
    write-file /Users/admin/builder/spi-builder-workspace/.derivedData/Build/Intermediates.noindex/AsyncMultiplexImage.build/Debug-watchos/AsyncMultiplexImage-t.build/Objects-normal/arm64/AsyncMultiplexImage.SwiftFileList
WriteAuxiliaryFile /Users/admin/builder/spi-builder-workspace/.derivedData/Build/Intermediates.noindex/AsyncMultiplexImage.build/Debug-watchos/AsyncMultiplexImage-t.build/Objects-normal/arm64/AsyncMultiplexImage.SwiftConstValuesFileList (in target 'AsyncMultiplexImage' from project 'AsyncMultiplexImage')
    cd /Users/admin/builder/spi-builder-workspace
    write-file /Users/admin/builder/spi-builder-workspace/.derivedData/Build/Intermediates.noindex/AsyncMultiplexImage.build/Debug-watchos/AsyncMultiplexImage-t.build/Objects-normal/arm64/AsyncMultiplexImage.SwiftConstValuesFileList
WriteAuxiliaryFile /Users/admin/builder/spi-builder-workspace/.derivedData/Build/Intermediates.noindex/AsyncMultiplexImage.build/Debug-watchos/AsyncMultiplexImage-t.build/Objects-normal/arm64/AsyncMultiplexImage.LinkFileList (in target 'AsyncMultiplexImage' from project 'AsyncMultiplexImage')
    cd /Users/admin/builder/spi-builder-workspace
    write-file /Users/admin/builder/spi-builder-workspace/.derivedData/Build/Intermediates.noindex/AsyncMultiplexImage.build/Debug-watchos/AsyncMultiplexImage-t.build/Objects-normal/arm64/AsyncMultiplexImage.LinkFileList
WriteAuxiliaryFile /Users/admin/builder/spi-builder-workspace/.derivedData/Build/Intermediates.noindex/AsyncMultiplexImage.build/Debug-watchos/AsyncMultiplexImage-t.build/Objects-normal/arm64/AsyncMultiplexImage-OutputFileMap.json (in target 'AsyncMultiplexImage' from project 'AsyncMultiplexImage')
    cd /Users/admin/builder/spi-builder-workspace
    write-file /Users/admin/builder/spi-builder-workspace/.derivedData/Build/Intermediates.noindex/AsyncMultiplexImage.build/Debug-watchos/AsyncMultiplexImage-t.build/Objects-normal/arm64/AsyncMultiplexImage-OutputFileMap.json
WriteAuxiliaryFile /Users/admin/builder/spi-builder-workspace/.derivedData/Build/Intermediates.noindex/AsyncMultiplexImage.build/Debug-watchos/AsyncMultiplexImage-t.build/AsyncMultiplexImage.modulemap (in target 'AsyncMultiplexImage' from project 'AsyncMultiplexImage')
    cd /Users/admin/builder/spi-builder-workspace
    write-file /Users/admin/builder/spi-builder-workspace/.derivedData/Build/Intermediates.noindex/AsyncMultiplexImage.build/Debug-watchos/AsyncMultiplexImage-t.build/AsyncMultiplexImage.modulemap
WriteAuxiliaryFile /Users/admin/builder/spi-builder-workspace/.derivedData/Build/Intermediates.noindex/AsyncMultiplexImage.build/Debug-watchos/AsyncMultiplexImage-t.build/AsyncMultiplexImage.DependencyStaticMetadataFileList (in target 'AsyncMultiplexImage' from project 'AsyncMultiplexImage')
    cd /Users/admin/builder/spi-builder-workspace
    write-file /Users/admin/builder/spi-builder-workspace/.derivedData/Build/Intermediates.noindex/AsyncMultiplexImage.build/Debug-watchos/AsyncMultiplexImage-t.build/AsyncMultiplexImage.DependencyStaticMetadataFileList
WriteAuxiliaryFile /Users/admin/builder/spi-builder-workspace/.derivedData/Build/Intermediates.noindex/AsyncMultiplexImage.build/Debug-watchos/AsyncMultiplexImage-t.build/AsyncMultiplexImage.DependencyMetadataFileList (in target 'AsyncMultiplexImage' from project 'AsyncMultiplexImage')
    cd /Users/admin/builder/spi-builder-workspace
    write-file /Users/admin/builder/spi-builder-workspace/.derivedData/Build/Intermediates.noindex/AsyncMultiplexImage.build/Debug-watchos/AsyncMultiplexImage-t.build/AsyncMultiplexImage.DependencyMetadataFileList
WriteAuxiliaryFile /Users/admin/builder/spi-builder-workspace/.derivedData/Build/Intermediates.noindex/AsyncMultiplexImage.build/Debug-watchos/AsyncMultiplexImage-Nuke-t.build/Objects-normal/arm64_32/AsyncMultiplexImage-Nuke_const_extract_protocols.json (in target 'AsyncMultiplexImage-Nuke' from project 'AsyncMultiplexImage')
    cd /Users/admin/builder/spi-builder-workspace
    write-file /Users/admin/builder/spi-builder-workspace/.derivedData/Build/Intermediates.noindex/AsyncMultiplexImage.build/Debug-watchos/AsyncMultiplexImage-Nuke-t.build/Objects-normal/arm64_32/AsyncMultiplexImage-Nuke_const_extract_protocols.json
WriteAuxiliaryFile /Users/admin/builder/spi-builder-workspace/.derivedData/Build/Intermediates.noindex/AsyncMultiplexImage.build/Debug-watchos/AsyncMultiplexImage-Nuke-t.build/Objects-normal/arm64_32/AsyncMultiplexImage-Nuke.SwiftFileList (in target 'AsyncMultiplexImage-Nuke' from project 'AsyncMultiplexImage')
    cd /Users/admin/builder/spi-builder-workspace
    write-file /Users/admin/builder/spi-builder-workspace/.derivedData/Build/Intermediates.noindex/AsyncMultiplexImage.build/Debug-watchos/AsyncMultiplexImage-Nuke-t.build/Objects-normal/arm64_32/AsyncMultiplexImage-Nuke.SwiftFileList
WriteAuxiliaryFile /Users/admin/builder/spi-builder-workspace/.derivedData/Build/Intermediates.noindex/AsyncMultiplexImage.build/Debug-watchos/AsyncMultiplexImage-Nuke-t.build/Objects-normal/arm64_32/AsyncMultiplexImage-Nuke.SwiftConstValuesFileList (in target 'AsyncMultiplexImage-Nuke' from project 'AsyncMultiplexImage')
    cd /Users/admin/builder/spi-builder-workspace
    write-file /Users/admin/builder/spi-builder-workspace/.derivedData/Build/Intermediates.noindex/AsyncMultiplexImage.build/Debug-watchos/AsyncMultiplexImage-Nuke-t.build/Objects-normal/arm64_32/AsyncMultiplexImage-Nuke.SwiftConstValuesFileList
WriteAuxiliaryFile /Users/admin/builder/spi-builder-workspace/.derivedData/Build/Intermediates.noindex/AsyncMultiplexImage.build/Debug-watchos/AsyncMultiplexImage-Nuke-t.build/Objects-normal/arm64_32/AsyncMultiplexImage-Nuke.LinkFileList (in target 'AsyncMultiplexImage-Nuke' from project 'AsyncMultiplexImage')
    cd /Users/admin/builder/spi-builder-workspace
    write-file /Users/admin/builder/spi-builder-workspace/.derivedData/Build/Intermediates.noindex/AsyncMultiplexImage.build/Debug-watchos/AsyncMultiplexImage-Nuke-t.build/Objects-normal/arm64_32/AsyncMultiplexImage-Nuke.LinkFileList
WriteAuxiliaryFile /Users/admin/builder/spi-builder-workspace/.derivedData/Build/Intermediates.noindex/AsyncMultiplexImage.build/Debug-watchos/AsyncMultiplexImage-Nuke-t.build/Objects-normal/arm64_32/AsyncMultiplexImage-Nuke-OutputFileMap.json (in target 'AsyncMultiplexImage-Nuke' from project 'AsyncMultiplexImage')
    cd /Users/admin/builder/spi-builder-workspace
    write-file /Users/admin/builder/spi-builder-workspace/.derivedData/Build/Intermediates.noindex/AsyncMultiplexImage.build/Debug-watchos/AsyncMultiplexImage-Nuke-t.build/Objects-normal/arm64_32/AsyncMultiplexImage-Nuke-OutputFileMap.json
Copy /Users/admin/builder/spi-builder-workspace/.derivedData/Build/Intermediates.noindex/GeneratedModuleMaps-watchos/AsyncMultiplexImage.modulemap /Users/admin/builder/spi-builder-workspace/.derivedData/Build/Intermediates.noindex/AsyncMultiplexImage.build/Debug-watchos/AsyncMultiplexImage-t.build/AsyncMultiplexImage.modulemap (in target 'AsyncMultiplexImage' from project 'AsyncMultiplexImage')
    cd /Users/admin/builder/spi-builder-workspace
    builtin-copy -exclude .DS_Store -exclude CVS -exclude .svn -exclude .git -exclude .hg -resolve-src-symlinks /Users/admin/builder/spi-builder-workspace/.derivedData/Build/Intermediates.noindex/AsyncMultiplexImage.build/Debug-watchos/AsyncMultiplexImage-t.build/AsyncMultiplexImage.modulemap /Users/admin/builder/spi-builder-workspace/.derivedData/Build/Intermediates.noindex/GeneratedModuleMaps-watchos
WriteAuxiliaryFile /Users/admin/builder/spi-builder-workspace/.derivedData/Build/Intermediates.noindex/AsyncMultiplexImage.build/Debug-watchos/AsyncMultiplexImage-Nuke-t.build/Objects-normal/arm64/AsyncMultiplexImage-Nuke_const_extract_protocols.json (in target 'AsyncMultiplexImage-Nuke' from project 'AsyncMultiplexImage')
    cd /Users/admin/builder/spi-builder-workspace
    write-file /Users/admin/builder/spi-builder-workspace/.derivedData/Build/Intermediates.noindex/AsyncMultiplexImage.build/Debug-watchos/AsyncMultiplexImage-Nuke-t.build/Objects-normal/arm64/AsyncMultiplexImage-Nuke_const_extract_protocols.json
WriteAuxiliaryFile /Users/admin/builder/spi-builder-workspace/.derivedData/Build/Intermediates.noindex/AsyncMultiplexImage.build/Debug-watchos/AsyncMultiplexImage-Nuke-t.build/Objects-normal/arm64/AsyncMultiplexImage-Nuke.SwiftConstValuesFileList (in target 'AsyncMultiplexImage-Nuke' from project 'AsyncMultiplexImage')
    cd /Users/admin/builder/spi-builder-workspace
    write-file /Users/admin/builder/spi-builder-workspace/.derivedData/Build/Intermediates.noindex/AsyncMultiplexImage.build/Debug-watchos/AsyncMultiplexImage-Nuke-t.build/Objects-normal/arm64/AsyncMultiplexImage-Nuke.SwiftConstValuesFileList
WriteAuxiliaryFile /Users/admin/builder/spi-builder-workspace/.derivedData/Build/Intermediates.noindex/AsyncMultiplexImage.build/Debug-watchos/AsyncMultiplexImage-Nuke-t.build/Objects-normal/arm64/AsyncMultiplexImage-Nuke.SwiftFileList (in target 'AsyncMultiplexImage-Nuke' from project 'AsyncMultiplexImage')
    cd /Users/admin/builder/spi-builder-workspace
    write-file /Users/admin/builder/spi-builder-workspace/.derivedData/Build/Intermediates.noindex/AsyncMultiplexImage.build/Debug-watchos/AsyncMultiplexImage-Nuke-t.build/Objects-normal/arm64/AsyncMultiplexImage-Nuke.SwiftFileList
WriteAuxiliaryFile /Users/admin/builder/spi-builder-workspace/.derivedData/Build/Intermediates.noindex/AsyncMultiplexImage.build/Debug-watchos/AsyncMultiplexImage-Nuke-t.build/Objects-normal/arm64/AsyncMultiplexImage-Nuke.LinkFileList (in target 'AsyncMultiplexImage-Nuke' from project 'AsyncMultiplexImage')
    cd /Users/admin/builder/spi-builder-workspace
    write-file /Users/admin/builder/spi-builder-workspace/.derivedData/Build/Intermediates.noindex/AsyncMultiplexImage.build/Debug-watchos/AsyncMultiplexImage-Nuke-t.build/Objects-normal/arm64/AsyncMultiplexImage-Nuke.LinkFileList
WriteAuxiliaryFile /Users/admin/builder/spi-builder-workspace/.derivedData/Build/Intermediates.noindex/AsyncMultiplexImage.build/Debug-watchos/AsyncMultiplexImage-Nuke-t.build/Objects-normal/arm64/AsyncMultiplexImage-Nuke-OutputFileMap.json (in target 'AsyncMultiplexImage-Nuke' from project 'AsyncMultiplexImage')
    cd /Users/admin/builder/spi-builder-workspace
    write-file /Users/admin/builder/spi-builder-workspace/.derivedData/Build/Intermediates.noindex/AsyncMultiplexImage.build/Debug-watchos/AsyncMultiplexImage-Nuke-t.build/Objects-normal/arm64/AsyncMultiplexImage-Nuke-OutputFileMap.json
WriteAuxiliaryFile /Users/admin/builder/spi-builder-workspace/.derivedData/Build/Intermediates.noindex/AsyncMultiplexImage.build/Debug-watchos/AsyncMultiplexImage-Nuke-t.build/AsyncMultiplexImage-Nuke.modulemap (in target 'AsyncMultiplexImage-Nuke' from project 'AsyncMultiplexImage')
    cd /Users/admin/builder/spi-builder-workspace
    write-file /Users/admin/builder/spi-builder-workspace/.derivedData/Build/Intermediates.noindex/AsyncMultiplexImage.build/Debug-watchos/AsyncMultiplexImage-Nuke-t.build/AsyncMultiplexImage-Nuke.modulemap
WriteAuxiliaryFile /Users/admin/builder/spi-builder-workspace/.derivedData/Build/Intermediates.noindex/AsyncMultiplexImage.build/Debug-watchos/AsyncMultiplexImage-Nuke-t.build/AsyncMultiplexImage-Nuke.DependencyStaticMetadataFileList (in target 'AsyncMultiplexImage-Nuke' from project 'AsyncMultiplexImage')
    cd /Users/admin/builder/spi-builder-workspace
    write-file /Users/admin/builder/spi-builder-workspace/.derivedData/Build/Intermediates.noindex/AsyncMultiplexImage.build/Debug-watchos/AsyncMultiplexImage-Nuke-t.build/AsyncMultiplexImage-Nuke.DependencyStaticMetadataFileList
WriteAuxiliaryFile /Users/admin/builder/spi-builder-workspace/.derivedData/Build/Intermediates.noindex/AsyncMultiplexImage.build/Debug-watchos/AsyncMultiplexImage-Nuke-t.build/AsyncMultiplexImage-Nuke.DependencyMetadataFileList (in target 'AsyncMultiplexImage-Nuke' from project 'AsyncMultiplexImage')
    cd /Users/admin/builder/spi-builder-workspace
    write-file /Users/admin/builder/spi-builder-workspace/.derivedData/Build/Intermediates.noindex/AsyncMultiplexImage.build/Debug-watchos/AsyncMultiplexImage-Nuke-t.build/AsyncMultiplexImage-Nuke.DependencyMetadataFileList
Copy /Users/admin/builder/spi-builder-workspace/.derivedData/Build/Intermediates.noindex/GeneratedModuleMaps-watchos/AsyncMultiplexImage-Nuke.modulemap /Users/admin/builder/spi-builder-workspace/.derivedData/Build/Intermediates.noindex/AsyncMultiplexImage.build/Debug-watchos/AsyncMultiplexImage-Nuke-t.build/AsyncMultiplexImage-Nuke.modulemap (in target 'AsyncMultiplexImage-Nuke' from project 'AsyncMultiplexImage')
    cd /Users/admin/builder/spi-builder-workspace
    builtin-copy -exclude .DS_Store -exclude CVS -exclude .svn -exclude .git -exclude .hg -resolve-src-symlinks /Users/admin/builder/spi-builder-workspace/.derivedData/Build/Intermediates.noindex/AsyncMultiplexImage.build/Debug-watchos/AsyncMultiplexImage-Nuke-t.build/AsyncMultiplexImage-Nuke.modulemap /Users/admin/builder/spi-builder-workspace/.derivedData/Build/Intermediates.noindex/GeneratedModuleMaps-watchos
SwiftDriver Nuke normal arm64 com.apple.xcode.tools.swift.compiler (in target 'Nuke' from project 'Nuke')
    cd /Users/admin/builder/spi-builder-workspace/.swiftpm/xcode
    builtin-SwiftDriver -- /Applications/Xcode-27.0.0-Release.Candidate.app/Contents/Developer/Toolchains/XcodeDefault.xctoolchain/usr/bin/swiftc -parse-as-library -module-name Nuke -Onone @/Users/admin/builder/spi-builder-workspace/.derivedData/Build/Intermediates.noindex/Nuke.build/Debug-watchos/Nuke-t.build/Objects-normal/arm64/Nuke.SwiftFileList -DSWIFT_PACKAGE -DDEBUG -DSWIFT_MODULE_RESOURCE_BUNDLE_UNAVAILABLE -DXcode -plugin-path /Applications/Xcode-27.0.0-Release.Candidate.app/Contents/Developer/Toolchains/XcodeDefault.xctoolchain/usr/lib/swift/host/plugins/testing -enable-experimental-feature DebugDescriptionMacro -sdk /Applications/Xcode-27.0.0-Release.Candidate.app/Contents/Developer/Platforms/WatchOS.platform/Developer/SDKs/WatchOS27.0.sdk -target arm64-apple-watchos9.0 -g -module-cache-path /Users/admin/builder/spi-builder-workspace/.derivedData/ModuleCache.noindex -Xfrontend -serialize-debugging-options -profile-coverage-mapping -profile-generate -enable-testing -suppress-warnings -index-store-path /Users/admin/builder/spi-builder-workspace/.derivedData/Index.noindex/DataStore -Xcc -D_LIBCPP_HARDENING_MODE\=_LIBCPP_HARDENING_MODE_DEBUG -swift-version 6 -I /Users/admin/builder/spi-builder-workspace/.derivedData/Build/Products/Debug-watchos -Isystem /Applications/Xcode-27.0.0-Release.Candidate.app/Contents/Developer/Platforms/WatchOS.platform/Developer/usr/lib -F /Users/admin/builder/spi-builder-workspace/.derivedData/Build/Products/Debug-watchos -F /Applications/Xcode-27.0.0-Release.Candidate.app/Contents/Developer/Platforms/WatchOS.platform/Developer/Library/Frameworks -F /Applications/Xcode-27.0.0-Release.Candidate.app/Contents/Developer/Platforms/WatchOS.platform/Developer/SDKs/WatchOS27.0.sdk/Developer/Library/Frameworks -c -j10 -enable-batch-mode -incremental -Xcc -ivfsstatcache -Xcc /Users/admin/builder/spi-builder-workspace/.derivedData/SDKStatCaches.noindex/watchos27.0-24R360-e829b21a6f8c9b70876ba0858053c04477534ef55a1706bf4c1112bbb242f0a2.sdkstatcache -output-file-map /Users/admin/builder/spi-builder-workspace/.derivedData/Build/Intermediates.noindex/Nuke.build/Debug-watchos/Nuke-t.build/Objects-normal/arm64/Nuke-OutputFileMap.json -save-temps -no-color-diagnostics -explicit-module-build -module-cache-path /Users/admin/builder/spi-builder-workspace/.derivedData/Build/Intermediates.noindex/SwiftExplicitPrecompiledModules -clang-scanner-module-cache-path /Users/admin/builder/spi-builder-workspace/.derivedData/ModuleCache.noindex -sdk-module-cache-path /Users/admin/builder/spi-builder-workspace/.derivedData/SDKExplicitPrecompiledModules -emit-dependencies -emit-module -emit-module-path /Users/admin/builder/spi-builder-workspace/.derivedData/Build/Intermediates.noindex/Nuke.build/Debug-watchos/Nuke-t.build/Objects-normal/arm64/Nuke.swiftmodule -serialize-diagnostics -dependency-scan-serialize-diagnostics-path /Users/admin/builder/spi-builder-workspace/.derivedData/Build/Intermediates.noindex/Nuke.build/Debug-watchos/Nuke-t.build/Objects-normal/arm64/Nuke-dependency-scan.dia -user-module-version 13.2.0 -validate-clang-modules-once -clang-build-session-file /Users/admin/builder/spi-builder-workspace/.derivedData/ModuleCache.noindex/Session.modulevalidation -Xcc -fmodules-prune-interval\=86400 -Xcc -fmodules-prune-after\=345600 -package-name nuke -emit-const-values -const-gather-protocols-list /Users/admin/builder/spi-builder-workspace/.derivedData/Build/Intermediates.noindex/Nuke.build/Debug-watchos/Nuke-t.build/Objects-normal/arm64/Nuke_const_extract_protocols.json -Xcc -I/Users/admin/builder/spi-builder-workspace/.derivedData/Build/Products/Debug-watchos/include -Xcc -I/Users/admin/builder/spi-builder-workspace/.derivedData/Build/Intermediates.noindex/Nuke.build/Debug-watchos/Nuke-t.build/DerivedSources-normal/arm64 -Xcc -I/Users/admin/builder/spi-builder-workspace/.derivedData/Build/Intermediates.noindex/Nuke.build/Debug-watchos/Nuke-t.build/DerivedSources/arm64 -Xcc -I/Users/admin/builder/spi-builder-workspace/.derivedData/Build/Intermediates.noindex/Nuke.build/Debug-watchos/Nuke-t.build/DerivedSources -Xcc -DSWIFT_PACKAGE -Xcc -DDEBUG\=1 -emit-objc-header -emit-objc-header-path /Users/admin/builder/spi-builder-workspace/.derivedData/Build/Intermediates.noindex/Nuke.build/Debug-watchos/Nuke-t.build/Objects-normal/arm64/Nuke-Swift.h -working-directory /Users/admin/builder/spi-builder-workspace/.swiftpm/xcode -experimental-emit-module-separately -disable-cmo
SwiftDriver SwiftUISupportBackport normal arm64_32 com.apple.xcode.tools.swift.compiler (in target 'SwiftUISupportBackport' from project 'SwiftUISupport')
    cd /Users/admin/builder/spi-builder-workspace/.swiftpm/xcode
    builtin-SwiftDriver -- /Applications/Xcode-27.0.0-Release.Candidate.app/Contents/Developer/Toolchains/XcodeDefault.xctoolchain/usr/bin/swiftc -parse-as-library -module-name SwiftUISupportBackport -Onone @/Users/admin/builder/spi-builder-workspace/.derivedData/Build/Intermediates.noindex/SwiftUISupport.build/Debug-watchos/SwiftUISupportBackport-t.build/Objects-normal/arm64_32/SwiftUISupportBackport.SwiftFileList -DSWIFT_PACKAGE -DDEBUG -DSWIFT_MODULE_RESOURCE_BUNDLE_UNAVAILABLE -DXcode -plugin-path /Applications/Xcode-27.0.0-Release.Candidate.app/Contents/Developer/Toolchains/XcodeDefault.xctoolchain/usr/lib/swift/host/plugins/testing -enable-experimental-feature DebugDescriptionMacro -sdk /Applications/Xcode-27.0.0-Release.Candidate.app/Contents/Developer/Platforms/WatchOS.platform/Developer/SDKs/WatchOS27.0.sdk -target arm64_32-apple-watchos9.0 -g -module-cache-path /Users/admin/builder/spi-builder-workspace/.derivedData/ModuleCache.noindex -Xfrontend -serialize-debugging-options -profile-coverage-mapping -profile-generate -enable-testing -suppress-warnings -index-store-path /Users/admin/builder/spi-builder-workspace/.derivedData/Index.noindex/DataStore -Xcc -D_LIBCPP_HARDENING_MODE\=_LIBCPP_HARDENING_MODE_DEBUG -swift-version 6 -I /Users/admin/builder/spi-builder-workspace/.derivedData/Build/Products/Debug-watchos -Isystem /Applications/Xcode-27.0.0-Release.Candidate.app/Contents/Developer/Platforms/WatchOS.platform/Developer/usr/lib -F /Users/admin/builder/spi-builder-workspace/.derivedData/Build/Products/Debug-watchos -F /Applications/Xcode-27.0.0-Release.Candidate.app/Contents/Developer/Platforms/WatchOS.platform/Developer/Library/Frameworks -F /Applications/Xcode-27.0.0-Release.Candidate.app/Contents/Developer/Platforms/WatchOS.platform/Developer/SDKs/WatchOS27.0.sdk/Developer/Library/Frameworks -c -j10 -enable-batch-mode -incremental -Xcc -ivfsstatcache -Xcc /Users/admin/builder/spi-builder-workspace/.derivedData/SDKStatCaches.noindex/watchos27.0-24R360-e829b21a6f8c9b70876ba0858053c04477534ef55a1706bf4c1112bbb242f0a2.sdkstatcache -output-file-map /Users/admin/builder/spi-builder-workspace/.derivedData/Build/Intermediates.noindex/SwiftUISupport.build/Debug-watchos/SwiftUISupportBackport-t.build/Objects-normal/arm64_32/SwiftUISupportBackport-OutputFileMap.json -save-temps -no-color-diagnostics -explicit-module-build -module-cache-path /Users/admin/builder/spi-builder-workspace/.derivedData/Build/Intermediates.noindex/SwiftExplicitPrecompiledModules -clang-scanner-module-cache-path /Users/admin/builder/spi-builder-workspace/.derivedData/ModuleCache.noindex -sdk-module-cache-path /Users/admin/builder/spi-builder-workspace/.derivedData/SDKExplicitPrecompiledModules -emit-dependencies -emit-module -emit-module-path /Users/admin/builder/spi-builder-workspace/.derivedData/Build/Intermediates.noindex/SwiftUISupport.build/Debug-watchos/SwiftUISupportBackport-t.build/Objects-normal/arm64_32/SwiftUISupportBackport.swiftmodule -serialize-diagnostics -dependency-scan-serialize-diagnostics-path /Users/admin/builder/spi-builder-workspace/.derivedData/Build/Intermediates.noindex/SwiftUISupport.build/Debug-watchos/SwiftUISupportBackport-t.build/Objects-normal/arm64_32/SwiftUISupportBackport-dependency-scan.dia -user-module-version 0.14.0 -validate-clang-modules-once -clang-build-session-file /Users/admin/builder/spi-builder-workspace/.derivedData/ModuleCache.noindex/Session.modulevalidation -Xcc -fmodules-prune-interval\=86400 -Xcc -fmodules-prune-after\=345600 -package-name swiftui_support -emit-const-values -const-gather-protocols-list /Users/admin/builder/spi-builder-workspace/.derivedData/Build/Intermediates.noindex/SwiftUISupport.build/Debug-watchos/SwiftUISupportBackport-t.build/Objects-normal/arm64_32/SwiftUISupportBackport_const_extract_protocols.json -Xcc -I/Users/admin/builder/spi-builder-workspace/.derivedData/Build/Products/Debug-watchos/include -Xcc -I/Users/admin/builder/spi-builder-workspace/.derivedData/Build/Intermediates.noindex/SwiftUISupport.build/Debug-watchos/SwiftUISupportBackport-t.build/DerivedSources-normal/arm64_32 -Xcc -I/Users/admin/builder/spi-builder-workspace/.derivedData/Build/Intermediates.noindex/SwiftUISupport.build/Debug-watchos/SwiftUISupportBackport-t.build/DerivedSources/arm64_32 -Xcc -I/Users/admin/builder/spi-builder-workspace/.derivedData/Build/Intermediates.noindex/SwiftUISupport.build/Debug-watchos/SwiftUISupportBackport-t.build/DerivedSources -Xcc -DSWIFT_PACKAGE -Xcc -DDEBUG\=1 -emit-objc-header -emit-objc-header-path /Users/admin/builder/spi-builder-workspace/.derivedData/Build/Intermediates.noindex/SwiftUISupport.build/Debug-watchos/SwiftUISupportBackport-t.build/Objects-normal/arm64_32/SwiftUISupportBackport-Swift.h -working-directory /Users/admin/builder/spi-builder-workspace/.swiftpm/xcode -experimental-emit-module-separately -disable-cmo
SwiftDriver Nuke normal arm64_32 com.apple.xcode.tools.swift.compiler (in target 'Nuke' from project 'Nuke')
    cd /Users/admin/builder/spi-builder-workspace/.swiftpm/xcode
    builtin-SwiftDriver -- /Applications/Xcode-27.0.0-Release.Candidate.app/Contents/Developer/Toolchains/XcodeDefault.xctoolchain/usr/bin/swiftc -parse-as-library -module-name Nuke -Onone @/Users/admin/builder/spi-builder-workspace/.derivedData/Build/Intermediates.noindex/Nuke.build/Debug-watchos/Nuke-t.build/Objects-normal/arm64_32/Nuke.SwiftFileList -DSWIFT_PACKAGE -DDEBUG -DSWIFT_MODULE_RESOURCE_BUNDLE_UNAVAILABLE -DXcode -plugin-path /Applications/Xcode-27.0.0-Release.Candidate.app/Contents/Developer/Toolchains/XcodeDefault.xctoolchain/usr/lib/swift/host/plugins/testing -enable-experimental-feature DebugDescriptionMacro -sdk /Applications/Xcode-27.0.0-Release.Candidate.app/Contents/Developer/Platforms/WatchOS.platform/Developer/SDKs/WatchOS27.0.sdk -target arm64_32-apple-watchos9.0 -g -module-cache-path /Users/admin/builder/spi-builder-workspace/.derivedData/ModuleCache.noindex -Xfrontend -serialize-debugging-options -profile-coverage-mapping -profile-generate -enable-testing -suppress-warnings -index-store-path /Users/admin/builder/spi-builder-workspace/.derivedData/Index.noindex/DataStore -Xcc -D_LIBCPP_HARDENING_MODE\=_LIBCPP_HARDENING_MODE_DEBUG -swift-version 6 -I /Users/admin/builder/spi-builder-workspace/.derivedData/Build/Products/Debug-watchos -Isystem /Applications/Xcode-27.0.0-Release.Candidate.app/Contents/Developer/Platforms/WatchOS.platform/Developer/usr/lib -F /Users/admin/builder/spi-builder-workspace/.derivedData/Build/Products/Debug-watchos -F /Applications/Xcode-27.0.0-Release.Candidate.app/Contents/Developer/Platforms/WatchOS.platform/Developer/Library/Frameworks -F /Applications/Xcode-27.0.0-Release.Candidate.app/Contents/Developer/Platforms/WatchOS.platform/Developer/SDKs/WatchOS27.0.sdk/Developer/Library/Frameworks -c -j10 -enable-batch-mode -incremental -Xcc -ivfsstatcache -Xcc /Users/admin/builder/spi-builder-workspace/.derivedData/SDKStatCaches.noindex/watchos27.0-24R360-e829b21a6f8c9b70876ba0858053c04477534ef55a1706bf4c1112bbb242f0a2.sdkstatcache -output-file-map /Users/admin/builder/spi-builder-workspace/.derivedData/Build/Intermediates.noindex/Nuke.build/Debug-watchos/Nuke-t.build/Objects-normal/arm64_32/Nuke-OutputFileMap.json -save-temps -no-color-diagnostics -explicit-module-build -module-cache-path /Users/admin/builder/spi-builder-workspace/.derivedData/Build/Intermediates.noindex/SwiftExplicitPrecompiledModules -clang-scanner-module-cache-path /Users/admin/builder/spi-builder-workspace/.derivedData/ModuleCache.noindex -sdk-module-cache-path /Users/admin/builder/spi-builder-workspace/.derivedData/SDKExplicitPrecompiledModules -emit-dependencies -emit-module -emit-module-path /Users/admin/builder/spi-builder-workspace/.derivedData/Build/Intermediates.noindex/Nuke.build/Debug-watchos/Nuke-t.build/Objects-normal/arm64_32/Nuke.swiftmodule -serialize-diagnostics -dependency-scan-serialize-diagnostics-path /Users/admin/builder/spi-builder-workspace/.derivedData/Build/Intermediates.noindex/Nuke.build/Debug-watchos/Nuke-t.build/Objects-normal/arm64_32/Nuke-dependency-scan.dia -user-module-version 13.2.0 -validate-clang-modules-once -clang-build-session-file /Users/admin/builder/spi-builder-workspace/.derivedData/ModuleCache.noindex/Session.modulevalidation -Xcc -fmodules-prune-interval\=86400 -Xcc -fmodules-prune-after\=345600 -package-name nuke -emit-const-values -const-gather-protocols-list /Users/admin/builder/spi-builder-workspace/.derivedData/Build/Intermediates.noindex/Nuke.build/Debug-watchos/Nuke-t.build/Objects-normal/arm64_32/Nuke_const_extract_protocols.json -Xcc -I/Users/admin/builder/spi-builder-workspace/.derivedData/Build/Products/Debug-watchos/include -Xcc -I/Users/admin/builder/spi-builder-workspace/.derivedData/Build/Intermediates.noindex/Nuke.build/Debug-watchos/Nuke-t.build/DerivedSources-normal/arm64_32 -Xcc -I/Users/admin/builder/spi-builder-workspace/.derivedData/Build/Intermediates.noindex/Nuke.build/Debug-watchos/Nuke-t.build/DerivedSources/arm64_32 -Xcc -I/Users/admin/builder/spi-builder-workspace/.derivedData/Build/Intermediates.noindex/Nuke.build/Debug-watchos/Nuke-t.build/DerivedSources -Xcc -DSWIFT_PACKAGE -Xcc -DDEBUG\=1 -emit-objc-header -emit-objc-header-path /Users/admin/builder/spi-builder-workspace/.derivedData/Build/Intermediates.noindex/Nuke.build/Debug-watchos/Nuke-t.build/Objects-normal/arm64_32/Nuke-Swift.h -working-directory /Users/admin/builder/spi-builder-workspace/.swiftpm/xcode -experimental-emit-module-separately -disable-cmo
SwiftDriver SwiftUISupportBackport normal arm64 com.apple.xcode.tools.swift.compiler (in target 'SwiftUISupportBackport' from project 'SwiftUISupport')
    cd /Users/admin/builder/spi-builder-workspace/.swiftpm/xcode
    builtin-SwiftDriver -- /Applications/Xcode-27.0.0-Release.Candidate.app/Contents/Developer/Toolchains/XcodeDefault.xctoolchain/usr/bin/swiftc -parse-as-library -module-name SwiftUISupportBackport -Onone @/Users/admin/builder/spi-builder-workspace/.derivedData/Build/Intermediates.noindex/SwiftUISupport.build/Debug-watchos/SwiftUISupportBackport-t.build/Objects-normal/arm64/SwiftUISupportBackport.SwiftFileList -DSWIFT_PACKAGE -DDEBUG -DSWIFT_MODULE_RESOURCE_BUNDLE_UNAVAILABLE -DXcode -plugin-path /Applications/Xcode-27.0.0-Release.Candidate.app/Contents/Developer/Toolchains/XcodeDefault.xctoolchain/usr/lib/swift/host/plugins/testing -enable-experimental-feature DebugDescriptionMacro -sdk /Applications/Xcode-27.0.0-Release.Candidate.app/Contents/Developer/Platforms/WatchOS.platform/Developer/SDKs/WatchOS27.0.sdk -target arm64-apple-watchos9.0 -g -module-cache-path /Users/admin/builder/spi-builder-workspace/.derivedData/ModuleCache.noindex -Xfrontend -serialize-debugging-options -profile-coverage-mapping -profile-generate -enable-testing -suppress-warnings -index-store-path /Users/admin/builder/spi-builder-workspace/.derivedData/Index.noindex/DataStore -Xcc -D_LIBCPP_HARDENING_MODE\=_LIBCPP_HARDENING_MODE_DEBUG -swift-version 6 -I /Users/admin/builder/spi-builder-workspace/.derivedData/Build/Products/Debug-watchos -Isystem /Applications/Xcode-27.0.0-Release.Candidate.app/Contents/Developer/Platforms/WatchOS.platform/Developer/usr/lib -F /Users/admin/builder/spi-builder-workspace/.derivedData/Build/Products/Debug-watchos -F /Applications/Xcode-27.0.0-Release.Candidate.app/Contents/Developer/Platforms/WatchOS.platform/Developer/Library/Frameworks -F /Applications/Xcode-27.0.0-Release.Candidate.app/Contents/Developer/Platforms/WatchOS.platform/Developer/SDKs/WatchOS27.0.sdk/Developer/Library/Frameworks -c -j10 -enable-batch-mode -incremental -Xcc -ivfsstatcache -Xcc /Users/admin/builder/spi-builder-workspace/.derivedData/SDKStatCaches.noindex/watchos27.0-24R360-e829b21a6f8c9b70876ba0858053c04477534ef55a1706bf4c1112bbb242f0a2.sdkstatcache -output-file-map /Users/admin/builder/spi-builder-workspace/.derivedData/Build/Intermediates.noindex/SwiftUISupport.build/Debug-watchos/SwiftUISupportBackport-t.build/Objects-normal/arm64/SwiftUISupportBackport-OutputFileMap.json -save-temps -no-color-diagnostics -explicit-module-build -module-cache-path /Users/admin/builder/spi-builder-workspace/.derivedData/Build/Intermediates.noindex/SwiftExplicitPrecompiledModules -clang-scanner-module-cache-path /Users/admin/builder/spi-builder-workspace/.derivedData/ModuleCache.noindex -sdk-module-cache-path /Users/admin/builder/spi-builder-workspace/.derivedData/SDKExplicitPrecompiledModules -emit-dependencies -emit-module -emit-module-path /Users/admin/builder/spi-builder-workspace/.derivedData/Build/Intermediates.noindex/SwiftUISupport.build/Debug-watchos/SwiftUISupportBackport-t.build/Objects-normal/arm64/SwiftUISupportBackport.swiftmodule -serialize-diagnostics -dependency-scan-serialize-diagnostics-path /Users/admin/builder/spi-builder-workspace/.derivedData/Build/Intermediates.noindex/SwiftUISupport.build/Debug-watchos/SwiftUISupportBackport-t.build/Objects-normal/arm64/SwiftUISupportBackport-dependency-scan.dia -user-module-version 0.14.0 -validate-clang-modules-once -clang-build-session-file /Users/admin/builder/spi-builder-workspace/.derivedData/ModuleCache.noindex/Session.modulevalidation -Xcc -fmodules-prune-interval\=86400 -Xcc -fmodules-prune-after\=345600 -package-name swiftui_support -emit-const-values -const-gather-protocols-list /Users/admin/builder/spi-builder-workspace/.derivedData/Build/Intermediates.noindex/SwiftUISupport.build/Debug-watchos/SwiftUISupportBackport-t.build/Objects-normal/arm64/SwiftUISupportBackport_const_extract_protocols.json -Xcc -I/Users/admin/builder/spi-builder-workspace/.derivedData/Build/Products/Debug-watchos/include -Xcc -I/Users/admin/builder/spi-builder-workspace/.derivedData/Build/Intermediates.noindex/SwiftUISupport.build/Debug-watchos/SwiftUISupportBackport-t.build/DerivedSources-normal/arm64 -Xcc -I/Users/admin/builder/spi-builder-workspace/.derivedData/Build/Intermediates.noindex/SwiftUISupport.build/Debug-watchos/SwiftUISupportBackport-t.build/DerivedSources/arm64 -Xcc -I/Users/admin/builder/spi-builder-workspace/.derivedData/Build/Intermediates.noindex/SwiftUISupport.build/Debug-watchos/SwiftUISupportBackport-t.build/DerivedSources -Xcc -DSWIFT_PACKAGE -Xcc -DDEBUG\=1 -emit-objc-header -emit-objc-header-path /Users/admin/builder/spi-builder-workspace/.derivedData/Build/Intermediates.noindex/SwiftUISupport.build/Debug-watchos/SwiftUISupportBackport-t.build/Objects-normal/arm64/SwiftUISupportBackport-Swift.h -working-directory /Users/admin/builder/spi-builder-workspace/.swiftpm/xcode -experimental-emit-module-separately -disable-cmo
SwiftExplicitDependencyGeneratePcm arm64_32 /Users/admin/builder/spi-builder-workspace/.derivedData/SDKExplicitPrecompiledModules/_SwiftConcurrencyShims-58G4ISYSYDV3AT1DDGEE0QCUF.pcm
SwiftExplicitDependencyGeneratePcm arm64_32 /Users/admin/builder/spi-builder-workspace/.derivedData/SDKExplicitPrecompiledModules/DeveloperToolsSupport-3FQKKPF3BW0SWE1YUZ86OZWIB.pcm
SwiftExplicitDependencyGeneratePcm arm64_32 /Users/admin/builder/spi-builder-workspace/.derivedData/SDKExplicitPrecompiledModules/_Builtin_stddef-2F9BFIPBQ5EWNSK5G7G7V4EKL.pcm
SwiftExplicitDependencyGeneratePcm arm64_32 /Users/admin/builder/spi-builder-workspace/.derivedData/SDKExplicitPrecompiledModules/ptrcheck-EAZ3I917ZFA9H6ZCL6PGLG4TR.pcm
SwiftExplicitDependencyGeneratePcm arm64_32 /Users/admin/builder/spi-builder-workspace/.derivedData/SDKExplicitPrecompiledModules/_AvailabilityInternal-22ZP1ILSQW16KHXZS5GBZHOCS.pcm
SwiftExplicitDependencyGeneratePcm arm64_32 /Users/admin/builder/spi-builder-workspace/.derivedData/SDKExplicitPrecompiledModules/_Builtin_float-372PLGDQ1U3B6Z5EA5DJMDORJ.pcm
SwiftExplicitDependencyGeneratePcm arm64_32 /Users/admin/builder/spi-builder-workspace/.derivedData/SDKExplicitPrecompiledModules/_Builtin_stdarg-EYJP6DFYQL9GJLH1TJ84A8MHV.pcm
SwiftExplicitDependencyGeneratePcm arm64_32 /Users/admin/builder/spi-builder-workspace/.derivedData/SDKExplicitPrecompiledModules/_Builtin_stdbool-84ZA1VDW90AGWZ2LF5KOCM8DZ.pcm
SwiftExplicitDependencyGeneratePcm arm64_32 /Users/admin/builder/spi-builder-workspace/.derivedData/SDKExplicitPrecompiledModules/SwiftShims-D9VBB138U50XYYGW2C2V21N3L.pcm
SwiftExplicitDependencyGeneratePcm arm64_32 /Users/admin/builder/spi-builder-workspace/.derivedData/SDKExplicitPrecompiledModules/ptrauth-EW7YZZ7LEZE1QZF2T8148IPSA.pcm
SwiftExplicitDependencyGeneratePcm arm64 /Users/admin/builder/spi-builder-workspace/.derivedData/SDKExplicitPrecompiledModules/SwiftShims-AJ4AZYHQNC33R5RLN7AGEIOMP.pcm
SwiftExplicitDependencyGeneratePcm arm64 /Users/admin/builder/spi-builder-workspace/.derivedData/SDKExplicitPrecompiledModules/_Builtin_stddef-5OH846KKUPSJJT7GCX9XU1TKG.pcm
SwiftExplicitDependencyGeneratePcm arm64 /Users/admin/builder/spi-builder-workspace/.derivedData/SDKExplicitPrecompiledModules/_SwiftConcurrencyShims-CTPSFSTDCBVSSQFHL6I305U72.pcm
SwiftExplicitDependencyGeneratePcm arm64 /Users/admin/builder/spi-builder-workspace/.derivedData/SDKExplicitPrecompiledModules/ptrcheck-8K07997SIHO7YGY7UQ3LOQ3TJ.pcm
SwiftExplicitDependencyGeneratePcm arm64 /Users/admin/builder/spi-builder-workspace/.derivedData/SDKExplicitPrecompiledModules/_AvailabilityInternal-42EVAC8Q6P1ZT6G3A168N97G4.pcm
SwiftExplicitDependencyGeneratePcm arm64 /Users/admin/builder/spi-builder-workspace/.derivedData/SDKExplicitPrecompiledModules/_Builtin_stdbool-B692L2PMR118794VVYBG37897.pcm
SwiftExplicitDependencyGeneratePcm arm64 /Users/admin/builder/spi-builder-workspace/.derivedData/SDKExplicitPrecompiledModules/_Builtin_float-E4M4A8689VXF1T7P7BV56IKBT.pcm
SwiftExplicitDependencyGeneratePcm arm64 /Users/admin/builder/spi-builder-workspace/.derivedData/SDKExplicitPrecompiledModules/DeveloperToolsSupport-CL5QT3CW0ZM498PFTWG64QMLA.pcm
SwiftExplicitDependencyGeneratePcm arm64 /Users/admin/builder/spi-builder-workspace/.derivedData/SDKExplicitPrecompiledModules/_Builtin_stdarg-3X4KLXUYEI0UGBILP4X7D0CYW.pcm
SwiftExplicitDependencyGeneratePcm arm64 /Users/admin/builder/spi-builder-workspace/.derivedData/SDKExplicitPrecompiledModules/ptrauth-C7VQASAJ967Q4Q6SRD4I3CFWZ.pcm
SwiftExplicitDependencyGeneratePcm arm64_32 /Users/admin/builder/spi-builder-workspace/.derivedData/SDKExplicitPrecompiledModules/_DarwinFoundation1-5SNIO0SFHX9KJZTLQGIPAPXUZ.pcm
SwiftExplicitDependencyGeneratePcm arm64 /Users/admin/builder/spi-builder-workspace/.derivedData/SDKExplicitPrecompiledModules/_DarwinFoundation1-7YQ9TVI7XTOGQU9OADRXP33D1.pcm
SwiftExplicitDependencyGeneratePcm arm64_32 /Users/admin/builder/spi-builder-workspace/.derivedData/SDKExplicitPrecompiledModules/_Builtin_limits-AQMEC9CLG0FZQN6TLGDQ6WF78.pcm
SwiftExplicitDependencyGeneratePcm arm64_32 /Users/admin/builder/spi-builder-workspace/.derivedData/SDKExplicitPrecompiledModules/_DarwinFoundation2-FP2Q8F1Q2HR151SBYKTU6Q8B.pcm
SwiftExplicitDependencyGeneratePcm arm64 /Users/admin/builder/spi-builder-workspace/.derivedData/SDKExplicitPrecompiledModules/_DarwinFoundation2-CUPL4FH2SA95GMALQP4M6O8UA.pcm
SwiftExplicitDependencyGeneratePcm arm64 /Users/admin/builder/spi-builder-workspace/.derivedData/SDKExplicitPrecompiledModules/_Builtin_limits-75TRA1C7IHYOFCG3KJXQVTHJ4.pcm
SwiftExplicitDependencyGeneratePcm arm64_32 /Users/admin/builder/spi-builder-workspace/.derivedData/SDKExplicitPrecompiledModules/_Builtin_tgmath-414CVW1GW3IL0HRLCNNCS6Q0U.pcm
SwiftExplicitDependencyGeneratePcm arm64_32 /Users/admin/builder/spi-builder-workspace/.derivedData/SDKExplicitPrecompiledModules/sys_types-65NN51P1G7GN2GUAUPC53JJ7N.pcm
SwiftExplicitDependencyGeneratePcm arm64_32 /Users/admin/builder/spi-builder-workspace/.derivedData/SDKExplicitPrecompiledModules/string_h-8QY7P4ZQXQAF14WVDITTM4R70.pcm
SwiftExplicitDependencyGeneratePcm arm64_32 /Users/admin/builder/spi-builder-workspace/.derivedData/SDKExplicitPrecompiledModules/_Builtin_stdint-6IWJLTRH2WB6RCG4THPA65RDS.pcm
SwiftExplicitDependencyGeneratePcm arm64 /Users/admin/builder/spi-builder-workspace/.derivedData/SDKExplicitPrecompiledModules/sys_types-9KPVYINL86WUSHF45TU8PWZZ1.pcm
SwiftExplicitDependencyGeneratePcm arm64 /Users/admin/builder/spi-builder-workspace/.derivedData/SDKExplicitPrecompiledModules/_Builtin_stdint-6TUACK4YPMARFT56PLIO388SJ.pcm
SwiftExplicitDependencyGeneratePcm arm64 /Users/admin/builder/spi-builder-workspace/.derivedData/SDKExplicitPrecompiledModules/string_h-4N9Z22C0HUO8GV7GFPCLZRZA2.pcm
SwiftExplicitDependencyGeneratePcm arm64 /Users/admin/builder/spi-builder-workspace/.derivedData/SDKExplicitPrecompiledModules/_Builtin_tgmath-7JP2AE1NQHA1DV5JYP2OHQ3BF.pcm
SwiftExplicitDependencyGeneratePcm arm64_32 /Users/admin/builder/spi-builder-workspace/.derivedData/SDKExplicitPrecompiledModules/_Builtin_intrinsics-2K07JIG9ZANIKHSNPO3O6L1K6.pcm
SwiftExplicitDependencyGeneratePcm arm64_32 /Users/admin/builder/spi-builder-workspace/.derivedData/SDKExplicitPrecompiledModules/_Builtin_stdatomic-D2FE5M7JS5NQA5JDADVERWJM4.pcm
SwiftExplicitDependencyGeneratePcm arm64_32 /Users/admin/builder/spi-builder-workspace/.derivedData/SDKExplicitPrecompiledModules/_DarwinFoundation3-3YOBOPIW2MF1LRNQH7JBUBY4G.pcm
SwiftExplicitDependencyGeneratePcm arm64 /Users/admin/builder/spi-builder-workspace/.derivedData/SDKExplicitPrecompiledModules/_DarwinFoundation3-EJXZKD8LN9EYM9OWP9VLJ49PK.pcm
SwiftExplicitDependencyGeneratePcm arm64 /Users/admin/builder/spi-builder-workspace/.derivedData/SDKExplicitPrecompiledModules/_Builtin_intrinsics-SQV576LJA0QE7RW5HF7CQ1BX.pcm
SwiftExplicitDependencyGeneratePcm arm64 /Users/admin/builder/spi-builder-workspace/.derivedData/SDKExplicitPrecompiledModules/_Builtin_stdatomic-25T9UW3XDYID74302F31PX0RP.pcm
SwiftExplicitDependencyGeneratePcm arm64_32 /Users/admin/builder/spi-builder-workspace/.derivedData/SDKExplicitPrecompiledModules/_Builtin_inttypes-BPZJ68HW1IMYWSHROAZ0IMUJP.pcm
SwiftExplicitDependencyGeneratePcm arm64 /Users/admin/builder/spi-builder-workspace/.derivedData/SDKExplicitPrecompiledModules/_Builtin_inttypes-86YTNV5YADPJXFMJ82N3R4GWQ.pcm
SwiftExplicitDependencyGeneratePcm arm64_32 /Users/admin/builder/spi-builder-workspace/.derivedData/SDKExplicitPrecompiledModules/Darwin-10D35ZJWCWG7LJAF579U7I5V7.pcm
SwiftExplicitDependencyGeneratePcm arm64 /Users/admin/builder/spi-builder-workspace/.derivedData/SDKExplicitPrecompiledModules/Darwin-CSB8C43KELVSFIQVR0803IZPN.pcm
SwiftExplicitDependencyGeneratePcm arm64_32 /Users/admin/builder/spi-builder-workspace/.derivedData/SDKExplicitPrecompiledModules/simd-1W6O8NR1QUSWJGAN44DNNWVHX.pcm
SwiftExplicitDependencyGeneratePcm arm64 /Users/admin/builder/spi-builder-workspace/.derivedData/SDKExplicitPrecompiledModules/simd-2C11HKTI5TJB05T724EWNFZXD.pcm
SwiftExplicitDependencyGeneratePcm arm64_32 /Users/admin/builder/spi-builder-workspace/.derivedData/SDKExplicitPrecompiledModules/ObjectiveC-71AGZNHLBMR2QK817EJNUN54E.pcm
SwiftExplicitDependencyGeneratePcm arm64_32 /Users/admin/builder/spi-builder-workspace/.derivedData/SDKExplicitPrecompiledModules/MachO-F47JQRYVH1SLPOQSJD8RK9MSX.pcm
SwiftExplicitDependencyGeneratePcm arm64 /Users/admin/builder/spi-builder-workspace/.derivedData/SDKExplicitPrecompiledModules/ObjectiveC-22CZPC4WYQC9G8T393WT2KKLW.pcm
SwiftExplicitDependencyGeneratePcm arm64 /Users/admin/builder/spi-builder-workspace/.derivedData/SDKExplicitPrecompiledModules/MachO-4RYXFVY68ZDEUZYFMVL57WEKU.pcm
SwiftExplicitDependencyGeneratePcm arm64_32 /Users/admin/builder/spi-builder-workspace/.derivedData/SDKExplicitPrecompiledModules/os_object-CTXVQBCWDOH6JHUXIFDUOWFRL.pcm
SwiftExplicitDependencyGeneratePcm arm64 /Users/admin/builder/spi-builder-workspace/.derivedData/SDKExplicitPrecompiledModules/os_object-6KYGGZ4DPVZ3BBAZ6QICZN8LI.pcm
SwiftExplicitDependencyGeneratePcm arm64_32 /Users/admin/builder/spi-builder-workspace/.derivedData/SDKExplicitPrecompiledModules/os_workgroup-9L9R05BT5LTFRZ2NM68BZTVV2.pcm
SwiftExplicitDependencyGeneratePcm arm64 /Users/admin/builder/spi-builder-workspace/.derivedData/SDKExplicitPrecompiledModules/os_workgroup-AHE7ULDQBKER38CYPIKDTZF4M.pcm
SwiftExplicitDependencyGeneratePcm arm64_32 /Users/admin/builder/spi-builder-workspace/.derivedData/SDKExplicitPrecompiledModules/Spatial-4XS0QRL16224ZE9KE9TMKASKT.pcm
SwiftExplicitDependencyGeneratePcm arm64 /Users/admin/builder/spi-builder-workspace/.derivedData/SDKExplicitPrecompiledModules/Dispatch-39VR0G01IUJ09PQKMFGOHXZ4L.pcm
SwiftExplicitDependencyGeneratePcm arm64_32 /Users/admin/builder/spi-builder-workspace/.derivedData/SDKExplicitPrecompiledModules/Dispatch-CGIMI9KQKHNRQHR2IECIPRG14.pcm
SwiftExplicitDependencyGeneratePcm arm64 /Users/admin/builder/spi-builder-workspace/.derivedData/SDKExplicitPrecompiledModules/Spatial-EZKKX4XFW72RZCTOIG80Z93AP.pcm
SwiftExplicitDependencyGeneratePcm arm64 /Users/admin/builder/spi-builder-workspace/.derivedData/SDKExplicitPrecompiledModules/XPC-650JAZBTM6I0OMHYO6CKM0CWJ.pcm
SwiftExplicitDependencyGeneratePcm arm64 /Users/admin/builder/spi-builder-workspace/.derivedData/SDKExplicitPrecompiledModules/CoreFoundation-59XKO8YNRGGYNC5U5LK8B4EM.pcm
SwiftExplicitDependencyGeneratePcm arm64_32 /Users/admin/builder/spi-builder-workspace/.derivedData/SDKExplicitPrecompiledModules/CoreFoundation-76B9WJP9MDYT33HZQVSNNZQZD.pcm
SwiftExplicitDependencyGeneratePcm arm64_32 /Users/admin/builder/spi-builder-workspace/.derivedData/SDKExplicitPrecompiledModules/XPC-7SLKI45KYLKXH9QET2WYS3UZ4.pcm
SwiftExplicitDependencyGeneratePcm arm64 /Users/admin/builder/spi-builder-workspace/.derivedData/SDKExplicitPrecompiledModules/os-6BCTB8I5DCBBKFJ0Y0G4WQDDJ.pcm
SwiftExplicitDependencyGeneratePcm arm64_32 /Users/admin/builder/spi-builder-workspace/.derivedData/SDKExplicitPrecompiledModules/os-D9NWGT7PQGY2OD43XMA2KGLJK.pcm
SwiftExplicitDependencyGeneratePcm arm64 /Users/admin/builder/spi-builder-workspace/.derivedData/SDKExplicitPrecompiledModules/CoreGraphics-5488DA9QVJJ7QOFXPYOYIYFUX.pcm
SwiftExplicitDependencyGeneratePcm arm64 /Users/admin/builder/spi-builder-workspace/.derivedData/SDKExplicitPrecompiledModules/Security-69WNGEAVQP55EDBQHP3BLE8QU.pcm
SwiftExplicitDependencyGeneratePcm arm64 /Users/admin/builder/spi-builder-workspace/.derivedData/SDKExplicitPrecompiledModules/CoreAudioTypes-51SR7UBHOMSGMEPVFS6PLSR4M.pcm
SwiftExplicitDependencyGeneratePcm arm64_32 /Users/admin/builder/spi-builder-workspace/.derivedData/SDKExplicitPrecompiledModules/CoreAudioTypes-AY6JAXDJMW2FLVG4UD79375PW.pcm
SwiftExplicitDependencyGeneratePcm arm64_32 /Users/admin/builder/spi-builder-workspace/.derivedData/SDKExplicitPrecompiledModules/Security-1W411BS4UH2UNMNII2341429S.pcm
SwiftExplicitDependencyGeneratePcm arm64_32 /Users/admin/builder/spi-builder-workspace/.derivedData/SDKExplicitPrecompiledModules/CoreGraphics-A4WOQTM8SYZAQP223LI6RRPEK.pcm
SwiftExplicitDependencyGeneratePcm arm64 /Users/admin/builder/spi-builder-workspace/.derivedData/SDKExplicitPrecompiledModules/CoreAudio-368NRGVYQ33J8K75Y2DSNU06Y.pcm
SwiftExplicitDependencyGeneratePcm arm64_32 /Users/admin/builder/spi-builder-workspace/.derivedData/SDKExplicitPrecompiledModules/CoreAudio-1FTJGW5ZM9ZN5IKPBE4A9LGNF.pcm
SwiftExplicitDependencyGeneratePcm arm64_32 /Users/admin/builder/spi-builder-workspace/.derivedData/SDKExplicitPrecompiledModules/Foundation-AIQ30TCDC2B0LBUU6FPQZ0HWI.pcm
SwiftExplicitDependencyGeneratePcm arm64 /Users/admin/builder/spi-builder-workspace/.derivedData/SDKExplicitPrecompiledModules/Foundation-B3IXODHI7VO4VRX2RWRXLVJZT.pcm
SwiftExplicitDependencyGeneratePcm arm64 /Users/admin/builder/spi-builder-workspace/.derivedData/SDKExplicitPrecompiledModules/CoreText-BEC0M2J7FJN53VXNFDZDKL9U2.pcm
SwiftExplicitDependencyGeneratePcm arm64 /Users/admin/builder/spi-builder-workspace/.derivedData/SDKExplicitPrecompiledModules/ImageIO-EE4TF8Z36B37IKXD8A42499DY.pcm
SwiftExplicitDependencyGeneratePcm arm64 /Users/admin/builder/spi-builder-workspace/.derivedData/SDKExplicitPrecompiledModules/CoreVideo-2YRZ292TS6QDW2V2V92NZMPWM.pcm
SwiftExplicitDependencyGeneratePcm arm64_32 /Users/admin/builder/spi-builder-workspace/.derivedData/SDKExplicitPrecompiledModules/ImageIO-1Y1Q4PQ9AWXOU9XVEVXMK77JZ.pcm
SwiftExplicitDependencyGeneratePcm arm64_32 /Users/admin/builder/spi-builder-workspace/.derivedData/SDKExplicitPrecompiledModules/CoreVideo-BX0NALWCB2F1YOTF0NZGV9FWU.pcm
SwiftExplicitDependencyGeneratePcm arm64_32 /Users/admin/builder/spi-builder-workspace/.derivedData/SDKExplicitPrecompiledModules/CoreText-34U50N378SZT64826L0B62MN6.pcm
SwiftExplicitDependencyGeneratePcm arm64 /Users/admin/builder/spi-builder-workspace/.derivedData/SDKExplicitPrecompiledModules/CoreMedia-EO02G285WTXB0RPNG3DP9O9VN.pcm
SwiftExplicitDependencyGeneratePcm arm64_32 /Users/admin/builder/spi-builder-workspace/.derivedData/SDKExplicitPrecompiledModules/CoreMedia-CU8J9TNJY5EX43FQOPTAAHU29.pcm
SwiftExplicitDependencyGeneratePcm arm64 /Users/admin/builder/spi-builder-workspace/.derivedData/SDKExplicitPrecompiledModules/OSLog-ESJZZ70KT229YQNKF5CWYQVLA.pcm
SwiftExplicitDependencyGeneratePcm arm64 /Users/admin/builder/spi-builder-workspace/.derivedData/SDKExplicitPrecompiledModules/DataDetection-8RQ09UCIV0XSYRF8TQQD54MWN.pcm
SwiftExplicitDependencyGeneratePcm arm64 /Users/admin/builder/spi-builder-workspace/.derivedData/SDKExplicitPrecompiledModules/Symbols-B8SNL2YULCKW9SYIL0T5QLMV.pcm
SwiftExplicitDependencyGeneratePcm arm64 /Users/admin/builder/spi-builder-workspace/.derivedData/SDKExplicitPrecompiledModules/UIUtilities-AR3EDJH6PMDGNUXQGV2JND65S.pcm
SwiftExplicitDependencyGeneratePcm arm64 /Users/admin/builder/spi-builder-workspace/.derivedData/SDKExplicitPrecompiledModules/LocalAuthentication-B2TFMTPZVFFVZ7Y4SFJ4HJEBL.pcm
SwiftExplicitDependencyGeneratePcm arm64 /Users/admin/builder/spi-builder-workspace/.derivedData/SDKExplicitPrecompiledModules/SceneKit-4VPDXW2J8W40JMX88G7X30C4G.pcm
SwiftExplicitDependencyGeneratePcm arm64 /Users/admin/builder/spi-builder-workspace/.derivedData/SDKExplicitPrecompiledModules/QuartzCore-BRDP6VIMJ6A6HG4W4NYXZ8BI3.pcm
SwiftExplicitDependencyGeneratePcm arm64 /Users/admin/builder/spi-builder-workspace/.derivedData/SDKExplicitPrecompiledModules/CoreData-DAEI6Z48P97TYC3SMMGLERAJ5.pcm
SwiftExplicitDependencyGeneratePcm arm64 /Users/admin/builder/spi-builder-workspace/.derivedData/SDKExplicitPrecompiledModules/UniformTypeIdentifiers-47SS6PHE8KOUZX5UOQUNKH397.pcm
SwiftExplicitDependencyGeneratePcm arm64 /Users/admin/builder/spi-builder-workspace/.derivedData/SDKExplicitPrecompiledModules/CoreTransferable-EULYJN53RZTIP2D6F171CT1YZ.pcm
SwiftExplicitDependencyGeneratePcm arm64_32 /Users/admin/builder/spi-builder-workspace/.derivedData/SDKExplicitPrecompiledModules/DataDetection-8EDL8T61430CB5CU94L1E3L0C.pcm
SwiftExplicitDependencyGeneratePcm arm64_32 /Users/admin/builder/spi-builder-workspace/.derivedData/SDKExplicitPrecompiledModules/OSLog-DXCLJ0K1EEBRV5MFYJOV1HIUX.pcm
SwiftExplicitDependencyGeneratePcm arm64_32 /Users/admin/builder/spi-builder-workspace/.derivedData/SDKExplicitPrecompiledModules/CoreTransferable-DSXZOKFM7XQLZ0FRNNKFDWZT0.pcm
SwiftExplicitDependencyGeneratePcm arm64_32 /Users/admin/builder/spi-builder-workspace/.derivedData/SDKExplicitPrecompiledModules/UserNotifications-F5AOMF9V2Y10QV8U00QNX8B7Q.pcm
SwiftExplicitDependencyGeneratePcm arm64_32 /Users/admin/builder/spi-builder-workspace/.derivedData/SDKExplicitPrecompiledModules/UIUtilities-ABH83C7CSGMIJAARTF384TV0L.pcm
SwiftExplicitDependencyGeneratePcm arm64_32 /Users/admin/builder/spi-builder-workspace/.derivedData/SDKExplicitPrecompiledModules/UniformTypeIdentifiers-EH256724QTCKT0XATY095QHVP.pcm
SwiftExplicitDependencyGeneratePcm arm64 /Users/admin/builder/spi-builder-workspace/.derivedData/SDKExplicitPrecompiledModules/Accessibility-DB0V1GY4JDAXG2CZ5MW826DDE.pcm
SwiftExplicitDependencyGeneratePcm arm64_32 /Users/admin/builder/spi-builder-workspace/.derivedData/SDKExplicitPrecompiledModules/CoreData-6STZ9DXY0E1K8LHUUEU1F4SE.pcm
SwiftExplicitDependencyGeneratePcm arm64 /Users/admin/builder/spi-builder-workspace/.derivedData/SDKExplicitPrecompiledModules/SwiftUICore-D4BOUT6VJWDXKNATG8P2F95W3.pcm
SwiftExplicitDependencyGeneratePcm arm64_32 /Users/admin/builder/spi-builder-workspace/.derivedData/SDKExplicitPrecompiledModules/QuartzCore-72UYR37X0O2APTD1XMSJ20X5X.pcm
SwiftExplicitDependencyGeneratePcm arm64_32 /Users/admin/builder/spi-builder-workspace/.derivedData/SDKExplicitPrecompiledModules/Accessibility-BBXP8Z81UOB3UBBTO3GG9FEEO.pcm
SwiftExplicitDependencyGeneratePcm arm64_32 /Users/admin/builder/spi-builder-workspace/.derivedData/SDKExplicitPrecompiledModules/_LocationEssentials-1XWTF8V96VX3IAHKJO7PJZDU0.pcm
SwiftExplicitDependencyGeneratePcm arm64_32 /Users/admin/builder/spi-builder-workspace/.derivedData/SDKExplicitPrecompiledModules/LocalAuthentication-1XZC5548OHHHWETB1RPNV8QDG.pcm
SwiftExplicitDependencyGeneratePcm arm64 /Users/admin/builder/spi-builder-workspace/.derivedData/SDKExplicitPrecompiledModules/_LocationEssentials-C3HYVW8P89QAUDLD9VRHUF48Q.pcm
SwiftExplicitDependencyGeneratePcm arm64_32 /Users/admin/builder/spi-builder-workspace/.derivedData/SDKExplicitPrecompiledModules/Symbols-DP67QJL9W7VSYP70ZVEBE3KRT.pcm
SwiftExplicitDependencyGeneratePcm arm64 /Users/admin/builder/spi-builder-workspace/.derivedData/SDKExplicitPrecompiledModules/UserNotifications-7VIERZPAA371031RT8VBKFYKJ.pcm
SwiftExplicitDependencyGeneratePcm arm64_32 /Users/admin/builder/spi-builder-workspace/.derivedData/SDKExplicitPrecompiledModules/SceneKit-CLOM4E4D45A8A94N3QNHOVW3H.pcm
SwiftExplicitDependencyGeneratePcm arm64_32 /Users/admin/builder/spi-builder-workspace/.derivedData/SDKExplicitPrecompiledModules/CoreLocation-4AZRAZ8X3W0CS36SZ1GS4LT05.pcm
SwiftExplicitDependencyGeneratePcm arm64 /Users/admin/builder/spi-builder-workspace/.derivedData/SDKExplicitPrecompiledModules/CoreLocation-B0A9Z3B1UDU8OLBQROLWD03N3.pcm
SwiftExplicitDependencyGeneratePcm arm64_32 /Users/admin/builder/spi-builder-workspace/.derivedData/SDKExplicitPrecompiledModules/SwiftUICore-TURER010MQ2QH6SN4BGDJJKP.pcm
SwiftExplicitDependencyGeneratePcm arm64_32 /Users/admin/builder/spi-builder-workspace/.derivedData/SDKExplicitPrecompiledModules/CoreMotion-E9C6K7MOTJF3RC93DULCZ130U.pcm
SwiftExplicitDependencyGeneratePcm arm64 /Users/admin/builder/spi-builder-workspace/.derivedData/SDKExplicitPrecompiledModules/CoreMotion-70RNUQRT1QM2F8WR42WPP4KQV.pcm
SwiftExplicitDependencyGeneratePcm arm64_32 /Users/admin/builder/spi-builder-workspace/.derivedData/SDKExplicitPrecompiledModules/UIKit-BGAQE5HOOTG6M9C46O1HHPCDR.pcm
SwiftExplicitDependencyGeneratePcm arm64 /Users/admin/builder/spi-builder-workspace/.derivedData/SDKExplicitPrecompiledModules/UIKit-2XWL6VFNA7WRWSTXI42YLU909.pcm
SwiftExplicitDependencyGeneratePcm arm64_32 /Users/admin/builder/spi-builder-workspace/.derivedData/SDKExplicitPrecompiledModules/MapKit-3RCPMYWFYVKLOR1JJH1M1L7O6.pcm
SwiftExplicitDependencyGeneratePcm arm64_32 /Users/admin/builder/spi-builder-workspace/.derivedData/SDKExplicitPrecompiledModules/HomeKit-DXH34ZWEY4P4FEELCOH3LXVCR.pcm
SwiftExplicitDependencyGeneratePcm arm64 /Users/admin/builder/spi-builder-workspace/.derivedData/SDKExplicitPrecompiledModules/MapKit-5U4CPBNVICOGB0BBK9BC7P4E9.pcm
SwiftExplicitDependencyGeneratePcm arm64 /Users/admin/builder/spi-builder-workspace/.derivedData/SDKExplicitPrecompiledModules/HomeKit-2JD3RMVTK0MFX7K570KHTLBBH.pcm
SwiftExplicitDependencyGeneratePcm arm64_32 /Users/admin/builder/spi-builder-workspace/.derivedData/SDKExplicitPrecompiledModules/WatchKit-7IATJTA58S6OFDEYHG9JSLLDQ.pcm
SwiftExplicitDependencyGeneratePcm arm64 /Users/admin/builder/spi-builder-workspace/.derivedData/SDKExplicitPrecompiledModules/WatchKit-22L6Z003SE8XPQ9JS14K57C9N.pcm
SwiftCompile normal arm64_32 Compiling\ ImageProcessors+GaussianBlur.swift,\ ImageProcessors+Resize.swift,\ ImageProcessors+RoundedCorners.swift,\ ImageProcessors.swift,\ AsyncPipelineTask.swift /Users/admin/builder/spi-builder-workspace/.dependencies/checkouts/Nuke/Sources/Nuke/Processing/ImageProcessors+GaussianBlur.swift /Users/admin/builder/spi-builder-workspace/.dependencies/checkouts/Nuke/Sources/Nuke/Processing/ImageProcessors+Resize.swift /Users/admin/builder/spi-builder-workspace/.dependencies/checkouts/Nuke/Sources/Nuke/Processing/ImageProcessors+RoundedCorners.swift /Users/admin/builder/spi-builder-workspace/.dependencies/checkouts/Nuke/Sources/Nuke/Processing/ImageProcessors.swift /Users/admin/builder/spi-builder-workspace/.dependencies/checkouts/Nuke/Sources/Nuke/Tasks/AsyncPipelineTask.swift (in target 'Nuke' from project 'Nuke')
SwiftCompile normal arm64_32 /Users/admin/builder/spi-builder-workspace/.dependencies/checkouts/Nuke/Sources/Nuke/Processing/ImageProcessors+GaussianBlur.swift (in target 'Nuke' from project 'Nuke')
    cd /Users/admin/builder/spi-builder-workspace/.swiftpm/xcode
    builtin-SwiftPerFileCompile ImageProcessors+GaussianBlur.swift
SwiftCompile normal arm64_32 /Users/admin/builder/spi-builder-workspace/.dependencies/checkouts/Nuke/Sources/Nuke/Processing/ImageProcessors+Resize.swift (in target 'Nuke' from project 'Nuke')
    cd /Users/admin/builder/spi-builder-workspace/.swiftpm/xcode
    builtin-SwiftPerFileCompile ImageProcessors+Resize.swift
SwiftCompile normal arm64_32 /Users/admin/builder/spi-builder-workspace/.dependencies/checkouts/Nuke/Sources/Nuke/Processing/ImageProcessors+RoundedCorners.swift (in target 'Nuke' from project 'Nuke')
    cd /Users/admin/builder/spi-builder-workspace/.swiftpm/xcode
    builtin-SwiftPerFileCompile ImageProcessors+RoundedCorners.swift
SwiftCompile normal arm64_32 /Users/admin/builder/spi-builder-workspace/.dependencies/checkouts/Nuke/Sources/Nuke/Processing/ImageProcessors.swift (in target 'Nuke' from project 'Nuke')
    cd /Users/admin/builder/spi-builder-workspace/.swiftpm/xcode
    builtin-SwiftPerFileCompile ImageProcessors.swift
SwiftCompile normal arm64_32 /Users/admin/builder/spi-builder-workspace/.dependencies/checkouts/Nuke/Sources/Nuke/Tasks/AsyncPipelineTask.swift (in target 'Nuke' from project 'Nuke')
    cd /Users/admin/builder/spi-builder-workspace/.swiftpm/xcode
    builtin-SwiftPerFileCompile AsyncPipelineTask.swift
SwiftCompile normal arm64_32 Compiling\ AsyncTask.swift,\ TaskFetchOriginalData.swift,\ TaskFetchOriginalImage.swift,\ TaskLoadData.swift,\ TaskLoadImage.swift /Users/admin/builder/spi-builder-workspace/.dependencies/checkouts/Nuke/Sources/Nuke/Tasks/AsyncTask.swift /Users/admin/builder/spi-builder-workspace/.dependencies/checkouts/Nuke/Sources/Nuke/Tasks/TaskFetchOriginalData.swift /Users/admin/builder/spi-builder-workspace/.dependencies/checkouts/Nuke/Sources/Nuke/Tasks/TaskFetchOriginalImage.swift /Users/admin/builder/spi-builder-workspace/.dependencies/checkouts/Nuke/Sources/Nuke/Tasks/TaskLoadData.swift /Users/admin/builder/spi-builder-workspace/.dependencies/checkouts/Nuke/Sources/Nuke/Tasks/TaskLoadImage.swift (in target 'Nuke' from project 'Nuke')
SwiftCompile normal arm64_32 /Users/admin/builder/spi-builder-workspace/.dependencies/checkouts/Nuke/Sources/Nuke/Tasks/AsyncTask.swift (in target 'Nuke' from project 'Nuke')
    cd /Users/admin/builder/spi-builder-workspace/.swiftpm/xcode
    builtin-SwiftPerFileCompile AsyncTask.swift
SwiftCompile normal arm64_32 /Users/admin/builder/spi-builder-workspace/.dependencies/checkouts/Nuke/Sources/Nuke/Tasks/TaskFetchOriginalData.swift (in target 'Nuke' from project 'Nuke')
    cd /Users/admin/builder/spi-builder-workspace/.swiftpm/xcode
    builtin-SwiftPerFileCompile TaskFetchOriginalData.swift
SwiftCompile normal arm64_32 /Users/admin/builder/spi-builder-workspace/.dependencies/checkouts/Nuke/Sources/Nuke/Tasks/TaskFetchOriginalImage.swift (in target 'Nuke' from project 'Nuke')
    cd /Users/admin/builder/spi-builder-workspace/.swiftpm/xcode
    builtin-SwiftPerFileCompile TaskFetchOriginalImage.swift
SwiftCompile normal arm64_32 /Users/admin/builder/spi-builder-workspace/.dependencies/checkouts/Nuke/Sources/Nuke/Tasks/TaskLoadData.swift (in target 'Nuke' from project 'Nuke')
    cd /Users/admin/builder/spi-builder-workspace/.swiftpm/xcode
    builtin-SwiftPerFileCompile TaskLoadData.swift
SwiftCompile normal arm64_32 /Users/admin/builder/spi-builder-workspace/.dependencies/checkouts/Nuke/Sources/Nuke/Tasks/TaskLoadImage.swift (in target 'Nuke' from project 'Nuke')
    cd /Users/admin/builder/spi-builder-workspace/.swiftpm/xcode
    builtin-SwiftPerFileCompile TaskLoadImage.swift
SwiftCompile normal arm64_32 Compiling\ ImageProcessingOptions.swift,\ ImageProcessors+Anonymous.swift,\ ImageProcessors+Circle.swift,\ ImageProcessors+Composition.swift,\ ImageProcessors+CoreImage.swift /Users/admin/builder/spi-builder-workspace/.dependencies/checkouts/Nuke/Sources/Nuke/Processing/ImageProcessingOptions.swift /Users/admin/builder/spi-builder-workspace/.dependencies/checkouts/Nuke/Sources/Nuke/Processing/ImageProcessors+Anonymous.swift /Users/admin/builder/spi-builder-workspace/.dependencies/checkouts/Nuke/Sources/Nuke/Processing/ImageProcessors+Circle.swift /Users/admin/builder/spi-builder-workspace/.dependencies/checkouts/Nuke/Sources/Nuke/Processing/ImageProcessors+Composition.swift /Users/admin/builder/spi-builder-workspace/.dependencies/checkouts/Nuke/Sources/Nuke/Processing/ImageProcessors+CoreImage.swift (in target 'Nuke' from project 'Nuke')
SwiftCompile normal arm64_32 /Users/admin/builder/spi-builder-workspace/.dependencies/checkouts/Nuke/Sources/Nuke/Processing/ImageProcessingOptions.swift (in target 'Nuke' from project 'Nuke')
    cd /Users/admin/builder/spi-builder-workspace/.swiftpm/xcode
    builtin-SwiftPerFileCompile ImageProcessingOptions.swift
SwiftCompile normal arm64_32 /Users/admin/builder/spi-builder-workspace/.dependencies/checkouts/Nuke/Sources/Nuke/Processing/ImageProcessors+Anonymous.swift (in target 'Nuke' from project 'Nuke')
    cd /Users/admin/builder/spi-builder-workspace/.swiftpm/xcode
    builtin-SwiftPerFileCompile ImageProcessors+Anonymous.swift
SwiftCompile normal arm64_32 /Users/admin/builder/spi-builder-workspace/.dependencies/checkouts/Nuke/Sources/Nuke/Processing/ImageProcessors+Circle.swift (in target 'Nuke' from project 'Nuke')
    cd /Users/admin/builder/spi-builder-workspace/.swiftpm/xcode
    builtin-SwiftPerFileCompile ImageProcessors+Circle.swift
SwiftCompile normal arm64_32 /Users/admin/builder/spi-builder-workspace/.dependencies/checkouts/Nuke/Sources/Nuke/Processing/ImageProcessors+Composition.swift (in target 'Nuke' from project 'Nuke')
    cd /Users/admin/builder/spi-builder-workspace/.swiftpm/xcode
    builtin-SwiftPerFileCompile ImageProcessors+Composition.swift
SwiftCompile normal arm64_32 /Users/admin/builder/spi-builder-workspace/.dependencies/checkouts/Nuke/Sources/Nuke/Processing/ImageProcessors+CoreImage.swift (in target 'Nuke' from project 'Nuke')
    cd /Users/admin/builder/spi-builder-workspace/.swiftpm/xcode
    builtin-SwiftPerFileCompile ImageProcessors+CoreImage.swift
SwiftCompile normal arm64_32 Compiling\ Deprecated.swift,\ ImagePipeline+Cache.swift,\ ImagePipeline+Configuration.swift,\ ImagePipeline+Delegate.swift,\ ImagePipeline+Error.swift /Users/admin/builder/spi-builder-workspace/.dependencies/checkouts/Nuke/Sources/Nuke/Pipeline/Deprecated.swift /Users/admin/builder/spi-builder-workspace/.dependencies/checkouts/Nuke/Sources/Nuke/Pipeline/ImagePipeline+Cache.swift /Users/admin/builder/spi-builder-workspace/.dependencies/checkouts/Nuke/Sources/Nuke/Pipeline/ImagePipeline+Configuration.swift /Users/admin/builder/spi-builder-workspace/.dependencies/checkouts/Nuke/Sources/Nuke/Pipeline/ImagePipeline+Delegate.swift /Users/admin/builder/spi-builder-workspace/.dependencies/checkouts/Nuke/Sources/Nuke/Pipeline/ImagePipeline+Error.swift (in target 'Nuke' from project 'Nuke')
SwiftCompile normal arm64_32 /Users/admin/builder/spi-builder-workspace/.dependencies/checkouts/Nuke/Sources/Nuke/Pipeline/Deprecated.swift (in target 'Nuke' from project 'Nuke')
    cd /Users/admin/builder/spi-builder-workspace/.swiftpm/xcode
    builtin-SwiftPerFileCompile Deprecated.swift
SwiftCompile normal arm64_32 /Users/admin/builder/spi-builder-workspace/.dependencies/checkouts/Nuke/Sources/Nuke/Pipeline/ImagePipeline+Cache.swift (in target 'Nuke' from project 'Nuke')
    cd /Users/admin/builder/spi-builder-workspace/.swiftpm/xcode
    builtin-SwiftPerFileCompile ImagePipeline+Cache.swift
SwiftCompile normal arm64_32 /Users/admin/builder/spi-builder-workspace/.dependencies/checkouts/Nuke/Sources/Nuke/Pipeline/ImagePipeline+Configuration.swift (in target 'Nuke' from project 'Nuke')
    cd /Users/admin/builder/spi-builder-workspace/.swiftpm/xcode
    builtin-SwiftPerFileCompile ImagePipeline+Configuration.swift
SwiftCompile normal arm64_32 /Users/admin/builder/spi-builder-workspace/.dependencies/checkouts/Nuke/Sources/Nuke/Pipeline/ImagePipeline+Delegate.swift (in target 'Nuke' from project 'Nuke')
    cd /Users/admin/builder/spi-builder-workspace/.swiftpm/xcode
    builtin-SwiftPerFileCompile ImagePipeline+Delegate.swift
SwiftCompile normal arm64_32 /Users/admin/builder/spi-builder-workspace/.dependencies/checkouts/Nuke/Sources/Nuke/Pipeline/ImagePipeline+Error.swift (in target 'Nuke' from project 'Nuke')
    cd /Users/admin/builder/spi-builder-workspace/.swiftpm/xcode
    builtin-SwiftPerFileCompile ImagePipeline+Error.swift
SwiftCompile normal arm64_32 Compiling\ Mutex.swift,\ RateLimiter.swift,\ ResumableData.swift,\ TaskQueue.swift,\ DataLoader.swift,\ DataLoading.swift /Users/admin/builder/spi-builder-workspace/.dependencies/checkouts/Nuke/Sources/Nuke/Internal/Mutex.swift /Users/admin/builder/spi-builder-workspace/.dependencies/checkouts/Nuke/Sources/Nuke/Internal/RateLimiter.swift /Users/admin/builder/spi-builder-workspace/.dependencies/checkouts/Nuke/Sources/Nuke/Internal/ResumableData.swift /Users/admin/builder/spi-builder-workspace/.dependencies/checkouts/Nuke/Sources/Nuke/Internal/TaskQueue.swift /Users/admin/builder/spi-builder-workspace/.dependencies/checkouts/Nuke/Sources/Nuke/Loading/DataLoader.swift /Users/admin/builder/spi-builder-workspace/.dependencies/checkouts/Nuke/Sources/Nuke/Loading/DataLoading.swift (in target 'Nuke' from project 'Nuke')
SwiftCompile normal arm64_32 /Users/admin/builder/spi-builder-workspace/.dependencies/checkouts/Nuke/Sources/Nuke/Internal/Mutex.swift (in target 'Nuke' from project 'Nuke')
    cd /Users/admin/builder/spi-builder-workspace/.swiftpm/xcode
    builtin-SwiftPerFileCompile Mutex.swift
SwiftCompile normal arm64_32 /Users/admin/builder/spi-builder-workspace/.dependencies/checkouts/Nuke/Sources/Nuke/Internal/RateLimiter.swift (in target 'Nuke' from project 'Nuke')
    cd /Users/admin/builder/spi-builder-workspace/.swiftpm/xcode
    builtin-SwiftPerFileCompile RateLimiter.swift
SwiftCompile normal arm64_32 /Users/admin/builder/spi-builder-workspace/.dependencies/checkouts/Nuke/Sources/Nuke/Internal/ResumableData.swift (in target 'Nuke' from project 'Nuke')
    cd /Users/admin/builder/spi-builder-workspace/.swiftpm/xcode
    builtin-SwiftPerFileCompile ResumableData.swift
SwiftCompile normal arm64_32 /Users/admin/builder/spi-builder-workspace/.dependencies/checkouts/Nuke/Sources/Nuke/Internal/TaskQueue.swift (in target 'Nuke' from project 'Nuke')
    cd /Users/admin/builder/spi-builder-workspace/.swiftpm/xcode
    builtin-SwiftPerFileCompile TaskQueue.swift
SwiftCompile normal arm64_32 /Users/admin/builder/spi-builder-workspace/.dependencies/checkouts/Nuke/Sources/Nuke/Loading/DataLoader.swift (in target 'Nuke' from project 'Nuke')
    cd /Users/admin/builder/spi-builder-workspace/.swiftpm/xcode
    builtin-SwiftPerFileCompile DataLoader.swift
SwiftCompile normal arm64_32 /Users/admin/builder/spi-builder-workspace/.dependencies/checkouts/Nuke/Sources/Nuke/Loading/DataLoading.swift (in target 'Nuke' from project 'Nuke')
    cd /Users/admin/builder/spi-builder-workspace/.swiftpm/xcode
    builtin-SwiftPerFileCompile DataLoading.swift
SwiftCompile normal arm64_32 Compiling\ ImageEncoders.swift,\ ImageEncoding.swift,\ ImageContainer.swift,\ ImageRequest.swift,\ ImageResponse.swift,\ ImageTask.swift /Users/admin/builder/spi-builder-workspace/.dependencies/checkouts/Nuke/Sources/Nuke/Encoding/ImageEncoders.swift /Users/admin/builder/spi-builder-workspace/.dependencies/checkouts/Nuke/Sources/Nuke/Encoding/ImageEncoding.swift /Users/admin/builder/spi-builder-workspace/.dependencies/checkouts/Nuke/Sources/Nuke/ImageContainer.swift /Users/admin/builder/spi-builder-workspace/.dependencies/checkouts/Nuke/Sources/Nuke/ImageRequest.swift /Users/admin/builder/spi-builder-workspace/.dependencies/checkouts/Nuke/Sources/Nuke/ImageResponse.swift /Users/admin/builder/spi-builder-workspace/.dependencies/checkouts/Nuke/Sources/Nuke/ImageTask.swift (in target 'Nuke' from project 'Nuke')
SwiftCompile normal arm64_32 /Users/admin/builder/spi-builder-workspace/.dependencies/checkouts/Nuke/Sources/Nuke/Encoding/ImageEncoders.swift (in target 'Nuke' from project 'Nuke')
    cd /Users/admin/builder/spi-builder-workspace/.swiftpm/xcode
    builtin-SwiftPerFileCompile ImageEncoders.swift
SwiftCompile normal arm64_32 /Users/admin/builder/spi-builder-workspace/.dependencies/checkouts/Nuke/Sources/Nuke/Encoding/ImageEncoding.swift (in target 'Nuke' from project 'Nuke')
    cd /Users/admin/builder/spi-builder-workspace/.swiftpm/xcode
    builtin-SwiftPerFileCompile ImageEncoding.swift
SwiftCompile normal arm64_32 /Users/admin/builder/spi-builder-workspace/.dependencies/checkouts/Nuke/Sources/Nuke/ImageContainer.swift (in target 'Nuke' from project 'Nuke')
    cd /Users/admin/builder/spi-builder-workspace/.swiftpm/xcode
    builtin-SwiftPerFileCompile ImageContainer.swift
SwiftCompile normal arm64_32 /Users/admin/builder/spi-builder-workspace/.dependencies/checkouts/Nuke/Sources/Nuke/ImageRequest.swift (in target 'Nuke' from project 'Nuke')
    cd /Users/admin/builder/spi-builder-workspace/.swiftpm/xcode
    builtin-SwiftPerFileCompile ImageRequest.swift
SwiftCompile normal arm64_32 /Users/admin/builder/spi-builder-workspace/.dependencies/checkouts/Nuke/Sources/Nuke/ImageResponse.swift (in target 'Nuke' from project 'Nuke')
    cd /Users/admin/builder/spi-builder-workspace/.swiftpm/xcode
    builtin-SwiftPerFileCompile ImageResponse.swift
SwiftCompile normal arm64_32 /Users/admin/builder/spi-builder-workspace/.dependencies/checkouts/Nuke/Sources/Nuke/ImageTask.swift (in target 'Nuke' from project 'Nuke')
    cd /Users/admin/builder/spi-builder-workspace/.swiftpm/xcode
    builtin-SwiftPerFileCompile ImageTask.swift
SwiftCompile normal arm64_32 Compiling\ ImageDecoderRegistry.swift,\ ImageDecoders+Default.swift,\ ImageDecoders+Empty.swift,\ ImageDecoding.swift,\ ImageEncoders+Default.swift,\ ImageEncoders+ImageIO.swift /Users/admin/builder/spi-builder-workspace/.dependencies/checkouts/Nuke/Sources/Nuke/Decoding/ImageDecoderRegistry.swift /Users/admin/builder/spi-builder-workspace/.dependencies/checkouts/Nuke/Sources/Nuke/Decoding/ImageDecoders+Default.swift /Users/admin/builder/spi-builder-workspace/.dependencies/checkouts/Nuke/Sources/Nuke/Decoding/ImageDecoders+Empty.swift /Users/admin/builder/spi-builder-workspace/.dependencies/checkouts/Nuke/Sources/Nuke/Decoding/ImageDecoding.swift /Users/admin/builder/spi-builder-workspace/.dependencies/checkouts/Nuke/Sources/Nuke/Encoding/ImageEncoders+Default.swift /Users/admin/builder/spi-builder-workspace/.dependencies/checkouts/Nuke/Sources/Nuke/Encoding/ImageEncoders+ImageIO.swift (in target 'Nuke' from project 'Nuke')
SwiftCompile normal arm64_32 /Users/admin/builder/spi-builder-workspace/.dependencies/checkouts/Nuke/Sources/Nuke/Decoding/ImageDecoderRegistry.swift (in target 'Nuke' from project 'Nuke')
    cd /Users/admin/builder/spi-builder-workspace/.swiftpm/xcode
    builtin-SwiftPerFileCompile ImageDecoderRegistry.swift
SwiftCompile normal arm64_32 /Users/admin/builder/spi-builder-workspace/.dependencies/checkouts/Nuke/Sources/Nuke/Decoding/ImageDecoders+Default.swift (in target 'Nuke' from project 'Nuke')
    cd /Users/admin/builder/spi-builder-workspace/.swiftpm/xcode
    builtin-SwiftPerFileCompile ImageDecoders+Default.swift
SwiftCompile normal arm64_32 /Users/admin/builder/spi-builder-workspace/.dependencies/checkouts/Nuke/Sources/Nuke/Decoding/ImageDecoders+Empty.swift (in target 'Nuke' from project 'Nuke')
    cd /Users/admin/builder/spi-builder-workspace/.swiftpm/xcode
    builtin-SwiftPerFileCompile ImageDecoders+Empty.swift
SwiftCompile normal arm64_32 /Users/admin/builder/spi-builder-workspace/.dependencies/checkouts/Nuke/Sources/Nuke/Decoding/ImageDecoding.swift (in target 'Nuke' from project 'Nuke')
    cd /Users/admin/builder/spi-builder-workspace/.swiftpm/xcode
    builtin-SwiftPerFileCompile ImageDecoding.swift
SwiftCompile normal arm64_32 /Users/admin/builder/spi-builder-workspace/.dependencies/checkouts/Nuke/Sources/Nuke/Encoding/ImageEncoders+Default.swift (in target 'Nuke' from project 'Nuke')
    cd /Users/admin/builder/spi-builder-workspace/.swiftpm/xcode
    builtin-SwiftPerFileCompile ImageEncoders+Default.swift
SwiftCompile normal arm64_32 /Users/admin/builder/spi-builder-workspace/.dependencies/checkouts/Nuke/Sources/Nuke/Encoding/ImageEncoders+ImageIO.swift (in target 'Nuke' from project 'Nuke')
    cd /Users/admin/builder/spi-builder-workspace/.swiftpm/xcode
    builtin-SwiftPerFileCompile ImageEncoders+ImageIO.swift
SwiftEmitModule normal arm64 Emitting\ module\ for\ Nuke (in target 'Nuke' from project 'Nuke')
SwiftCompile normal arm64 (in target 'Nuke' from project 'Nuke')
    cd /Users/admin/builder/spi-builder-workspace/.swiftpm/xcode

SwiftEmitModule normal arm64_32 Emitting\ module\ for\ Nuke (in target 'Nuke' from project 'Nuke')
SwiftCompile normal arm64_32 (in target 'Nuke' from project 'Nuke')
    cd /Users/admin/builder/spi-builder-workspace/.swiftpm/xcode

SwiftExplicitDependencyGeneratePcm arm64 /Users/admin/builder/spi-builder-workspace/.derivedData/SDKExplicitPrecompiledModules/SwiftUI-E6XJI4PF1Q2HPTXKL91GWARU6.pcm
SwiftExplicitDependencyGeneratePcm arm64_32 /Users/admin/builder/spi-builder-workspace/.derivedData/SDKExplicitPrecompiledModules/SwiftUI-6DR5UJH94SD7QMITGWNAX9FBI.pcm
SwiftEmitModule normal arm64 Emitting\ module\ for\ SwiftUISupportBackport (in target 'SwiftUISupportBackport' from project 'SwiftUISupport')
/Users/admin/builder/spi-builder-workspace/.dependencies/checkouts/swiftui-support/Sources/SwiftUISupportBackport/ImageView.swift:13:20: error: 'UIView' is unavailable in watchOS
11 | public struct ImageView: View {
12 |
13 |   let contentMode: UIView.ContentMode
   |                    `- error: 'UIView' is unavailable in watchOS
14 |   let tintColor: UIColor?
15 |   let image: UIImage?
/Applications/Xcode-27.0.0-Release.Candidate.app/Contents/Developer/Platforms/WatchOS.platform/Developer/SDKs/WatchOS27.0.sdk/System/Library/Frameworks/UIKit.framework/Headers/UIView.h:152:12: note: 'UIView' has been explicitly marked unavailable here
150 |
151 | UIKIT_EXTERN API_AVAILABLE(ios(2.0)) API_UNAVAILABLE(watchos) NS_SWIFT_UI_ACTOR
152 | @interface UIView : UIResponder <NSCoding, UIAppearance, UIAppearanceContainer, UIDynamicItem, UITraitEnvironment, UICoordinateSpace, UIFocusItem, UIFocusItemContainer, CALayerDelegate>
    |            `- note: 'UIView' has been explicitly marked unavailable here
153 |
154 | @property(class, nonatomic, readonly) Class layerClass;                        // default is [CALayer class]. Used when creating the underlying layer for the view.
/Users/admin/builder/spi-builder-workspace/.dependencies/checkouts/swiftui-support/Sources/SwiftUISupportBackport/ImageView.swift:19:18: error: 'UIView' is unavailable in watchOS
17 |   public init(
18 |     image: UIImage?,
19 |     contentMode: UIView.ContentMode = .scaleAspectFill,
   |                  `- error: 'UIView' is unavailable in watchOS
20 |     tintColor: UIColor? = nil
21 |   ) {
/Applications/Xcode-27.0.0-Release.Candidate.app/Contents/Developer/Platforms/WatchOS.platform/Developer/SDKs/WatchOS27.0.sdk/System/Library/Frameworks/UIKit.framework/Headers/UIView.h:152:12: note: 'UIView' has been explicitly marked unavailable here
150 |
151 | UIKIT_EXTERN API_AVAILABLE(ios(2.0)) API_UNAVAILABLE(watchos) NS_SWIFT_UI_ACTOR
152 | @interface UIView : UIResponder <NSCoding, UIAppearance, UIAppearanceContainer, UIDynamicItem, UITraitEnvironment, UICoordinateSpace, UIFocusItem, UIFocusItemContainer, CALayerDelegate>
    |            `- note: 'UIView' has been explicitly marked unavailable here
153 |
154 | @property(class, nonatomic, readonly) Class layerClass;                        // default is [CALayer class]. Used when creating the underlying layer for the view.
/Users/admin/builder/spi-builder-workspace/.dependencies/checkouts/swiftui-support/Sources/SwiftUISupportBackport/ImageView.swift:34:22: error: 'UIView' is unavailable in watchOS
32 |   private struct _ImageView: UIViewRepresentable {
33 |
34 |     let contentMode: UIView.ContentMode
   |                      `- error: 'UIView' is unavailable in watchOS
35 |     let tintColor: UIColor?
36 |     let image: UIImage?
/Applications/Xcode-27.0.0-Release.Candidate.app/Contents/Developer/Platforms/WatchOS.platform/Developer/SDKs/WatchOS27.0.sdk/System/Library/Frameworks/UIKit.framework/Headers/UIView.h:152:12: note: 'UIView' has been explicitly marked unavailable here
150 |
151 | UIKIT_EXTERN API_AVAILABLE(ios(2.0)) API_UNAVAILABLE(watchos) NS_SWIFT_UI_ACTOR
152 | @interface UIView : UIResponder <NSCoding, UIAppearance, UIAppearanceContainer, UIDynamicItem, UITraitEnvironment, UICoordinateSpace, UIFocusItem, UIFocusItemContainer, CALayerDelegate>
    |            `- note: 'UIView' has been explicitly marked unavailable here
153 |
154 | @property(class, nonatomic, readonly) Class layerClass;                        // default is [CALayer class]. Used when creating the underlying layer for the view.
/Users/admin/builder/spi-builder-workspace/.dependencies/checkouts/swiftui-support/Sources/SwiftUISupportBackport/ImageView.swift:40:20: error: 'UIView' is unavailable in watchOS
38 |     init(
39 |       image: UIImage?,
40 |       contentMode: UIView.ContentMode = .scaleAspectFill,
   |                    `- error: 'UIView' is unavailable in watchOS
41 |       tintColor: UIColor? = nil
42 |     ) {
/Applications/Xcode-27.0.0-Release.Candidate.app/Contents/Developer/Platforms/WatchOS.platform/Developer/SDKs/WatchOS27.0.sdk/System/Library/Frameworks/UIKit.framework/Headers/UIView.h:152:12: note: 'UIView' has been explicitly marked unavailable here
150 |
151 | UIKIT_EXTERN API_AVAILABLE(ios(2.0)) API_UNAVAILABLE(watchos) NS_SWIFT_UI_ACTOR
152 | @interface UIView : UIResponder <NSCoding, UIAppearance, UIAppearanceContainer, UIDynamicItem, UITraitEnvironment, UICoordinateSpace, UIFocusItem, UIFocusItemContainer, CALayerDelegate>
    |            `- note: 'UIView' has been explicitly marked unavailable here
153 |
154 | @property(class, nonatomic, readonly) Class layerClass;                        // default is [CALayer class]. Used when creating the underlying layer for the view.
/Users/admin/builder/spi-builder-workspace/.dependencies/checkouts/swiftui-support/Sources/SwiftUISupportBackport/ImageView.swift:48:30: error: cannot find type 'Context' in scope
46 |     }
47 |
48 |     func makeUIView(context: Context) -> UIImageView {
   |                              `- error: cannot find type 'Context' in scope
49 |       let imageView = UIImageView()
50 |       imageView.setContentCompressionResistancePriority(.defaultLow, for: .horizontal)
/Users/admin/builder/spi-builder-workspace/.dependencies/checkouts/swiftui-support/Sources/SwiftUISupportBackport/ImageView.swift:48:42: error: 'UIImageView' is unavailable in watchOS
46 |     }
47 |
48 |     func makeUIView(context: Context) -> UIImageView {
   |                                          `- error: 'UIImageView' is unavailable in watchOS
49 |       let imageView = UIImageView()
50 |       imageView.setContentCompressionResistancePriority(.defaultLow, for: .horizontal)
/Applications/Xcode-27.0.0-Release.Candidate.app/Contents/Developer/Platforms/WatchOS.platform/Developer/SDKs/WatchOS27.0.sdk/System/Library/Frameworks/UIKit.framework/Headers/UIImageView.h:21:12: note: 'UIImageView' has been explicitly marked unavailable here
 19 |
 20 | UIKIT_EXTERN API_AVAILABLE(ios(2.0)) API_UNAVAILABLE(watchos) NS_SWIFT_UI_ACTOR
 21 | @interface UIImageView : UIView
    |            `- note: 'UIImageView' has been explicitly marked unavailable here
 22 |
 23 | - (instancetype)initWithImage:(nullable UIImage *)image;
/Users/admin/builder/spi-builder-workspace/.dependencies/checkouts/swiftui-support/Sources/SwiftUISupportBackport/ImageView.swift:56:55: error: cannot find type 'Context' in scope
54 |     }
55 |
56 |     func updateUIView(_ uiView: UIImageView, context: Context) {
   |                                                       `- error: cannot find type 'Context' in scope
57 |       uiView.contentMode = contentMode
58 |       uiView.tintColor = tintColor
/Users/admin/builder/spi-builder-workspace/.dependencies/checkouts/swiftui-support/Sources/SwiftUISupportBackport/ImageView.swift:56:33: error: 'UIImageView' is unavailable in watchOS
54 |     }
55 |
56 |     func updateUIView(_ uiView: UIImageView, context: Context) {
   |                                 `- error: 'UIImageView' is unavailable in watchOS
57 |       uiView.contentMode = contentMode
58 |       uiView.tintColor = tintColor
/Applications/Xcode-27.0.0-Release.Candidate.app/Contents/Developer/Platforms/WatchOS.platform/Developer/SDKs/WatchOS27.0.sdk/System/Library/Frameworks/UIKit.framework/Headers/UIImageView.h:21:12: note: 'UIImageView' has been explicitly marked unavailable here
 19 |
 20 | UIKIT_EXTERN API_AVAILABLE(ios(2.0)) API_UNAVAILABLE(watchos) NS_SWIFT_UI_ACTOR
 21 | @interface UIImageView : UIView
    |            `- note: 'UIImageView' has been explicitly marked unavailable here
 22 |
 23 | - (instancetype)initWithImage:(nullable UIImage *)image;
/Users/admin/builder/spi-builder-workspace/.dependencies/checkouts/swiftui-support/Sources/SwiftUISupportBackport/ImageView.swift:32:30: error: cannot find type 'UIViewRepresentable' in scope
30 |   }
31 |
32 |   private struct _ImageView: UIViewRepresentable {
   |                              `- error: cannot find type 'UIViewRepresentable' in scope
33 |
34 |     let contentMode: UIView.ContentMode
/Users/admin/builder/spi-builder-workspace/.dependencies/checkouts/swiftui-support/Sources/SwiftUISupportBackport/VisualEffect.swift:6:14: error: 'UIBlurEffect' is unavailable in watchOS
 4 | public struct VisualEffect: UIViewRepresentable {
 5 |
 6 |   let style: UIBlurEffect.Style
   |              `- error: 'UIBlurEffect' is unavailable in watchOS
 7 |
 8 |   public init(style: UIBlurEffect.Style) {
/Applications/Xcode-27.0.0-Release.Candidate.app/Contents/Developer/Platforms/WatchOS.platform/Developer/SDKs/WatchOS27.0.sdk/System/Library/Frameworks/UIKit.framework/Headers/UIBlurEffect.h:61:12: note: 'UIBlurEffect' has been explicitly marked unavailable here
59 | /* UIBlurEffect will provide a blur that appears to have been applied to the content layered behind the UIVisualEffectView. Views added to the contentView of a blur visual effect are not blurred themselves. */
60 | UIKIT_EXTERN API_AVAILABLE(ios(8.0)) API_UNAVAILABLE(watchos) NS_SWIFT_UI_ACTOR
61 | @interface UIBlurEffect : UIVisualEffect
   |            `- note: 'UIBlurEffect' has been explicitly marked unavailable here
62 |
63 | + (UIBlurEffect *)effectWithStyle:(UIBlurEffectStyle)style;
/Users/admin/builder/spi-builder-workspace/.dependencies/checkouts/swiftui-support/Sources/SwiftUISupportBackport/VisualEffect.swift:8:22: error: 'UIBlurEffect' is unavailable in watchOS
 6 |   let style: UIBlurEffect.Style
 7 |
 8 |   public init(style: UIBlurEffect.Style) {
   |                      `- error: 'UIBlurEffect' is unavailable in watchOS
 9 |     self.style = style
10 |   }
/Applications/Xcode-27.0.0-Release.Candidate.app/Contents/Developer/Platforms/WatchOS.platform/Developer/SDKs/WatchOS27.0.sdk/System/Library/Frameworks/UIKit.framework/Headers/UIBlurEffect.h:61:12: note: 'UIBlurEffect' has been explicitly marked unavailable here
59 | /* UIBlurEffect will provide a blur that appears to have been applied to the content layered behind the UIVisualEffectView. Views added to the contentView of a blur visual effect are not blurred themselves. */
60 | UIKIT_EXTERN API_AVAILABLE(ios(8.0)) API_UNAVAILABLE(watchos) NS_SWIFT_UI_ACTOR
61 | @interface UIBlurEffect : UIVisualEffect
   |            `- note: 'UIBlurEffect' has been explicitly marked unavailable here
62 |
63 | + (UIBlurEffect *)effectWithStyle:(UIBlurEffectStyle)style;
/Users/admin/builder/spi-builder-workspace/.dependencies/checkouts/swiftui-support/Sources/SwiftUISupportBackport/VisualEffect.swift:12:35: error: cannot find type 'Context' in scope
10 |   }
11 |
12 |   public func makeUIView(context: Context) -> UIVisualEffectView {
   |                                   `- error: cannot find type 'Context' in scope
13 |     return UIVisualEffectView(effect: UIBlurEffect(style: style))
14 |   }
/Users/admin/builder/spi-builder-workspace/.dependencies/checkouts/swiftui-support/Sources/SwiftUISupportBackport/VisualEffect.swift:12:47: error: 'UIVisualEffectView' is unavailable in watchOS
10 |   }
11 |
12 |   public func makeUIView(context: Context) -> UIVisualEffectView {
   |                                               `- error: 'UIVisualEffectView' is unavailable in watchOS
13 |     return UIVisualEffectView(effect: UIBlurEffect(style: style))
14 |   }
/Applications/Xcode-27.0.0-Release.Candidate.app/Contents/Developer/Platforms/WatchOS.platform/Developer/SDKs/WatchOS27.0.sdk/System/Library/Frameworks/UIKit.framework/Headers/UIVisualEffectView.h:28:12: note: 'UIVisualEffectView' has been explicitly marked unavailable here
26 |
27 | UIKIT_EXTERN API_AVAILABLE(ios(8.0)) API_UNAVAILABLE(watchos) NS_SWIFT_UI_ACTOR
28 | @interface UIVisualEffectView : UIView <NSSecureCoding>
   |            `- note: 'UIVisualEffectView' has been explicitly marked unavailable here
29 |
30 | @property (nonatomic, strong, readonly) UIView *contentView; // Do not add subviews directly to UIVisualEffectView, use this view instead.
/Users/admin/builder/spi-builder-workspace/.dependencies/checkouts/swiftui-support/Sources/SwiftUISupportBackport/VisualEffect.swift:16:67: error: cannot find type 'Context' in scope
14 |   }
15 |
16 |   public func updateUIView(_ uiView: UIVisualEffectView, context: Context) {
   |                                                                   `- error: cannot find type 'Context' in scope
17 |
18 |   }
/Users/admin/builder/spi-builder-workspace/.dependencies/checkouts/swiftui-support/Sources/SwiftUISupportBackport/VisualEffect.swift:16:38: error: 'UIVisualEffectView' is unavailable in watchOS
14 |   }
15 |
16 |   public func updateUIView(_ uiView: UIVisualEffectView, context: Context) {
   |                                      `- error: 'UIVisualEffectView' is unavailable in watchOS
17 |
18 |   }
/Applications/Xcode-27.0.0-Release.Candidate.app/Contents/Developer/Platforms/WatchOS.platform/Developer/SDKs/WatchOS27.0.sdk/System/Library/Frameworks/UIKit.framework/Headers/UIVisualEffectView.h:28:12: note: 'UIVisualEffectView' has been explicitly marked unavailable here
26 |
27 | UIKIT_EXTERN API_AVAILABLE(ios(8.0)) API_UNAVAILABLE(watchos) NS_SWIFT_UI_ACTOR
28 | @interface UIVisualEffectView : UIView <NSSecureCoding>
   |            `- note: 'UIVisualEffectView' has been explicitly marked unavailable here
29 |
30 | @property (nonatomic, strong, readonly) UIView *contentView; // Do not add subviews directly to UIVisualEffectView, use this view instead.
/Users/admin/builder/spi-builder-workspace/.dependencies/checkouts/swiftui-support/Sources/SwiftUISupportBackport/VisualEffect.swift:4:29: error: cannot find type 'UIViewRepresentable' in scope
 2 | import UIKit
 3 |
 4 | public struct VisualEffect: UIViewRepresentable {
   |                             `- error: cannot find type 'UIViewRepresentable' in scope
 5 |
 6 |   let style: UIBlurEffect.Style
Failed frontend command:
/Applications/Xcode-27.0.0-Release.Candidate.app/Contents/Developer/Toolchains/XcodeDefault.xctoolchain/usr/bin/swift-frontend -frontend -emit-module -experimental-skip-non-inlinable-function-bodies-without-types /Users/admin/builder/spi-builder-workspace/.dependencies/checkouts/swiftui-support/Sources/SwiftUISupportBackport/ImageView.swift /Users/admin/builder/spi-builder-workspace/.dependencies/checkouts/swiftui-support/Sources/SwiftUISupportBackport/OnChangeWithPrevious.swift /Users/admin/builder/spi-builder-workspace/.dependencies/checkouts/swiftui-support/Sources/SwiftUISupportBackport/VisualEffect.swift -target arm64-apple-watchos9.0 -module-can-import-version UIKit 9127.0.84.1 9127.0.84 -disable-cross-import-overlay-search -load-resolved-plugin /Applications/Xcode-27.0.0-Release.Candidate.app/Contents/Developer/Platforms/WatchOS.platform/Developer/usr/lib/swift/host/plugins/libFoundationMacros.dylib\#/Applications/Xcode-27.0.0-Release.Candidate.app/Contents/Developer/Platforms/WatchOS.platform/Developer/usr/bin/swift-plugin-server\#FoundationMacros -load-resolved-plugin /Applications/Xcode-27.0.0-Release.Candidate.app/Contents/Developer/Platforms/WatchOS.platform/Developer/usr/lib/swift/host/plugins/libObservationMacros.dylib\#/Applications/Xcode-27.0.0-Release.Candidate.app/Contents/Developer/Platforms/WatchOS.platform/Developer/usr/bin/swift-plugin-server\#ObservationMacros -load-resolved-plugin /Applications/Xcode-27.0.0-Release.Candidate.app/Contents/Developer/Platforms/WatchOS.platform/Developer/usr/lib/swift/host/plugins/libPreviewsMacros.dylib\#/Applications/Xcode-27.0.0-Release.Candidate.app/Contents/Developer/Platforms/WatchOS.platform/Developer/usr/bin/swift-plugin-server\#PreviewsMacros -load-resolved-plugin /Applications/Xcode-27.0.0-Release.Candidate.app/Contents/Developer/Platforms/WatchOS.platform/Developer/usr/lib/swift/host/plugins/libSwiftMacros.dylib\#/Applications/Xcode-27.0.0-Release.Candidate.app/Contents/Developer/Platforms/WatchOS.platform/Developer/usr/bin/swift-plugin-server\#SwiftMacros -load-resolved-plugin /Applications/Xcode-27.0.0-Release.Candidate.app/Contents/Developer/Platforms/WatchOS.platform/Developer/usr/lib/swift/host/plugins/libSwiftUIMacros.dylib\#/Applications/Xcode-27.0.0-Release.Candidate.app/Contents/Developer/Platforms/WatchOS.platform/Developer/usr/bin/swift-plugin-server\#SwiftUIMacros -disable-implicit-swift-modules -Xcc -fno-implicit-modules -Xcc -fno-implicit-module-maps -explicit-swift-module-map-file /Users/admin/builder/spi-builder-workspace/.derivedData/Build/Intermediates.noindex/SwiftUISupport.build/Debug-watchos/SwiftUISupportBackport-t.build/Objects-normal/arm64/SwiftUISupportBackport-dependencies-2.json -Xllvm -aarch64-use-tbi -enable-objc-interop -stack-check -sdk /Applications/Xcode-27.0.0-Release.Candidate.app/Contents/Developer/Platforms/WatchOS.platform/Developer/SDKs/WatchOS27.0.sdk -I /Users/admin/builder/spi-builder-workspace/.derivedData/Build/Products/Debug-watchos -Isystem /Applications/Xcode-27.0.0-Release.Candidate.app/Contents/Developer/Platforms/WatchOS.platform/Developer/usr/lib -F /Users/admin/builder/spi-builder-workspace/.derivedData/Build/Products/Debug-watchos -F /Applications/Xcode-27.0.0-Release.Candidate.app/Contents/Developer/Platforms/WatchOS.platform/Developer/Library/Frameworks -F /Applications/Xcode-27.0.0-Release.Candidate.app/Contents/Developer/Platforms/WatchOS.platform/Developer/SDKs/WatchOS27.0.sdk/Developer/Library/Frameworks -module-cache-path /Users/admin/builder/spi-builder-workspace/.derivedData/Build/Intermediates.noindex/SwiftExplicitPrecompiledModules -no-color-diagnostics -Xcc -fno-color-diagnostics -enable-testing -g -debug-info-format\=dwarf -dwarf-version\=4 -suppress-warnings -profile-generate -profile-coverage-mapping -swift-version 6 -Onone -D SWIFT_PACKAGE -D DEBUG -D SWIFT_MODULE_RESOURCE_BUNDLE_UNAVAILABLE -D Xcode -serialize-debugging-options -enable-experimental-feature DebugDescriptionMacro -empty-abi-descriptor -user-module-version 0.14.0 -validate-clang-modules-once -clang-build-session-file /Users/admin/builder/spi-builder-workspace/.derivedData/ModuleCache.noindex/Session.modulevalidation -Xcc -working-directory -Xcc /Users/admin/builder/spi-builder-workspace/.swiftpm/xcode -enable-anonymous-context-mangled-names -file-compilation-dir /Users/admin/builder/spi-builder-workspace/.swiftpm/xcode -Xcc -D_LIBCPP_HARDENING_MODE\=_LIBCPP_HARDENING_MODE_DEBUG -Xcc -ivfsstatcache -Xcc /Users/admin/builder/spi-builder-workspace/.derivedData/SDKStatCaches.noindex/watchos27.0-24R360-e829b21a6f8c9b70876ba0858053c04477534ef55a1706bf4c1112bbb242f0a2.sdkstatcache -Xcc -fmodules-prune-interval\=86400 -Xcc -fmodules-prune-after\=345600 -Xcc -I/Users/admin/builder/spi-builder-workspace/.derivedData/Build/Products/Debug-watchos/include -Xcc -I/Users/admin/builder/spi-builder-workspace/.derivedData/Build/Intermediates.noindex/SwiftUISupport.build/Debug-watchos/SwiftUISupportBackport-t.build/DerivedSources-normal/arm64 -Xcc -I/Users/admin/builder/spi-builder-workspace/.derivedData/Build/Intermediates.noindex/SwiftUISupport.build/Debug-watchos/SwiftUISupportBackport-t.build/DerivedSources/arm64 -Xcc -I/Users/admin/builder/spi-builder-workspace/.derivedData/Build/Intermediates.noindex/SwiftUISupport.build/Debug-watchos/SwiftUISupportBackport-t.build/DerivedSources -Xcc -DSWIFT_PACKAGE -Xcc -DDEBUG\=1 -no-auto-bridging-header-chaining -module-name SwiftUISupportBackport -package-name swiftui_support -const-gather-protocols-file /Users/admin/builder/spi-builder-workspace/.derivedData/Build/Intermediates.noindex/SwiftUISupport.build/Debug-watchos/SwiftUISupportBackport-t.build/Objects-normal/arm64/SwiftUISupportBackport_const_extract_protocols.json -disable-clang-spi -clang-target arm64-apple-watchos27.0 -target-sdk-version 27.0 -target-sdk-name watchos27.0 -in-process-plugin-server-path /Applications/Xcode-27.0.0-Release.Candidate.app/Contents/Developer/Toolchains/XcodeDefault.xctoolchain/usr/lib/swift/host/libSwiftInProcPluginServer.dylib -emit-module-doc-path /Users/admin/builder/spi-builder-workspace/.derivedData/Build/Intermediates.noindex/SwiftUISupport.build/Debug-watchos/SwiftUISupportBackport-t.build/Objects-normal/arm64/SwiftUISupportBackport.swiftdoc -emit-module-source-info-path /Users/admin/builder/spi-builder-workspace/.derivedData/Build/Intermediates.noindex/SwiftUISupport.build/Debug-watchos/SwiftUISupportBackport-t.build/Objects-normal/arm64/SwiftUISupportBackport.swiftsourceinfo -emit-objc-header-path /Users/admin/builder/spi-builder-workspace/.derivedData/Build/Intermediates.noindex/SwiftUISupport.build/Debug-watchos/SwiftUISupportBackport-t.build/Objects-normal/arm64/SwiftUISupportBackport-Swift.h -serialize-diagnostics-path /Users/admin/builder/spi-builder-workspace/.derivedData/Build/Intermediates.noindex/SwiftUISupport.build/Debug-watchos/SwiftUISupportBackport-t.build/Objects-normal/arm64/SwiftUISupportBackport-primary-emit-module.dia -emit-dependencies-path /Users/admin/builder/spi-builder-workspace/.derivedData/Build/Intermediates.noindex/SwiftUISupport.build/Debug-watchos/SwiftUISupportBackport-t.build/Objects-normal/arm64/SwiftUISupportBackport-primary-emit-module.d -parse-as-library -o /Users/admin/builder/spi-builder-workspace/.derivedData/Build/Intermediates.noindex/SwiftUISupport.build/Debug-watchos/SwiftUISupportBackport-t.build/Objects-normal/arm64/SwiftUISupportBackport.swiftmodule -emit-abi-descriptor-path /Users/admin/builder/spi-builder-workspace/.derivedData/Build/Intermediates.noindex/SwiftUISupport.build/Debug-watchos/SwiftUISupportBackport-t.build/Objects-normal/arm64/SwiftUISupportBackport.abi.json
SwiftCompile normal arm64 (in target 'SwiftUISupportBackport' from project 'SwiftUISupport')
    cd /Users/admin/builder/spi-builder-workspace/.swiftpm/xcode

SwiftEmitModule normal arm64_32 Emitting\ module\ for\ SwiftUISupportBackport (in target 'SwiftUISupportBackport' from project 'SwiftUISupport')
SwiftCompile normal arm64_32 (in target 'SwiftUISupportBackport' from project 'SwiftUISupport')
    cd /Users/admin/builder/spi-builder-workspace/.swiftpm/xcode

PruneExplicitPrecompiledModules /Users/admin/builder/spi-builder-workspace/.derivedData/SDKExplicitPrecompiledModules
PruneExplicitPrecompiledModules /Users/admin/builder/spi-builder-workspace/.derivedData/Build/Intermediates.noindex/SwiftExplicitPrecompiledModules
PruneExplicitPrecompiledModules /Users/admin/builder/spi-builder-workspace/.derivedData/Build/Intermediates.noindex/ExplicitPrecompiledModules
2026-09-28 00:16:34.594 xcodebuild[725:4452] [MT] IDERunDestination: Supported platforms for the buildables in the current scheme is empty.
** BUILD FAILED **
The following build commands failed:
	SwiftEmitModule normal arm64 Emitting\ module\ for\ SwiftUISupportBackport (in target 'SwiftUISupportBackport' from project 'SwiftUISupport')
	SwiftCompile normal arm64 (in target 'SwiftUISupportBackport' from project 'SwiftUISupport')
	Building workspace AsyncMultiplexImage with scheme AsyncMultiplexImage-Package
(3 failures)
Command line invocation:
    /Applications/Xcode-27.0.0-Release.Candidate.app/Contents/Developer/usr/bin/xcodebuild -IDEClonedSourcePackagesDirPathOverride=/Users/admin/builder/spi-builder-workspace/.dependencies -resolvePackageDependencies
Resolve Package Graph
Resolved source packages:
  SwiftUISupport: https://github.com/FluidGroup/swiftui-support.git @ 0.14.0
  Nuke: https://github.com/kean/Nuke.git @ 13.2.0
  AsyncMultiplexImage: /Users/admin/builder/spi-builder-workspace
resolved source packages: SwiftUISupport, Nuke, AsyncMultiplexImage
2026-09-28 00:16:41.798 xcodebuild[893:5264] [MT] IDERunDestination: Supported platforms for the buildables in the current scheme is empty.
{
  "dependencies" : [
    {
      "identity" : "nuke",
      "requirement" : {
        "range" : [
          {
            "lower_bound" : "13.2.0",
            "upper_bound" : "14.0.0"
          }
        ]
      },
      "type" : "sourceControl",
      "url" : "https://github.com/kean/Nuke.git"
    },
    {
      "identity" : "swiftui-support",
      "requirement" : {
        "range" : [
          {
            "lower_bound" : "0.12.0",
            "upper_bound" : "1.0.0"
          }
        ]
      },
      "type" : "sourceControl",
      "url" : "https://github.com/FluidGroup/swiftui-support.git"
    }
  ],
  "manifest_display_name" : "AsyncMultiplexImage",
  "name" : "AsyncMultiplexImage",
  "path" : "/Users/admin/builder/spi-builder-workspace",
  "platforms" : [
    {
      "name" : "ios",
      "version" : "17.0"
    }
  ],
  "products" : [
    {
      "name" : "AsyncMultiplexImage",
      "targets" : [
        "AsyncMultiplexImage"
      ],
      "type" : {
        "library" : [
          "automatic"
        ]
      }
    },
    {
      "name" : "AsyncMultiplexImage-Nuke",
      "targets" : [
        "AsyncMultiplexImage-Nuke"
      ],
      "type" : {
        "library" : [
          "automatic"
        ]
      }
    }
  ],
  "swift_languages_versions" : [
    "6"
  ],
  "targets" : [
    {
      "c99name" : "AsyncMultiplexImageTests",
      "module_type" : "SwiftTarget",
      "name" : "AsyncMultiplexImageTests",
      "path" : "Tests/AsyncMultiplexImageTests",
      "sources" : [
        "AsyncMultiplexImageTests.swift"
      ],
      "target_dependencies" : [
        "AsyncMultiplexImage"
      ],
      "type" : "test"
    },
    {
      "c99name" : "AsyncMultiplexImage_Nuke",
      "module_type" : "SwiftTarget",
      "name" : "AsyncMultiplexImage-Nuke",
      "path" : "Sources/AsyncMultiplexImage-Nuke",
      "product_dependencies" : [
        "Nuke"
      ],
      "product_memberships" : [
        "AsyncMultiplexImage-Nuke"
      ],
      "sources" : [
        "AsyncMultiplexImageNuke.swift",
        "AsyncMultiplexImageNukeDownloader.swift"
      ],
      "target_dependencies" : [
        "AsyncMultiplexImage"
      ],
      "type" : "library"
    },
    {
      "c99name" : "AsyncMultiplexImage",
      "module_type" : "SwiftTarget",
      "name" : "AsyncMultiplexImage",
      "path" : "Sources/AsyncMultiplexImage",
      "product_dependencies" : [
        "SwiftUISupportBackport"
      ],
      "product_memberships" : [
        "AsyncMultiplexImage",
        "AsyncMultiplexImage-Nuke"
      ],
      "sources" : [
        "AsyncMultiplexImage.swift",
        "AsyncMultiplexImageContent.swift",
        "AsyncMultiplexImageView.swift",
        "DownloadManager.swift",
        "MultiplexImage.swift"
      ],
      "type" : "library"
    }
  ],
  "tools_version" : "6.3"
}
{
  "workspace" : {
    "name" : "AsyncMultiplexImage",
    "schemes" : [
      "AsyncMultiplexImage",
      "AsyncMultiplexImage-Nuke",
      "AsyncMultiplexImage-Package"
    ]
  }
}
2026-09-28 00:16:43.099 xcodebuild[901:5332] [MT] IDERunDestination: Supported platforms for the buildables in the current scheme is empty.
Running build ...
env DEVELOPER_DIR=/Applications/Xcode-27.0.0-Release.Candidate.app xcrun xcodebuild -IDEClonedSourcePackagesDirPathOverride=$PWD/.dependencies -skipMacroValidation -skipPackagePluginValidation -derivedDataPath $PWD/.derivedData build -scheme AsyncMultiplexImage-Package -destination generic/platform=watchOS
Command line invocation:
    /Applications/Xcode-27.0.0-Release.Candidate.app/Contents/Developer/usr/bin/xcodebuild -IDEClonedSourcePackagesDirPathOverride=/Users/admin/builder/spi-builder-workspace/.dependencies -skipMacroValidation -skipPackagePluginValidation -derivedDataPath /Users/admin/builder/spi-builder-workspace/.derivedData build -scheme AsyncMultiplexImage-Package -destination generic/platform=watchOS
Resolve Package Graph
Resolved source packages:
  AsyncMultiplexImage: /Users/admin/builder/spi-builder-workspace
  SwiftUISupport: https://github.com/FluidGroup/swiftui-support.git @ 0.14.0
  Nuke: https://github.com/kean/Nuke.git @ 13.2.0
ComputePackagePrebuildTargetDependencyGraph
Prepare packages
CreateBuildRequest
SendProjectDescription
CreateBuildOperation
ComputeTargetDependencyGraph
note: Building targets in dependency order
note: Target dependency graph (8 targets)
    Target 'AsyncMultiplexImage-Nuke-product' in project 'AsyncMultiplexImage'
        ➜ Explicit dependency on target 'AsyncMultiplexImage-Nuke' in project 'AsyncMultiplexImage'
        ➜ Explicit dependency on target 'AsyncMultiplexImage' in project 'AsyncMultiplexImage'
        ➜ Explicit dependency on target 'SwiftUISupportBackport-product' in project 'SwiftUISupport'
        ➜ Explicit dependency on target 'Nuke-product' in project 'Nuke'
    Target 'AsyncMultiplexImage-Nuke' in project 'AsyncMultiplexImage'
        ➜ Explicit dependency on target 'AsyncMultiplexImage' in project 'AsyncMultiplexImage'
        ➜ Explicit dependency on target 'SwiftUISupportBackport-product' in project 'SwiftUISupport'
        ➜ Explicit dependency on target 'Nuke-product' in project 'Nuke'
    Target 'Nuke-product' in project 'Nuke'
        ➜ Explicit dependency on target 'Nuke' in project 'Nuke'
    Target 'Nuke' in project 'Nuke' (no dependencies)
    Target 'AsyncMultiplexImage-product' in project 'AsyncMultiplexImage'
        ➜ Explicit dependency on target 'AsyncMultiplexImage' in project 'AsyncMultiplexImage'
        ➜ Explicit dependency on target 'SwiftUISupportBackport-product' in project 'SwiftUISupport'
    Target 'AsyncMultiplexImage' in project 'AsyncMultiplexImage'
        ➜ Explicit dependency on target 'SwiftUISupportBackport-product' in project 'SwiftUISupport'
    Target 'SwiftUISupportBackport-product' in project 'SwiftUISupport'
        ➜ Explicit dependency on target 'SwiftUISupportBackport' in project 'SwiftUISupport'
    Target 'SwiftUISupportBackport' in project 'SwiftUISupport' (no dependencies)
GatherProvisioningInputs
CreateBuildDescription
ClangStatCache /Applications/Xcode-27.0.0-Release.Candidate.app/Contents/Developer/Toolchains/XcodeDefault.xctoolchain/usr/bin/clang-stat-cache /Applications/Xcode-27.0.0-Release.Candidate.app/Contents/Developer/Platforms/WatchOS.platform/Developer/SDKs/WatchOS27.0.sdk /Users/admin/builder/spi-builder-workspace/.derivedData/SDKStatCaches.noindex/watchos27.0-24R360-e829b21a6f8c9b70876ba0858053c04477534ef55a1706bf4c1112bbb242f0a2.sdkstatcache
    cd /Users/admin/builder/spi-builder-workspace/.swiftpm/xcode
    /Applications/Xcode-27.0.0-Release.Candidate.app/Contents/Developer/Toolchains/XcodeDefault.xctoolchain/usr/bin/clang-stat-cache /Applications/Xcode-27.0.0-Release.Candidate.app/Contents/Developer/Platforms/WatchOS.platform/Developer/SDKs/WatchOS27.0.sdk -o /Users/admin/builder/spi-builder-workspace/.derivedData/SDKStatCaches.noindex/watchos27.0-24R360-e829b21a6f8c9b70876ba0858053c04477534ef55a1706bf4c1112bbb242f0a2.sdkstatcache
SwiftDriver SwiftUISupportBackport normal arm64_32 com.apple.xcode.tools.swift.compiler (in target 'SwiftUISupportBackport' from project 'SwiftUISupport')
    cd /Users/admin/builder/spi-builder-workspace/.swiftpm/xcode
    builtin-SwiftDriver -- /Applications/Xcode-27.0.0-Release.Candidate.app/Contents/Developer/Toolchains/XcodeDefault.xctoolchain/usr/bin/swiftc -parse-as-library -module-name SwiftUISupportBackport -Onone @/Users/admin/builder/spi-builder-workspace/.derivedData/Build/Intermediates.noindex/SwiftUISupport.build/Debug-watchos/SwiftUISupportBackport-t.build/Objects-normal/arm64_32/SwiftUISupportBackport.SwiftFileList -DSWIFT_PACKAGE -DDEBUG -DSWIFT_MODULE_RESOURCE_BUNDLE_UNAVAILABLE -DXcode -plugin-path /Applications/Xcode-27.0.0-Release.Candidate.app/Contents/Developer/Toolchains/XcodeDefault.xctoolchain/usr/lib/swift/host/plugins/testing -enable-experimental-feature DebugDescriptionMacro -sdk /Applications/Xcode-27.0.0-Release.Candidate.app/Contents/Developer/Platforms/WatchOS.platform/Developer/SDKs/WatchOS27.0.sdk -target arm64_32-apple-watchos9.0 -g -module-cache-path /Users/admin/builder/spi-builder-workspace/.derivedData/ModuleCache.noindex -Xfrontend -serialize-debugging-options -profile-coverage-mapping -profile-generate -enable-testing -suppress-warnings -index-store-path /Users/admin/builder/spi-builder-workspace/.derivedData/Index.noindex/DataStore -Xcc -D_LIBCPP_HARDENING_MODE\=_LIBCPP_HARDENING_MODE_DEBUG -swift-version 6 -I /Users/admin/builder/spi-builder-workspace/.derivedData/Build/Products/Debug-watchos -Isystem /Applications/Xcode-27.0.0-Release.Candidate.app/Contents/Developer/Platforms/WatchOS.platform/Developer/usr/lib -F /Users/admin/builder/spi-builder-workspace/.derivedData/Build/Products/Debug-watchos -F /Applications/Xcode-27.0.0-Release.Candidate.app/Contents/Developer/Platforms/WatchOS.platform/Developer/Library/Frameworks -F /Applications/Xcode-27.0.0-Release.Candidate.app/Contents/Developer/Platforms/WatchOS.platform/Developer/SDKs/WatchOS27.0.sdk/Developer/Library/Frameworks -c -j10 -enable-batch-mode -incremental -Xcc -ivfsstatcache -Xcc /Users/admin/builder/spi-builder-workspace/.derivedData/SDKStatCaches.noindex/watchos27.0-24R360-e829b21a6f8c9b70876ba0858053c04477534ef55a1706bf4c1112bbb242f0a2.sdkstatcache -output-file-map /Users/admin/builder/spi-builder-workspace/.derivedData/Build/Intermediates.noindex/SwiftUISupport.build/Debug-watchos/SwiftUISupportBackport-t.build/Objects-normal/arm64_32/SwiftUISupportBackport-OutputFileMap.json -save-temps -no-color-diagnostics -explicit-module-build -module-cache-path /Users/admin/builder/spi-builder-workspace/.derivedData/Build/Intermediates.noindex/SwiftExplicitPrecompiledModules -clang-scanner-module-cache-path /Users/admin/builder/spi-builder-workspace/.derivedData/ModuleCache.noindex -sdk-module-cache-path /Users/admin/builder/spi-builder-workspace/.derivedData/SDKExplicitPrecompiledModules -emit-dependencies -emit-module -emit-module-path /Users/admin/builder/spi-builder-workspace/.derivedData/Build/Intermediates.noindex/SwiftUISupport.build/Debug-watchos/SwiftUISupportBackport-t.build/Objects-normal/arm64_32/SwiftUISupportBackport.swiftmodule -serialize-diagnostics -dependency-scan-serialize-diagnostics-path /Users/admin/builder/spi-builder-workspace/.derivedData/Build/Intermediates.noindex/SwiftUISupport.build/Debug-watchos/SwiftUISupportBackport-t.build/Objects-normal/arm64_32/SwiftUISupportBackport-dependency-scan.dia -user-module-version 0.14.0 -validate-clang-modules-once -clang-build-session-file /Users/admin/builder/spi-builder-workspace/.derivedData/ModuleCache.noindex/Session.modulevalidation -Xcc -fmodules-prune-interval\=86400 -Xcc -fmodules-prune-after\=345600 -package-name swiftui_support -emit-const-values -const-gather-protocols-list /Users/admin/builder/spi-builder-workspace/.derivedData/Build/Intermediates.noindex/SwiftUISupport.build/Debug-watchos/SwiftUISupportBackport-t.build/Objects-normal/arm64_32/SwiftUISupportBackport_const_extract_protocols.json -Xcc -I/Users/admin/builder/spi-builder-workspace/.derivedData/Build/Products/Debug-watchos/include -Xcc -I/Users/admin/builder/spi-builder-workspace/.derivedData/Build/Intermediates.noindex/SwiftUISupport.build/Debug-watchos/SwiftUISupportBackport-t.build/DerivedSources-normal/arm64_32 -Xcc -I/Users/admin/builder/spi-builder-workspace/.derivedData/Build/Intermediates.noindex/SwiftUISupport.build/Debug-watchos/SwiftUISupportBackport-t.build/DerivedSources/arm64_32 -Xcc -I/Users/admin/builder/spi-builder-workspace/.derivedData/Build/Intermediates.noindex/SwiftUISupport.build/Debug-watchos/SwiftUISupportBackport-t.build/DerivedSources -Xcc -DSWIFT_PACKAGE -Xcc -DDEBUG\=1 -emit-objc-header -emit-objc-header-path /Users/admin/builder/spi-builder-workspace/.derivedData/Build/Intermediates.noindex/SwiftUISupport.build/Debug-watchos/SwiftUISupportBackport-t.build/Objects-normal/arm64_32/SwiftUISupportBackport-Swift.h -working-directory /Users/admin/builder/spi-builder-workspace/.swiftpm/xcode -experimental-emit-module-separately -disable-cmo
SwiftDriver SwiftUISupportBackport normal arm64 com.apple.xcode.tools.swift.compiler (in target 'SwiftUISupportBackport' from project 'SwiftUISupport')
    cd /Users/admin/builder/spi-builder-workspace/.swiftpm/xcode
    builtin-SwiftDriver -- /Applications/Xcode-27.0.0-Release.Candidate.app/Contents/Developer/Toolchains/XcodeDefault.xctoolchain/usr/bin/swiftc -parse-as-library -module-name SwiftUISupportBackport -Onone @/Users/admin/builder/spi-builder-workspace/.derivedData/Build/Intermediates.noindex/SwiftUISupport.build/Debug-watchos/SwiftUISupportBackport-t.build/Objects-normal/arm64/SwiftUISupportBackport.SwiftFileList -DSWIFT_PACKAGE -DDEBUG -DSWIFT_MODULE_RESOURCE_BUNDLE_UNAVAILABLE -DXcode -plugin-path /Applications/Xcode-27.0.0-Release.Candidate.app/Contents/Developer/Toolchains/XcodeDefault.xctoolchain/usr/lib/swift/host/plugins/testing -enable-experimental-feature DebugDescriptionMacro -sdk /Applications/Xcode-27.0.0-Release.Candidate.app/Contents/Developer/Platforms/WatchOS.platform/Developer/SDKs/WatchOS27.0.sdk -target arm64-apple-watchos9.0 -g -module-cache-path /Users/admin/builder/spi-builder-workspace/.derivedData/ModuleCache.noindex -Xfrontend -serialize-debugging-options -profile-coverage-mapping -profile-generate -enable-testing -suppress-warnings -index-store-path /Users/admin/builder/spi-builder-workspace/.derivedData/Index.noindex/DataStore -Xcc -D_LIBCPP_HARDENING_MODE\=_LIBCPP_HARDENING_MODE_DEBUG -swift-version 6 -I /Users/admin/builder/spi-builder-workspace/.derivedData/Build/Products/Debug-watchos -Isystem /Applications/Xcode-27.0.0-Release.Candidate.app/Contents/Developer/Platforms/WatchOS.platform/Developer/usr/lib -F /Users/admin/builder/spi-builder-workspace/.derivedData/Build/Products/Debug-watchos -F /Applications/Xcode-27.0.0-Release.Candidate.app/Contents/Developer/Platforms/WatchOS.platform/Developer/Library/Frameworks -F /Applications/Xcode-27.0.0-Release.Candidate.app/Contents/Developer/Platforms/WatchOS.platform/Developer/SDKs/WatchOS27.0.sdk/Developer/Library/Frameworks -c -j10 -enable-batch-mode -incremental -Xcc -ivfsstatcache -Xcc /Users/admin/builder/spi-builder-workspace/.derivedData/SDKStatCaches.noindex/watchos27.0-24R360-e829b21a6f8c9b70876ba0858053c04477534ef55a1706bf4c1112bbb242f0a2.sdkstatcache -output-file-map /Users/admin/builder/spi-builder-workspace/.derivedData/Build/Intermediates.noindex/SwiftUISupport.build/Debug-watchos/SwiftUISupportBackport-t.build/Objects-normal/arm64/SwiftUISupportBackport-OutputFileMap.json -save-temps -no-color-diagnostics -explicit-module-build -module-cache-path /Users/admin/builder/spi-builder-workspace/.derivedData/Build/Intermediates.noindex/SwiftExplicitPrecompiledModules -clang-scanner-module-cache-path /Users/admin/builder/spi-builder-workspace/.derivedData/ModuleCache.noindex -sdk-module-cache-path /Users/admin/builder/spi-builder-workspace/.derivedData/SDKExplicitPrecompiledModules -emit-dependencies -emit-module -emit-module-path /Users/admin/builder/spi-builder-workspace/.derivedData/Build/Intermediates.noindex/SwiftUISupport.build/Debug-watchos/SwiftUISupportBackport-t.build/Objects-normal/arm64/SwiftUISupportBackport.swiftmodule -serialize-diagnostics -dependency-scan-serialize-diagnostics-path /Users/admin/builder/spi-builder-workspace/.derivedData/Build/Intermediates.noindex/SwiftUISupport.build/Debug-watchos/SwiftUISupportBackport-t.build/Objects-normal/arm64/SwiftUISupportBackport-dependency-scan.dia -user-module-version 0.14.0 -validate-clang-modules-once -clang-build-session-file /Users/admin/builder/spi-builder-workspace/.derivedData/ModuleCache.noindex/Session.modulevalidation -Xcc -fmodules-prune-interval\=86400 -Xcc -fmodules-prune-after\=345600 -package-name swiftui_support -emit-const-values -const-gather-protocols-list /Users/admin/builder/spi-builder-workspace/.derivedData/Build/Intermediates.noindex/SwiftUISupport.build/Debug-watchos/SwiftUISupportBackport-t.build/Objects-normal/arm64/SwiftUISupportBackport_const_extract_protocols.json -Xcc -I/Users/admin/builder/spi-builder-workspace/.derivedData/Build/Products/Debug-watchos/include -Xcc -I/Users/admin/builder/spi-builder-workspace/.derivedData/Build/Intermediates.noindex/SwiftUISupport.build/Debug-watchos/SwiftUISupportBackport-t.build/DerivedSources-normal/arm64 -Xcc -I/Users/admin/builder/spi-builder-workspace/.derivedData/Build/Intermediates.noindex/SwiftUISupport.build/Debug-watchos/SwiftUISupportBackport-t.build/DerivedSources/arm64 -Xcc -I/Users/admin/builder/spi-builder-workspace/.derivedData/Build/Intermediates.noindex/SwiftUISupport.build/Debug-watchos/SwiftUISupportBackport-t.build/DerivedSources -Xcc -DSWIFT_PACKAGE -Xcc -DDEBUG\=1 -emit-objc-header -emit-objc-header-path /Users/admin/builder/spi-builder-workspace/.derivedData/Build/Intermediates.noindex/SwiftUISupport.build/Debug-watchos/SwiftUISupportBackport-t.build/Objects-normal/arm64/SwiftUISupportBackport-Swift.h -working-directory /Users/admin/builder/spi-builder-workspace/.swiftpm/xcode -experimental-emit-module-separately -disable-cmo
SwiftDriver Nuke normal arm64 com.apple.xcode.tools.swift.compiler (in target 'Nuke' from project 'Nuke')
    cd /Users/admin/builder/spi-builder-workspace/.swiftpm/xcode
    builtin-SwiftDriver -- /Applications/Xcode-27.0.0-Release.Candidate.app/Contents/Developer/Toolchains/XcodeDefault.xctoolchain/usr/bin/swiftc -parse-as-library -module-name Nuke -Onone @/Users/admin/builder/spi-builder-workspace/.derivedData/Build/Intermediates.noindex/Nuke.build/Debug-watchos/Nuke-t.build/Objects-normal/arm64/Nuke.SwiftFileList -DSWIFT_PACKAGE -DDEBUG -DSWIFT_MODULE_RESOURCE_BUNDLE_UNAVAILABLE -DXcode -plugin-path /Applications/Xcode-27.0.0-Release.Candidate.app/Contents/Developer/Toolchains/XcodeDefault.xctoolchain/usr/lib/swift/host/plugins/testing -enable-experimental-feature DebugDescriptionMacro -sdk /Applications/Xcode-27.0.0-Release.Candidate.app/Contents/Developer/Platforms/WatchOS.platform/Developer/SDKs/WatchOS27.0.sdk -target arm64-apple-watchos9.0 -g -module-cache-path /Users/admin/builder/spi-builder-workspace/.derivedData/ModuleCache.noindex -Xfrontend -serialize-debugging-options -profile-coverage-mapping -profile-generate -enable-testing -suppress-warnings -index-store-path /Users/admin/builder/spi-builder-workspace/.derivedData/Index.noindex/DataStore -Xcc -D_LIBCPP_HARDENING_MODE\=_LIBCPP_HARDENING_MODE_DEBUG -swift-version 6 -I /Users/admin/builder/spi-builder-workspace/.derivedData/Build/Products/Debug-watchos -Isystem /Applications/Xcode-27.0.0-Release.Candidate.app/Contents/Developer/Platforms/WatchOS.platform/Developer/usr/lib -F /Users/admin/builder/spi-builder-workspace/.derivedData/Build/Products/Debug-watchos -F /Applications/Xcode-27.0.0-Release.Candidate.app/Contents/Developer/Platforms/WatchOS.platform/Developer/Library/Frameworks -F /Applications/Xcode-27.0.0-Release.Candidate.app/Contents/Developer/Platforms/WatchOS.platform/Developer/SDKs/WatchOS27.0.sdk/Developer/Library/Frameworks -c -j10 -enable-batch-mode -incremental -Xcc -ivfsstatcache -Xcc /Users/admin/builder/spi-builder-workspace/.derivedData/SDKStatCaches.noindex/watchos27.0-24R360-e829b21a6f8c9b70876ba0858053c04477534ef55a1706bf4c1112bbb242f0a2.sdkstatcache -output-file-map /Users/admin/builder/spi-builder-workspace/.derivedData/Build/Intermediates.noindex/Nuke.build/Debug-watchos/Nuke-t.build/Objects-normal/arm64/Nuke-OutputFileMap.json -save-temps -no-color-diagnostics -explicit-module-build -module-cache-path /Users/admin/builder/spi-builder-workspace/.derivedData/Build/Intermediates.noindex/SwiftExplicitPrecompiledModules -clang-scanner-module-cache-path /Users/admin/builder/spi-builder-workspace/.derivedData/ModuleCache.noindex -sdk-module-cache-path /Users/admin/builder/spi-builder-workspace/.derivedData/SDKExplicitPrecompiledModules -emit-dependencies -emit-module -emit-module-path /Users/admin/builder/spi-builder-workspace/.derivedData/Build/Intermediates.noindex/Nuke.build/Debug-watchos/Nuke-t.build/Objects-normal/arm64/Nuke.swiftmodule -serialize-diagnostics -dependency-scan-serialize-diagnostics-path /Users/admin/builder/spi-builder-workspace/.derivedData/Build/Intermediates.noindex/Nuke.build/Debug-watchos/Nuke-t.build/Objects-normal/arm64/Nuke-dependency-scan.dia -user-module-version 13.2.0 -validate-clang-modules-once -clang-build-session-file /Users/admin/builder/spi-builder-workspace/.derivedData/ModuleCache.noindex/Session.modulevalidation -Xcc -fmodules-prune-interval\=86400 -Xcc -fmodules-prune-after\=345600 -package-name nuke -emit-const-values -const-gather-protocols-list /Users/admin/builder/spi-builder-workspace/.derivedData/Build/Intermediates.noindex/Nuke.build/Debug-watchos/Nuke-t.build/Objects-normal/arm64/Nuke_const_extract_protocols.json -Xcc -I/Users/admin/builder/spi-builder-workspace/.derivedData/Build/Products/Debug-watchos/include -Xcc -I/Users/admin/builder/spi-builder-workspace/.derivedData/Build/Intermediates.noindex/Nuke.build/Debug-watchos/Nuke-t.build/DerivedSources-normal/arm64 -Xcc -I/Users/admin/builder/spi-builder-workspace/.derivedData/Build/Intermediates.noindex/Nuke.build/Debug-watchos/Nuke-t.build/DerivedSources/arm64 -Xcc -I/Users/admin/builder/spi-builder-workspace/.derivedData/Build/Intermediates.noindex/Nuke.build/Debug-watchos/Nuke-t.build/DerivedSources -Xcc -DSWIFT_PACKAGE -Xcc -DDEBUG\=1 -emit-objc-header -emit-objc-header-path /Users/admin/builder/spi-builder-workspace/.derivedData/Build/Intermediates.noindex/Nuke.build/Debug-watchos/Nuke-t.build/Objects-normal/arm64/Nuke-Swift.h -working-directory /Users/admin/builder/spi-builder-workspace/.swiftpm/xcode -experimental-emit-module-separately -disable-cmo
SwiftDriver Nuke normal arm64_32 com.apple.xcode.tools.swift.compiler (in target 'Nuke' from project 'Nuke')
    cd /Users/admin/builder/spi-builder-workspace/.swiftpm/xcode
    builtin-SwiftDriver -- /Applications/Xcode-27.0.0-Release.Candidate.app/Contents/Developer/Toolchains/XcodeDefault.xctoolchain/usr/bin/swiftc -parse-as-library -module-name Nuke -Onone @/Users/admin/builder/spi-builder-workspace/.derivedData/Build/Intermediates.noindex/Nuke.build/Debug-watchos/Nuke-t.build/Objects-normal/arm64_32/Nuke.SwiftFileList -DSWIFT_PACKAGE -DDEBUG -DSWIFT_MODULE_RESOURCE_BUNDLE_UNAVAILABLE -DXcode -plugin-path /Applications/Xcode-27.0.0-Release.Candidate.app/Contents/Developer/Toolchains/XcodeDefault.xctoolchain/usr/lib/swift/host/plugins/testing -enable-experimental-feature DebugDescriptionMacro -sdk /Applications/Xcode-27.0.0-Release.Candidate.app/Contents/Developer/Platforms/WatchOS.platform/Developer/SDKs/WatchOS27.0.sdk -target arm64_32-apple-watchos9.0 -g -module-cache-path /Users/admin/builder/spi-builder-workspace/.derivedData/ModuleCache.noindex -Xfrontend -serialize-debugging-options -profile-coverage-mapping -profile-generate -enable-testing -suppress-warnings -index-store-path /Users/admin/builder/spi-builder-workspace/.derivedData/Index.noindex/DataStore -Xcc -D_LIBCPP_HARDENING_MODE\=_LIBCPP_HARDENING_MODE_DEBUG -swift-version 6 -I /Users/admin/builder/spi-builder-workspace/.derivedData/Build/Products/Debug-watchos -Isystem /Applications/Xcode-27.0.0-Release.Candidate.app/Contents/Developer/Platforms/WatchOS.platform/Developer/usr/lib -F /Users/admin/builder/spi-builder-workspace/.derivedData/Build/Products/Debug-watchos -F /Applications/Xcode-27.0.0-Release.Candidate.app/Contents/Developer/Platforms/WatchOS.platform/Developer/Library/Frameworks -F /Applications/Xcode-27.0.0-Release.Candidate.app/Contents/Developer/Platforms/WatchOS.platform/Developer/SDKs/WatchOS27.0.sdk/Developer/Library/Frameworks -c -j10 -enable-batch-mode -incremental -Xcc -ivfsstatcache -Xcc /Users/admin/builder/spi-builder-workspace/.derivedData/SDKStatCaches.noindex/watchos27.0-24R360-e829b21a6f8c9b70876ba0858053c04477534ef55a1706bf4c1112bbb242f0a2.sdkstatcache -output-file-map /Users/admin/builder/spi-builder-workspace/.derivedData/Build/Intermediates.noindex/Nuke.build/Debug-watchos/Nuke-t.build/Objects-normal/arm64_32/Nuke-OutputFileMap.json -save-temps -no-color-diagnostics -explicit-module-build -module-cache-path /Users/admin/builder/spi-builder-workspace/.derivedData/Build/Intermediates.noindex/SwiftExplicitPrecompiledModules -clang-scanner-module-cache-path /Users/admin/builder/spi-builder-workspace/.derivedData/ModuleCache.noindex -sdk-module-cache-path /Users/admin/builder/spi-builder-workspace/.derivedData/SDKExplicitPrecompiledModules -emit-dependencies -emit-module -emit-module-path /Users/admin/builder/spi-builder-workspace/.derivedData/Build/Intermediates.noindex/Nuke.build/Debug-watchos/Nuke-t.build/Objects-normal/arm64_32/Nuke.swiftmodule -serialize-diagnostics -dependency-scan-serialize-diagnostics-path /Users/admin/builder/spi-builder-workspace/.derivedData/Build/Intermediates.noindex/Nuke.build/Debug-watchos/Nuke-t.build/Objects-normal/arm64_32/Nuke-dependency-scan.dia -user-module-version 13.2.0 -validate-clang-modules-once -clang-build-session-file /Users/admin/builder/spi-builder-workspace/.derivedData/ModuleCache.noindex/Session.modulevalidation -Xcc -fmodules-prune-interval\=86400 -Xcc -fmodules-prune-after\=345600 -package-name nuke -emit-const-values -const-gather-protocols-list /Users/admin/builder/spi-builder-workspace/.derivedData/Build/Intermediates.noindex/Nuke.build/Debug-watchos/Nuke-t.build/Objects-normal/arm64_32/Nuke_const_extract_protocols.json -Xcc -I/Users/admin/builder/spi-builder-workspace/.derivedData/Build/Products/Debug-watchos/include -Xcc -I/Users/admin/builder/spi-builder-workspace/.derivedData/Build/Intermediates.noindex/Nuke.build/Debug-watchos/Nuke-t.build/DerivedSources-normal/arm64_32 -Xcc -I/Users/admin/builder/spi-builder-workspace/.derivedData/Build/Intermediates.noindex/Nuke.build/Debug-watchos/Nuke-t.build/DerivedSources/arm64_32 -Xcc -I/Users/admin/builder/spi-builder-workspace/.derivedData/Build/Intermediates.noindex/Nuke.build/Debug-watchos/Nuke-t.build/DerivedSources -Xcc -DSWIFT_PACKAGE -Xcc -DDEBUG\=1 -emit-objc-header -emit-objc-header-path /Users/admin/builder/spi-builder-workspace/.derivedData/Build/Intermediates.noindex/Nuke.build/Debug-watchos/Nuke-t.build/Objects-normal/arm64_32/Nuke-Swift.h -working-directory /Users/admin/builder/spi-builder-workspace/.swiftpm/xcode -experimental-emit-module-separately -disable-cmo
SwiftCompile normal arm64 Compiling\ OnChangeWithPrevious.swift /Users/admin/builder/spi-builder-workspace/.dependencies/checkouts/swiftui-support/Sources/SwiftUISupportBackport/OnChangeWithPrevious.swift (in target 'SwiftUISupportBackport' from project 'SwiftUISupport')
SwiftCompile normal arm64 /Users/admin/builder/spi-builder-workspace/.dependencies/checkouts/swiftui-support/Sources/SwiftUISupportBackport/OnChangeWithPrevious.swift (in target 'SwiftUISupportBackport' from project 'SwiftUISupport')
    cd /Users/admin/builder/spi-builder-workspace/.swiftpm/xcode
    builtin-SwiftPerFileCompile OnChangeWithPrevious.swift
SwiftCompile normal arm64 Compiling\ ImageView.swift /Users/admin/builder/spi-builder-workspace/.dependencies/checkouts/swiftui-support/Sources/SwiftUISupportBackport/ImageView.swift (in target 'SwiftUISupportBackport' from project 'SwiftUISupport')
/Users/admin/builder/spi-builder-workspace/.dependencies/checkouts/swiftui-support/Sources/SwiftUISupportBackport/ImageView.swift:13:20: error: 'UIView' is unavailable in watchOS
11 | public struct ImageView: View {
12 |
13 |   let contentMode: UIView.ContentMode
   |                    `- error: 'UIView' is unavailable in watchOS
14 |   let tintColor: UIColor?
15 |   let image: UIImage?
/Applications/Xcode-27.0.0-Release.Candidate.app/Contents/Developer/Platforms/WatchOS.platform/Developer/SDKs/WatchOS27.0.sdk/System/Library/Frameworks/UIKit.framework/Headers/UIView.h:152:12: note: 'UIView' has been explicitly marked unavailable here
150 |
151 | UIKIT_EXTERN API_AVAILABLE(ios(2.0)) API_UNAVAILABLE(watchos) NS_SWIFT_UI_ACTOR
152 | @interface UIView : UIResponder <NSCoding, UIAppearance, UIAppearanceContainer, UIDynamicItem, UITraitEnvironment, UICoordinateSpace, UIFocusItem, UIFocusItemContainer, CALayerDelegate>
    |            `- note: 'UIView' has been explicitly marked unavailable here
153 |
154 | @property(class, nonatomic, readonly) Class layerClass;                        // default is [CALayer class]. Used when creating the underlying layer for the view.
/Users/admin/builder/spi-builder-workspace/.dependencies/checkouts/swiftui-support/Sources/SwiftUISupportBackport/ImageView.swift:19:18: error: 'UIView' is unavailable in watchOS
17 |   public init(
18 |     image: UIImage?,
19 |     contentMode: UIView.ContentMode = .scaleAspectFill,
   |                  `- error: 'UIView' is unavailable in watchOS
20 |     tintColor: UIColor? = nil
21 |   ) {
/Applications/Xcode-27.0.0-Release.Candidate.app/Contents/Developer/Platforms/WatchOS.platform/Developer/SDKs/WatchOS27.0.sdk/System/Library/Frameworks/UIKit.framework/Headers/UIView.h:152:12: note: 'UIView' has been explicitly marked unavailable here
150 |
151 | UIKIT_EXTERN API_AVAILABLE(ios(2.0)) API_UNAVAILABLE(watchos) NS_SWIFT_UI_ACTOR
152 | @interface UIView : UIResponder <NSCoding, UIAppearance, UIAppearanceContainer, UIDynamicItem, UITraitEnvironment, UICoordinateSpace, UIFocusItem, UIFocusItemContainer, CALayerDelegate>
    |            `- note: 'UIView' has been explicitly marked unavailable here
153 |
154 | @property(class, nonatomic, readonly) Class layerClass;                        // default is [CALayer class]. Used when creating the underlying layer for the view.
/Users/admin/builder/spi-builder-workspace/.dependencies/checkouts/swiftui-support/Sources/SwiftUISupportBackport/ImageView.swift:34:22: error: 'UIView' is unavailable in watchOS
32 |   private struct _ImageView: UIViewRepresentable {
33 |
34 |     let contentMode: UIView.ContentMode
   |                      `- error: 'UIView' is unavailable in watchOS
35 |     let tintColor: UIColor?
36 |     let image: UIImage?
/Applications/Xcode-27.0.0-Release.Candidate.app/Contents/Developer/Platforms/WatchOS.platform/Developer/SDKs/WatchOS27.0.sdk/System/Library/Frameworks/UIKit.framework/Headers/UIView.h:152:12: note: 'UIView' has been explicitly marked unavailable here
150 |
151 | UIKIT_EXTERN API_AVAILABLE(ios(2.0)) API_UNAVAILABLE(watchos) NS_SWIFT_UI_ACTOR
152 | @interface UIView : UIResponder <NSCoding, UIAppearance, UIAppearanceContainer, UIDynamicItem, UITraitEnvironment, UICoordinateSpace, UIFocusItem, UIFocusItemContainer, CALayerDelegate>
    |            `- note: 'UIView' has been explicitly marked unavailable here
153 |
154 | @property(class, nonatomic, readonly) Class layerClass;                        // default is [CALayer class]. Used when creating the underlying layer for the view.
/Users/admin/builder/spi-builder-workspace/.dependencies/checkouts/swiftui-support/Sources/SwiftUISupportBackport/ImageView.swift:40:20: error: 'UIView' is unavailable in watchOS
38 |     init(
39 |       image: UIImage?,
40 |       contentMode: UIView.ContentMode = .scaleAspectFill,
   |                    `- error: 'UIView' is unavailable in watchOS
41 |       tintColor: UIColor? = nil
42 |     ) {
/Applications/Xcode-27.0.0-Release.Candidate.app/Contents/Developer/Platforms/WatchOS.platform/Developer/SDKs/WatchOS27.0.sdk/System/Library/Frameworks/UIKit.framework/Headers/UIView.h:152:12: note: 'UIView' has been explicitly marked unavailable here
150 |
151 | UIKIT_EXTERN API_AVAILABLE(ios(2.0)) API_UNAVAILABLE(watchos) NS_SWIFT_UI_ACTOR
152 | @interface UIView : UIResponder <NSCoding, UIAppearance, UIAppearanceContainer, UIDynamicItem, UITraitEnvironment, UICoordinateSpace, UIFocusItem, UIFocusItemContainer, CALayerDelegate>
    |            `- note: 'UIView' has been explicitly marked unavailable here
153 |
154 | @property(class, nonatomic, readonly) Class layerClass;                        // default is [CALayer class]. Used when creating the underlying layer for the view.
/Users/admin/builder/spi-builder-workspace/.dependencies/checkouts/swiftui-support/Sources/SwiftUISupportBackport/ImageView.swift:48:30: error: cannot find type 'Context' in scope
46 |     }
47 |
48 |     func makeUIView(context: Context) -> UIImageView {
   |                              `- error: cannot find type 'Context' in scope
49 |       let imageView = UIImageView()
50 |       imageView.setContentCompressionResistancePriority(.defaultLow, for: .horizontal)
/Users/admin/builder/spi-builder-workspace/.dependencies/checkouts/swiftui-support/Sources/SwiftUISupportBackport/ImageView.swift:48:42: error: 'UIImageView' is unavailable in watchOS
46 |     }
47 |
48 |     func makeUIView(context: Context) -> UIImageView {
   |                                          `- error: 'UIImageView' is unavailable in watchOS
49 |       let imageView = UIImageView()
50 |       imageView.setContentCompressionResistancePriority(.defaultLow, for: .horizontal)
/Applications/Xcode-27.0.0-Release.Candidate.app/Contents/Developer/Platforms/WatchOS.platform/Developer/SDKs/WatchOS27.0.sdk/System/Library/Frameworks/UIKit.framework/Headers/UIImageView.h:21:12: note: 'UIImageView' has been explicitly marked unavailable here
 19 |
 20 | UIKIT_EXTERN API_AVAILABLE(ios(2.0)) API_UNAVAILABLE(watchos) NS_SWIFT_UI_ACTOR
 21 | @interface UIImageView : UIView
    |            `- note: 'UIImageView' has been explicitly marked unavailable here
 22 |
 23 | - (instancetype)initWithImage:(nullable UIImage *)image;
/Users/admin/builder/spi-builder-workspace/.dependencies/checkouts/swiftui-support/Sources/SwiftUISupportBackport/ImageView.swift:56:55: error: cannot find type 'Context' in scope
54 |     }
55 |
56 |     func updateUIView(_ uiView: UIImageView, context: Context) {
   |                                                       `- error: cannot find type 'Context' in scope
57 |       uiView.contentMode = contentMode
58 |       uiView.tintColor = tintColor
/Users/admin/builder/spi-builder-workspace/.dependencies/checkouts/swiftui-support/Sources/SwiftUISupportBackport/ImageView.swift:56:33: error: 'UIImageView' is unavailable in watchOS
54 |     }
55 |
56 |     func updateUIView(_ uiView: UIImageView, context: Context) {
   |                                 `- error: 'UIImageView' is unavailable in watchOS
57 |       uiView.contentMode = contentMode
58 |       uiView.tintColor = tintColor
/Applications/Xcode-27.0.0-Release.Candidate.app/Contents/Developer/Platforms/WatchOS.platform/Developer/SDKs/WatchOS27.0.sdk/System/Library/Frameworks/UIKit.framework/Headers/UIImageView.h:21:12: note: 'UIImageView' has been explicitly marked unavailable here
 19 |
 20 | UIKIT_EXTERN API_AVAILABLE(ios(2.0)) API_UNAVAILABLE(watchos) NS_SWIFT_UI_ACTOR
 21 | @interface UIImageView : UIView
    |            `- note: 'UIImageView' has been explicitly marked unavailable here
 22 |
 23 | - (instancetype)initWithImage:(nullable UIImage *)image;
/Users/admin/builder/spi-builder-workspace/.dependencies/checkouts/swiftui-support/Sources/SwiftUISupportBackport/ImageView.swift:32:30: error: cannot find type 'UIViewRepresentable' in scope
30 |   }
31 |
32 |   private struct _ImageView: UIViewRepresentable {
   |                              `- error: cannot find type 'UIViewRepresentable' in scope
33 |
34 |     let contentMode: UIView.ContentMode
/Users/admin/builder/spi-builder-workspace/.dependencies/checkouts/swiftui-support/Sources/SwiftUISupportBackport/ImageView.swift:29:8: error: value of type 'ImageView._ImageView' has no member 'aspectRatio'
27 |   public var body: some View {
28 |     _ImageView(image: image, contentMode: contentMode, tintColor: tintColor)
29 |       .aspectRatio(image?.size ?? .zero, contentMode: .fit)
   |        `- error: value of type 'ImageView._ImageView' has no member 'aspectRatio'
30 |   }
31 |
/Users/admin/builder/spi-builder-workspace/.dependencies/checkouts/swiftui-support/Sources/SwiftUISupportBackport/ImageView.swift:49:23: error: 'UIImageView' is unavailable in watchOS
47 |
48 |     func makeUIView(context: Context) -> UIImageView {
49 |       let imageView = UIImageView()
   |                       `- error: 'UIImageView' is unavailable in watchOS
50 |       imageView.setContentCompressionResistancePriority(.defaultLow, for: .horizontal)
51 |       imageView.setContentCompressionResistancePriority(.defaultLow, for: .vertical)
/Applications/Xcode-27.0.0-Release.Candidate.app/Contents/Developer/Platforms/WatchOS.platform/Developer/SDKs/WatchOS27.0.sdk/System/Library/Frameworks/UIKit.framework/Headers/UIImageView.h:21:12: note: 'UIImageView' has been explicitly marked unavailable here
 19 |
 20 | UIKIT_EXTERN API_AVAILABLE(ios(2.0)) API_UNAVAILABLE(watchos) NS_SWIFT_UI_ACTOR
 21 | @interface UIImageView : UIView
    |            `- note: 'UIImageView' has been explicitly marked unavailable here
 22 |
 23 | - (instancetype)initWithImage:(nullable UIImage *)image;
SwiftCompile normal arm64 /Users/admin/builder/spi-builder-workspace/.dependencies/checkouts/swiftui-support/Sources/SwiftUISupportBackport/ImageView.swift (in target 'SwiftUISupportBackport' from project 'SwiftUISupport')
    cd /Users/admin/builder/spi-builder-workspace/.swiftpm/xcode
    builtin-SwiftPerFileCompile ImageView.swift
/Users/admin/builder/spi-builder-workspace/.dependencies/checkouts/swiftui-support/Sources/SwiftUISupportBackport/ImageView.swift:49:23: error: 'init()' is unavailable in watchOS
47 |
48 |     func makeUIView(context: Context) -> UIImageView {
49 |       let imageView = UIImageView()
   |                       `- error: 'init()' is unavailable in watchOS
50 |       imageView.setContentCompressionResistancePriority(.defaultLow, for: .horizontal)
51 |       imageView.setContentCompressionResistancePriority(.defaultLow, for: .vertical)
/Applications/Xcode-27.0.0-Release.Candidate.app/Contents/Developer/Platforms/WatchOS.platform/Developer/SDKs/WatchOS27.0.sdk/System/Library/Frameworks/UIKit.framework/Headers/UIView.h:158:1: note: 'init()' has been explicitly marked unavailable here
156 | - (instancetype)initWithFrame:(CGRect)frame NS_DESIGNATED_INITIALIZER;
157 | - (nullable instancetype)initWithCoder:(NSCoder *)coder NS_DESIGNATED_INITIALIZER;
158 | - (instancetype)init API_AVAILABLE(ios(2.0), tvos(9.0), visionos(1.0)) API_UNAVAILABLE(watchos);
    | `- note: 'init()' has been explicitly marked unavailable here
159 |
160 | @property(nonatomic,getter=isUserInteractionEnabled) BOOL userInteractionEnabled;  // default is YES. if set to NO, user events (touch, keys) are ignored and removed from the event queue.
/Users/admin/builder/spi-builder-workspace/.dependencies/checkouts/swiftui-support/Sources/SwiftUISupportBackport/ImageView.swift:50:58: error: 'defaultLow' is unavailable in watchOS
48 |     func makeUIView(context: Context) -> UIImageView {
49 |       let imageView = UIImageView()
50 |       imageView.setContentCompressionResistancePriority(.defaultLow, for: .horizontal)
   |                                                          `- error: 'defaultLow' is unavailable in watchOS
51 |       imageView.setContentCompressionResistancePriority(.defaultLow, for: .vertical)
52 |       imageView.clipsToBounds = true
UIKit.UILayoutPriority.defaultLow:3:21: note: 'defaultLow' has been explicitly marked unavailable here
1 | struct UILayoutPriority {
2 | @available(watchOS, unavailable)
3 |   public static var defaultLow: UILayoutPriority { get }}
  |                     `- note: 'defaultLow' has been explicitly marked unavailable here
4 |
SwiftEmitModule normal arm64 Emitting\ module\ for\ SwiftUISupportBackport (in target 'SwiftUISupportBackport' from project 'SwiftUISupport')
/Users/admin/builder/spi-builder-workspace/.dependencies/checkouts/swiftui-support/Sources/SwiftUISupportBackport/ImageView.swift:13:20: error: 'UIView' is unavailable in watchOS
11 | public struct ImageView: View {
12 |
13 |   let contentMode: UIView.ContentMode
   |                    `- error: 'UIView' is unavailable in watchOS
14 |   let tintColor: UIColor?
15 |   let image: UIImage?
/Applications/Xcode-27.0.0-Release.Candidate.app/Contents/Developer/Platforms/WatchOS.platform/Developer/SDKs/WatchOS27.0.sdk/System/Library/Frameworks/UIKit.framework/Headers/UIView.h:152:12: note: 'UIView' has been explicitly marked unavailable here
150 |
151 | UIKIT_EXTERN API_AVAILABLE(ios(2.0)) API_UNAVAILABLE(watchos) NS_SWIFT_UI_ACTOR
152 | @interface UIView : UIResponder <NSCoding, UIAppearance, UIAppearanceContainer, UIDynamicItem, UITraitEnvironment, UICoordinateSpace, UIFocusItem, UIFocusItemContainer, CALayerDelegate>
    |            `- note: 'UIView' has been explicitly marked unavailable here
153 |
154 | @property(class, nonatomic, readonly) Class layerClass;                        // default is [CALayer class]. Used when creating the underlying layer for the view.
/Users/admin/builder/spi-builder-workspace/.dependencies/checkouts/swiftui-support/Sources/SwiftUISupportBackport/ImageView.swift:19:18: error: 'UIView' is unavailable in watchOS
17 |   public init(
18 |     image: UIImage?,
19 |     contentMode: UIView.ContentMode = .scaleAspectFill,
   |                  `- error: 'UIView' is unavailable in watchOS
20 |     tintColor: UIColor? = nil
21 |   ) {
/Applications/Xcode-27.0.0-Release.Candidate.app/Contents/Developer/Platforms/WatchOS.platform/Developer/SDKs/WatchOS27.0.sdk/System/Library/Frameworks/UIKit.framework/Headers/UIView.h:152:12: note: 'UIView' has been explicitly marked unavailable here
150 |
151 | UIKIT_EXTERN API_AVAILABLE(ios(2.0)) API_UNAVAILABLE(watchos) NS_SWIFT_UI_ACTOR
152 | @interface UIView : UIResponder <NSCoding, UIAppearance, UIAppearanceContainer, UIDynamicItem, UITraitEnvironment, UICoordinateSpace, UIFocusItem, UIFocusItemContainer, CALayerDelegate>
    |            `- note: 'UIView' has been explicitly marked unavailable here
153 |
154 | @property(class, nonatomic, readonly) Class layerClass;                        // default is [CALayer class]. Used when creating the underlying layer for the view.
/Users/admin/builder/spi-builder-workspace/.dependencies/checkouts/swiftui-support/Sources/SwiftUISupportBackport/ImageView.swift:34:22: error: 'UIView' is unavailable in watchOS
32 |   private struct _ImageView: UIViewRepresentable {
33 |
34 |     let contentMode: UIView.ContentMode
   |                      `- error: 'UIView' is unavailable in watchOS
35 |     let tintColor: UIColor?
36 |     let image: UIImage?
/Applications/Xcode-27.0.0-Release.Candidate.app/Contents/Developer/Platforms/WatchOS.platform/Developer/SDKs/WatchOS27.0.sdk/System/Library/Frameworks/UIKit.framework/Headers/UIView.h:152:12: note: 'UIView' has been explicitly marked unavailable here
150 |
151 | UIKIT_EXTERN API_AVAILABLE(ios(2.0)) API_UNAVAILABLE(watchos) NS_SWIFT_UI_ACTOR
152 | @interface UIView : UIResponder <NSCoding, UIAppearance, UIAppearanceContainer, UIDynamicItem, UITraitEnvironment, UICoordinateSpace, UIFocusItem, UIFocusItemContainer, CALayerDelegate>
    |            `- note: 'UIView' has been explicitly marked unavailable here
153 |
154 | @property(class, nonatomic, readonly) Class layerClass;                        // default is [CALayer class]. Used when creating the underlying layer for the view.
/Users/admin/builder/spi-builder-workspace/.dependencies/checkouts/swiftui-support/Sources/SwiftUISupportBackport/ImageView.swift:40:20: error: 'UIView' is unavailable in watchOS
38 |     init(
39 |       image: UIImage?,
40 |       contentMode: UIView.ContentMode = .scaleAspectFill,
   |                    `- error: 'UIView' is unavailable in watchOS
41 |       tintColor: UIColor? = nil
42 |     ) {
/Applications/Xcode-27.0.0-Release.Candidate.app/Contents/Developer/Platforms/WatchOS.platform/Developer/SDKs/WatchOS27.0.sdk/System/Library/Frameworks/UIKit.framework/Headers/UIView.h:152:12: note: 'UIView' has been explicitly marked unavailable here
150 |
151 | UIKIT_EXTERN API_AVAILABLE(ios(2.0)) API_UNAVAILABLE(watchos) NS_SWIFT_UI_ACTOR
152 | @interface UIView : UIResponder <NSCoding, UIAppearance, UIAppearanceContainer, UIDynamicItem, UITraitEnvironment, UICoordinateSpace, UIFocusItem, UIFocusItemContainer, CALayerDelegate>
    |            `- note: 'UIView' has been explicitly marked unavailable here
153 |
154 | @property(class, nonatomic, readonly) Class layerClass;                        // default is [CALayer class]. Used when creating the underlying layer for the view.
/Users/admin/builder/spi-builder-workspace/.dependencies/checkouts/swiftui-support/Sources/SwiftUISupportBackport/ImageView.swift:48:30: error: cannot find type 'Context' in scope
46 |     }
47 |
48 |     func makeUIView(context: Context) -> UIImageView {
   |                              `- error: cannot find type 'Context' in scope
49 |       let imageView = UIImageView()
50 |       imageView.setContentCompressionResistancePriority(.defaultLow, for: .horizontal)
/Users/admin/builder/spi-builder-workspace/.dependencies/checkouts/swiftui-support/Sources/SwiftUISupportBackport/ImageView.swift:48:42: error: 'UIImageView' is unavailable in watchOS
46 |     }
47 |
48 |     func makeUIView(context: Context) -> UIImageView {
   |                                          `- error: 'UIImageView' is unavailable in watchOS
49 |       let imageView = UIImageView()
50 |       imageView.setContentCompressionResistancePriority(.defaultLow, for: .horizontal)
/Applications/Xcode-27.0.0-Release.Candidate.app/Contents/Developer/Platforms/WatchOS.platform/Developer/SDKs/WatchOS27.0.sdk/System/Library/Frameworks/UIKit.framework/Headers/UIImageView.h:21:12: note: 'UIImageView' has been explicitly marked unavailable here
 19 |
 20 | UIKIT_EXTERN API_AVAILABLE(ios(2.0)) API_UNAVAILABLE(watchos) NS_SWIFT_UI_ACTOR
 21 | @interface UIImageView : UIView
    |            `- note: 'UIImageView' has been explicitly marked unavailable here
 22 |
 23 | - (instancetype)initWithImage:(nullable UIImage *)image;
/Users/admin/builder/spi-builder-workspace/.dependencies/checkouts/swiftui-support/Sources/SwiftUISupportBackport/ImageView.swift:56:55: error: cannot find type 'Context' in scope
54 |     }
55 |
56 |     func updateUIView(_ uiView: UIImageView, context: Context) {
   |                                                       `- error: cannot find type 'Context' in scope
57 |       uiView.contentMode = contentMode
58 |       uiView.tintColor = tintColor
/Users/admin/builder/spi-builder-workspace/.dependencies/checkouts/swiftui-support/Sources/SwiftUISupportBackport/ImageView.swift:56:33: error: 'UIImageView' is unavailable in watchOS
54 |     }
55 |
56 |     func updateUIView(_ uiView: UIImageView, context: Context) {
   |                                 `- error: 'UIImageView' is unavailable in watchOS
57 |       uiView.contentMode = contentMode
58 |       uiView.tintColor = tintColor
/Applications/Xcode-27.0.0-Release.Candidate.app/Contents/Developer/Platforms/WatchOS.platform/Developer/SDKs/WatchOS27.0.sdk/System/Library/Frameworks/UIKit.framework/Headers/UIImageView.h:21:12: note: 'UIImageView' has been explicitly marked unavailable here
 19 |
 20 | UIKIT_EXTERN API_AVAILABLE(ios(2.0)) API_UNAVAILABLE(watchos) NS_SWIFT_UI_ACTOR
 21 | @interface UIImageView : UIView
    |            `- note: 'UIImageView' has been explicitly marked unavailable here
 22 |
 23 | - (instancetype)initWithImage:(nullable UIImage *)image;
/Users/admin/builder/spi-builder-workspace/.dependencies/checkouts/swiftui-support/Sources/SwiftUISupportBackport/ImageView.swift:32:30: error: cannot find type 'UIViewRepresentable' in scope
30 |   }
31 |
32 |   private struct _ImageView: UIViewRepresentable {
   |                              `- error: cannot find type 'UIViewRepresentable' in scope
33 |
34 |     let contentMode: UIView.ContentMode
/Users/admin/builder/spi-builder-workspace/.dependencies/checkouts/swiftui-support/Sources/SwiftUISupportBackport/VisualEffect.swift:6:14: error: 'UIBlurEffect' is unavailable in watchOS
 4 | public struct VisualEffect: UIViewRepresentable {
 5 |
 6 |   let style: UIBlurEffect.Style
   |              `- error: 'UIBlurEffect' is unavailable in watchOS
 7 |
 8 |   public init(style: UIBlurEffect.Style) {
/Applications/Xcode-27.0.0-Release.Candidate.app/Contents/Developer/Platforms/WatchOS.platform/Developer/SDKs/WatchOS27.0.sdk/System/Library/Frameworks/UIKit.framework/Headers/UIBlurEffect.h:61:12: note: 'UIBlurEffect' has been explicitly marked unavailable here
59 | /* UIBlurEffect will provide a blur that appears to have been applied to the content layered behind the UIVisualEffectView. Views added to the contentView of a blur visual effect are not blurred themselves. */
60 | UIKIT_EXTERN API_AVAILABLE(ios(8.0)) API_UNAVAILABLE(watchos) NS_SWIFT_UI_ACTOR
61 | @interface UIBlurEffect : UIVisualEffect
   |            `- note: 'UIBlurEffect' has been explicitly marked unavailable here
62 |
63 | + (UIBlurEffect *)effectWithStyle:(UIBlurEffectStyle)style;
/Users/admin/builder/spi-builder-workspace/.dependencies/checkouts/swiftui-support/Sources/SwiftUISupportBackport/VisualEffect.swift:8:22: error: 'UIBlurEffect' is unavailable in watchOS
 6 |   let style: UIBlurEffect.Style
 7 |
 8 |   public init(style: UIBlurEffect.Style) {
   |                      `- error: 'UIBlurEffect' is unavailable in watchOS
 9 |     self.style = style
10 |   }
/Applications/Xcode-27.0.0-Release.Candidate.app/Contents/Developer/Platforms/WatchOS.platform/Developer/SDKs/WatchOS27.0.sdk/System/Library/Frameworks/UIKit.framework/Headers/UIBlurEffect.h:61:12: note: 'UIBlurEffect' has been explicitly marked unavailable here
59 | /* UIBlurEffect will provide a blur that appears to have been applied to the content layered behind the UIVisualEffectView. Views added to the contentView of a blur visual effect are not blurred themselves. */
60 | UIKIT_EXTERN API_AVAILABLE(ios(8.0)) API_UNAVAILABLE(watchos) NS_SWIFT_UI_ACTOR
61 | @interface UIBlurEffect : UIVisualEffect
   |            `- note: 'UIBlurEffect' has been explicitly marked unavailable here
62 |
63 | + (UIBlurEffect *)effectWithStyle:(UIBlurEffectStyle)style;
/Users/admin/builder/spi-builder-workspace/.dependencies/checkouts/swiftui-support/Sources/SwiftUISupportBackport/VisualEffect.swift:12:35: error: cannot find type 'Context' in scope
10 |   }
11 |
12 |   public func makeUIView(context: Context) -> UIVisualEffectView {
   |                                   `- error: cannot find type 'Context' in scope
13 |     return UIVisualEffectView(effect: UIBlurEffect(style: style))
14 |   }
/Users/admin/builder/spi-builder-workspace/.dependencies/checkouts/swiftui-support/Sources/SwiftUISupportBackport/VisualEffect.swift:12:47: error: 'UIVisualEffectView' is unavailable in watchOS
10 |   }
11 |
12 |   public func makeUIView(context: Context) -> UIVisualEffectView {
   |                                               `- error: 'UIVisualEffectView' is unavailable in watchOS
13 |     return UIVisualEffectView(effect: UIBlurEffect(style: style))
14 |   }
/Applications/Xcode-27.0.0-Release.Candidate.app/Contents/Developer/Platforms/WatchOS.platform/Developer/SDKs/WatchOS27.0.sdk/System/Library/Frameworks/UIKit.framework/Headers/UIVisualEffectView.h:28:12: note: 'UIVisualEffectView' has been explicitly marked unavailable here
26 |
27 | UIKIT_EXTERN API_AVAILABLE(ios(8.0)) API_UNAVAILABLE(watchos) NS_SWIFT_UI_ACTOR
28 | @interface UIVisualEffectView : UIView <NSSecureCoding>
   |            `- note: 'UIVisualEffectView' has been explicitly marked unavailable here
29 |
30 | @property (nonatomic, strong, readonly) UIView *contentView; // Do not add subviews directly to UIVisualEffectView, use this view instead.
/Users/admin/builder/spi-builder-workspace/.dependencies/checkouts/swiftui-support/Sources/SwiftUISupportBackport/VisualEffect.swift:16:67: error: cannot find type 'Context' in scope
14 |   }
15 |
16 |   public func updateUIView(_ uiView: UIVisualEffectView, context: Context) {
   |                                                                   `- error: cannot find type 'Context' in scope
17 |
18 |   }
/Users/admin/builder/spi-builder-workspace/.dependencies/checkouts/swiftui-support/Sources/SwiftUISupportBackport/VisualEffect.swift:16:38: error: 'UIVisualEffectView' is unavailable in watchOS
14 |   }
15 |
16 |   public func updateUIView(_ uiView: UIVisualEffectView, context: Context) {
   |                                      `- error: 'UIVisualEffectView' is unavailable in watchOS
17 |
18 |   }
/Applications/Xcode-27.0.0-Release.Candidate.app/Contents/Developer/Platforms/WatchOS.platform/Developer/SDKs/WatchOS27.0.sdk/System/Library/Frameworks/UIKit.framework/Headers/UIVisualEffectView.h:28:12: note: 'UIVisualEffectView' has been explicitly marked unavailable here
26 |
27 | UIKIT_EXTERN API_AVAILABLE(ios(8.0)) API_UNAVAILABLE(watchos) NS_SWIFT_UI_ACTOR
28 | @interface UIVisualEffectView : UIView <NSSecureCoding>
   |            `- note: 'UIVisualEffectView' has been explicitly marked unavailable here
29 |
30 | @property (nonatomic, strong, readonly) UIView *contentView; // Do not add subviews directly to UIVisualEffectView, use this view instead.
/Users/admin/builder/spi-builder-workspace/.dependencies/checkouts/swiftui-support/Sources/SwiftUISupportBackport/VisualEffect.swift:4:29: error: cannot find type 'UIViewRepresentable' in scope
 2 | import UIKit
 3 |
 4 | public struct VisualEffect: UIViewRepresentable {
   |                             `- error: cannot find type 'UIViewRepresentable' in scope
 5 |
 6 |   let style: UIBlurEffect.Style
Failed frontend command:
/Applications/Xcode-27.0.0-Release.Candidate.app/Contents/Developer/Toolchains/XcodeDefault.xctoolchain/usr/bin/swift-frontend -frontend -emit-module -experimental-skip-non-inlinable-function-bodies-without-types /Users/admin/builder/spi-builder-workspace/.dependencies/checkouts/swiftui-support/Sources/SwiftUISupportBackport/ImageView.swift /Users/admin/builder/spi-builder-workspace/.dependencies/checkouts/swiftui-support/Sources/SwiftUISupportBackport/OnChangeWithPrevious.swift /Users/admin/builder/spi-builder-workspace/.dependencies/checkouts/swiftui-support/Sources/SwiftUISupportBackport/VisualEffect.swift -target arm64-apple-watchos9.0 -module-can-import-version UIKit 9127.0.84.1 9127.0.84 -disable-cross-import-overlay-search -load-resolved-plugin /Applications/Xcode-27.0.0-Release.Candidate.app/Contents/Developer/Platforms/WatchOS.platform/Developer/usr/lib/swift/host/plugins/libFoundationMacros.dylib\#/Applications/Xcode-27.0.0-Release.Candidate.app/Contents/Developer/Platforms/WatchOS.platform/Developer/usr/bin/swift-plugin-server\#FoundationMacros -load-resolved-plugin /Applications/Xcode-27.0.0-Release.Candidate.app/Contents/Developer/Platforms/WatchOS.platform/Developer/usr/lib/swift/host/plugins/libObservationMacros.dylib\#/Applications/Xcode-27.0.0-Release.Candidate.app/Contents/Developer/Platforms/WatchOS.platform/Developer/usr/bin/swift-plugin-server\#ObservationMacros -load-resolved-plugin /Applications/Xcode-27.0.0-Release.Candidate.app/Contents/Developer/Platforms/WatchOS.platform/Developer/usr/lib/swift/host/plugins/libPreviewsMacros.dylib\#/Applications/Xcode-27.0.0-Release.Candidate.app/Contents/Developer/Platforms/WatchOS.platform/Developer/usr/bin/swift-plugin-server\#PreviewsMacros -load-resolved-plugin /Applications/Xcode-27.0.0-Release.Candidate.app/Contents/Developer/Platforms/WatchOS.platform/Developer/usr/lib/swift/host/plugins/libSwiftMacros.dylib\#/Applications/Xcode-27.0.0-Release.Candidate.app/Contents/Developer/Platforms/WatchOS.platform/Developer/usr/bin/swift-plugin-server\#SwiftMacros -load-resolved-plugin /Applications/Xcode-27.0.0-Release.Candidate.app/Contents/Developer/Platforms/WatchOS.platform/Developer/usr/lib/swift/host/plugins/libSwiftUIMacros.dylib\#/Applications/Xcode-27.0.0-Release.Candidate.app/Contents/Developer/Platforms/WatchOS.platform/Developer/usr/bin/swift-plugin-server\#SwiftUIMacros -disable-implicit-swift-modules -Xcc -fno-implicit-modules -Xcc -fno-implicit-module-maps -explicit-swift-module-map-file /Users/admin/builder/spi-builder-workspace/.derivedData/Build/Intermediates.noindex/SwiftUISupport.build/Debug-watchos/SwiftUISupportBackport-t.build/Objects-normal/arm64/SwiftUISupportBackport-dependencies-2.json -Xllvm -aarch64-use-tbi -enable-objc-interop -stack-check -sdk /Applications/Xcode-27.0.0-Release.Candidate.app/Contents/Developer/Platforms/WatchOS.platform/Developer/SDKs/WatchOS27.0.sdk -I /Users/admin/builder/spi-builder-workspace/.derivedData/Build/Products/Debug-watchos -Isystem /Applications/Xcode-27.0.0-Release.Candidate.app/Contents/Developer/Platforms/WatchOS.platform/Developer/usr/lib -F /Users/admin/builder/spi-builder-workspace/.derivedData/Build/Products/Debug-watchos -F /Applications/Xcode-27.0.0-Release.Candidate.app/Contents/Developer/Platforms/WatchOS.platform/Developer/Library/Frameworks -F /Applications/Xcode-27.0.0-Release.Candidate.app/Contents/Developer/Platforms/WatchOS.platform/Developer/SDKs/WatchOS27.0.sdk/Developer/Library/Frameworks -module-cache-path /Users/admin/builder/spi-builder-workspace/.derivedData/Build/Intermediates.noindex/SwiftExplicitPrecompiledModules -no-color-diagnostics -Xcc -fno-color-diagnostics -enable-testing -g -debug-info-format\=dwarf -dwarf-version\=4 -suppress-warnings -profile-generate -profile-coverage-mapping -swift-version 6 -Onone -D SWIFT_PACKAGE -D DEBUG -D SWIFT_MODULE_RESOURCE_BUNDLE_UNAVAILABLE -D Xcode -serialize-debugging-options -enable-experimental-feature DebugDescriptionMacro -empty-abi-descriptor -user-module-version 0.14.0 -validate-clang-modules-once -clang-build-session-file /Users/admin/builder/spi-builder-workspace/.derivedData/ModuleCache.noindex/Session.modulevalidation -Xcc -working-directory -Xcc /Users/admin/builder/spi-builder-workspace/.swiftpm/xcode -enable-anonymous-context-mangled-names -file-compilation-dir /Users/admin/builder/spi-builder-workspace/.swiftpm/xcode -Xcc -D_LIBCPP_HARDENING_MODE\=_LIBCPP_HARDENING_MODE_DEBUG -Xcc -ivfsstatcache -Xcc /Users/admin/builder/spi-builder-workspace/.derivedData/SDKStatCaches.noindex/watchos27.0-24R360-e829b21a6f8c9b70876ba0858053c04477534ef55a1706bf4c1112bbb242f0a2.sdkstatcache -Xcc -fmodules-prune-interval\=86400 -Xcc -fmodules-prune-after\=345600 -Xcc -I/Users/admin/builder/spi-builder-workspace/.derivedData/Build/Products/Debug-watchos/include -Xcc -I/Users/admin/builder/spi-builder-workspace/.derivedData/Build/Intermediates.noindex/SwiftUISupport.build/Debug-watchos/SwiftUISupportBackport-t.build/DerivedSources-normal/arm64 -Xcc -I/Users/admin/builder/spi-builder-workspace/.derivedData/Build/Intermediates.noindex/SwiftUISupport.build/Debug-watchos/SwiftUISupportBackport-t.build/DerivedSources/arm64 -Xcc -I/Users/admin/builder/spi-builder-workspace/.derivedData/Build/Intermediates.noindex/SwiftUISupport.build/Debug-watchos/SwiftUISupportBackport-t.build/DerivedSources -Xcc -DSWIFT_PACKAGE -Xcc -DDEBUG\=1 -no-auto-bridging-header-chaining -module-name SwiftUISupportBackport -package-name swiftui_support -const-gather-protocols-file /Users/admin/builder/spi-builder-workspace/.derivedData/Build/Intermediates.noindex/SwiftUISupport.build/Debug-watchos/SwiftUISupportBackport-t.build/Objects-normal/arm64/SwiftUISupportBackport_const_extract_protocols.json -disable-clang-spi -clang-target arm64-apple-watchos27.0 -target-sdk-version 27.0 -target-sdk-name watchos27.0 -in-process-plugin-server-path /Applications/Xcode-27.0.0-Release.Candidate.app/Contents/Developer/Toolchains/XcodeDefault.xctoolchain/usr/lib/swift/host/libSwiftInProcPluginServer.dylib -emit-module-doc-path /Users/admin/builder/spi-builder-workspace/.derivedData/Build/Intermediates.noindex/SwiftUISupport.build/Debug-watchos/SwiftUISupportBackport-t.build/Objects-normal/arm64/SwiftUISupportBackport.swiftdoc -emit-module-source-info-path /Users/admin/builder/spi-builder-workspace/.derivedData/Build/Intermediates.noindex/SwiftUISupport.build/Debug-watchos/SwiftUISupportBackport-t.build/Objects-normal/arm64/SwiftUISupportBackport.swiftsourceinfo -emit-objc-header-path /Users/admin/builder/spi-builder-workspace/.derivedData/Build/Intermediates.noindex/SwiftUISupport.build/Debug-watchos/SwiftUISupportBackport-t.build/Objects-normal/arm64/SwiftUISupportBackport-Swift.h -serialize-diagnostics-path /Users/admin/builder/spi-builder-workspace/.derivedData/Build/Intermediates.noindex/SwiftUISupport.build/Debug-watchos/SwiftUISupportBackport-t.build/Objects-normal/arm64/SwiftUISupportBackport-primary-emit-module.dia -emit-dependencies-path /Users/admin/builder/spi-builder-workspace/.derivedData/Build/Intermediates.noindex/SwiftUISupport.build/Debug-watchos/SwiftUISupportBackport-t.build/Objects-normal/arm64/SwiftUISupportBackport-primary-emit-module.d -parse-as-library -o /Users/admin/builder/spi-builder-workspace/.derivedData/Build/Intermediates.noindex/SwiftUISupport.build/Debug-watchos/SwiftUISupportBackport-t.build/Objects-normal/arm64/SwiftUISupportBackport.swiftmodule -emit-abi-descriptor-path /Users/admin/builder/spi-builder-workspace/.derivedData/Build/Intermediates.noindex/SwiftUISupport.build/Debug-watchos/SwiftUISupportBackport-t.build/Objects-normal/arm64/SwiftUISupportBackport.abi.json
SwiftCompile normal arm64 (in target 'SwiftUISupportBackport' from project 'SwiftUISupport')
    cd /Users/admin/builder/spi-builder-workspace/.swiftpm/xcode

SwiftCompile normal arm64 Compiling\ VisualEffect.swift /Users/admin/builder/spi-builder-workspace/.dependencies/checkouts/swiftui-support/Sources/SwiftUISupportBackport/VisualEffect.swift (in target 'SwiftUISupportBackport' from project 'SwiftUISupport')
/Users/admin/builder/spi-builder-workspace/.dependencies/checkouts/swiftui-support/Sources/SwiftUISupportBackport/VisualEffect.swift:6:14: error: 'UIBlurEffect' is unavailable in watchOS
 4 | public struct VisualEffect: UIViewRepresentable {
 5 |
 6 |   let style: UIBlurEffect.Style
   |              `- error: 'UIBlurEffect' is unavailable in watchOS
 7 |
 8 |   public init(style: UIBlurEffect.Style) {
/Applications/Xcode-27.0.0-Release.Candidate.app/Contents/Developer/Platforms/WatchOS.platform/Developer/SDKs/WatchOS27.0.sdk/System/Library/Frameworks/UIKit.framework/Headers/UIBlurEffect.h:61:12: note: 'UIBlurEffect' has been explicitly marked unavailable here
59 | /* UIBlurEffect will provide a blur that appears to have been applied to the content layered behind the UIVisualEffectView. Views added to the contentView of a blur visual effect are not blurred themselves. */
60 | UIKIT_EXTERN API_AVAILABLE(ios(8.0)) API_UNAVAILABLE(watchos) NS_SWIFT_UI_ACTOR
61 | @interface UIBlurEffect : UIVisualEffect
   |            `- note: 'UIBlurEffect' has been explicitly marked unavailable here
62 |
63 | + (UIBlurEffect *)effectWithStyle:(UIBlurEffectStyle)style;
/Users/admin/builder/spi-builder-workspace/.dependencies/checkouts/swiftui-support/Sources/SwiftUISupportBackport/VisualEffect.swift:8:22: error: 'UIBlurEffect' is unavailable in watchOS
 6 |   let style: UIBlurEffect.Style
 7 |
 8 |   public init(style: UIBlurEffect.Style) {
   |                      `- error: 'UIBlurEffect' is unavailable in watchOS
 9 |     self.style = style
10 |   }
/Applications/Xcode-27.0.0-Release.Candidate.app/Contents/Developer/Platforms/WatchOS.platform/Developer/SDKs/WatchOS27.0.sdk/System/Library/Frameworks/UIKit.framework/Headers/UIBlurEffect.h:61:12: note: 'UIBlurEffect' has been explicitly marked unavailable here
59 | /* UIBlurEffect will provide a blur that appears to have been applied to the content layered behind the UIVisualEffectView. Views added to the contentView of a blur visual effect are not blurred themselves. */
60 | UIKIT_EXTERN API_AVAILABLE(ios(8.0)) API_UNAVAILABLE(watchos) NS_SWIFT_UI_ACTOR
61 | @interface UIBlurEffect : UIVisualEffect
   |            `- note: 'UIBlurEffect' has been explicitly marked unavailable here
62 |
63 | + (UIBlurEffect *)effectWithStyle:(UIBlurEffectStyle)style;
/Users/admin/builder/spi-builder-workspace/.dependencies/checkouts/swiftui-support/Sources/SwiftUISupportBackport/VisualEffect.swift:12:35: error: cannot find type 'Context' in scope
10 |   }
11 |
12 |   public func makeUIView(context: Context) -> UIVisualEffectView {
   |                                   `- error: cannot find type 'Context' in scope
13 |     return UIVisualEffectView(effect: UIBlurEffect(style: style))
14 |   }
/Users/admin/builder/spi-builder-workspace/.dependencies/checkouts/swiftui-support/Sources/SwiftUISupportBackport/VisualEffect.swift:12:47: error: 'UIVisualEffectView' is unavailable in watchOS
10 |   }
11 |
12 |   public func makeUIView(context: Context) -> UIVisualEffectView {
   |                                               `- error: 'UIVisualEffectView' is unavailable in watchOS
13 |     return UIVisualEffectView(effect: UIBlurEffect(style: style))
14 |   }
/Applications/Xcode-27.0.0-Release.Candidate.app/Contents/Developer/Platforms/WatchOS.platform/Developer/SDKs/WatchOS27.0.sdk/System/Library/Frameworks/UIKit.framework/Headers/UIVisualEffectView.h:28:12: note: 'UIVisualEffectView' has been explicitly marked unavailable here
26 |
27 | UIKIT_EXTERN API_AVAILABLE(ios(8.0)) API_UNAVAILABLE(watchos) NS_SWIFT_UI_ACTOR
28 | @interface UIVisualEffectView : UIView <NSSecureCoding>
   |            `- note: 'UIVisualEffectView' has been explicitly marked unavailable here
29 |
30 | @property (nonatomic, strong, readonly) UIView *contentView; // Do not add subviews directly to UIVisualEffectView, use this view instead.
/Users/admin/builder/spi-builder-workspace/.dependencies/checkouts/swiftui-support/Sources/SwiftUISupportBackport/VisualEffect.swift:16:67: error: cannot find type 'Context' in scope
14 |   }
15 |
16 |   public func updateUIView(_ uiView: UIVisualEffectView, context: Context) {
   |                                                                   `- error: cannot find type 'Context' in scope
17 |
18 |   }
/Users/admin/builder/spi-builder-workspace/.dependencies/checkouts/swiftui-support/Sources/SwiftUISupportBackport/VisualEffect.swift:16:38: error: 'UIVisualEffectView' is unavailable in watchOS
14 |   }
15 |
16 |   public func updateUIView(_ uiView: UIVisualEffectView, context: Context) {
   |                                      `- error: 'UIVisualEffectView' is unavailable in watchOS
17 |
18 |   }
/Applications/Xcode-27.0.0-Release.Candidate.app/Contents/Developer/Platforms/WatchOS.platform/Developer/SDKs/WatchOS27.0.sdk/System/Library/Frameworks/UIKit.framework/Headers/UIVisualEffectView.h:28:12: note: 'UIVisualEffectView' has been explicitly marked unavailable here
26 |
27 | UIKIT_EXTERN API_AVAILABLE(ios(8.0)) API_UNAVAILABLE(watchos) NS_SWIFT_UI_ACTOR
28 | @interface UIVisualEffectView : UIView <NSSecureCoding>
   |            `- note: 'UIVisualEffectView' has been explicitly marked unavailable here
29 |
30 | @property (nonatomic, strong, readonly) UIView *contentView; // Do not add subviews directly to UIVisualEffectView, use this view instead.
/Users/admin/builder/spi-builder-workspace/.dependencies/checkouts/swiftui-support/Sources/SwiftUISupportBackport/VisualEffect.swift:4:29: error: cannot find type 'UIViewRepresentable' in scope
 2 | import UIKit
 3 |
 4 | public struct VisualEffect: UIViewRepresentable {
   |                             `- error: cannot find type 'UIViewRepresentable' in scope
 5 |
 6 |   let style: UIBlurEffect.Style
/Users/admin/builder/spi-builder-workspace/.dependencies/checkouts/swiftui-support/Sources/SwiftUISupportBackport/VisualEffect.swift:13:12: error: 'UIVisualEffectView' is unavailable in watchOS
11 |
12 |   public func makeUIView(context: Context) -> UIVisualEffectView {
13 |     return UIVisualEffectView(effect: UIBlurEffect(style: style))
   |            `- error: 'UIVisualEffectView' is unavailable in watchOS
14 |   }
15 |
/Applications/Xcode-27.0.0-Release.Candidate.app/Contents/Developer/Platforms/WatchOS.platform/Developer/SDKs/WatchOS27.0.sdk/System/Library/Frameworks/UIKit.framework/Headers/UIVisualEffectView.h:28:12: note: 'UIVisualEffectView' has been explicitly marked unavailable here
26 |
27 | UIKIT_EXTERN API_AVAILABLE(ios(8.0)) API_UNAVAILABLE(watchos) NS_SWIFT_UI_ACTOR
28 | @interface UIVisualEffectView : UIView <NSSecureCoding>
   |            `- note: 'UIVisualEffectView' has been explicitly marked unavailable here
29 |
30 | @property (nonatomic, strong, readonly) UIView *contentView; // Do not add subviews directly to UIVisualEffectView, use this view instead.
SwiftCompile normal arm64 /Users/admin/builder/spi-builder-workspace/.dependencies/checkouts/swiftui-support/Sources/SwiftUISupportBackport/VisualEffect.swift (in target 'SwiftUISupportBackport' from project 'SwiftUISupport')
    cd /Users/admin/builder/spi-builder-workspace/.swiftpm/xcode
    builtin-SwiftPerFileCompile VisualEffect.swift
SwiftEmitModule normal arm64_32 Emitting\ module\ for\ SwiftUISupportBackport (in target 'SwiftUISupportBackport' from project 'SwiftUISupport')
/Users/admin/builder/spi-builder-workspace/.dependencies/checkouts/swiftui-support/Sources/SwiftUISupportBackport/ImageView.swift:13:20: error: 'UIView' is unavailable in watchOS
11 | public struct ImageView: View {
12 |
13 |   let contentMode: UIView.ContentMode
   |                    `- error: 'UIView' is unavailable in watchOS
14 |   let tintColor: UIColor?
15 |   let image: UIImage?
/Applications/Xcode-27.0.0-Release.Candidate.app/Contents/Developer/Platforms/WatchOS.platform/Developer/SDKs/WatchOS27.0.sdk/System/Library/Frameworks/UIKit.framework/Headers/UIView.h:152:12: note: 'UIView' has been explicitly marked unavailable here
150 |
151 | UIKIT_EXTERN API_AVAILABLE(ios(2.0)) API_UNAVAILABLE(watchos) NS_SWIFT_UI_ACTOR
152 | @interface UIView : UIResponder <NSCoding, UIAppearance, UIAppearanceContainer, UIDynamicItem, UITraitEnvironment, UICoordinateSpace, UIFocusItem, UIFocusItemContainer, CALayerDelegate>
    |            `- note: 'UIView' has been explicitly marked unavailable here
153 |
154 | @property(class, nonatomic, readonly) Class layerClass;                        // default is [CALayer class]. Used when creating the underlying layer for the view.
/Users/admin/builder/spi-builder-workspace/.dependencies/checkouts/swiftui-support/Sources/SwiftUISupportBackport/ImageView.swift:19:18: error: 'UIView' is unavailable in watchOS
17 |   public init(
18 |     image: UIImage?,
19 |     contentMode: UIView.ContentMode = .scaleAspectFill,
   |                  `- error: 'UIView' is unavailable in watchOS
20 |     tintColor: UIColor? = nil
21 |   ) {
/Applications/Xcode-27.0.0-Release.Candidate.app/Contents/Developer/Platforms/WatchOS.platform/Developer/SDKs/WatchOS27.0.sdk/System/Library/Frameworks/UIKit.framework/Headers/UIView.h:152:12: note: 'UIView' has been explicitly marked unavailable here
150 |
151 | UIKIT_EXTERN API_AVAILABLE(ios(2.0)) API_UNAVAILABLE(watchos) NS_SWIFT_UI_ACTOR
152 | @interface UIView : UIResponder <NSCoding, UIAppearance, UIAppearanceContainer, UIDynamicItem, UITraitEnvironment, UICoordinateSpace, UIFocusItem, UIFocusItemContainer, CALayerDelegate>
    |            `- note: 'UIView' has been explicitly marked unavailable here
153 |
154 | @property(class, nonatomic, readonly) Class layerClass;                        // default is [CALayer class]. Used when creating the underlying layer for the view.
/Users/admin/builder/spi-builder-workspace/.dependencies/checkouts/swiftui-support/Sources/SwiftUISupportBackport/ImageView.swift:34:22: error: 'UIView' is unavailable in watchOS
32 |   private struct _ImageView: UIViewRepresentable {
33 |
34 |     let contentMode: UIView.ContentMode
   |                      `- error: 'UIView' is unavailable in watchOS
35 |     let tintColor: UIColor?
36 |     let image: UIImage?
/Applications/Xcode-27.0.0-Release.Candidate.app/Contents/Developer/Platforms/WatchOS.platform/Developer/SDKs/WatchOS27.0.sdk/System/Library/Frameworks/UIKit.framework/Headers/UIView.h:152:12: note: 'UIView' has been explicitly marked unavailable here
150 |
151 | UIKIT_EXTERN API_AVAILABLE(ios(2.0)) API_UNAVAILABLE(watchos) NS_SWIFT_UI_ACTOR
152 | @interface UIView : UIResponder <NSCoding, UIAppearance, UIAppearanceContainer, UIDynamicItem, UITraitEnvironment, UICoordinateSpace, UIFocusItem, UIFocusItemContainer, CALayerDelegate>
    |            `- note: 'UIView' has been explicitly marked unavailable here
153 |
154 | @property(class, nonatomic, readonly) Class layerClass;                        // default is [CALayer class]. Used when creating the underlying layer for the view.
/Users/admin/builder/spi-builder-workspace/.dependencies/checkouts/swiftui-support/Sources/SwiftUISupportBackport/ImageView.swift:40:20: error: 'UIView' is unavailable in watchOS
38 |     init(
39 |       image: UIImage?,
40 |       contentMode: UIView.ContentMode = .scaleAspectFill,
   |                    `- error: 'UIView' is unavailable in watchOS
41 |       tintColor: UIColor? = nil
42 |     ) {
/Applications/Xcode-27.0.0-Release.Candidate.app/Contents/Developer/Platforms/WatchOS.platform/Developer/SDKs/WatchOS27.0.sdk/System/Library/Frameworks/UIKit.framework/Headers/UIView.h:152:12: note: 'UIView' has been explicitly marked unavailable here
150 |
151 | UIKIT_EXTERN API_AVAILABLE(ios(2.0)) API_UNAVAILABLE(watchos) NS_SWIFT_UI_ACTOR
152 | @interface UIView : UIResponder <NSCoding, UIAppearance, UIAppearanceContainer, UIDynamicItem, UITraitEnvironment, UICoordinateSpace, UIFocusItem, UIFocusItemContainer, CALayerDelegate>
    |            `- note: 'UIView' has been explicitly marked unavailable here
153 |
154 | @property(class, nonatomic, readonly) Class layerClass;                        // default is [CALayer class]. Used when creating the underlying layer for the view.
/Users/admin/builder/spi-builder-workspace/.dependencies/checkouts/swiftui-support/Sources/SwiftUISupportBackport/ImageView.swift:48:30: error: cannot find type 'Context' in scope
46 |     }
47 |
48 |     func makeUIView(context: Context) -> UIImageView {
   |                              `- error: cannot find type 'Context' in scope
49 |       let imageView = UIImageView()
50 |       imageView.setContentCompressionResistancePriority(.defaultLow, for: .horizontal)
/Users/admin/builder/spi-builder-workspace/.dependencies/checkouts/swiftui-support/Sources/SwiftUISupportBackport/ImageView.swift:48:42: error: 'UIImageView' is unavailable in watchOS
46 |     }
47 |
48 |     func makeUIView(context: Context) -> UIImageView {
   |                                          `- error: 'UIImageView' is unavailable in watchOS
49 |       let imageView = UIImageView()
50 |       imageView.setContentCompressionResistancePriority(.defaultLow, for: .horizontal)
/Applications/Xcode-27.0.0-Release.Candidate.app/Contents/Developer/Platforms/WatchOS.platform/Developer/SDKs/WatchOS27.0.sdk/System/Library/Frameworks/UIKit.framework/Headers/UIImageView.h:21:12: note: 'UIImageView' has been explicitly marked unavailable here
 19 |
 20 | UIKIT_EXTERN API_AVAILABLE(ios(2.0)) API_UNAVAILABLE(watchos) NS_SWIFT_UI_ACTOR
 21 | @interface UIImageView : UIView
    |            `- note: 'UIImageView' has been explicitly marked unavailable here
 22 |
 23 | - (instancetype)initWithImage:(nullable UIImage *)image;
/Users/admin/builder/spi-builder-workspace/.dependencies/checkouts/swiftui-support/Sources/SwiftUISupportBackport/ImageView.swift:56:55: error: cannot find type 'Context' in scope
54 |     }
55 |
56 |     func updateUIView(_ uiView: UIImageView, context: Context) {
   |                                                       `- error: cannot find type 'Context' in scope
57 |       uiView.contentMode = contentMode
58 |       uiView.tintColor = tintColor
/Users/admin/builder/spi-builder-workspace/.dependencies/checkouts/swiftui-support/Sources/SwiftUISupportBackport/ImageView.swift:56:33: error: 'UIImageView' is unavailable in watchOS
54 |     }
55 |
56 |     func updateUIView(_ uiView: UIImageView, context: Context) {
   |                                 `- error: 'UIImageView' is unavailable in watchOS
57 |       uiView.contentMode = contentMode
58 |       uiView.tintColor = tintColor
/Applications/Xcode-27.0.0-Release.Candidate.app/Contents/Developer/Platforms/WatchOS.platform/Developer/SDKs/WatchOS27.0.sdk/System/Library/Frameworks/UIKit.framework/Headers/UIImageView.h:21:12: note: 'UIImageView' has been explicitly marked unavailable here
 19 |
 20 | UIKIT_EXTERN API_AVAILABLE(ios(2.0)) API_UNAVAILABLE(watchos) NS_SWIFT_UI_ACTOR
 21 | @interface UIImageView : UIView
    |            `- note: 'UIImageView' has been explicitly marked unavailable here
 22 |
 23 | - (instancetype)initWithImage:(nullable UIImage *)image;
SwiftCompile normal arm64_32 (in target 'SwiftUISupportBackport' from project 'SwiftUISupport')
    cd /Users/admin/builder/spi-builder-workspace/.swiftpm/xcode

SwiftCompile normal arm64_32 Compiling\ VisualEffect.swift /Users/admin/builder/spi-builder-workspace/.dependencies/checkouts/swiftui-support/Sources/SwiftUISupportBackport/VisualEffect.swift (in target 'SwiftUISupportBackport' from project 'SwiftUISupport')
/Users/admin/builder/spi-builder-workspace/.dependencies/checkouts/swiftui-support/Sources/SwiftUISupportBackport/VisualEffect.swift:6:14: error: 'UIBlurEffect' is unavailable in watchOS
 4 | public struct VisualEffect: UIViewRepresentable {
 5 |
 6 |   let style: UIBlurEffect.Style
   |              `- error: 'UIBlurEffect' is unavailable in watchOS
 7 |
 8 |   public init(style: UIBlurEffect.Style) {
/Applications/Xcode-27.0.0-Release.Candidate.app/Contents/Developer/Platforms/WatchOS.platform/Developer/SDKs/WatchOS27.0.sdk/System/Library/Frameworks/UIKit.framework/Headers/UIBlurEffect.h:61:12: note: 'UIBlurEffect' has been explicitly marked unavailable here
59 | /* UIBlurEffect will provide a blur that appears to have been applied to the content layered behind the UIVisualEffectView. Views added to the contentView of a blur visual effect are not blurred themselves. */
60 | UIKIT_EXTERN API_AVAILABLE(ios(8.0)) API_UNAVAILABLE(watchos) NS_SWIFT_UI_ACTOR
61 | @interface UIBlurEffect : UIVisualEffect
   |            `- note: 'UIBlurEffect' has been explicitly marked unavailable here
62 |
63 | + (UIBlurEffect *)effectWithStyle:(UIBlurEffectStyle)style;
/Users/admin/builder/spi-builder-workspace/.dependencies/checkouts/swiftui-support/Sources/SwiftUISupportBackport/VisualEffect.swift:8:22: error: 'UIBlurEffect' is unavailable in watchOS
 6 |   let style: UIBlurEffect.Style
 7 |
 8 |   public init(style: UIBlurEffect.Style) {
   |                      `- error: 'UIBlurEffect' is unavailable in watchOS
 9 |     self.style = style
10 |   }
/Applications/Xcode-27.0.0-Release.Candidate.app/Contents/Developer/Platforms/WatchOS.platform/Developer/SDKs/WatchOS27.0.sdk/System/Library/Frameworks/UIKit.framework/Headers/UIBlurEffect.h:61:12: note: 'UIBlurEffect' has been explicitly marked unavailable here
59 | /* UIBlurEffect will provide a blur that appears to have been applied to the content layered behind the UIVisualEffectView. Views added to the contentView of a blur visual effect are not blurred themselves. */
60 | UIKIT_EXTERN API_AVAILABLE(ios(8.0)) API_UNAVAILABLE(watchos) NS_SWIFT_UI_ACTOR
61 | @interface UIBlurEffect : UIVisualEffect
   |            `- note: 'UIBlurEffect' has been explicitly marked unavailable here
62 |
63 | + (UIBlurEffect *)effectWithStyle:(UIBlurEffectStyle)style;
/Users/admin/builder/spi-builder-workspace/.dependencies/checkouts/swiftui-support/Sources/SwiftUISupportBackport/VisualEffect.swift:12:35: error: cannot find type 'Context' in scope
10 |   }
11 |
12 |   public func makeUIView(context: Context) -> UIVisualEffectView {
   |                                   `- error: cannot find type 'Context' in scope
13 |     return UIVisualEffectView(effect: UIBlurEffect(style: style))
14 |   }
/Users/admin/builder/spi-builder-workspace/.dependencies/checkouts/swiftui-support/Sources/SwiftUISupportBackport/VisualEffect.swift:12:47: error: 'UIVisualEffectView' is unavailable in watchOS
10 |   }
11 |
12 |   public func makeUIView(context: Context) -> UIVisualEffectView {
   |                                               `- error: 'UIVisualEffectView' is unavailable in watchOS
13 |     return UIVisualEffectView(effect: UIBlurEffect(style: style))
14 |   }
/Applications/Xcode-27.0.0-Release.Candidate.app/Contents/Developer/Platforms/WatchOS.platform/Developer/SDKs/WatchOS27.0.sdk/System/Library/Frameworks/UIKit.framework/Headers/UIVisualEffectView.h:28:12: note: 'UIVisualEffectView' has been explicitly marked unavailable here
26 |
27 | UIKIT_EXTERN API_AVAILABLE(ios(8.0)) API_UNAVAILABLE(watchos) NS_SWIFT_UI_ACTOR
28 | @interface UIVisualEffectView : UIView <NSSecureCoding>
   |            `- note: 'UIVisualEffectView' has been explicitly marked unavailable here
29 |
30 | @property (nonatomic, strong, readonly) UIView *contentView; // Do not add subviews directly to UIVisualEffectView, use this view instead.
/Users/admin/builder/spi-builder-workspace/.dependencies/checkouts/swiftui-support/Sources/SwiftUISupportBackport/VisualEffect.swift:16:67: error: cannot find type 'Context' in scope
14 |   }
15 |
16 |   public func updateUIView(_ uiView: UIVisualEffectView, context: Context) {
   |                                                                   `- error: cannot find type 'Context' in scope
17 |
18 |   }
/Users/admin/builder/spi-builder-workspace/.dependencies/checkouts/swiftui-support/Sources/SwiftUISupportBackport/VisualEffect.swift:16:38: error: 'UIVisualEffectView' is unavailable in watchOS
14 |   }
15 |
16 |   public func updateUIView(_ uiView: UIVisualEffectView, context: Context) {
   |                                      `- error: 'UIVisualEffectView' is unavailable in watchOS
17 |
18 |   }
/Applications/Xcode-27.0.0-Release.Candidate.app/Contents/Developer/Platforms/WatchOS.platform/Developer/SDKs/WatchOS27.0.sdk/System/Library/Frameworks/UIKit.framework/Headers/UIVisualEffectView.h:28:12: note: 'UIVisualEffectView' has been explicitly marked unavailable here
26 |
27 | UIKIT_EXTERN API_AVAILABLE(ios(8.0)) API_UNAVAILABLE(watchos) NS_SWIFT_UI_ACTOR
28 | @interface UIVisualEffectView : UIView <NSSecureCoding>
   |            `- note: 'UIVisualEffectView' has been explicitly marked unavailable here
29 |
30 | @property (nonatomic, strong, readonly) UIView *contentView; // Do not add subviews directly to UIVisualEffectView, use this view instead.
/Users/admin/builder/spi-builder-workspace/.dependencies/checkouts/swiftui-support/Sources/SwiftUISupportBackport/VisualEffect.swift:4:29: error: cannot find type 'UIViewRepresentable' in scope
 2 | import UIKit
 3 |
 4 | public struct VisualEffect: UIViewRepresentable {
   |                             `- error: cannot find type 'UIViewRepresentable' in scope
 5 |
 6 |   let style: UIBlurEffect.Style
/Users/admin/builder/spi-builder-workspace/.dependencies/checkouts/swiftui-support/Sources/SwiftUISupportBackport/VisualEffect.swift:13:12: error: 'UIVisualEffectView' is unavailable in watchOS
11 |
12 |   public func makeUIView(context: Context) -> UIVisualEffectView {
13 |     return UIVisualEffectView(effect: UIBlurEffect(style: style))
   |            `- error: 'UIVisualEffectView' is unavailable in watchOS
14 |   }
15 |
/Applications/Xcode-27.0.0-Release.Candidate.app/Contents/Developer/Platforms/WatchOS.platform/Developer/SDKs/WatchOS27.0.sdk/System/Library/Frameworks/UIKit.framework/Headers/UIVisualEffectView.h:28:12: note: 'UIVisualEffectView' has been explicitly marked unavailable here
26 |
27 | UIKIT_EXTERN API_AVAILABLE(ios(8.0)) API_UNAVAILABLE(watchos) NS_SWIFT_UI_ACTOR
28 | @interface UIVisualEffectView : UIView <NSSecureCoding>
   |            `- note: 'UIVisualEffectView' has been explicitly marked unavailable here
29 |
30 | @property (nonatomic, strong, readonly) UIView *contentView; // Do not add subviews directly to UIVisualEffectView, use this view instead.
SwiftCompile normal arm64_32 /Users/admin/builder/spi-builder-workspace/.dependencies/checkouts/swiftui-support/Sources/SwiftUISupportBackport/VisualEffect.swift (in target 'SwiftUISupportBackport' from project 'SwiftUISupport')
    cd /Users/admin/builder/spi-builder-workspace/.swiftpm/xcode
    builtin-SwiftPerFileCompile VisualEffect.swift
SwiftCompile normal arm64_32 Compiling\ ImageView.swift /Users/admin/builder/spi-builder-workspace/.dependencies/checkouts/swiftui-support/Sources/SwiftUISupportBackport/ImageView.swift (in target 'SwiftUISupportBackport' from project 'SwiftUISupport')
/Users/admin/builder/spi-builder-workspace/.dependencies/checkouts/swiftui-support/Sources/SwiftUISupportBackport/ImageView.swift:13:20: error: 'UIView' is unavailable in watchOS
11 | public struct ImageView: View {
12 |
13 |   let contentMode: UIView.ContentMode
   |                    `- error: 'UIView' is unavailable in watchOS
14 |   let tintColor: UIColor?
15 |   let image: UIImage?
/Applications/Xcode-27.0.0-Release.Candidate.app/Contents/Developer/Platforms/WatchOS.platform/Developer/SDKs/WatchOS27.0.sdk/System/Library/Frameworks/UIKit.framework/Headers/UIView.h:152:12: note: 'UIView' has been explicitly marked unavailable here
150 |
151 | UIKIT_EXTERN API_AVAILABLE(ios(2.0)) API_UNAVAILABLE(watchos) NS_SWIFT_UI_ACTOR
152 | @interface UIView : UIResponder <NSCoding, UIAppearance, UIAppearanceContainer, UIDynamicItem, UITraitEnvironment, UICoordinateSpace, UIFocusItem, UIFocusItemContainer, CALayerDelegate>
    |            `- note: 'UIView' has been explicitly marked unavailable here
153 |
154 | @property(class, nonatomic, readonly) Class layerClass;                        // default is [CALayer class]. Used when creating the underlying layer for the view.
/Users/admin/builder/spi-builder-workspace/.dependencies/checkouts/swiftui-support/Sources/SwiftUISupportBackport/ImageView.swift:19:18: error: 'UIView' is unavailable in watchOS
17 |   public init(
18 |     image: UIImage?,
19 |     contentMode: UIView.ContentMode = .scaleAspectFill,
   |                  `- error: 'UIView' is unavailable in watchOS
20 |     tintColor: UIColor? = nil
21 |   ) {
/Applications/Xcode-27.0.0-Release.Candidate.app/Contents/Developer/Platforms/WatchOS.platform/Developer/SDKs/WatchOS27.0.sdk/System/Library/Frameworks/UIKit.framework/Headers/UIView.h:152:12: note: 'UIView' has been explicitly marked unavailable here
150 |
151 | UIKIT_EXTERN API_AVAILABLE(ios(2.0)) API_UNAVAILABLE(watchos) NS_SWIFT_UI_ACTOR
152 | @interface UIView : UIResponder <NSCoding, UIAppearance, UIAppearanceContainer, UIDynamicItem, UITraitEnvironment, UICoordinateSpace, UIFocusItem, UIFocusItemContainer, CALayerDelegate>
    |            `- note: 'UIView' has been explicitly marked unavailable here
153 |
154 | @property(class, nonatomic, readonly) Class layerClass;                        // default is [CALayer class]. Used when creating the underlying layer for the view.
/Users/admin/builder/spi-builder-workspace/.dependencies/checkouts/swiftui-support/Sources/SwiftUISupportBackport/ImageView.swift:34:22: error: 'UIView' is unavailable in watchOS
32 |   private struct _ImageView: UIViewRepresentable {
33 |
34 |     let contentMode: UIView.ContentMode
   |                      `- error: 'UIView' is unavailable in watchOS
35 |     let tintColor: UIColor?
36 |     let image: UIImage?
/Applications/Xcode-27.0.0-Release.Candidate.app/Contents/Developer/Platforms/WatchOS.platform/Developer/SDKs/WatchOS27.0.sdk/System/Library/Frameworks/UIKit.framework/Headers/UIView.h:152:12: note: 'UIView' has been explicitly marked unavailable here
150 |
151 | UIKIT_EXTERN API_AVAILABLE(ios(2.0)) API_UNAVAILABLE(watchos) NS_SWIFT_UI_ACTOR
152 | @interface UIView : UIResponder <NSCoding, UIAppearance, UIAppearanceContainer, UIDynamicItem, UITraitEnvironment, UICoordinateSpace, UIFocusItem, UIFocusItemContainer, CALayerDelegate>
    |            `- note: 'UIView' has been explicitly marked unavailable here
153 |
154 | @property(class, nonatomic, readonly) Class layerClass;                        // default is [CALayer class]. Used when creating the underlying layer for the view.
/Users/admin/builder/spi-builder-workspace/.dependencies/checkouts/swiftui-support/Sources/SwiftUISupportBackport/ImageView.swift:40:20: error: 'UIView' is unavailable in watchOS
38 |     init(
39 |       image: UIImage?,
40 |       contentMode: UIView.ContentMode = .scaleAspectFill,
   |                    `- error: 'UIView' is unavailable in watchOS
41 |       tintColor: UIColor? = nil
42 |     ) {
/Applications/Xcode-27.0.0-Release.Candidate.app/Contents/Developer/Platforms/WatchOS.platform/Developer/SDKs/WatchOS27.0.sdk/System/Library/Frameworks/UIKit.framework/Headers/UIView.h:152:12: note: 'UIView' has been explicitly marked unavailable here
150 |
151 | UIKIT_EXTERN API_AVAILABLE(ios(2.0)) API_UNAVAILABLE(watchos) NS_SWIFT_UI_ACTOR
152 | @interface UIView : UIResponder <NSCoding, UIAppearance, UIAppearanceContainer, UIDynamicItem, UITraitEnvironment, UICoordinateSpace, UIFocusItem, UIFocusItemContainer, CALayerDelegate>
    |            `- note: 'UIView' has been explicitly marked unavailable here
153 |
154 | @property(class, nonatomic, readonly) Class layerClass;                        // default is [CALayer class]. Used when creating the underlying layer for the view.
/Users/admin/builder/spi-builder-workspace/.dependencies/checkouts/swiftui-support/Sources/SwiftUISupportBackport/ImageView.swift:48:30: error: cannot find type 'Context' in scope
46 |     }
47 |
48 |     func makeUIView(context: Context) -> UIImageView {
   |                              `- error: cannot find type 'Context' in scope
49 |       let imageView = UIImageView()
50 |       imageView.setContentCompressionResistancePriority(.defaultLow, for: .horizontal)
/Users/admin/builder/spi-builder-workspace/.dependencies/checkouts/swiftui-support/Sources/SwiftUISupportBackport/ImageView.swift:48:42: error: 'UIImageView' is unavailable in watchOS
46 |     }
47 |
48 |     func makeUIView(context: Context) -> UIImageView {
   |                                          `- error: 'UIImageView' is unavailable in watchOS
49 |       let imageView = UIImageView()
50 |       imageView.setContentCompressionResistancePriority(.defaultLow, for: .horizontal)
/Applications/Xcode-27.0.0-Release.Candidate.app/Contents/Developer/Platforms/WatchOS.platform/Developer/SDKs/WatchOS27.0.sdk/System/Library/Frameworks/UIKit.framework/Headers/UIImageView.h:21:12: note: 'UIImageView' has been explicitly marked unavailable here
 19 |
 20 | UIKIT_EXTERN API_AVAILABLE(ios(2.0)) API_UNAVAILABLE(watchos) NS_SWIFT_UI_ACTOR
 21 | @interface UIImageView : UIView
    |            `- note: 'UIImageView' has been explicitly marked unavailable here
 22 |
 23 | - (instancetype)initWithImage:(nullable UIImage *)image;
/Users/admin/builder/spi-builder-workspace/.dependencies/checkouts/swiftui-support/Sources/SwiftUISupportBackport/ImageView.swift:56:55: error: cannot find type 'Context' in scope
54 |     }
55 |
56 |     func updateUIView(_ uiView: UIImageView, context: Context) {
   |                                                       `- error: cannot find type 'Context' in scope
57 |       uiView.contentMode = contentMode
58 |       uiView.tintColor = tintColor
/Users/admin/builder/spi-builder-workspace/.dependencies/checkouts/swiftui-support/Sources/SwiftUISupportBackport/ImageView.swift:56:33: error: 'UIImageView' is unavailable in watchOS
54 |     }
55 |
56 |     func updateUIView(_ uiView: UIImageView, context: Context) {
   |                                 `- error: 'UIImageView' is unavailable in watchOS
57 |       uiView.contentMode = contentMode
58 |       uiView.tintColor = tintColor
/Applications/Xcode-27.0.0-Release.Candidate.app/Contents/Developer/Platforms/WatchOS.platform/Developer/SDKs/WatchOS27.0.sdk/System/Library/Frameworks/UIKit.framework/Headers/UIImageView.h:21:12: note: 'UIImageView' has been explicitly marked unavailable here
 19 |
 20 | UIKIT_EXTERN API_AVAILABLE(ios(2.0)) API_UNAVAILABLE(watchos) NS_SWIFT_UI_ACTOR
 21 | @interface UIImageView : UIView
    |            `- note: 'UIImageView' has been explicitly marked unavailable here
 22 |
 23 | - (instancetype)initWithImage:(nullable UIImage *)image;
/Users/admin/builder/spi-builder-workspace/.dependencies/checkouts/swiftui-support/Sources/SwiftUISupportBackport/ImageView.swift:32:30: error: cannot find type 'UIViewRepresentable' in scope
30 |   }
31 |
32 |   private struct _ImageView: UIViewRepresentable {
   |                              `- error: cannot find type 'UIViewRepresentable' in scope
33 |
34 |     let contentMode: UIView.ContentMode
/Users/admin/builder/spi-builder-workspace/.dependencies/checkouts/swiftui-support/Sources/SwiftUISupportBackport/ImageView.swift:29:8: error: value of type 'ImageView._ImageView' has no member 'aspectRatio'
27 |   public var body: some View {
28 |     _ImageView(image: image, contentMode: contentMode, tintColor: tintColor)
29 |       .aspectRatio(image?.size ?? .zero, contentMode: .fit)
   |        `- error: value of type 'ImageView._ImageView' has no member 'aspectRatio'
30 |   }
31 |
/Users/admin/builder/spi-builder-workspace/.dependencies/checkouts/swiftui-support/Sources/SwiftUISupportBackport/ImageView.swift:49:23: error: 'UIImageView' is unavailable in watchOS
47 |
48 |     func makeUIView(context: Context) -> UIImageView {
49 |       let imageView = UIImageView()
   |                       `- error: 'UIImageView' is unavailable in watchOS
50 |       imageView.setContentCompressionResistancePriority(.defaultLow, for: .horizontal)
51 |       imageView.setContentCompressionResistancePriority(.defaultLow, for: .vertical)
/Applications/Xcode-27.0.0-Release.Candidate.app/Contents/Developer/Platforms/WatchOS.platform/Developer/SDKs/WatchOS27.0.sdk/System/Library/Frameworks/UIKit.framework/Headers/UIImageView.h:21:12: note: 'UIImageView' has been explicitly marked unavailable here
 19 |
 20 | UIKIT_EXTERN API_AVAILABLE(ios(2.0)) API_UNAVAILABLE(watchos) NS_SWIFT_UI_ACTOR
 21 | @interface UIImageView : UIView
    |            `- note: 'UIImageView' has been explicitly marked unavailable here
 22 |
 23 | - (instancetype)initWithImage:(nullable UIImage *)image;
/Users/admin/builder/spi-builder-workspace/.dependencies/checkouts/swiftui-support/Sources/SwiftUISupportBackport/ImageView.swift:49:23: error: 'init()' is unavailable in watchOS
47 |
48 |     func makeUIView(context: Context) -> UIImageView {
49 |       let imageView = UIImageView()
   |                       `- error: 'init()' is unavailable in watchOS
50 |       imageView.setContentCompressionResistancePriority(.defaultLow, for: .horizontal)
51 |       imageView.setContentCompressionResistancePriority(.defaultLow, for: .vertical)
/Applications/Xcode-27.0.0-Release.Candidate.app/Contents/Developer/Platforms/WatchOS.platform/Developer/SDKs/WatchOS27.0.sdk/System/Library/Frameworks/UIKit.framework/Headers/UIView.h:158:1: note: 'init()' has been explicitly marked unavailable here
156 | - (instancetype)initWithFrame:(CGRect)frame NS_DESIGNATED_INITIALIZER;
157 | - (nullable instancetype)initWithCoder:(NSCoder *)coder NS_DESIGNATED_INITIALIZER;
158 | - (instancetype)init API_AVAILABLE(ios(2.0), tvos(9.0), visionos(1.0)) API_UNAVAILABLE(watchos);
    | `- note: 'init()' has been explicitly marked unavailable here
159 |
160 | @property(nonatomic,getter=isUserInteractionEnabled) BOOL userInteractionEnabled;  // default is YES. if set to NO, user events (touch, keys) are ignored and removed from the event queue.
/Users/admin/builder/spi-builder-workspace/.dependencies/checkouts/swiftui-support/Sources/SwiftUISupportBackport/ImageView.swift:50:58: error: 'defaultLow' is unavailable in watchOS
48 |     func makeUIView(context: Context) -> UIImageView {
49 |       let imageView = UIImageView()
50 |       imageView.setContentCompressionResistancePriority(.defaultLow, for: .horizontal)
   |                                                          `- error: 'defaultLow' is unavailable in watchOS
51 |       imageView.setContentCompressionResistancePriority(.defaultLow, for: .vertical)
52 |       imageView.clipsToBounds = true
UIKit.UILayoutPriority.defaultLow:3:21: note: 'defaultLow' has been explicitly marked unavailable here
1 | struct UILayoutPriority {
2 | @available(watchOS, unavailable)
3 |   public static var defaultLow: UILayoutPriority { get }}
  |                     `- note: 'defaultLow' has been explicitly marked unavailable here
4 |
SwiftCompile normal arm64_32 /Users/admin/builder/spi-builder-workspace/.dependencies/checkouts/swiftui-support/Sources/SwiftUISupportBackport/ImageView.swift (in target 'SwiftUISupportBackport' from project 'SwiftUISupport')
    cd /Users/admin/builder/spi-builder-workspace/.swiftpm/xcode
    builtin-SwiftPerFileCompile ImageView.swift
SwiftCompile normal arm64_32 Compiling\ OnChangeWithPrevious.swift /Users/admin/builder/spi-builder-workspace/.dependencies/checkouts/swiftui-support/Sources/SwiftUISupportBackport/OnChangeWithPrevious.swift (in target 'SwiftUISupportBackport' from project 'SwiftUISupport')
SwiftCompile normal arm64_32 /Users/admin/builder/spi-builder-workspace/.dependencies/checkouts/swiftui-support/Sources/SwiftUISupportBackport/OnChangeWithPrevious.swift (in target 'SwiftUISupportBackport' from project 'SwiftUISupport')
    cd /Users/admin/builder/spi-builder-workspace/.swiftpm/xcode
    builtin-SwiftPerFileCompile OnChangeWithPrevious.swift
SwiftEmitModule normal arm64_32 Emitting\ module\ for\ Nuke (in target 'Nuke' from project 'Nuke')
SwiftCompile normal arm64_32 (in target 'Nuke' from project 'Nuke')
    cd /Users/admin/builder/spi-builder-workspace/.swiftpm/xcode

SwiftEmitModule normal arm64 Emitting\ module\ for\ Nuke (in target 'Nuke' from project 'Nuke')
SwiftCompile normal arm64 (in target 'Nuke' from project 'Nuke')
    cd /Users/admin/builder/spi-builder-workspace/.swiftpm/xcode

SwiftCompile normal arm64 Compiling\ ImageDecoderRegistry.swift,\ ImageDecoders+Default.swift,\ ImageDecoders+Empty.swift,\ ImageDecoding.swift,\ ImageEncoders+Default.swift,\ ImageEncoders+ImageIO.swift /Users/admin/builder/spi-builder-workspace/.dependencies/checkouts/Nuke/Sources/Nuke/Decoding/ImageDecoderRegistry.swift /Users/admin/builder/spi-builder-workspace/.dependencies/checkouts/Nuke/Sources/Nuke/Decoding/ImageDecoders+Default.swift /Users/admin/builder/spi-builder-workspace/.dependencies/checkouts/Nuke/Sources/Nuke/Decoding/ImageDecoders+Empty.swift /Users/admin/builder/spi-builder-workspace/.dependencies/checkouts/Nuke/Sources/Nuke/Decoding/ImageDecoding.swift /Users/admin/builder/spi-builder-workspace/.dependencies/checkouts/Nuke/Sources/Nuke/Encoding/ImageEncoders+Default.swift /Users/admin/builder/spi-builder-workspace/.dependencies/checkouts/Nuke/Sources/Nuke/Encoding/ImageEncoders+ImageIO.swift (in target 'Nuke' from project 'Nuke')
SwiftCompile normal arm64 /Users/admin/builder/spi-builder-workspace/.dependencies/checkouts/Nuke/Sources/Nuke/Decoding/ImageDecoderRegistry.swift (in target 'Nuke' from project 'Nuke')
    cd /Users/admin/builder/spi-builder-workspace/.swiftpm/xcode
    builtin-SwiftPerFileCompile ImageDecoderRegistry.swift
SwiftCompile normal arm64 /Users/admin/builder/spi-builder-workspace/.dependencies/checkouts/Nuke/Sources/Nuke/Decoding/ImageDecoders+Default.swift (in target 'Nuke' from project 'Nuke')
    cd /Users/admin/builder/spi-builder-workspace/.swiftpm/xcode
    builtin-SwiftPerFileCompile ImageDecoders+Default.swift
SwiftCompile normal arm64 /Users/admin/builder/spi-builder-workspace/.dependencies/checkouts/Nuke/Sources/Nuke/Decoding/ImageDecoders+Empty.swift (in target 'Nuke' from project 'Nuke')
    cd /Users/admin/builder/spi-builder-workspace/.swiftpm/xcode
    builtin-SwiftPerFileCompile ImageDecoders+Empty.swift
SwiftCompile normal arm64 /Users/admin/builder/spi-builder-workspace/.dependencies/checkouts/Nuke/Sources/Nuke/Decoding/ImageDecoding.swift (in target 'Nuke' from project 'Nuke')
    cd /Users/admin/builder/spi-builder-workspace/.swiftpm/xcode
    builtin-SwiftPerFileCompile ImageDecoding.swift
SwiftCompile normal arm64 /Users/admin/builder/spi-builder-workspace/.dependencies/checkouts/Nuke/Sources/Nuke/Encoding/ImageEncoders+Default.swift (in target 'Nuke' from project 'Nuke')
    cd /Users/admin/builder/spi-builder-workspace/.swiftpm/xcode
    builtin-SwiftPerFileCompile ImageEncoders+Default.swift
SwiftCompile normal arm64 /Users/admin/builder/spi-builder-workspace/.dependencies/checkouts/Nuke/Sources/Nuke/Encoding/ImageEncoders+ImageIO.swift (in target 'Nuke' from project 'Nuke')
    cd /Users/admin/builder/spi-builder-workspace/.swiftpm/xcode
    builtin-SwiftPerFileCompile ImageEncoders+ImageIO.swift
PruneExplicitPrecompiledModules /Users/admin/builder/spi-builder-workspace/.derivedData/Build/Intermediates.noindex/ExplicitPrecompiledModules
PruneExplicitPrecompiledModules /Users/admin/builder/spi-builder-workspace/.derivedData/Build/Intermediates.noindex/SwiftExplicitPrecompiledModules
PruneExplicitPrecompiledModules /Users/admin/builder/spi-builder-workspace/.derivedData/SDKExplicitPrecompiledModules
2026-09-28 00:16:44.107 xcodebuild[902:5355] [MT] IDERunDestination: Supported platforms for the buildables in the current scheme is empty.
** BUILD FAILED **
The following build commands failed:
	SwiftEmitModule normal arm64 Emitting\ module\ for\ SwiftUISupportBackport (in target 'SwiftUISupportBackport' from project 'SwiftUISupport')
	SwiftCompile normal arm64 (in target 'SwiftUISupportBackport' from project 'SwiftUISupport')
	Building workspace AsyncMultiplexImage with scheme AsyncMultiplexImage-Package
(3 failures)
BUILD FAILURE 6.4 watchOS