Build Information
Failed to build bzip2, reference main (0dd26f), with Swift 6.3 for watchOS using Xcode 26.4 on 25 Aug 2026 20:34:11 UTC.
Build Command
env DEVELOPER_DIR=/Applications/Xcode-26.5.0.app xcrun xcodebuild -IDEClonedSourcePackagesDirPathOverride=$PWD/.dependencies -skipMacroValidation -skipPackagePluginValidation -derivedDataPath $PWD/.derivedData build -scheme bzip2-Package -destination generic/platform=watchOSBuild Log
========================================
RunAll
========================================
Builder version: 5.0.2
Interrupt handler set up.
========================================
Checkout
========================================
Clone URL: https://github.com/bastie/bzip2.git
Reference: main
Initialized empty Git repository in /Users/admin/builder/spi-builder-workspace/.git/
From https://github.com/bastie/bzip2
* branch main -> FETCH_HEAD
* [new branch] main -> origin/main
HEAD is now at 0dd26fb use enum for single core, multi core or many core
Cloned https://github.com/bastie/bzip2.git
Revision (git rev-parse @):
0dd26fb8153bb02a62a81bf7c4bc3e0ba8d041f0
SUCCESS checkout https://github.com/bastie/bzip2.git at main
========================================
Build
========================================
Selected platform: watchOS
Swift version: 6.3
Building package at path: $PWD
https://github.com/bastie/bzip2.git
Command line invocation:
/Applications/Xcode-26.5.0.app/Contents/Developer/usr/bin/xcodebuild -IDEClonedSourcePackagesDirPathOverride=/Users/admin/builder/spi-builder-workspace/.dependencies -resolvePackageDependencies
Resolve Package Graph
Resolve Package Graph
Resolved source packages:
bzip2: /Users/admin/builder/spi-builder-workspace
resolved source packages: bzip2
2026-08-25 16:33:54.474 xcodebuild[541:3113] [MT] IDERunDestination: Supported platforms for the buildables in the current scheme is empty.
{
"dependencies" : [
],
"manifest_display_name" : "bzip2",
"name" : "bzip2",
"path" : "/Users/admin/builder/spi-builder-workspace",
"platforms" : [
{
"name" : "macos",
"version" : "14.0"
}
],
"products" : [
{
"name" : "BZip2Core",
"targets" : [
"BZip2Core"
],
"type" : {
"library" : [
"automatic"
]
}
},
{
"name" : "bzip2",
"targets" : [
"bzip2"
],
"type" : {
"executable" : null
}
}
],
"targets" : [
{
"c99name" : "bzip2Tests",
"module_type" : "SwiftTarget",
"name" : "bzip2Tests",
"path" : "Tests/bzip2Tests",
"sources" : [
"BZip2CoreAPITests.swift",
"CLIOptionsTests.swift",
"CRC32Tests.swift",
"CorpusTests.swift",
"FuzzReferenceTests.swift",
"GPUSuffixArrayTests.swift",
"MD5.swift",
"PerformancePassTests.swift",
"ReferenceComparisonTests.swift",
"RegressionTests.swift",
"RoundTripTests.swift"
],
"target_dependencies" : [
"bzip2",
"BZip2Core"
],
"type" : "test"
},
{
"c99name" : "bzip2",
"module_type" : "SwiftTarget",
"name" : "bzip2",
"path" : "Sources/bzip2",
"product_memberships" : [
"bzip2"
],
"sources" : [
"bzip2.swift"
],
"target_dependencies" : [
"BZip2Core"
],
"type" : "executable"
},
{
"c99name" : "BZip2Core",
"module_type" : "SwiftTarget",
"name" : "BZip2Core",
"path" : "Sources/BZip2Core",
"product_memberships" : [
"BZip2Core",
"bzip2"
],
"sources" : [
"BWT.swift",
"BZip2Core.swift",
"BZip2Stream.swift",
"BitIO.swift",
"BlockDecoder.swift",
"BlockEncoder.swift",
"CRC32.swift",
"Huffman.swift",
"RLE1.swift",
"RandTable.swift",
"SuffixArrayGPU.swift"
],
"type" : "library"
}
],
"tools_version" : "6.3"
}
{
"workspace" : {
"name" : "spi-builder-workspace",
"schemes" : [
"bzip2",
"bzip2-Package",
"BZip2Core"
]
}
}
2026-08-25 16:34:02.078 xcodebuild[658:3972] [MT] IDERunDestination: Supported platforms for the buildables in the current scheme is empty.
Running build ...
env DEVELOPER_DIR=/Applications/Xcode-26.5.0.app xcrun xcodebuild -IDEClonedSourcePackagesDirPathOverride=$PWD/.dependencies -skipMacroValidation -skipPackagePluginValidation -derivedDataPath $PWD/.derivedData build -scheme bzip2-Package -destination generic/platform=watchOS
Command line invocation:
/Applications/Xcode-26.5.0.app/Contents/Developer/usr/bin/xcodebuild -IDEClonedSourcePackagesDirPathOverride=/Users/admin/builder/spi-builder-workspace/.dependencies -skipMacroValidation -skipPackagePluginValidation -derivedDataPath /Users/admin/builder/spi-builder-workspace/.derivedData build -scheme bzip2-Package -destination generic/platform=watchOS
Resolve Package Graph
Resolved source packages:
bzip2: /Users/admin/builder/spi-builder-workspace
ComputePackagePrebuildTargetDependencyGraph
Prepare packages
CreateBuildRequest
SendProjectDescription
CreateBuildOperation
ComputeTargetDependencyGraph
note: Building targets in dependency order
note: Target dependency graph (3 targets)
Target 'bzip2' in project 'bzip2'
➜ Explicit dependency on target 'BZip2Core' in project 'bzip2'
Target 'BZip2Core' in project 'bzip2'
➜ Explicit dependency on target 'BZip2Core' in project 'bzip2'
Target 'BZip2Core' in project 'bzip2' (no dependencies)
GatherProvisioningInputs
CreateBuildDescription
ExecuteExternalTool /Applications/Xcode-26.5.0.app/Contents/Developer/Toolchains/XcodeDefault.xctoolchain/usr/bin/clang -v -E -dM -isysroot /Applications/Xcode-26.5.0.app/Contents/Developer/Platforms/WatchOS.platform/Developer/SDKs/WatchOS26.5.sdk -x c -c /dev/null
ExecuteExternalTool /Applications/Xcode-26.5.0.app/Contents/Developer/Toolchains/XcodeDefault.xctoolchain/usr/bin/swiftc --version
ExecuteExternalTool /Applications/Xcode-26.5.0.app/Contents/Developer/Toolchains/XcodeDefault.xctoolchain/usr/bin/ld -version_details
ReadFileContents /Applications/Xcode-26.5.0.app/Contents/Developer/Toolchains/XcodeDefault.xctoolchain/usr/share/docc/features.json
Build description signature: bd7784489a3c9bf81f8a1e3aa7b51add
Build description path: /Users/admin/builder/spi-builder-workspace/.derivedData/Build/Intermediates.noindex/XCBuildData/bd7784489a3c9bf81f8a1e3aa7b51add.xcbuilddata
CreateBuildDirectory /Users/admin/builder/spi-builder-workspace/.derivedData/Build/Products
cd /Users/admin/builder/spi-builder-workspace/.swiftpm/xcode
builtin-create-build-directory /Users/admin/builder/spi-builder-workspace/.derivedData/Build/Products
CreateBuildDirectory /Users/admin/builder/spi-builder-workspace/.derivedData/Build/Intermediates.noindex
cd /Users/admin/builder/spi-builder-workspace/.swiftpm/xcode
builtin-create-build-directory /Users/admin/builder/spi-builder-workspace/.derivedData/Build/Intermediates.noindex
ClangStatCache /Applications/Xcode-26.5.0.app/Contents/Developer/Toolchains/XcodeDefault.xctoolchain/usr/bin/clang-stat-cache /Applications/Xcode-26.5.0.app/Contents/Developer/Platforms/WatchOS.platform/Developer/SDKs/WatchOS26.5.sdk /Users/admin/builder/spi-builder-workspace/.derivedData/SDKStatCaches.noindex/watchos26.5-23T570-688ef53f1462e2c8f657fdc38a81448f7931b973dfc65d9472806dbbc3af9379.sdkstatcache
cd /Users/admin/builder/spi-builder-workspace/.swiftpm/xcode
/Applications/Xcode-26.5.0.app/Contents/Developer/Toolchains/XcodeDefault.xctoolchain/usr/bin/clang-stat-cache /Applications/Xcode-26.5.0.app/Contents/Developer/Platforms/WatchOS.platform/Developer/SDKs/WatchOS26.5.sdk -o /Users/admin/builder/spi-builder-workspace/.derivedData/SDKStatCaches.noindex/watchos26.5-23T570-688ef53f1462e2c8f657fdc38a81448f7931b973dfc65d9472806dbbc3af9379.sdkstatcache
CreateBuildDirectory /Users/admin/builder/spi-builder-workspace/.derivedData/Build/Intermediates.noindex/SwiftExplicitPrecompiledModules
cd /Users/admin/builder/spi-builder-workspace/.swiftpm/xcode
builtin-create-build-directory /Users/admin/builder/spi-builder-workspace/.derivedData/Build/Intermediates.noindex/SwiftExplicitPrecompiledModules
CreateBuildDirectory /Users/admin/builder/spi-builder-workspace/.derivedData/Build/Intermediates.noindex/ExplicitPrecompiledModules
cd /Users/admin/builder/spi-builder-workspace/.swiftpm/xcode
builtin-create-build-directory /Users/admin/builder/spi-builder-workspace/.derivedData/Build/Intermediates.noindex/ExplicitPrecompiledModules
CreateBuildDirectory /Users/admin/builder/spi-builder-workspace/.derivedData/Build/Intermediates.noindex/EagerLinkingTBDs/Debug-watchos
cd /Users/admin/builder/spi-builder-workspace/.swiftpm/xcode
builtin-create-build-directory /Users/admin/builder/spi-builder-workspace/.derivedData/Build/Intermediates.noindex/EagerLinkingTBDs/Debug-watchos
CreateBuildDirectory /Users/admin/builder/spi-builder-workspace/.derivedData/Build/Products/Debug-watchos
cd /Users/admin/builder/spi-builder-workspace/.swiftpm/xcode
builtin-create-build-directory /Users/admin/builder/spi-builder-workspace/.derivedData/Build/Products/Debug-watchos
CreateBuildDirectory /Users/admin/builder/spi-builder-workspace/.derivedData/Build/Products/Debug-watchos/PackageFrameworks
cd /Users/admin/builder/spi-builder-workspace/.swiftpm/xcode
builtin-create-build-directory /Users/admin/builder/spi-builder-workspace/.derivedData/Build/Products/Debug-watchos/PackageFrameworks
WriteAuxiliaryFile /Users/admin/builder/spi-builder-workspace/.derivedData/Build/Intermediates.noindex/bzip2.build/Debug-watchos/bzip2.build/bzip2.DependencyStaticMetadataFileList (in target 'bzip2' from project 'bzip2')
cd /Users/admin/builder/spi-builder-workspace
write-file /Users/admin/builder/spi-builder-workspace/.derivedData/Build/Intermediates.noindex/bzip2.build/Debug-watchos/bzip2.build/bzip2.DependencyStaticMetadataFileList
WriteAuxiliaryFile /Users/admin/builder/spi-builder-workspace/.derivedData/Build/Intermediates.noindex/bzip2.build/Debug-watchos/bzip2.build/bzip2.DependencyMetadataFileList (in target 'bzip2' from project 'bzip2')
cd /Users/admin/builder/spi-builder-workspace
write-file /Users/admin/builder/spi-builder-workspace/.derivedData/Build/Intermediates.noindex/bzip2.build/Debug-watchos/bzip2.build/bzip2.DependencyMetadataFileList
WriteAuxiliaryFile /Users/admin/builder/spi-builder-workspace/.derivedData/Build/Intermediates.noindex/bzip2.build/Debug-watchos/BZip2Core.build/Objects-normal/armv7k/BZip2Core-OutputFileMap.json (in target 'BZip2Core' from project 'bzip2')
cd /Users/admin/builder/spi-builder-workspace
write-file /Users/admin/builder/spi-builder-workspace/.derivedData/Build/Intermediates.noindex/bzip2.build/Debug-watchos/BZip2Core.build/Objects-normal/armv7k/BZip2Core-OutputFileMap.json
WriteAuxiliaryFile /Users/admin/builder/spi-builder-workspace/.derivedData/Build/Intermediates.noindex/bzip2.build/Debug-watchos/bzip2.build/Objects-normal/armv7k/bzip2-OutputFileMap.json (in target 'bzip2' from project 'bzip2')
cd /Users/admin/builder/spi-builder-workspace
write-file /Users/admin/builder/spi-builder-workspace/.derivedData/Build/Intermediates.noindex/bzip2.build/Debug-watchos/bzip2.build/Objects-normal/armv7k/bzip2-OutputFileMap.json
WriteAuxiliaryFile /Users/admin/builder/spi-builder-workspace/.derivedData/Build/Intermediates.noindex/bzip2.build/Debug-watchos/bzip2.build/Objects-normal/armv7k/bzip2.LinkFileList (in target 'bzip2' from project 'bzip2')
cd /Users/admin/builder/spi-builder-workspace
write-file /Users/admin/builder/spi-builder-workspace/.derivedData/Build/Intermediates.noindex/bzip2.build/Debug-watchos/bzip2.build/Objects-normal/armv7k/bzip2.LinkFileList
WriteAuxiliaryFile /Users/admin/builder/spi-builder-workspace/.derivedData/Build/Intermediates.noindex/bzip2.build/Debug-watchos/bzip2.build/Objects-normal/armv7k/bzip2_const_extract_protocols.json (in target 'bzip2' from project 'bzip2')
cd /Users/admin/builder/spi-builder-workspace
write-file /Users/admin/builder/spi-builder-workspace/.derivedData/Build/Intermediates.noindex/bzip2.build/Debug-watchos/bzip2.build/Objects-normal/armv7k/bzip2_const_extract_protocols.json
WriteAuxiliaryFile /Users/admin/builder/spi-builder-workspace/.derivedData/Build/Intermediates.noindex/bzip2.build/Debug-watchos/BZip2Core.build/Objects-normal/armv7k/BZip2Core.LinkFileList (in target 'BZip2Core' from project 'bzip2')
cd /Users/admin/builder/spi-builder-workspace
write-file /Users/admin/builder/spi-builder-workspace/.derivedData/Build/Intermediates.noindex/bzip2.build/Debug-watchos/BZip2Core.build/Objects-normal/armv7k/BZip2Core.LinkFileList
WriteAuxiliaryFile /Users/admin/builder/spi-builder-workspace/.derivedData/Build/Intermediates.noindex/bzip2.build/Debug-watchos/BZip2Core.build/Objects-normal/armv7k/BZip2Core_const_extract_protocols.json (in target 'BZip2Core' from project 'bzip2')
cd /Users/admin/builder/spi-builder-workspace
write-file /Users/admin/builder/spi-builder-workspace/.derivedData/Build/Intermediates.noindex/bzip2.build/Debug-watchos/BZip2Core.build/Objects-normal/armv7k/BZip2Core_const_extract_protocols.json
WriteAuxiliaryFile /Users/admin/builder/spi-builder-workspace/.derivedData/Build/Intermediates.noindex/bzip2.build/Debug-watchos/bzip2.build/Objects-normal/armv7k/bzip2.SwiftFileList (in target 'bzip2' from project 'bzip2')
cd /Users/admin/builder/spi-builder-workspace
write-file /Users/admin/builder/spi-builder-workspace/.derivedData/Build/Intermediates.noindex/bzip2.build/Debug-watchos/bzip2.build/Objects-normal/armv7k/bzip2.SwiftFileList
WriteAuxiliaryFile /Users/admin/builder/spi-builder-workspace/.derivedData/Build/Intermediates.noindex/bzip2.build/Debug-watchos/bzip2.build/Objects-normal/arm64_32/bzip2.SwiftFileList (in target 'bzip2' from project 'bzip2')
cd /Users/admin/builder/spi-builder-workspace
write-file /Users/admin/builder/spi-builder-workspace/.derivedData/Build/Intermediates.noindex/bzip2.build/Debug-watchos/bzip2.build/Objects-normal/arm64_32/bzip2.SwiftFileList
WriteAuxiliaryFile /Users/admin/builder/spi-builder-workspace/.derivedData/Build/Intermediates.noindex/bzip2.build/Debug-watchos/bzip2.build/Objects-normal/arm64_32/bzip2.LinkFileList (in target 'bzip2' from project 'bzip2')
cd /Users/admin/builder/spi-builder-workspace
write-file /Users/admin/builder/spi-builder-workspace/.derivedData/Build/Intermediates.noindex/bzip2.build/Debug-watchos/bzip2.build/Objects-normal/arm64_32/bzip2.LinkFileList
WriteAuxiliaryFile /Users/admin/builder/spi-builder-workspace/.derivedData/Build/Intermediates.noindex/bzip2.build/Debug-watchos/bzip2.build/Objects-normal/arm64_32/bzip2_const_extract_protocols.json (in target 'bzip2' from project 'bzip2')
cd /Users/admin/builder/spi-builder-workspace
write-file /Users/admin/builder/spi-builder-workspace/.derivedData/Build/Intermediates.noindex/bzip2.build/Debug-watchos/bzip2.build/Objects-normal/arm64_32/bzip2_const_extract_protocols.json
WriteAuxiliaryFile /Users/admin/builder/spi-builder-workspace/.derivedData/Build/Intermediates.noindex/bzip2.build/Debug-watchos/bzip2.build/Objects-normal/arm64_32/bzip2-OutputFileMap.json (in target 'bzip2' from project 'bzip2')
cd /Users/admin/builder/spi-builder-workspace
write-file /Users/admin/builder/spi-builder-workspace/.derivedData/Build/Intermediates.noindex/bzip2.build/Debug-watchos/bzip2.build/Objects-normal/arm64_32/bzip2-OutputFileMap.json
WriteAuxiliaryFile /Users/admin/builder/spi-builder-workspace/.derivedData/Build/Intermediates.noindex/bzip2.build/Debug-watchos/bzip2.build/Objects-normal/arm64/bzip2.LinkFileList (in target 'bzip2' from project 'bzip2')
cd /Users/admin/builder/spi-builder-workspace
write-file /Users/admin/builder/spi-builder-workspace/.derivedData/Build/Intermediates.noindex/bzip2.build/Debug-watchos/bzip2.build/Objects-normal/arm64/bzip2.LinkFileList
WriteAuxiliaryFile /Users/admin/builder/spi-builder-workspace/.derivedData/Build/Intermediates.noindex/bzip2.build/Debug-watchos/bzip2.build/Objects-normal/arm64/bzip2.SwiftFileList (in target 'bzip2' from project 'bzip2')
cd /Users/admin/builder/spi-builder-workspace
write-file /Users/admin/builder/spi-builder-workspace/.derivedData/Build/Intermediates.noindex/bzip2.build/Debug-watchos/bzip2.build/Objects-normal/arm64/bzip2.SwiftFileList
WriteAuxiliaryFile /Users/admin/builder/spi-builder-workspace/.derivedData/Build/Intermediates.noindex/bzip2.build/Debug-watchos/bzip2.build/Objects-normal/arm64/bzip2_const_extract_protocols.json (in target 'bzip2' from project 'bzip2')
cd /Users/admin/builder/spi-builder-workspace
write-file /Users/admin/builder/spi-builder-workspace/.derivedData/Build/Intermediates.noindex/bzip2.build/Debug-watchos/bzip2.build/Objects-normal/arm64/bzip2_const_extract_protocols.json
WriteAuxiliaryFile /Users/admin/builder/spi-builder-workspace/.derivedData/Build/Intermediates.noindex/bzip2.build/Debug-watchos/bzip2.build/Objects-normal/arm64/bzip2-OutputFileMap.json (in target 'bzip2' from project 'bzip2')
cd /Users/admin/builder/spi-builder-workspace
write-file /Users/admin/builder/spi-builder-workspace/.derivedData/Build/Intermediates.noindex/bzip2.build/Debug-watchos/bzip2.build/Objects-normal/arm64/bzip2-OutputFileMap.json
WriteAuxiliaryFile /Users/admin/builder/spi-builder-workspace/.derivedData/Build/Intermediates.noindex/bzip2.build/Debug-watchos/BZip2Core.build/Objects-normal/armv7k/BZip2Core.SwiftFileList (in target 'BZip2Core' from project 'bzip2')
cd /Users/admin/builder/spi-builder-workspace
write-file /Users/admin/builder/spi-builder-workspace/.derivedData/Build/Intermediates.noindex/bzip2.build/Debug-watchos/BZip2Core.build/Objects-normal/armv7k/BZip2Core.SwiftFileList
WriteAuxiliaryFile /Users/admin/builder/spi-builder-workspace/.derivedData/Build/Intermediates.noindex/bzip2.build/Debug-watchos/BZip2Core.build/Objects-normal/armv7k/BZip2Core.SwiftConstValuesFileList (in target 'BZip2Core' from project 'bzip2')
cd /Users/admin/builder/spi-builder-workspace
write-file /Users/admin/builder/spi-builder-workspace/.derivedData/Build/Intermediates.noindex/bzip2.build/Debug-watchos/BZip2Core.build/Objects-normal/armv7k/BZip2Core.SwiftConstValuesFileList
WriteAuxiliaryFile /Users/admin/builder/spi-builder-workspace/.derivedData/Build/Intermediates.noindex/bzip2.build/Debug-watchos/BZip2Core.build/Objects-normal/arm64_32/BZip2Core.SwiftConstValuesFileList (in target 'BZip2Core' from project 'bzip2')
cd /Users/admin/builder/spi-builder-workspace
write-file /Users/admin/builder/spi-builder-workspace/.derivedData/Build/Intermediates.noindex/bzip2.build/Debug-watchos/BZip2Core.build/Objects-normal/arm64_32/BZip2Core.SwiftConstValuesFileList
WriteAuxiliaryFile /Users/admin/builder/spi-builder-workspace/.derivedData/Build/Intermediates.noindex/bzip2.build/Debug-watchos/BZip2Core.build/Objects-normal/arm64_32/BZip2Core_const_extract_protocols.json (in target 'BZip2Core' from project 'bzip2')
cd /Users/admin/builder/spi-builder-workspace
write-file /Users/admin/builder/spi-builder-workspace/.derivedData/Build/Intermediates.noindex/bzip2.build/Debug-watchos/BZip2Core.build/Objects-normal/arm64_32/BZip2Core_const_extract_protocols.json
WriteAuxiliaryFile /Users/admin/builder/spi-builder-workspace/.derivedData/Build/Intermediates.noindex/bzip2.build/Debug-watchos/BZip2Core.build/Objects-normal/arm64_32/BZip2Core.SwiftFileList (in target 'BZip2Core' from project 'bzip2')
cd /Users/admin/builder/spi-builder-workspace
write-file /Users/admin/builder/spi-builder-workspace/.derivedData/Build/Intermediates.noindex/bzip2.build/Debug-watchos/BZip2Core.build/Objects-normal/arm64_32/BZip2Core.SwiftFileList
WriteAuxiliaryFile /Users/admin/builder/spi-builder-workspace/.derivedData/Build/Intermediates.noindex/bzip2.build/Debug-watchos/BZip2Core.build/Objects-normal/arm64_32/BZip2Core.LinkFileList (in target 'BZip2Core' from project 'bzip2')
cd /Users/admin/builder/spi-builder-workspace
write-file /Users/admin/builder/spi-builder-workspace/.derivedData/Build/Intermediates.noindex/bzip2.build/Debug-watchos/BZip2Core.build/Objects-normal/arm64_32/BZip2Core.LinkFileList
WriteAuxiliaryFile /Users/admin/builder/spi-builder-workspace/.derivedData/Build/Intermediates.noindex/bzip2.build/Debug-watchos/BZip2Core.build/Objects-normal/arm64_32/BZip2Core-OutputFileMap.json (in target 'BZip2Core' from project 'bzip2')
cd /Users/admin/builder/spi-builder-workspace
write-file /Users/admin/builder/spi-builder-workspace/.derivedData/Build/Intermediates.noindex/bzip2.build/Debug-watchos/BZip2Core.build/Objects-normal/arm64_32/BZip2Core-OutputFileMap.json
WriteAuxiliaryFile /Users/admin/builder/spi-builder-workspace/.derivedData/Build/Intermediates.noindex/bzip2.build/Debug-watchos/BZip2Core.build/Objects-normal/arm64/BZip2Core.SwiftConstValuesFileList (in target 'BZip2Core' from project 'bzip2')
cd /Users/admin/builder/spi-builder-workspace
write-file /Users/admin/builder/spi-builder-workspace/.derivedData/Build/Intermediates.noindex/bzip2.build/Debug-watchos/BZip2Core.build/Objects-normal/arm64/BZip2Core.SwiftConstValuesFileList
WriteAuxiliaryFile /Users/admin/builder/spi-builder-workspace/.derivedData/Build/Intermediates.noindex/bzip2.build/Debug-watchos/BZip2Core.build/Objects-normal/arm64/BZip2Core_const_extract_protocols.json (in target 'BZip2Core' from project 'bzip2')
cd /Users/admin/builder/spi-builder-workspace
write-file /Users/admin/builder/spi-builder-workspace/.derivedData/Build/Intermediates.noindex/bzip2.build/Debug-watchos/BZip2Core.build/Objects-normal/arm64/BZip2Core_const_extract_protocols.json
WriteAuxiliaryFile /Users/admin/builder/spi-builder-workspace/.derivedData/Build/Intermediates.noindex/bzip2.build/Debug-watchos/BZip2Core.build/Objects-normal/arm64/BZip2Core.LinkFileList (in target 'BZip2Core' from project 'bzip2')
cd /Users/admin/builder/spi-builder-workspace
write-file /Users/admin/builder/spi-builder-workspace/.derivedData/Build/Intermediates.noindex/bzip2.build/Debug-watchos/BZip2Core.build/Objects-normal/arm64/BZip2Core.LinkFileList
WriteAuxiliaryFile /Users/admin/builder/spi-builder-workspace/.derivedData/Build/Intermediates.noindex/bzip2.build/Debug-watchos/BZip2Core.build/Objects-normal/arm64/BZip2Core-OutputFileMap.json (in target 'BZip2Core' from project 'bzip2')
cd /Users/admin/builder/spi-builder-workspace
write-file /Users/admin/builder/spi-builder-workspace/.derivedData/Build/Intermediates.noindex/bzip2.build/Debug-watchos/BZip2Core.build/Objects-normal/arm64/BZip2Core-OutputFileMap.json
WriteAuxiliaryFile /Users/admin/builder/spi-builder-workspace/.derivedData/Build/Intermediates.noindex/bzip2.build/Debug-watchos/BZip2Core.build/Objects-normal/arm64/BZip2Core.SwiftFileList (in target 'BZip2Core' from project 'bzip2')
cd /Users/admin/builder/spi-builder-workspace
write-file /Users/admin/builder/spi-builder-workspace/.derivedData/Build/Intermediates.noindex/bzip2.build/Debug-watchos/BZip2Core.build/Objects-normal/arm64/BZip2Core.SwiftFileList
WriteAuxiliaryFile /Users/admin/builder/spi-builder-workspace/.derivedData/Build/Intermediates.noindex/bzip2.build/Debug-watchos/BZip2Core.build/BZip2Core.modulemap (in target 'BZip2Core' from project 'bzip2')
cd /Users/admin/builder/spi-builder-workspace
write-file /Users/admin/builder/spi-builder-workspace/.derivedData/Build/Intermediates.noindex/bzip2.build/Debug-watchos/BZip2Core.build/BZip2Core.modulemap
WriteAuxiliaryFile /Users/admin/builder/spi-builder-workspace/.derivedData/Build/Intermediates.noindex/bzip2.build/Debug-watchos/BZip2Core.build/BZip2Core.DependencyStaticMetadataFileList (in target 'BZip2Core' from project 'bzip2')
cd /Users/admin/builder/spi-builder-workspace
write-file /Users/admin/builder/spi-builder-workspace/.derivedData/Build/Intermediates.noindex/bzip2.build/Debug-watchos/BZip2Core.build/BZip2Core.DependencyStaticMetadataFileList
WriteAuxiliaryFile /Users/admin/builder/spi-builder-workspace/.derivedData/Build/Intermediates.noindex/bzip2.build/Debug-watchos/BZip2Core.build/BZip2Core.DependencyMetadataFileList (in target 'BZip2Core' from project 'bzip2')
cd /Users/admin/builder/spi-builder-workspace
write-file /Users/admin/builder/spi-builder-workspace/.derivedData/Build/Intermediates.noindex/bzip2.build/Debug-watchos/BZip2Core.build/BZip2Core.DependencyMetadataFileList
Copy /Users/admin/builder/spi-builder-workspace/.derivedData/Build/Intermediates.noindex/GeneratedModuleMaps-watchos/BZip2Core.modulemap /Users/admin/builder/spi-builder-workspace/.derivedData/Build/Intermediates.noindex/bzip2.build/Debug-watchos/BZip2Core.build/BZip2Core.modulemap (in target 'BZip2Core' from project 'bzip2')
cd /Users/admin/builder/spi-builder-workspace
builtin-copy -exclude .DS_Store -exclude CVS -exclude .svn -exclude .git -exclude .hg -resolve-src-symlinks /Users/admin/builder/spi-builder-workspace/.derivedData/Build/Intermediates.noindex/bzip2.build/Debug-watchos/BZip2Core.build/BZip2Core.modulemap /Users/admin/builder/spi-builder-workspace/.derivedData/Build/Intermediates.noindex/GeneratedModuleMaps-watchos
SwiftDriver BZip2Core normal arm64_32 com.apple.xcode.tools.swift.compiler (in target 'BZip2Core' from project 'bzip2')
cd /Users/admin/builder/spi-builder-workspace/.swiftpm/xcode
builtin-SwiftDriver -- /Applications/Xcode-26.5.0.app/Contents/Developer/Toolchains/XcodeDefault.xctoolchain/usr/bin/swiftc -module-name BZip2Core -Onone @/Users/admin/builder/spi-builder-workspace/.derivedData/Build/Intermediates.noindex/bzip2.build/Debug-watchos/BZip2Core.build/Objects-normal/arm64_32/BZip2Core.SwiftFileList -DSWIFT_PACKAGE -DDEBUG -DSWIFT_MODULE_RESOURCE_BUNDLE_UNAVAILABLE -DXcode -plugin-path /Applications/Xcode-26.5.0.app/Contents/Developer/Toolchains/XcodeDefault.xctoolchain/usr/lib/swift/host/plugins/testing -enable-experimental-feature DebugDescriptionMacro -sdk /Applications/Xcode-26.5.0.app/Contents/Developer/Platforms/WatchOS.platform/Developer/SDKs/WatchOS26.5.sdk -target arm64_32-apple-watchos5.0 -g -module-cache-path /Users/admin/builder/spi-builder-workspace/.derivedData/ModuleCache.noindex -Xfrontend -serialize-debugging-options -profile-coverage-mapping -profile-generate -enable-testing -index-store-path /Users/admin/builder/spi-builder-workspace/.derivedData/Index.noindex/DataStore -Xcc -D_LIBCPP_HARDENING_MODE\=_LIBCPP_HARDENING_MODE_DEBUG -swift-version 6 -I /Users/admin/builder/spi-builder-workspace/.derivedData/Build/Products/Debug-watchos -Isystem /Applications/Xcode-26.5.0.app/Contents/Developer/Platforms/WatchOS.platform/Developer/usr/lib -F /Users/admin/builder/spi-builder-workspace/.derivedData/Build/Products/Debug-watchos -F /Applications/Xcode-26.5.0.app/Contents/Developer/Platforms/WatchOS.platform/Developer/Library/Frameworks -F /Applications/Xcode-26.5.0.app/Contents/Developer/Platforms/WatchOS.platform/Developer/SDKs/WatchOS26.5.sdk/Developer/Library/Frameworks -c -j10 -enable-batch-mode -incremental -Xcc -ivfsstatcache -Xcc /Users/admin/builder/spi-builder-workspace/.derivedData/SDKStatCaches.noindex/watchos26.5-23T570-688ef53f1462e2c8f657fdc38a81448f7931b973dfc65d9472806dbbc3af9379.sdkstatcache -output-file-map /Users/admin/builder/spi-builder-workspace/.derivedData/Build/Intermediates.noindex/bzip2.build/Debug-watchos/BZip2Core.build/Objects-normal/arm64_32/BZip2Core-OutputFileMap.json -use-frontend-parseable-output -save-temps -no-color-diagnostics -explicit-module-build -module-cache-path /Users/admin/builder/spi-builder-workspace/.derivedData/Build/Intermediates.noindex/SwiftExplicitPrecompiledModules -clang-scanner-module-cache-path /Users/admin/builder/spi-builder-workspace/.derivedData/ModuleCache.noindex -sdk-module-cache-path /Users/admin/builder/spi-builder-workspace/.derivedData/ModuleCache.noindex -serialize-diagnostics -emit-dependencies -emit-module -emit-module-path /Users/admin/builder/spi-builder-workspace/.derivedData/Build/Intermediates.noindex/bzip2.build/Debug-watchos/BZip2Core.build/Objects-normal/arm64_32/BZip2Core.swiftmodule -validate-clang-modules-once -clang-build-session-file /Users/admin/builder/spi-builder-workspace/.derivedData/ModuleCache.noindex/Session.modulevalidation -package-name spi_builder_workspace -Xcc -I/Users/admin/builder/spi-builder-workspace/.derivedData/Build/Intermediates.noindex/bzip2.build/Debug-watchos/BZip2Core.build/swift-overrides.hmap -emit-const-values -Xfrontend -const-gather-protocols-file -Xfrontend /Users/admin/builder/spi-builder-workspace/.derivedData/Build/Intermediates.noindex/bzip2.build/Debug-watchos/BZip2Core.build/Objects-normal/arm64_32/BZip2Core_const_extract_protocols.json -Xcc -I/Users/admin/builder/spi-builder-workspace/.derivedData/Build/Products/Debug-watchos/include -Xcc -I/Users/admin/builder/spi-builder-workspace/.derivedData/Build/Intermediates.noindex/bzip2.build/Debug-watchos/BZip2Core.build/DerivedSources-normal/arm64_32 -Xcc -I/Users/admin/builder/spi-builder-workspace/.derivedData/Build/Intermediates.noindex/bzip2.build/Debug-watchos/BZip2Core.build/DerivedSources/arm64_32 -Xcc -I/Users/admin/builder/spi-builder-workspace/.derivedData/Build/Intermediates.noindex/bzip2.build/Debug-watchos/BZip2Core.build/DerivedSources -Xcc -DSWIFT_PACKAGE -Xcc -DDEBUG\=1 -emit-objc-header -emit-objc-header-path /Users/admin/builder/spi-builder-workspace/.derivedData/Build/Intermediates.noindex/bzip2.build/Debug-watchos/BZip2Core.build/Objects-normal/arm64_32/BZip2Core-Swift.h -working-directory /Users/admin/builder/spi-builder-workspace/.swiftpm/xcode -experimental-emit-module-separately -disable-cmo
SwiftDriver BZip2Core normal arm64 com.apple.xcode.tools.swift.compiler (in target 'BZip2Core' from project 'bzip2')
cd /Users/admin/builder/spi-builder-workspace/.swiftpm/xcode
builtin-SwiftDriver -- /Applications/Xcode-26.5.0.app/Contents/Developer/Toolchains/XcodeDefault.xctoolchain/usr/bin/swiftc -module-name BZip2Core -Onone @/Users/admin/builder/spi-builder-workspace/.derivedData/Build/Intermediates.noindex/bzip2.build/Debug-watchos/BZip2Core.build/Objects-normal/arm64/BZip2Core.SwiftFileList -DSWIFT_PACKAGE -DDEBUG -DSWIFT_MODULE_RESOURCE_BUNDLE_UNAVAILABLE -DXcode -plugin-path /Applications/Xcode-26.5.0.app/Contents/Developer/Toolchains/XcodeDefault.xctoolchain/usr/lib/swift/host/plugins/testing -enable-experimental-feature DebugDescriptionMacro -sdk /Applications/Xcode-26.5.0.app/Contents/Developer/Platforms/WatchOS.platform/Developer/SDKs/WatchOS26.5.sdk -target arm64-apple-watchos5.0 -g -module-cache-path /Users/admin/builder/spi-builder-workspace/.derivedData/ModuleCache.noindex -Xfrontend -serialize-debugging-options -profile-coverage-mapping -profile-generate -enable-testing -index-store-path /Users/admin/builder/spi-builder-workspace/.derivedData/Index.noindex/DataStore -Xcc -D_LIBCPP_HARDENING_MODE\=_LIBCPP_HARDENING_MODE_DEBUG -swift-version 6 -I /Users/admin/builder/spi-builder-workspace/.derivedData/Build/Products/Debug-watchos -Isystem /Applications/Xcode-26.5.0.app/Contents/Developer/Platforms/WatchOS.platform/Developer/usr/lib -F /Users/admin/builder/spi-builder-workspace/.derivedData/Build/Products/Debug-watchos -F /Applications/Xcode-26.5.0.app/Contents/Developer/Platforms/WatchOS.platform/Developer/Library/Frameworks -F /Applications/Xcode-26.5.0.app/Contents/Developer/Platforms/WatchOS.platform/Developer/SDKs/WatchOS26.5.sdk/Developer/Library/Frameworks -c -j10 -enable-batch-mode -incremental -Xcc -ivfsstatcache -Xcc /Users/admin/builder/spi-builder-workspace/.derivedData/SDKStatCaches.noindex/watchos26.5-23T570-688ef53f1462e2c8f657fdc38a81448f7931b973dfc65d9472806dbbc3af9379.sdkstatcache -output-file-map /Users/admin/builder/spi-builder-workspace/.derivedData/Build/Intermediates.noindex/bzip2.build/Debug-watchos/BZip2Core.build/Objects-normal/arm64/BZip2Core-OutputFileMap.json -use-frontend-parseable-output -save-temps -no-color-diagnostics -explicit-module-build -module-cache-path /Users/admin/builder/spi-builder-workspace/.derivedData/Build/Intermediates.noindex/SwiftExplicitPrecompiledModules -clang-scanner-module-cache-path /Users/admin/builder/spi-builder-workspace/.derivedData/ModuleCache.noindex -sdk-module-cache-path /Users/admin/builder/spi-builder-workspace/.derivedData/ModuleCache.noindex -serialize-diagnostics -emit-dependencies -emit-module -emit-module-path /Users/admin/builder/spi-builder-workspace/.derivedData/Build/Intermediates.noindex/bzip2.build/Debug-watchos/BZip2Core.build/Objects-normal/arm64/BZip2Core.swiftmodule -validate-clang-modules-once -clang-build-session-file /Users/admin/builder/spi-builder-workspace/.derivedData/ModuleCache.noindex/Session.modulevalidation -package-name spi_builder_workspace -Xcc -I/Users/admin/builder/spi-builder-workspace/.derivedData/Build/Intermediates.noindex/bzip2.build/Debug-watchos/BZip2Core.build/swift-overrides.hmap -emit-const-values -Xfrontend -const-gather-protocols-file -Xfrontend /Users/admin/builder/spi-builder-workspace/.derivedData/Build/Intermediates.noindex/bzip2.build/Debug-watchos/BZip2Core.build/Objects-normal/arm64/BZip2Core_const_extract_protocols.json -Xcc -I/Users/admin/builder/spi-builder-workspace/.derivedData/Build/Products/Debug-watchos/include -Xcc -I/Users/admin/builder/spi-builder-workspace/.derivedData/Build/Intermediates.noindex/bzip2.build/Debug-watchos/BZip2Core.build/DerivedSources-normal/arm64 -Xcc -I/Users/admin/builder/spi-builder-workspace/.derivedData/Build/Intermediates.noindex/bzip2.build/Debug-watchos/BZip2Core.build/DerivedSources/arm64 -Xcc -I/Users/admin/builder/spi-builder-workspace/.derivedData/Build/Intermediates.noindex/bzip2.build/Debug-watchos/BZip2Core.build/DerivedSources -Xcc -DSWIFT_PACKAGE -Xcc -DDEBUG\=1 -emit-objc-header -emit-objc-header-path /Users/admin/builder/spi-builder-workspace/.derivedData/Build/Intermediates.noindex/bzip2.build/Debug-watchos/BZip2Core.build/Objects-normal/arm64/BZip2Core-Swift.h -working-directory /Users/admin/builder/spi-builder-workspace/.swiftpm/xcode -experimental-emit-module-separately -disable-cmo
SwiftDriver BZip2Core normal armv7k com.apple.xcode.tools.swift.compiler (in target 'BZip2Core' from project 'bzip2')
cd /Users/admin/builder/spi-builder-workspace/.swiftpm/xcode
builtin-SwiftDriver -- /Applications/Xcode-26.5.0.app/Contents/Developer/Toolchains/XcodeDefault.xctoolchain/usr/bin/swiftc -module-name BZip2Core -Onone @/Users/admin/builder/spi-builder-workspace/.derivedData/Build/Intermediates.noindex/bzip2.build/Debug-watchos/BZip2Core.build/Objects-normal/armv7k/BZip2Core.SwiftFileList -DSWIFT_PACKAGE -DDEBUG -DSWIFT_MODULE_RESOURCE_BUNDLE_UNAVAILABLE -DXcode -plugin-path /Applications/Xcode-26.5.0.app/Contents/Developer/Toolchains/XcodeDefault.xctoolchain/usr/lib/swift/host/plugins/testing -enable-experimental-feature DebugDescriptionMacro -sdk /Applications/Xcode-26.5.0.app/Contents/Developer/Platforms/WatchOS.platform/Developer/SDKs/WatchOS26.5.sdk -target armv7k-apple-watchos5.0 -g -module-cache-path /Users/admin/builder/spi-builder-workspace/.derivedData/ModuleCache.noindex -Xfrontend -serialize-debugging-options -profile-coverage-mapping -profile-generate -enable-testing -index-store-path /Users/admin/builder/spi-builder-workspace/.derivedData/Index.noindex/DataStore -Xcc -D_LIBCPP_HARDENING_MODE\=_LIBCPP_HARDENING_MODE_DEBUG -swift-version 6 -I /Users/admin/builder/spi-builder-workspace/.derivedData/Build/Products/Debug-watchos -Isystem /Applications/Xcode-26.5.0.app/Contents/Developer/Platforms/WatchOS.platform/Developer/usr/lib -F /Users/admin/builder/spi-builder-workspace/.derivedData/Build/Products/Debug-watchos -F /Applications/Xcode-26.5.0.app/Contents/Developer/Platforms/WatchOS.platform/Developer/Library/Frameworks -F /Applications/Xcode-26.5.0.app/Contents/Developer/Platforms/WatchOS.platform/Developer/SDKs/WatchOS26.5.sdk/Developer/Library/Frameworks -c -j10 -enable-batch-mode -incremental -Xcc -ivfsstatcache -Xcc /Users/admin/builder/spi-builder-workspace/.derivedData/SDKStatCaches.noindex/watchos26.5-23T570-688ef53f1462e2c8f657fdc38a81448f7931b973dfc65d9472806dbbc3af9379.sdkstatcache -output-file-map /Users/admin/builder/spi-builder-workspace/.derivedData/Build/Intermediates.noindex/bzip2.build/Debug-watchos/BZip2Core.build/Objects-normal/armv7k/BZip2Core-OutputFileMap.json -use-frontend-parseable-output -save-temps -no-color-diagnostics -explicit-module-build -module-cache-path /Users/admin/builder/spi-builder-workspace/.derivedData/Build/Intermediates.noindex/SwiftExplicitPrecompiledModules -clang-scanner-module-cache-path /Users/admin/builder/spi-builder-workspace/.derivedData/ModuleCache.noindex -sdk-module-cache-path /Users/admin/builder/spi-builder-workspace/.derivedData/ModuleCache.noindex -serialize-diagnostics -emit-dependencies -emit-module -emit-module-path /Users/admin/builder/spi-builder-workspace/.derivedData/Build/Intermediates.noindex/bzip2.build/Debug-watchos/BZip2Core.build/Objects-normal/armv7k/BZip2Core.swiftmodule -validate-clang-modules-once -clang-build-session-file /Users/admin/builder/spi-builder-workspace/.derivedData/ModuleCache.noindex/Session.modulevalidation -package-name spi_builder_workspace -Xcc -I/Users/admin/builder/spi-builder-workspace/.derivedData/Build/Intermediates.noindex/bzip2.build/Debug-watchos/BZip2Core.build/swift-overrides.hmap -emit-const-values -Xfrontend -const-gather-protocols-file -Xfrontend /Users/admin/builder/spi-builder-workspace/.derivedData/Build/Intermediates.noindex/bzip2.build/Debug-watchos/BZip2Core.build/Objects-normal/armv7k/BZip2Core_const_extract_protocols.json -Xcc -I/Users/admin/builder/spi-builder-workspace/.derivedData/Build/Products/Debug-watchos/include -Xcc -I/Users/admin/builder/spi-builder-workspace/.derivedData/Build/Intermediates.noindex/bzip2.build/Debug-watchos/BZip2Core.build/DerivedSources-normal/armv7k -Xcc -I/Users/admin/builder/spi-builder-workspace/.derivedData/Build/Intermediates.noindex/bzip2.build/Debug-watchos/BZip2Core.build/DerivedSources/armv7k -Xcc -I/Users/admin/builder/spi-builder-workspace/.derivedData/Build/Intermediates.noindex/bzip2.build/Debug-watchos/BZip2Core.build/DerivedSources -Xcc -DSWIFT_PACKAGE -Xcc -DDEBUG\=1 -emit-objc-header -emit-objc-header-path /Users/admin/builder/spi-builder-workspace/.derivedData/Build/Intermediates.noindex/bzip2.build/Debug-watchos/BZip2Core.build/Objects-normal/armv7k/BZip2Core-Swift.h -working-directory /Users/admin/builder/spi-builder-workspace/.swiftpm/xcode -experimental-emit-module-separately -disable-cmo
SwiftExplicitDependencyGeneratePcm armv7k /Users/admin/builder/spi-builder-workspace/.derivedData/ModuleCache.noindex/ptrauth-D1KUVP5BW8V6YRBE3MNVCBE2E.pcm
SwiftExplicitDependencyGeneratePcm armv7k /Users/admin/builder/spi-builder-workspace/.derivedData/ModuleCache.noindex/_Builtin_stdbool-3F5M0YH52IF7ISNJDW2IHEQ2A.pcm
SwiftExplicitDependencyGeneratePcm armv7k /Users/admin/builder/spi-builder-workspace/.derivedData/ModuleCache.noindex/_Builtin_float-9MGM9VU0PEMKSTW8BBVNVP7PQ.pcm
SwiftExplicitDependencyGeneratePcm armv7k /Users/admin/builder/spi-builder-workspace/.derivedData/ModuleCache.noindex/_Builtin_stdarg-D4LWD3SLKMEEMR29WTOG26Q5T.pcm
SwiftExplicitDependencyGeneratePcm armv7k /Users/admin/builder/spi-builder-workspace/.derivedData/ModuleCache.noindex/_SwiftConcurrencyShims-HF1NBH7P9KULYHML9AVKSA4P.pcm
SwiftExplicitDependencyGeneratePcm armv7k /Users/admin/builder/spi-builder-workspace/.derivedData/ModuleCache.noindex/_Builtin_stddef-6IRMF7QDYT5Q8LMH89XUFJQ69.pcm
SwiftExplicitDependencyGeneratePcm armv7k /Users/admin/builder/spi-builder-workspace/.derivedData/ModuleCache.noindex/_AvailabilityInternal-EFXN1W5VCP6ADN05CH69KOJMD.pcm
SwiftExplicitDependencyGeneratePcm armv7k /Users/admin/builder/spi-builder-workspace/.derivedData/ModuleCache.noindex/SwiftShims-54O3XTFTGS0DCHGQXX0VXAKIW.pcm
SwiftExplicitDependencyGeneratePcm armv7k /Users/admin/builder/spi-builder-workspace/.derivedData/ModuleCache.noindex/ptrcheck-84CJDWDKWYKE887DNNOFBAKE5.pcm
SwiftExplicitDependencyGeneratePcm arm64_32 /Users/admin/builder/spi-builder-workspace/.derivedData/ModuleCache.noindex/_Builtin_float-BHCK2B2ROVBMZ91A2DBMECP3P.pcm
SwiftExplicitDependencyGeneratePcm arm64 /Users/admin/builder/spi-builder-workspace/.derivedData/ModuleCache.noindex/_Builtin_stdbool-3K0NS9706ZZKMB26W34N7NRJO.pcm
SwiftExplicitDependencyGeneratePcm arm64_32 /Users/admin/builder/spi-builder-workspace/.derivedData/ModuleCache.noindex/_AvailabilityInternal-DLHW2QV8S38P9IRN7DKDTHEP9.pcm
SwiftExplicitDependencyGeneratePcm arm64 /Users/admin/builder/spi-builder-workspace/.derivedData/ModuleCache.noindex/_Builtin_stddef-7O9IMW3SKT9J5KMH1DFSCTUT2.pcm
SwiftExplicitDependencyGeneratePcm arm64 /Users/admin/builder/spi-builder-workspace/.derivedData/ModuleCache.noindex/SwiftShims-BSAA6BK72NLSMMSC85W2FICHH.pcm
SwiftExplicitDependencyGeneratePcm arm64_32 /Users/admin/builder/spi-builder-workspace/.derivedData/ModuleCache.noindex/_SwiftConcurrencyShims-49MSOLZ7F449TZ0TRVKQIVZNP.pcm
SwiftExplicitDependencyGeneratePcm arm64 /Users/admin/builder/spi-builder-workspace/.derivedData/ModuleCache.noindex/ptrcheck-B3DWAI23K1VSBZ9B4HQFDUGA9.pcm
SwiftExplicitDependencyGeneratePcm arm64_32 /Users/admin/builder/spi-builder-workspace/.derivedData/ModuleCache.noindex/SwiftShims-Y9UOIV5KSIS0KDX5BDVVAMKQ.pcm
SwiftExplicitDependencyGeneratePcm arm64_32 /Users/admin/builder/spi-builder-workspace/.derivedData/ModuleCache.noindex/ptrauth-EIGELRNUEL7SAJU41BKCUDR6K.pcm
SwiftExplicitDependencyGeneratePcm arm64 /Users/admin/builder/spi-builder-workspace/.derivedData/ModuleCache.noindex/_Builtin_stdarg-30UO0JZ3BZL3UJMXZ8NY7BG2N.pcm
SwiftExplicitDependencyGeneratePcm armv7k /Users/admin/builder/spi-builder-workspace/.derivedData/ModuleCache.noindex/_DarwinFoundation1-ADE3NB165C6L2JTXOQ8OTD6BF.pcm
SwiftExplicitDependencyGeneratePcm arm64_32 /Users/admin/builder/spi-builder-workspace/.derivedData/ModuleCache.noindex/_Builtin_stdarg-2846LW51WR3FJYNEE769BGM54.pcm
SwiftExplicitDependencyGeneratePcm arm64 /Users/admin/builder/spi-builder-workspace/.derivedData/ModuleCache.noindex/_AvailabilityInternal-EOZA7RNZF83GHAFYVNANSPB7K.pcm
SwiftExplicitDependencyGeneratePcm arm64_32 /Users/admin/builder/spi-builder-workspace/.derivedData/ModuleCache.noindex/_Builtin_stdbool-29VZCTHK280GJHA571SXG9ASG.pcm
SwiftExplicitDependencyGeneratePcm arm64 /Users/admin/builder/spi-builder-workspace/.derivedData/ModuleCache.noindex/_Builtin_float-2WT5Y9SB362ACJMEXFZK7ZNN2.pcm
SwiftExplicitDependencyGeneratePcm arm64 /Users/admin/builder/spi-builder-workspace/.derivedData/ModuleCache.noindex/ptrauth-6RRLJFTMP964BUOH3ZA18NCET.pcm
SwiftExplicitDependencyGeneratePcm arm64_32 /Users/admin/builder/spi-builder-workspace/.derivedData/ModuleCache.noindex/_Builtin_stddef-44ZBBCAVH9H95PIUL2R06EPNN.pcm
SwiftExplicitDependencyGeneratePcm arm64_32 /Users/admin/builder/spi-builder-workspace/.derivedData/ModuleCache.noindex/ptrcheck-AUKOWKLJ5LR59DLJDZ0QMNHKP.pcm
SwiftExplicitDependencyGeneratePcm arm64 /Users/admin/builder/spi-builder-workspace/.derivedData/ModuleCache.noindex/_SwiftConcurrencyShims-6JV4TIBCO35VV8QOUUP4HYHU8.pcm
SwiftExplicitDependencyGeneratePcm armv7k /Users/admin/builder/spi-builder-workspace/.derivedData/ModuleCache.noindex/_DarwinFoundation2-DV4KEW6PHTUWM9UDXVAKG4PHY.pcm
SwiftExplicitDependencyGeneratePcm armv7k /Users/admin/builder/spi-builder-workspace/.derivedData/ModuleCache.noindex/_Builtin_limits-1Q4YKVDE3QBNIZPTETVUW17T3.pcm
SwiftExplicitDependencyGeneratePcm arm64 /Users/admin/builder/spi-builder-workspace/.derivedData/ModuleCache.noindex/_DarwinFoundation1-227SNA2OQZAYY2EILOQ4OZWWI.pcm
SwiftExplicitDependencyGeneratePcm arm64_32 /Users/admin/builder/spi-builder-workspace/.derivedData/ModuleCache.noindex/_DarwinFoundation1-BH2JKT0EOE6EKNI1RBDKTQWZU.pcm
SwiftExplicitDependencyGeneratePcm armv7k /Users/admin/builder/spi-builder-workspace/.derivedData/ModuleCache.noindex/_Builtin_stdint-4UJPCK27WLNAZ5JG8BDJ95Y7T.pcm
SwiftExplicitDependencyGeneratePcm armv7k /Users/admin/builder/spi-builder-workspace/.derivedData/ModuleCache.noindex/sys_types-A40CZMME078D7VG6FJ9GFAUT1.pcm
SwiftExplicitDependencyGeneratePcm arm64 /Users/admin/builder/spi-builder-workspace/.derivedData/ModuleCache.noindex/_DarwinFoundation2-AWB6S4FOQZ2F9R5HPQGPXLQM1.pcm
SwiftExplicitDependencyGeneratePcm arm64 /Users/admin/builder/spi-builder-workspace/.derivedData/ModuleCache.noindex/_Builtin_limits-BZZBOTGJQZJ01O3UJXM4TUTUN.pcm
SwiftExplicitDependencyGeneratePcm arm64_32 /Users/admin/builder/spi-builder-workspace/.derivedData/ModuleCache.noindex/_DarwinFoundation2-9GSSHE2BT8BHCO2O1DDAW0NKJ.pcm
SwiftExplicitDependencyGeneratePcm arm64_32 /Users/admin/builder/spi-builder-workspace/.derivedData/ModuleCache.noindex/_Builtin_limits-6HWMASE09GWITZD3QJ535CHWD.pcm
SwiftExplicitDependencyGeneratePcm armv7k /Users/admin/builder/spi-builder-workspace/.derivedData/ModuleCache.noindex/_DarwinFoundation3-EBKFW3VQLO7I73Z6JO2EF7K9T.pcm
SwiftExplicitDependencyGeneratePcm arm64 /Users/admin/builder/spi-builder-workspace/.derivedData/ModuleCache.noindex/sys_types-44TDJXBNABH6YIBIB1L6UJG2A.pcm
SwiftExplicitDependencyGeneratePcm arm64 /Users/admin/builder/spi-builder-workspace/.derivedData/ModuleCache.noindex/_Builtin_stdint-ZZ44XETV7JCUHQPW9HSEGAW0.pcm
SwiftExplicitDependencyGeneratePcm arm64_32 /Users/admin/builder/spi-builder-workspace/.derivedData/ModuleCache.noindex/sys_types-7PPBQQMP9WOPXZY9PV3O6HWOJ.pcm
SwiftExplicitDependencyGeneratePcm arm64_32 /Users/admin/builder/spi-builder-workspace/.derivedData/ModuleCache.noindex/_Builtin_stdint-A5GOZXANJIP53GSEWN310YNNY.pcm
SwiftExplicitDependencyGeneratePcm armv7k /Users/admin/builder/spi-builder-workspace/.derivedData/ModuleCache.noindex/_Builtin_inttypes-8B9XQ9DWPY04NISEJWZ2RW2L6.pcm
SwiftExplicitDependencyGeneratePcm arm64 /Users/admin/builder/spi-builder-workspace/.derivedData/ModuleCache.noindex/_DarwinFoundation3-DG1LCR8UJOFMAEKZ4QOY33HZX.pcm
SwiftExplicitDependencyGeneratePcm arm64_32 /Users/admin/builder/spi-builder-workspace/.derivedData/ModuleCache.noindex/_DarwinFoundation3-86NTIOJMBO32S9WDN64L1LC6L.pcm
SwiftExplicitDependencyGeneratePcm armv7k /Users/admin/builder/spi-builder-workspace/.derivedData/ModuleCache.noindex/Darwin-9PFSQ7LZ2AK01ELYMABKS3GL8.pcm
SwiftExplicitDependencyGeneratePcm arm64_32 /Users/admin/builder/spi-builder-workspace/.derivedData/ModuleCache.noindex/_Builtin_inttypes-IK3B20A93OGK2P0MVMMPHD49.pcm
SwiftExplicitDependencyGeneratePcm arm64 /Users/admin/builder/spi-builder-workspace/.derivedData/ModuleCache.noindex/_Builtin_inttypes-9RH3ZGRF7L0UFIAA3RWNP3416.pcm
SwiftExplicitDependencyGeneratePcm arm64_32 /Users/admin/builder/spi-builder-workspace/.derivedData/ModuleCache.noindex/Darwin-7EOY6B0FYD3NKAS35RMGXP5LK.pcm
SwiftExplicitDependencyGeneratePcm arm64 /Users/admin/builder/spi-builder-workspace/.derivedData/ModuleCache.noindex/Darwin-16I5UGYPDATFKFISIN5OQGOVM.pcm
SwiftExplicitDependencyGeneratePcm armv7k /Users/admin/builder/spi-builder-workspace/.derivedData/ModuleCache.noindex/ObjectiveC-E0ZDS99EDVATS2F85SO1ROOW3.pcm
SwiftExplicitDependencyGeneratePcm armv7k /Users/admin/builder/spi-builder-workspace/.derivedData/ModuleCache.noindex/os_object-18PXU9H3WOD68TY6MAL1ZLNP9.pcm
SwiftExplicitDependencyGeneratePcm armv7k /Users/admin/builder/spi-builder-workspace/.derivedData/ModuleCache.noindex/os_workgroup-BVJ42AVMIW7DCL8N126TAMQWH.pcm
SwiftExplicitDependencyGeneratePcm arm64 /Users/admin/builder/spi-builder-workspace/.derivedData/ModuleCache.noindex/ObjectiveC-8UETU9VIN6TLHAJS803FFNIGA.pcm
SwiftExplicitDependencyGeneratePcm arm64_32 /Users/admin/builder/spi-builder-workspace/.derivedData/ModuleCache.noindex/ObjectiveC-MY1YPPP48ZKLRCFMRI5GO9R.pcm
SwiftExplicitDependencyGeneratePcm armv7k /Users/admin/builder/spi-builder-workspace/.derivedData/ModuleCache.noindex/Dispatch-E47IY0S0HQME5O93LIR5ULUJ3.pcm
SwiftExplicitDependencyGeneratePcm arm64_32 /Users/admin/builder/spi-builder-workspace/.derivedData/ModuleCache.noindex/os_object-E0CVHB9RT7I5F6HKP5IXA5JJN.pcm
SwiftExplicitDependencyGeneratePcm arm64 /Users/admin/builder/spi-builder-workspace/.derivedData/ModuleCache.noindex/os_object-DJJBVMOS2UUUVOJOUK4V18IDX.pcm
SwiftExplicitDependencyGeneratePcm armv7k /Users/admin/builder/spi-builder-workspace/.derivedData/ModuleCache.noindex/CoreFoundation-7GHF7X5P6ZD825PTKSHFN9ZI4.pcm
SwiftExplicitDependencyGeneratePcm armv7k /Users/admin/builder/spi-builder-workspace/.derivedData/ModuleCache.noindex/XPC-9DTZ8AF9XTWF42TLLJ49FJTST.pcm
SwiftExplicitDependencyGeneratePcm arm64 /Users/admin/builder/spi-builder-workspace/.derivedData/ModuleCache.noindex/os_workgroup-B77XM89IDYHHAHLL7HI5JSCBX.pcm
SwiftExplicitDependencyGeneratePcm arm64_32 /Users/admin/builder/spi-builder-workspace/.derivedData/ModuleCache.noindex/os_workgroup-3O8OVEKEFKDEG3VCH3RTEZ94B.pcm
SwiftExplicitDependencyGeneratePcm arm64 /Users/admin/builder/spi-builder-workspace/.derivedData/ModuleCache.noindex/Dispatch-VJEF7PUQ9LH822JVM5XG6MK1.pcm
SwiftExplicitDependencyGeneratePcm arm64_32 /Users/admin/builder/spi-builder-workspace/.derivedData/ModuleCache.noindex/Dispatch-1FJ1MI5CEQAKDW1VL40ZXGEZX.pcm
SwiftExplicitDependencyGeneratePcm armv7k /Users/admin/builder/spi-builder-workspace/.derivedData/ModuleCache.noindex/Security-7SE760WZ2OEJ7HFR5VXFCZI9G.pcm
SwiftExplicitDependencyGeneratePcm arm64 /Users/admin/builder/spi-builder-workspace/.derivedData/ModuleCache.noindex/CoreFoundation-DJJGOYJ4YNQ64CSPYCZOO8QAP.pcm
SwiftExplicitDependencyGeneratePcm arm64 /Users/admin/builder/spi-builder-workspace/.derivedData/ModuleCache.noindex/XPC-BSDTMJV05ILJA5FSICCCI2OL5.pcm
SwiftExplicitDependencyGeneratePcm arm64_32 /Users/admin/builder/spi-builder-workspace/.derivedData/ModuleCache.noindex/CoreFoundation-2WN2GWDD3XFIB7PUN7AGTCXVV.pcm
SwiftExplicitDependencyGeneratePcm arm64_32 /Users/admin/builder/spi-builder-workspace/.derivedData/ModuleCache.noindex/XPC-OZIOUFM4EDBR3SQ2IFY2FZJ3.pcm
SwiftExplicitDependencyGeneratePcm armv7k /Users/admin/builder/spi-builder-workspace/.derivedData/ModuleCache.noindex/Foundation-EPSSWBF5ZPDOEQV0Z1H7HHJ2F.pcm
SwiftExplicitDependencyGeneratePcm arm64_32 /Users/admin/builder/spi-builder-workspace/.derivedData/ModuleCache.noindex/Security-7N2K583MEDYU75HOC5BPDGNTH.pcm
SwiftExplicitDependencyGeneratePcm arm64 /Users/admin/builder/spi-builder-workspace/.derivedData/ModuleCache.noindex/Security-AURWBFXY7JXCFHSY4JJOY36RH.pcm
SwiftExplicitDependencyGeneratePcm arm64 /Users/admin/builder/spi-builder-workspace/.derivedData/ModuleCache.noindex/Foundation-EK2FWRD3ACYA8LSCWDBUAPYS5.pcm
SwiftExplicitDependencyGeneratePcm arm64_32 /Users/admin/builder/spi-builder-workspace/.derivedData/ModuleCache.noindex/Foundation-83JWXXASQB5K8FJA2ZIQES3E6.pcm
SwiftEmitModule normal armv7k Emitting\ module\ for\ BZip2Core (in target 'BZip2Core' from project 'bzip2')
Failed frontend command:
/Applications/Xcode-26.5.0.app/Contents/Developer/Toolchains/XcodeDefault.xctoolchain/usr/bin/swift-frontend -frontend -emit-module -experimental-skip-non-inlinable-function-bodies-without-types /Users/admin/builder/spi-builder-workspace/Sources/BZip2Core/BWT.swift /Users/admin/builder/spi-builder-workspace/Sources/BZip2Core/BZip2Core.swift /Users/admin/builder/spi-builder-workspace/Sources/BZip2Core/BZip2Stream.swift /Users/admin/builder/spi-builder-workspace/Sources/BZip2Core/BitIO.swift /Users/admin/builder/spi-builder-workspace/Sources/BZip2Core/BlockDecoder.swift /Users/admin/builder/spi-builder-workspace/Sources/BZip2Core/BlockEncoder.swift /Users/admin/builder/spi-builder-workspace/Sources/BZip2Core/CRC32.swift /Users/admin/builder/spi-builder-workspace/Sources/BZip2Core/Huffman.swift /Users/admin/builder/spi-builder-workspace/Sources/BZip2Core/RLE1.swift /Users/admin/builder/spi-builder-workspace/Sources/BZip2Core/RandTable.swift /Users/admin/builder/spi-builder-workspace/Sources/BZip2Core/SuffixArrayGPU.swift -target armv7k-apple-watchos5.0 -load-resolved-plugin /Applications/Xcode-26.5.0.app/Contents/Developer/Platforms/WatchOS.platform/Developer/usr/lib/swift/host/plugins/libFoundationMacros.dylib\#/Applications/Xcode-26.5.0.app/Contents/Developer/Platforms/WatchOS.platform/Developer/usr/bin/swift-plugin-server\#FoundationMacros -load-resolved-plugin /Applications/Xcode-26.5.0.app/Contents/Developer/Platforms/WatchOS.platform/Developer/usr/lib/swift/host/plugins/libObservationMacros.dylib\#/Applications/Xcode-26.5.0.app/Contents/Developer/Platforms/WatchOS.platform/Developer/usr/bin/swift-plugin-server\#ObservationMacros -load-resolved-plugin /Applications/Xcode-26.5.0.app/Contents/Developer/Platforms/WatchOS.platform/Developer/usr/lib/swift/host/plugins/libSwiftMacros.dylib\#/Applications/Xcode-26.5.0.app/Contents/Developer/Platforms/WatchOS.platform/Developer/usr/bin/swift-plugin-server\#SwiftMacros -disable-implicit-swift-modules -Xcc -fno-implicit-modules -Xcc -fno-implicit-module-maps -explicit-swift-module-map-file /Users/admin/builder/spi-builder-workspace/.derivedData/Build/Intermediates.noindex/bzip2.build/Debug-watchos/BZip2Core.build/Objects-normal/armv7k/BZip2Core-dependencies-1.json -enable-objc-interop -sdk /Applications/Xcode-26.5.0.app/Contents/Developer/Platforms/WatchOS.platform/Developer/SDKs/WatchOS26.5.sdk -I /Users/admin/builder/spi-builder-workspace/.derivedData/Build/Products/Debug-watchos -Isystem /Applications/Xcode-26.5.0.app/Contents/Developer/Platforms/WatchOS.platform/Developer/usr/lib -F /Users/admin/builder/spi-builder-workspace/.derivedData/Build/Products/Debug-watchos -F /Applications/Xcode-26.5.0.app/Contents/Developer/Platforms/WatchOS.platform/Developer/Library/Frameworks -F /Applications/Xcode-26.5.0.app/Contents/Developer/Platforms/WatchOS.platform/Developer/SDKs/WatchOS26.5.sdk/Developer/Library/Frameworks -no-color-diagnostics -Xcc -fno-color-diagnostics -enable-testing -g -debug-info-format\=dwarf -dwarf-version\=4 -module-cache-path /Users/admin/builder/spi-builder-workspace/.derivedData/Build/Intermediates.noindex/SwiftExplicitPrecompiledModules -profile-generate -profile-coverage-mapping -swift-version 6 -Onone -D SWIFT_PACKAGE -D DEBUG -D SWIFT_MODULE_RESOURCE_BUNDLE_UNAVAILABLE -D Xcode -serialize-debugging-options -const-gather-protocols-file /Users/admin/builder/spi-builder-workspace/.derivedData/Build/Intermediates.noindex/bzip2.build/Debug-watchos/BZip2Core.build/Objects-normal/armv7k/BZip2Core_const_extract_protocols.json -enable-experimental-feature DebugDescriptionMacro -empty-abi-descriptor -validate-clang-modules-once -clang-build-session-file /Users/admin/builder/spi-builder-workspace/.derivedData/ModuleCache.noindex/Session.modulevalidation -Xcc -working-directory -Xcc /Users/admin/builder/spi-builder-workspace/.swiftpm/xcode -enable-anonymous-context-mangled-names -file-compilation-dir /Users/admin/builder/spi-builder-workspace/.swiftpm/xcode -Xcc -D_LIBCPP_HARDENING_MODE\=_LIBCPP_HARDENING_MODE_DEBUG -Xcc -ivfsstatcache -Xcc /Users/admin/builder/spi-builder-workspace/.derivedData/SDKStatCaches.noindex/watchos26.5-23T570-688ef53f1462e2c8f657fdc38a81448f7931b973dfc65d9472806dbbc3af9379.sdkstatcache -Xcc -I/Users/admin/builder/spi-builder-workspace/.derivedData/Build/Intermediates.noindex/bzip2.build/Debug-watchos/BZip2Core.build/swift-overrides.hmap -Xcc -I/Users/admin/builder/spi-builder-workspace/.derivedData/Build/Products/Debug-watchos/include -Xcc -I/Users/admin/builder/spi-builder-workspace/.derivedData/Build/Intermediates.noindex/bzip2.build/Debug-watchos/BZip2Core.build/DerivedSources-normal/armv7k -Xcc -I/Users/admin/builder/spi-builder-workspace/.derivedData/Build/Intermediates.noindex/bzip2.build/Debug-watchos/BZip2Core.build/DerivedSources/armv7k -Xcc -I/Users/admin/builder/spi-builder-workspace/.derivedData/Build/Intermediates.noindex/bzip2.build/Debug-watchos/BZip2Core.build/DerivedSources -Xcc -DSWIFT_PACKAGE -Xcc -DDEBUG\=1 -no-auto-bridging-header-chaining -module-name BZip2Core -package-name spi_builder_workspace -frontend-parseable-output -disable-clang-spi -clang-target armv7k-apple-watchos26.5 -target-sdk-version 26.5 -target-sdk-name watchos26.5 -in-process-plugin-server-path /Applications/Xcode-26.5.0.app/Contents/Developer/Toolchains/XcodeDefault.xctoolchain/usr/lib/swift/host/libSwiftInProcPluginServer.dylib -emit-module-doc-path /Users/admin/builder/spi-builder-workspace/.derivedData/Build/Intermediates.noindex/bzip2.build/Debug-watchos/BZip2Core.build/Objects-normal/armv7k/BZip2Core.swiftdoc -emit-module-source-info-path /Users/admin/builder/spi-builder-workspace/.derivedData/Build/Intermediates.noindex/bzip2.build/Debug-watchos/BZip2Core.build/Objects-normal/armv7k/BZip2Core.swiftsourceinfo -emit-objc-header-path /Users/admin/builder/spi-builder-workspace/.derivedData/Build/Intermediates.noindex/bzip2.build/Debug-watchos/BZip2Core.build/Objects-normal/armv7k/BZip2Core-Swift.h -serialize-diagnostics-path /Users/admin/builder/spi-builder-workspace/.derivedData/Build/Intermediates.noindex/bzip2.build/Debug-watchos/BZip2Core.build/Objects-normal/armv7k/BZip2Core-primary-emit-module.dia -emit-dependencies-path /Users/admin/builder/spi-builder-workspace/.derivedData/Build/Intermediates.noindex/bzip2.build/Debug-watchos/BZip2Core.build/Objects-normal/armv7k/BZip2Core-primary-emit-module.d -o /Users/admin/builder/spi-builder-workspace/.derivedData/Build/Intermediates.noindex/bzip2.build/Debug-watchos/BZip2Core.build/Objects-normal/armv7k/BZip2Core.swiftmodule -emit-abi-descriptor-path /Users/admin/builder/spi-builder-workspace/.derivedData/Build/Intermediates.noindex/bzip2.build/Debug-watchos/BZip2Core.build/Objects-normal/armv7k/BZip2Core.abi.json
EmitSwiftModule normal armv7k (in target 'BZip2Core' from project 'bzip2')
cd /Users/admin/builder/spi-builder-workspace/.swiftpm/xcode
/Users/admin/builder/spi-builder-workspace/Sources/BZip2Core/BZip2Core.swift:125:123: error: concurrency is only available in watchOS 6.0.0 or newer
public static func compress(_ input: Data, level: BZip2Level = .default, strategy: BZip2ComputeStrategy = .multiCore) async throws -> Data {
^
/Users/admin/builder/spi-builder-workspace/Sources/BZip2Core/BZip2Core.swift:125:24: note: add '@available' attribute to enclosing static method
public static func compress(_ input: Data, level: BZip2Level = .default, strategy: BZip2ComputeStrategy = .multiCore) async throws -> Data {
^
/Users/admin/builder/spi-builder-workspace/Sources/BZip2Core/BZip2Core.swift:109:1: note: add '@available' attribute to enclosing extension
extension BZip2 {
^
/Users/admin/builder/spi-builder-workspace/Sources/BZip2Core/BZip2Stream.swift:135:112: error: concurrency is only available in watchOS 6.0.0 or newer
public static func compress(_ input: [UInt8], level: Int = 9, strategy: BZip2ComputeStrategy = .multiCore) async throws -> [UInt8] {
^
/Users/admin/builder/spi-builder-workspace/Sources/BZip2Core/BZip2Stream.swift:135:24: note: add '@available' attribute to enclosing static method
public static func compress(_ input: [UInt8], level: Int = 9, strategy: BZip2ComputeStrategy = .multiCore) async throws -> [UInt8] {
^
/Users/admin/builder/spi-builder-workspace/Sources/BZip2Core/BZip2Stream.swift:80:13: note: add '@available' attribute to enclosing enum
public enum BZip2 {
^
SwiftCompile normal armv7k Compiling\ CRC32.swift /Users/admin/builder/spi-builder-workspace/Sources/BZip2Core/CRC32.swift (in target 'BZip2Core' from project 'bzip2')
SwiftCompile normal armv7k /Users/admin/builder/spi-builder-workspace/Sources/BZip2Core/CRC32.swift (in target 'BZip2Core' from project 'bzip2')
cd /Users/admin/builder/spi-builder-workspace/.swiftpm/xcode
SwiftCompile normal armv7k Compiling\ BWT.swift,\ BZip2Core.swift /Users/admin/builder/spi-builder-workspace/Sources/BZip2Core/BWT.swift /Users/admin/builder/spi-builder-workspace/Sources/BZip2Core/BZip2Core.swift (in target 'BZip2Core' from project 'bzip2')
SwiftCompile normal armv7k /Users/admin/builder/spi-builder-workspace/Sources/BZip2Core/BWT.swift (in target 'BZip2Core' from project 'bzip2')
cd /Users/admin/builder/spi-builder-workspace/.swiftpm/xcode
SwiftCompile normal armv7k /Users/admin/builder/spi-builder-workspace/Sources/BZip2Core/BZip2Core.swift (in target 'BZip2Core' from project 'bzip2')
cd /Users/admin/builder/spi-builder-workspace/.swiftpm/xcode
SwiftCompile normal armv7k Compiling\ BZip2Stream.swift /Users/admin/builder/spi-builder-workspace/Sources/BZip2Core/BZip2Stream.swift (in target 'BZip2Core' from project 'bzip2')
SwiftCompile normal armv7k /Users/admin/builder/spi-builder-workspace/Sources/BZip2Core/BZip2Stream.swift (in target 'BZip2Core' from project 'bzip2')
cd /Users/admin/builder/spi-builder-workspace/.swiftpm/xcode
SwiftCompile normal armv7k Compiling\ RLE1.swift /Users/admin/builder/spi-builder-workspace/Sources/BZip2Core/RLE1.swift (in target 'BZip2Core' from project 'bzip2')
SwiftCompile normal armv7k /Users/admin/builder/spi-builder-workspace/Sources/BZip2Core/RLE1.swift (in target 'BZip2Core' from project 'bzip2')
cd /Users/admin/builder/spi-builder-workspace/.swiftpm/xcode
SwiftCompile normal armv7k Compiling\ BlockDecoder.swift /Users/admin/builder/spi-builder-workspace/Sources/BZip2Core/BlockDecoder.swift (in target 'BZip2Core' from project 'bzip2')
SwiftCompile normal armv7k /Users/admin/builder/spi-builder-workspace/Sources/BZip2Core/BlockDecoder.swift (in target 'BZip2Core' from project 'bzip2')
cd /Users/admin/builder/spi-builder-workspace/.swiftpm/xcode
SwiftCompile normal armv7k Compiling\ BlockEncoder.swift /Users/admin/builder/spi-builder-workspace/Sources/BZip2Core/BlockEncoder.swift (in target 'BZip2Core' from project 'bzip2')
SwiftCompile normal armv7k /Users/admin/builder/spi-builder-workspace/Sources/BZip2Core/BlockEncoder.swift (in target 'BZip2Core' from project 'bzip2')
cd /Users/admin/builder/spi-builder-workspace/.swiftpm/xcode
SwiftCompile normal armv7k Compiling\ SuffixArrayGPU.swift /Users/admin/builder/spi-builder-workspace/Sources/BZip2Core/SuffixArrayGPU.swift (in target 'BZip2Core' from project 'bzip2')
SwiftCompile normal armv7k /Users/admin/builder/spi-builder-workspace/Sources/BZip2Core/SuffixArrayGPU.swift (in target 'BZip2Core' from project 'bzip2')
cd /Users/admin/builder/spi-builder-workspace/.swiftpm/xcode
SwiftCompile normal armv7k Compiling\ BitIO.swift /Users/admin/builder/spi-builder-workspace/Sources/BZip2Core/BitIO.swift (in target 'BZip2Core' from project 'bzip2')
2026-08-25 16:34:03.395 xcodebuild[665:4031] [MT] IDERunDestination: Supported platforms for the buildables in the current scheme is empty.
** BUILD FAILED **
The following build commands failed:
SwiftEmitModule normal armv7k Emitting\ module\ for\ BZip2Core (in target 'BZip2Core' from project 'bzip2')
EmitSwiftModule normal armv7k (in target 'BZip2Core' from project 'bzip2')
Building workspace spi-builder-workspace with scheme bzip2-Package
(3 failures)
Command line invocation:
/Applications/Xcode-26.5.0.app/Contents/Developer/usr/bin/xcodebuild -IDEClonedSourcePackagesDirPathOverride=/Users/admin/builder/spi-builder-workspace/.dependencies -resolvePackageDependencies
Resolve Package Graph
Resolved source packages:
bzip2: /Users/admin/builder/spi-builder-workspace
resolved source packages: bzip2
2026-08-25 16:34:08.457 xcodebuild[765:4434] [MT] IDERunDestination: Supported platforms for the buildables in the current scheme is empty.
{
"dependencies" : [
],
"manifest_display_name" : "bzip2",
"name" : "bzip2",
"path" : "/Users/admin/builder/spi-builder-workspace",
"platforms" : [
{
"name" : "macos",
"version" : "14.0"
}
],
"products" : [
{
"name" : "BZip2Core",
"targets" : [
"BZip2Core"
],
"type" : {
"library" : [
"automatic"
]
}
},
{
"name" : "bzip2",
"targets" : [
"bzip2"
],
"type" : {
"executable" : null
}
}
],
"targets" : [
{
"c99name" : "bzip2Tests",
"module_type" : "SwiftTarget",
"name" : "bzip2Tests",
"path" : "Tests/bzip2Tests",
"sources" : [
"BZip2CoreAPITests.swift",
"CLIOptionsTests.swift",
"CRC32Tests.swift",
"CorpusTests.swift",
"FuzzReferenceTests.swift",
"GPUSuffixArrayTests.swift",
"MD5.swift",
"PerformancePassTests.swift",
"ReferenceComparisonTests.swift",
"RegressionTests.swift",
"RoundTripTests.swift"
],
"target_dependencies" : [
"bzip2",
"BZip2Core"
],
"type" : "test"
},
{
"c99name" : "bzip2",
"module_type" : "SwiftTarget",
"name" : "bzip2",
"path" : "Sources/bzip2",
"product_memberships" : [
"bzip2"
],
"sources" : [
"bzip2.swift"
],
"target_dependencies" : [
"BZip2Core"
],
"type" : "executable"
},
{
"c99name" : "BZip2Core",
"module_type" : "SwiftTarget",
"name" : "BZip2Core",
"path" : "Sources/BZip2Core",
"product_memberships" : [
"BZip2Core",
"bzip2"
],
"sources" : [
"BWT.swift",
"BZip2Core.swift",
"BZip2Stream.swift",
"BitIO.swift",
"BlockDecoder.swift",
"BlockEncoder.swift",
"CRC32.swift",
"Huffman.swift",
"RLE1.swift",
"RandTable.swift",
"SuffixArrayGPU.swift"
],
"type" : "library"
}
],
"tools_version" : "6.3"
}
{
"workspace" : {
"name" : "spi-builder-workspace",
"schemes" : [
"bzip2",
"bzip2-Package",
"BZip2Core"
]
}
}
2026-08-25 16:34:09.659 xcodebuild[776:4524] [MT] IDERunDestination: Supported platforms for the buildables in the current scheme is empty.
Running build ...
env DEVELOPER_DIR=/Applications/Xcode-26.5.0.app xcrun xcodebuild -IDEClonedSourcePackagesDirPathOverride=$PWD/.dependencies -skipMacroValidation -skipPackagePluginValidation -derivedDataPath $PWD/.derivedData build -scheme bzip2-Package -destination generic/platform=watchOS
Command line invocation:
/Applications/Xcode-26.5.0.app/Contents/Developer/usr/bin/xcodebuild -IDEClonedSourcePackagesDirPathOverride=/Users/admin/builder/spi-builder-workspace/.dependencies -skipMacroValidation -skipPackagePluginValidation -derivedDataPath /Users/admin/builder/spi-builder-workspace/.derivedData build -scheme bzip2-Package -destination generic/platform=watchOS
Resolve Package Graph
Resolved source packages:
bzip2: /Users/admin/builder/spi-builder-workspace
ComputePackagePrebuildTargetDependencyGraph
Prepare packages
CreateBuildRequest
SendProjectDescription
CreateBuildOperation
ComputeTargetDependencyGraph
note: Building targets in dependency order
note: Target dependency graph (3 targets)
Target 'bzip2' in project 'bzip2'
➜ Explicit dependency on target 'BZip2Core' in project 'bzip2'
Target 'BZip2Core' in project 'bzip2'
➜ Explicit dependency on target 'BZip2Core' in project 'bzip2'
Target 'BZip2Core' in project 'bzip2' (no dependencies)
GatherProvisioningInputs
CreateBuildDescription
ClangStatCache /Applications/Xcode-26.5.0.app/Contents/Developer/Toolchains/XcodeDefault.xctoolchain/usr/bin/clang-stat-cache /Applications/Xcode-26.5.0.app/Contents/Developer/Platforms/WatchOS.platform/Developer/SDKs/WatchOS26.5.sdk /Users/admin/builder/spi-builder-workspace/.derivedData/SDKStatCaches.noindex/watchos26.5-23T570-688ef53f1462e2c8f657fdc38a81448f7931b973dfc65d9472806dbbc3af9379.sdkstatcache
cd /Users/admin/builder/spi-builder-workspace/.swiftpm/xcode
/Applications/Xcode-26.5.0.app/Contents/Developer/Toolchains/XcodeDefault.xctoolchain/usr/bin/clang-stat-cache /Applications/Xcode-26.5.0.app/Contents/Developer/Platforms/WatchOS.platform/Developer/SDKs/WatchOS26.5.sdk -o /Users/admin/builder/spi-builder-workspace/.derivedData/SDKStatCaches.noindex/watchos26.5-23T570-688ef53f1462e2c8f657fdc38a81448f7931b973dfc65d9472806dbbc3af9379.sdkstatcache
SwiftDriver BZip2Core normal arm64_32 com.apple.xcode.tools.swift.compiler (in target 'BZip2Core' from project 'bzip2')
cd /Users/admin/builder/spi-builder-workspace/.swiftpm/xcode
builtin-SwiftDriver -- /Applications/Xcode-26.5.0.app/Contents/Developer/Toolchains/XcodeDefault.xctoolchain/usr/bin/swiftc -module-name BZip2Core -Onone @/Users/admin/builder/spi-builder-workspace/.derivedData/Build/Intermediates.noindex/bzip2.build/Debug-watchos/BZip2Core.build/Objects-normal/arm64_32/BZip2Core.SwiftFileList -DSWIFT_PACKAGE -DDEBUG -DSWIFT_MODULE_RESOURCE_BUNDLE_UNAVAILABLE -DXcode -plugin-path /Applications/Xcode-26.5.0.app/Contents/Developer/Toolchains/XcodeDefault.xctoolchain/usr/lib/swift/host/plugins/testing -enable-experimental-feature DebugDescriptionMacro -sdk /Applications/Xcode-26.5.0.app/Contents/Developer/Platforms/WatchOS.platform/Developer/SDKs/WatchOS26.5.sdk -target arm64_32-apple-watchos5.0 -g -module-cache-path /Users/admin/builder/spi-builder-workspace/.derivedData/ModuleCache.noindex -Xfrontend -serialize-debugging-options -profile-coverage-mapping -profile-generate -enable-testing -index-store-path /Users/admin/builder/spi-builder-workspace/.derivedData/Index.noindex/DataStore -Xcc -D_LIBCPP_HARDENING_MODE\=_LIBCPP_HARDENING_MODE_DEBUG -swift-version 6 -I /Users/admin/builder/spi-builder-workspace/.derivedData/Build/Products/Debug-watchos -Isystem /Applications/Xcode-26.5.0.app/Contents/Developer/Platforms/WatchOS.platform/Developer/usr/lib -F /Users/admin/builder/spi-builder-workspace/.derivedData/Build/Products/Debug-watchos -F /Applications/Xcode-26.5.0.app/Contents/Developer/Platforms/WatchOS.platform/Developer/Library/Frameworks -F /Applications/Xcode-26.5.0.app/Contents/Developer/Platforms/WatchOS.platform/Developer/SDKs/WatchOS26.5.sdk/Developer/Library/Frameworks -c -j10 -enable-batch-mode -incremental -Xcc -ivfsstatcache -Xcc /Users/admin/builder/spi-builder-workspace/.derivedData/SDKStatCaches.noindex/watchos26.5-23T570-688ef53f1462e2c8f657fdc38a81448f7931b973dfc65d9472806dbbc3af9379.sdkstatcache -output-file-map /Users/admin/builder/spi-builder-workspace/.derivedData/Build/Intermediates.noindex/bzip2.build/Debug-watchos/BZip2Core.build/Objects-normal/arm64_32/BZip2Core-OutputFileMap.json -use-frontend-parseable-output -save-temps -no-color-diagnostics -explicit-module-build -module-cache-path /Users/admin/builder/spi-builder-workspace/.derivedData/Build/Intermediates.noindex/SwiftExplicitPrecompiledModules -clang-scanner-module-cache-path /Users/admin/builder/spi-builder-workspace/.derivedData/ModuleCache.noindex -sdk-module-cache-path /Users/admin/builder/spi-builder-workspace/.derivedData/ModuleCache.noindex -serialize-diagnostics -emit-dependencies -emit-module -emit-module-path /Users/admin/builder/spi-builder-workspace/.derivedData/Build/Intermediates.noindex/bzip2.build/Debug-watchos/BZip2Core.build/Objects-normal/arm64_32/BZip2Core.swiftmodule -validate-clang-modules-once -clang-build-session-file /Users/admin/builder/spi-builder-workspace/.derivedData/ModuleCache.noindex/Session.modulevalidation -package-name spi_builder_workspace -Xcc -I/Users/admin/builder/spi-builder-workspace/.derivedData/Build/Intermediates.noindex/bzip2.build/Debug-watchos/BZip2Core.build/swift-overrides.hmap -emit-const-values -Xfrontend -const-gather-protocols-file -Xfrontend /Users/admin/builder/spi-builder-workspace/.derivedData/Build/Intermediates.noindex/bzip2.build/Debug-watchos/BZip2Core.build/Objects-normal/arm64_32/BZip2Core_const_extract_protocols.json -Xcc -I/Users/admin/builder/spi-builder-workspace/.derivedData/Build/Products/Debug-watchos/include -Xcc -I/Users/admin/builder/spi-builder-workspace/.derivedData/Build/Intermediates.noindex/bzip2.build/Debug-watchos/BZip2Core.build/DerivedSources-normal/arm64_32 -Xcc -I/Users/admin/builder/spi-builder-workspace/.derivedData/Build/Intermediates.noindex/bzip2.build/Debug-watchos/BZip2Core.build/DerivedSources/arm64_32 -Xcc -I/Users/admin/builder/spi-builder-workspace/.derivedData/Build/Intermediates.noindex/bzip2.build/Debug-watchos/BZip2Core.build/DerivedSources -Xcc -DSWIFT_PACKAGE -Xcc -DDEBUG\=1 -emit-objc-header -emit-objc-header-path /Users/admin/builder/spi-builder-workspace/.derivedData/Build/Intermediates.noindex/bzip2.build/Debug-watchos/BZip2Core.build/Objects-normal/arm64_32/BZip2Core-Swift.h -working-directory /Users/admin/builder/spi-builder-workspace/.swiftpm/xcode -experimental-emit-module-separately -disable-cmo
SwiftDriver BZip2Core normal arm64 com.apple.xcode.tools.swift.compiler (in target 'BZip2Core' from project 'bzip2')
cd /Users/admin/builder/spi-builder-workspace/.swiftpm/xcode
builtin-SwiftDriver -- /Applications/Xcode-26.5.0.app/Contents/Developer/Toolchains/XcodeDefault.xctoolchain/usr/bin/swiftc -module-name BZip2Core -Onone @/Users/admin/builder/spi-builder-workspace/.derivedData/Build/Intermediates.noindex/bzip2.build/Debug-watchos/BZip2Core.build/Objects-normal/arm64/BZip2Core.SwiftFileList -DSWIFT_PACKAGE -DDEBUG -DSWIFT_MODULE_RESOURCE_BUNDLE_UNAVAILABLE -DXcode -plugin-path /Applications/Xcode-26.5.0.app/Contents/Developer/Toolchains/XcodeDefault.xctoolchain/usr/lib/swift/host/plugins/testing -enable-experimental-feature DebugDescriptionMacro -sdk /Applications/Xcode-26.5.0.app/Contents/Developer/Platforms/WatchOS.platform/Developer/SDKs/WatchOS26.5.sdk -target arm64-apple-watchos5.0 -g -module-cache-path /Users/admin/builder/spi-builder-workspace/.derivedData/ModuleCache.noindex -Xfrontend -serialize-debugging-options -profile-coverage-mapping -profile-generate -enable-testing -index-store-path /Users/admin/builder/spi-builder-workspace/.derivedData/Index.noindex/DataStore -Xcc -D_LIBCPP_HARDENING_MODE\=_LIBCPP_HARDENING_MODE_DEBUG -swift-version 6 -I /Users/admin/builder/spi-builder-workspace/.derivedData/Build/Products/Debug-watchos -Isystem /Applications/Xcode-26.5.0.app/Contents/Developer/Platforms/WatchOS.platform/Developer/usr/lib -F /Users/admin/builder/spi-builder-workspace/.derivedData/Build/Products/Debug-watchos -F /Applications/Xcode-26.5.0.app/Contents/Developer/Platforms/WatchOS.platform/Developer/Library/Frameworks -F /Applications/Xcode-26.5.0.app/Contents/Developer/Platforms/WatchOS.platform/Developer/SDKs/WatchOS26.5.sdk/Developer/Library/Frameworks -c -j10 -enable-batch-mode -incremental -Xcc -ivfsstatcache -Xcc /Users/admin/builder/spi-builder-workspace/.derivedData/SDKStatCaches.noindex/watchos26.5-23T570-688ef53f1462e2c8f657fdc38a81448f7931b973dfc65d9472806dbbc3af9379.sdkstatcache -output-file-map /Users/admin/builder/spi-builder-workspace/.derivedData/Build/Intermediates.noindex/bzip2.build/Debug-watchos/BZip2Core.build/Objects-normal/arm64/BZip2Core-OutputFileMap.json -use-frontend-parseable-output -save-temps -no-color-diagnostics -explicit-module-build -module-cache-path /Users/admin/builder/spi-builder-workspace/.derivedData/Build/Intermediates.noindex/SwiftExplicitPrecompiledModules -clang-scanner-module-cache-path /Users/admin/builder/spi-builder-workspace/.derivedData/ModuleCache.noindex -sdk-module-cache-path /Users/admin/builder/spi-builder-workspace/.derivedData/ModuleCache.noindex -serialize-diagnostics -emit-dependencies -emit-module -emit-module-path /Users/admin/builder/spi-builder-workspace/.derivedData/Build/Intermediates.noindex/bzip2.build/Debug-watchos/BZip2Core.build/Objects-normal/arm64/BZip2Core.swiftmodule -validate-clang-modules-once -clang-build-session-file /Users/admin/builder/spi-builder-workspace/.derivedData/ModuleCache.noindex/Session.modulevalidation -package-name spi_builder_workspace -Xcc -I/Users/admin/builder/spi-builder-workspace/.derivedData/Build/Intermediates.noindex/bzip2.build/Debug-watchos/BZip2Core.build/swift-overrides.hmap -emit-const-values -Xfrontend -const-gather-protocols-file -Xfrontend /Users/admin/builder/spi-builder-workspace/.derivedData/Build/Intermediates.noindex/bzip2.build/Debug-watchos/BZip2Core.build/Objects-normal/arm64/BZip2Core_const_extract_protocols.json -Xcc -I/Users/admin/builder/spi-builder-workspace/.derivedData/Build/Products/Debug-watchos/include -Xcc -I/Users/admin/builder/spi-builder-workspace/.derivedData/Build/Intermediates.noindex/bzip2.build/Debug-watchos/BZip2Core.build/DerivedSources-normal/arm64 -Xcc -I/Users/admin/builder/spi-builder-workspace/.derivedData/Build/Intermediates.noindex/bzip2.build/Debug-watchos/BZip2Core.build/DerivedSources/arm64 -Xcc -I/Users/admin/builder/spi-builder-workspace/.derivedData/Build/Intermediates.noindex/bzip2.build/Debug-watchos/BZip2Core.build/DerivedSources -Xcc -DSWIFT_PACKAGE -Xcc -DDEBUG\=1 -emit-objc-header -emit-objc-header-path /Users/admin/builder/spi-builder-workspace/.derivedData/Build/Intermediates.noindex/bzip2.build/Debug-watchos/BZip2Core.build/Objects-normal/arm64/BZip2Core-Swift.h -working-directory /Users/admin/builder/spi-builder-workspace/.swiftpm/xcode -experimental-emit-module-separately -disable-cmo
SwiftDriver BZip2Core normal armv7k com.apple.xcode.tools.swift.compiler (in target 'BZip2Core' from project 'bzip2')
cd /Users/admin/builder/spi-builder-workspace/.swiftpm/xcode
builtin-SwiftDriver -- /Applications/Xcode-26.5.0.app/Contents/Developer/Toolchains/XcodeDefault.xctoolchain/usr/bin/swiftc -module-name BZip2Core -Onone @/Users/admin/builder/spi-builder-workspace/.derivedData/Build/Intermediates.noindex/bzip2.build/Debug-watchos/BZip2Core.build/Objects-normal/armv7k/BZip2Core.SwiftFileList -DSWIFT_PACKAGE -DDEBUG -DSWIFT_MODULE_RESOURCE_BUNDLE_UNAVAILABLE -DXcode -plugin-path /Applications/Xcode-26.5.0.app/Contents/Developer/Toolchains/XcodeDefault.xctoolchain/usr/lib/swift/host/plugins/testing -enable-experimental-feature DebugDescriptionMacro -sdk /Applications/Xcode-26.5.0.app/Contents/Developer/Platforms/WatchOS.platform/Developer/SDKs/WatchOS26.5.sdk -target armv7k-apple-watchos5.0 -g -module-cache-path /Users/admin/builder/spi-builder-workspace/.derivedData/ModuleCache.noindex -Xfrontend -serialize-debugging-options -profile-coverage-mapping -profile-generate -enable-testing -index-store-path /Users/admin/builder/spi-builder-workspace/.derivedData/Index.noindex/DataStore -Xcc -D_LIBCPP_HARDENING_MODE\=_LIBCPP_HARDENING_MODE_DEBUG -swift-version 6 -I /Users/admin/builder/spi-builder-workspace/.derivedData/Build/Products/Debug-watchos -Isystem /Applications/Xcode-26.5.0.app/Contents/Developer/Platforms/WatchOS.platform/Developer/usr/lib -F /Users/admin/builder/spi-builder-workspace/.derivedData/Build/Products/Debug-watchos -F /Applications/Xcode-26.5.0.app/Contents/Developer/Platforms/WatchOS.platform/Developer/Library/Frameworks -F /Applications/Xcode-26.5.0.app/Contents/Developer/Platforms/WatchOS.platform/Developer/SDKs/WatchOS26.5.sdk/Developer/Library/Frameworks -c -j10 -enable-batch-mode -incremental -Xcc -ivfsstatcache -Xcc /Users/admin/builder/spi-builder-workspace/.derivedData/SDKStatCaches.noindex/watchos26.5-23T570-688ef53f1462e2c8f657fdc38a81448f7931b973dfc65d9472806dbbc3af9379.sdkstatcache -output-file-map /Users/admin/builder/spi-builder-workspace/.derivedData/Build/Intermediates.noindex/bzip2.build/Debug-watchos/BZip2Core.build/Objects-normal/armv7k/BZip2Core-OutputFileMap.json -use-frontend-parseable-output -save-temps -no-color-diagnostics -explicit-module-build -module-cache-path /Users/admin/builder/spi-builder-workspace/.derivedData/Build/Intermediates.noindex/SwiftExplicitPrecompiledModules -clang-scanner-module-cache-path /Users/admin/builder/spi-builder-workspace/.derivedData/ModuleCache.noindex -sdk-module-cache-path /Users/admin/builder/spi-builder-workspace/.derivedData/ModuleCache.noindex -serialize-diagnostics -emit-dependencies -emit-module -emit-module-path /Users/admin/builder/spi-builder-workspace/.derivedData/Build/Intermediates.noindex/bzip2.build/Debug-watchos/BZip2Core.build/Objects-normal/armv7k/BZip2Core.swiftmodule -validate-clang-modules-once -clang-build-session-file /Users/admin/builder/spi-builder-workspace/.derivedData/ModuleCache.noindex/Session.modulevalidation -package-name spi_builder_workspace -Xcc -I/Users/admin/builder/spi-builder-workspace/.derivedData/Build/Intermediates.noindex/bzip2.build/Debug-watchos/BZip2Core.build/swift-overrides.hmap -emit-const-values -Xfrontend -const-gather-protocols-file -Xfrontend /Users/admin/builder/spi-builder-workspace/.derivedData/Build/Intermediates.noindex/bzip2.build/Debug-watchos/BZip2Core.build/Objects-normal/armv7k/BZip2Core_const_extract_protocols.json -Xcc -I/Users/admin/builder/spi-builder-workspace/.derivedData/Build/Products/Debug-watchos/include -Xcc -I/Users/admin/builder/spi-builder-workspace/.derivedData/Build/Intermediates.noindex/bzip2.build/Debug-watchos/BZip2Core.build/DerivedSources-normal/armv7k -Xcc -I/Users/admin/builder/spi-builder-workspace/.derivedData/Build/Intermediates.noindex/bzip2.build/Debug-watchos/BZip2Core.build/DerivedSources/armv7k -Xcc -I/Users/admin/builder/spi-builder-workspace/.derivedData/Build/Intermediates.noindex/bzip2.build/Debug-watchos/BZip2Core.build/DerivedSources -Xcc -DSWIFT_PACKAGE -Xcc -DDEBUG\=1 -emit-objc-header -emit-objc-header-path /Users/admin/builder/spi-builder-workspace/.derivedData/Build/Intermediates.noindex/bzip2.build/Debug-watchos/BZip2Core.build/Objects-normal/armv7k/BZip2Core-Swift.h -working-directory /Users/admin/builder/spi-builder-workspace/.swiftpm/xcode -experimental-emit-module-separately -disable-cmo
SwiftExplicitDependencyGeneratePcm arm64 /Users/admin/builder/spi-builder-workspace/.derivedData/ModuleCache.noindex/Foundation-EK2FWRD3ACYA8LSCWDBUAPYS5.pcm
SwiftExplicitDependencyGeneratePcm arm64_32 /Users/admin/builder/spi-builder-workspace/.derivedData/ModuleCache.noindex/Foundation-83JWXXASQB5K8FJA2ZIQES3E6.pcm
SwiftCompile normal armv7k Compiling\ BWT.swift,\ BZip2Core.swift /Users/admin/builder/spi-builder-workspace/Sources/BZip2Core/BWT.swift /Users/admin/builder/spi-builder-workspace/Sources/BZip2Core/BZip2Core.swift (in target 'BZip2Core' from project 'bzip2')
SwiftCompile normal armv7k /Users/admin/builder/spi-builder-workspace/Sources/BZip2Core/BWT.swift (in target 'BZip2Core' from project 'bzip2')
cd /Users/admin/builder/spi-builder-workspace/.swiftpm/xcode
SwiftCompile normal armv7k /Users/admin/builder/spi-builder-workspace/Sources/BZip2Core/BZip2Core.swift (in target 'BZip2Core' from project 'bzip2')
cd /Users/admin/builder/spi-builder-workspace/.swiftpm/xcode
SwiftEmitModule normal armv7k Emitting\ module\ for\ BZip2Core (in target 'BZip2Core' from project 'bzip2')
Failed frontend command:
/Applications/Xcode-26.5.0.app/Contents/Developer/Toolchains/XcodeDefault.xctoolchain/usr/bin/swift-frontend -frontend -emit-module -experimental-skip-non-inlinable-function-bodies-without-types /Users/admin/builder/spi-builder-workspace/Sources/BZip2Core/BWT.swift /Users/admin/builder/spi-builder-workspace/Sources/BZip2Core/BZip2Core.swift /Users/admin/builder/spi-builder-workspace/Sources/BZip2Core/BZip2Stream.swift /Users/admin/builder/spi-builder-workspace/Sources/BZip2Core/BitIO.swift /Users/admin/builder/spi-builder-workspace/Sources/BZip2Core/BlockDecoder.swift /Users/admin/builder/spi-builder-workspace/Sources/BZip2Core/BlockEncoder.swift /Users/admin/builder/spi-builder-workspace/Sources/BZip2Core/CRC32.swift /Users/admin/builder/spi-builder-workspace/Sources/BZip2Core/Huffman.swift /Users/admin/builder/spi-builder-workspace/Sources/BZip2Core/RLE1.swift /Users/admin/builder/spi-builder-workspace/Sources/BZip2Core/RandTable.swift /Users/admin/builder/spi-builder-workspace/Sources/BZip2Core/SuffixArrayGPU.swift -target armv7k-apple-watchos5.0 -load-resolved-plugin /Applications/Xcode-26.5.0.app/Contents/Developer/Platforms/WatchOS.platform/Developer/usr/lib/swift/host/plugins/libFoundationMacros.dylib\#/Applications/Xcode-26.5.0.app/Contents/Developer/Platforms/WatchOS.platform/Developer/usr/bin/swift-plugin-server\#FoundationMacros -load-resolved-plugin /Applications/Xcode-26.5.0.app/Contents/Developer/Platforms/WatchOS.platform/Developer/usr/lib/swift/host/plugins/libObservationMacros.dylib\#/Applications/Xcode-26.5.0.app/Contents/Developer/Platforms/WatchOS.platform/Developer/usr/bin/swift-plugin-server\#ObservationMacros -load-resolved-plugin /Applications/Xcode-26.5.0.app/Contents/Developer/Platforms/WatchOS.platform/Developer/usr/lib/swift/host/plugins/libSwiftMacros.dylib\#/Applications/Xcode-26.5.0.app/Contents/Developer/Platforms/WatchOS.platform/Developer/usr/bin/swift-plugin-server\#SwiftMacros -disable-implicit-swift-modules -Xcc -fno-implicit-modules -Xcc -fno-implicit-module-maps -explicit-swift-module-map-file /Users/admin/builder/spi-builder-workspace/.derivedData/Build/Intermediates.noindex/bzip2.build/Debug-watchos/BZip2Core.build/Objects-normal/armv7k/BZip2Core-dependencies-1.json -enable-objc-interop -sdk /Applications/Xcode-26.5.0.app/Contents/Developer/Platforms/WatchOS.platform/Developer/SDKs/WatchOS26.5.sdk -I /Users/admin/builder/spi-builder-workspace/.derivedData/Build/Products/Debug-watchos -Isystem /Applications/Xcode-26.5.0.app/Contents/Developer/Platforms/WatchOS.platform/Developer/usr/lib -F /Users/admin/builder/spi-builder-workspace/.derivedData/Build/Products/Debug-watchos -F /Applications/Xcode-26.5.0.app/Contents/Developer/Platforms/WatchOS.platform/Developer/Library/Frameworks -F /Applications/Xcode-26.5.0.app/Contents/Developer/Platforms/WatchOS.platform/Developer/SDKs/WatchOS26.5.sdk/Developer/Library/Frameworks -no-color-diagnostics -Xcc -fno-color-diagnostics -enable-testing -g -debug-info-format\=dwarf -dwarf-version\=4 -module-cache-path /Users/admin/builder/spi-builder-workspace/.derivedData/Build/Intermediates.noindex/SwiftExplicitPrecompiledModules -profile-generate -profile-coverage-mapping -swift-version 6 -Onone -D SWIFT_PACKAGE -D DEBUG -D SWIFT_MODULE_RESOURCE_BUNDLE_UNAVAILABLE -D Xcode -serialize-debugging-options -const-gather-protocols-file /Users/admin/builder/spi-builder-workspace/.derivedData/Build/Intermediates.noindex/bzip2.build/Debug-watchos/BZip2Core.build/Objects-normal/armv7k/BZip2Core_const_extract_protocols.json -enable-experimental-feature DebugDescriptionMacro -empty-abi-descriptor -validate-clang-modules-once -clang-build-session-file /Users/admin/builder/spi-builder-workspace/.derivedData/ModuleCache.noindex/Session.modulevalidation -Xcc -working-directory -Xcc /Users/admin/builder/spi-builder-workspace/.swiftpm/xcode -enable-anonymous-context-mangled-names -file-compilation-dir /Users/admin/builder/spi-builder-workspace/.swiftpm/xcode -Xcc -D_LIBCPP_HARDENING_MODE\=_LIBCPP_HARDENING_MODE_DEBUG -Xcc -ivfsstatcache -Xcc /Users/admin/builder/spi-builder-workspace/.derivedData/SDKStatCaches.noindex/watchos26.5-23T570-688ef53f1462e2c8f657fdc38a81448f7931b973dfc65d9472806dbbc3af9379.sdkstatcache -Xcc -I/Users/admin/builder/spi-builder-workspace/.derivedData/Build/Intermediates.noindex/bzip2.build/Debug-watchos/BZip2Core.build/swift-overrides.hmap -Xcc -I/Users/admin/builder/spi-builder-workspace/.derivedData/Build/Products/Debug-watchos/include -Xcc -I/Users/admin/builder/spi-builder-workspace/.derivedData/Build/Intermediates.noindex/bzip2.build/Debug-watchos/BZip2Core.build/DerivedSources-normal/armv7k -Xcc -I/Users/admin/builder/spi-builder-workspace/.derivedData/Build/Intermediates.noindex/bzip2.build/Debug-watchos/BZip2Core.build/DerivedSources/armv7k -Xcc -I/Users/admin/builder/spi-builder-workspace/.derivedData/Build/Intermediates.noindex/bzip2.build/Debug-watchos/BZip2Core.build/DerivedSources -Xcc -DSWIFT_PACKAGE -Xcc -DDEBUG\=1 -no-auto-bridging-header-chaining -module-name BZip2Core -package-name spi_builder_workspace -frontend-parseable-output -disable-clang-spi -clang-target armv7k-apple-watchos26.5 -target-sdk-version 26.5 -target-sdk-name watchos26.5 -in-process-plugin-server-path /Applications/Xcode-26.5.0.app/Contents/Developer/Toolchains/XcodeDefault.xctoolchain/usr/lib/swift/host/libSwiftInProcPluginServer.dylib -emit-module-doc-path /Users/admin/builder/spi-builder-workspace/.derivedData/Build/Intermediates.noindex/bzip2.build/Debug-watchos/BZip2Core.build/Objects-normal/armv7k/BZip2Core.swiftdoc -emit-module-source-info-path /Users/admin/builder/spi-builder-workspace/.derivedData/Build/Intermediates.noindex/bzip2.build/Debug-watchos/BZip2Core.build/Objects-normal/armv7k/BZip2Core.swiftsourceinfo -emit-objc-header-path /Users/admin/builder/spi-builder-workspace/.derivedData/Build/Intermediates.noindex/bzip2.build/Debug-watchos/BZip2Core.build/Objects-normal/armv7k/BZip2Core-Swift.h -serialize-diagnostics-path /Users/admin/builder/spi-builder-workspace/.derivedData/Build/Intermediates.noindex/bzip2.build/Debug-watchos/BZip2Core.build/Objects-normal/armv7k/BZip2Core-primary-emit-module.dia -emit-dependencies-path /Users/admin/builder/spi-builder-workspace/.derivedData/Build/Intermediates.noindex/bzip2.build/Debug-watchos/BZip2Core.build/Objects-normal/armv7k/BZip2Core-primary-emit-module.d -o /Users/admin/builder/spi-builder-workspace/.derivedData/Build/Intermediates.noindex/bzip2.build/Debug-watchos/BZip2Core.build/Objects-normal/armv7k/BZip2Core.swiftmodule -emit-abi-descriptor-path /Users/admin/builder/spi-builder-workspace/.derivedData/Build/Intermediates.noindex/bzip2.build/Debug-watchos/BZip2Core.build/Objects-normal/armv7k/BZip2Core.abi.json
EmitSwiftModule normal armv7k (in target 'BZip2Core' from project 'bzip2')
cd /Users/admin/builder/spi-builder-workspace/.swiftpm/xcode
/Users/admin/builder/spi-builder-workspace/Sources/BZip2Core/BZip2Core.swift:125:123: error: concurrency is only available in watchOS 6.0.0 or newer
public static func compress(_ input: Data, level: BZip2Level = .default, strategy: BZip2ComputeStrategy = .multiCore) async throws -> Data {
^
/Users/admin/builder/spi-builder-workspace/Sources/BZip2Core/BZip2Core.swift:125:24: note: add '@available' attribute to enclosing static method
public static func compress(_ input: Data, level: BZip2Level = .default, strategy: BZip2ComputeStrategy = .multiCore) async throws -> Data {
^
/Users/admin/builder/spi-builder-workspace/Sources/BZip2Core/BZip2Core.swift:109:1: note: add '@available' attribute to enclosing extension
extension BZip2 {
^
/Users/admin/builder/spi-builder-workspace/Sources/BZip2Core/BZip2Stream.swift:135:112: error: concurrency is only available in watchOS 6.0.0 or newer
public static func compress(_ input: [UInt8], level: Int = 9, strategy: BZip2ComputeStrategy = .multiCore) async throws -> [UInt8] {
^
/Users/admin/builder/spi-builder-workspace/Sources/BZip2Core/BZip2Stream.swift:135:24: note: add '@available' attribute to enclosing static method
public static func compress(_ input: [UInt8], level: Int = 9, strategy: BZip2ComputeStrategy = .multiCore) async throws -> [UInt8] {
^
/Users/admin/builder/spi-builder-workspace/Sources/BZip2Core/BZip2Stream.swift:80:13: note: add '@available' attribute to enclosing enum
public enum BZip2 {
^
SwiftCompile normal armv7k Compiling\ BlockDecoder.swift /Users/admin/builder/spi-builder-workspace/Sources/BZip2Core/BlockDecoder.swift (in target 'BZip2Core' from project 'bzip2')
SwiftCompile normal armv7k /Users/admin/builder/spi-builder-workspace/Sources/BZip2Core/BlockDecoder.swift (in target 'BZip2Core' from project 'bzip2')
cd /Users/admin/builder/spi-builder-workspace/.swiftpm/xcode
SwiftCompile normal armv7k Compiling\ BitIO.swift /Users/admin/builder/spi-builder-workspace/Sources/BZip2Core/BitIO.swift (in target 'BZip2Core' from project 'bzip2')
SwiftCompile normal armv7k /Users/admin/builder/spi-builder-workspace/Sources/BZip2Core/BitIO.swift (in target 'BZip2Core' from project 'bzip2')
cd /Users/admin/builder/spi-builder-workspace/.swiftpm/xcode
SwiftCompile normal armv7k Compiling\ BZip2Stream.swift /Users/admin/builder/spi-builder-workspace/Sources/BZip2Core/BZip2Stream.swift (in target 'BZip2Core' from project 'bzip2')
SwiftCompile normal armv7k /Users/admin/builder/spi-builder-workspace/Sources/BZip2Core/BZip2Stream.swift (in target 'BZip2Core' from project 'bzip2')
cd /Users/admin/builder/spi-builder-workspace/.swiftpm/xcode
SwiftCompile normal armv7k Compiling\ Huffman.swift /Users/admin/builder/spi-builder-workspace/Sources/BZip2Core/Huffman.swift (in target 'BZip2Core' from project 'bzip2')
SwiftCompile normal armv7k /Users/admin/builder/spi-builder-workspace/Sources/BZip2Core/Huffman.swift (in target 'BZip2Core' from project 'bzip2')
cd /Users/admin/builder/spi-builder-workspace/.swiftpm/xcode
SwiftCompile normal armv7k Compiling\ BlockEncoder.swift /Users/admin/builder/spi-builder-workspace/Sources/BZip2Core/BlockEncoder.swift (in target 'BZip2Core' from project 'bzip2')
SwiftCompile normal armv7k /Users/admin/builder/spi-builder-workspace/Sources/BZip2Core/BlockEncoder.swift (in target 'BZip2Core' from project 'bzip2')
cd /Users/admin/builder/spi-builder-workspace/.swiftpm/xcode
SwiftCompile normal armv7k Compiling\ SuffixArrayGPU.swift /Users/admin/builder/spi-builder-workspace/Sources/BZip2Core/SuffixArrayGPU.swift (in target 'BZip2Core' from project 'bzip2')
SwiftCompile normal armv7k /Users/admin/builder/spi-builder-workspace/Sources/BZip2Core/SuffixArrayGPU.swift (in target 'BZip2Core' from project 'bzip2')
cd /Users/admin/builder/spi-builder-workspace/.swiftpm/xcode
SwiftCompile normal armv7k Compiling\ RLE1.swift /Users/admin/builder/spi-builder-workspace/Sources/BZip2Core/RLE1.swift (in target 'BZip2Core' from project 'bzip2')
2026-08-25 16:34:10.564 xcodebuild[798:4687] [MT] IDERunDestination: Supported platforms for the buildables in the current scheme is empty.
** BUILD FAILED **
The following build commands failed:
SwiftEmitModule normal armv7k Emitting\ module\ for\ BZip2Core (in target 'BZip2Core' from project 'bzip2')
EmitSwiftModule normal armv7k (in target 'BZip2Core' from project 'bzip2')
Building workspace spi-builder-workspace with scheme bzip2-Package
(3 failures)
BUILD FAILURE 6.3 watchOS