The Swift Package Index logo.Swift Package Index

Build Information

Failed to build GoogleCloudDialogflowV2, reference main (8b23c8), with Swift 6.2 for Android on 11 Oct 2026 04:25:23 UTC.

Build Command

bash -c docker run --pull=always --rm -v "checkouts-54344849-3":/host -w "$PWD" -e JAVA_HOME="/root/.sdkman/candidates/java/current" -e SPI_BUILD="1" -e SPI_PROCESSING="1" registry.gitlab.com/saguaro1/spi-images:android-6.2-latest swift build --swift-sdk aarch64-unknown-linux-android28 2>&1

Build Log

========================================
RunAll
========================================
Builder version: 5.1.1
Interrupt handler set up.
========================================
Checkout
========================================
Clone URL: https://github.com/googleapis/swift-google-cloud-dialogflow-v2.git
Reference: main
Initialized empty Git repository in /host/spi-builder-workspace/.git/
hint: Using 'master' as the name for the initial branch. This default branch name
hint: is subject to change. To configure the initial branch name to use in all
hint: of your new repositories, which will suppress this warning, call:
hint:
hint: 	git config --global init.defaultBranch <name>
hint:
hint: Names commonly chosen instead of 'master' are 'main', 'trunk' and
hint: 'development'. The just-created branch can be renamed via this command:
hint:
hint: 	git branch -m <name>
From https://github.com/googleapis/swift-google-cloud-dialogflow-v2
 * branch            main       -> FETCH_HEAD
 * [new branch]      main       -> origin/main
HEAD is now at 8b23c85 chore: release circa 2026-10-07 (#1382)
Cloned https://github.com/googleapis/swift-google-cloud-dialogflow-v2.git
Revision (git rev-parse @):
8b23c852f1e1cada27c4e1310fee54f4c7151f45
SPI manifest file found: $PWD/.spi.yml
SUCCESS checkout https://github.com/googleapis/swift-google-cloud-dialogflow-v2.git at main
========================================
Build
========================================
Selected platform:         android
Swift version:             6.2
Building package at path:  $PWD
https://github.com/googleapis/swift-google-cloud-dialogflow-v2.git
Running build ...
bash -c docker run --pull=always --rm -v "checkouts-54344849-3":/host -w "$PWD" -e JAVA_HOME="/root/.sdkman/candidates/java/current" -e SPI_BUILD="1" -e SPI_PROCESSING="1" registry.gitlab.com/saguaro1/spi-images:android-6.2-latest swift build --swift-sdk aarch64-unknown-linux-android28 2>&1
android-6.2-latest: Pulling from saguaro1/spi-images
Digest: sha256:a839c9ce201f1dacc8eb056626ec7ab0a1c6d53d7b77c83feda395f4507c51be
Status: Image is up to date for registry.gitlab.com/saguaro1/spi-images:android-6.2-latest
Fetching https://github.com/googleapis/swift-google-longrunning
Fetching https://github.com/apple/swift-log
Fetching https://github.com/googleapis/swift-google-wkt
Fetching https://github.com/googleapis/swift-google-type
Fetching https://github.com/googleapis/swift-google-gax
Fetching https://github.com/googleapis/swift-google-rpc
[1/619] Fetching swift-google-longrunning
[70/1041] Fetching swift-google-longrunning, swift-google-rpc
[602/9298] Fetching swift-google-longrunning, swift-google-rpc, swift-log
[1208/9735] Fetching swift-google-longrunning, swift-google-rpc, swift-log, swift-google-type
[1382/10758] Fetching swift-google-longrunning, swift-google-rpc, swift-log, swift-google-type, swift-google-wkt
Fetched https://github.com/googleapis/swift-google-rpc from cache (0.43s)
[1466/10336] Fetching swift-google-longrunning, swift-log, swift-google-type, swift-google-wkt
Fetching https://github.com/googleapis/swift-google-cloud-location
[1983/12084] Fetching swift-google-longrunning, swift-log, swift-google-type, swift-google-wkt, swift-google-gax
Fetched https://github.com/googleapis/swift-google-gax from cache (0.58s)
Fetching https://github.com/googleapis/swift-google-auth
Fetched https://github.com/googleapis/swift-google-wkt from cache (0.74s)
Fetched https://github.com/apple/swift-log from cache (0.74s)
Fetched https://github.com/googleapis/swift-google-type from cache (0.74s)
Fetched https://github.com/googleapis/swift-google-longrunning from cache (0.75s)
[6/552] Fetching swift-google-cloud-location
Fetched https://github.com/googleapis/swift-google-cloud-location from cache (0.47s)
[1/1023] Fetching swift-google-auth
Fetched https://github.com/googleapis/swift-google-auth from cache (0.47s)
Computing version for https://github.com/googleapis/swift-google-wkt
Computed https://github.com/googleapis/swift-google-wkt at 0.5.0 (1.36s)
Fetching https://github.com/swift-extras/swift-extras-base64
[1/954] Fetching swift-extras-base64
Fetched https://github.com/swift-extras/swift-extras-base64 from cache (0.41s)
Computing version for https://github.com/googleapis/swift-google-type
Computed https://github.com/googleapis/swift-google-type at 0.5.0 (0.71s)
Computing version for https://github.com/googleapis/swift-google-rpc
Computed https://github.com/googleapis/swift-google-rpc at 0.5.0 (0.29s)
Computing version for https://github.com/googleapis/swift-google-longrunning
Computed https://github.com/googleapis/swift-google-longrunning at 0.5.0 (0.30s)
Computing version for https://github.com/googleapis/swift-google-gax
Computed https://github.com/googleapis/swift-google-gax at 0.5.0 (0.29s)
Fetching https://github.com/swift-server/async-http-client.git
Fetching https://github.com/apple/swift-nio
[1/16464] Fetching async-http-client
[15313/102838] Fetching async-http-client, swift-nio
Fetched https://github.com/swift-server/async-http-client.git from cache (1.43s)
[31959/86374] Fetching swift-nio
Fetched https://github.com/apple/swift-nio from cache (5.48s)
Computing version for https://github.com/googleapis/swift-google-cloud-location
Computed https://github.com/googleapis/swift-google-cloud-location at 0.5.0 (5.77s)
Computing version for https://github.com/googleapis/swift-google-auth
Computed https://github.com/googleapis/swift-google-auth at 0.5.0 (0.23s)
Fetching https://github.com/vapor/jwt-kit.git
Fetching https://github.com/apple/swift-system.git
[1/7241] Fetching swift-system
[1812/17495] Fetching swift-system, jwt-kit
Fetched https://github.com/apple/swift-system.git from cache (0.80s)
[3897/10254] Fetching jwt-kit
Fetched https://github.com/vapor/jwt-kit.git from cache (1.16s)
Computing version for https://github.com/swift-extras/swift-extras-base64
Computed https://github.com/swift-extras/swift-extras-base64 at 1.2.0 (1.40s)
Computing version for https://github.com/swift-server/async-http-client.git
Computed https://github.com/swift-server/async-http-client.git at 1.36.2 (0.30s)
Fetching https://github.com/apple/swift-service-context.git
Fetching https://github.com/apple/swift-distributed-tracing.git
Fetching https://github.com/apple/swift-algorithms.git
Fetching https://github.com/apple/swift-nio-transport-services.git
Fetching https://github.com/apple/swift-atomics.git
Fetching https://github.com/apple/swift-nio-extras.git
[1/2867] Fetching swift-nio-transport-services
[489/4367] Fetching swift-nio-transport-services, swift-service-context
[994/6256] Fetching swift-nio-transport-services, swift-service-context, swift-atomics
[2896/12959] Fetching swift-nio-transport-services, swift-service-context, swift-atomics, swift-nio-extras
[5470/19123] Fetching swift-nio-transport-services, swift-service-context, swift-atomics, swift-nio-extras, swift-algorithms
[6167/25674] Fetching swift-nio-transport-services, swift-service-context, swift-atomics, swift-nio-extras, swift-algorithms, swift-distributed-tracing
Fetched https://github.com/apple/swift-service-context.git from cache (0.76s)
[22275/24174] Fetching swift-nio-transport-services, swift-atomics, swift-nio-extras, swift-algorithms, swift-distributed-tracing
Fetching https://github.com/apple/swift-nio-http2.git
Fetched https://github.com/apple/swift-algorithms.git from cache (0.78s)
[17879/18010] Fetching swift-nio-transport-services, swift-atomics, swift-nio-extras, swift-distributed-tracing
Fetching https://github.com/apple/swift-nio-ssl.git
Fetched https://github.com/apple/swift-nio-extras.git from cache (0.94s)
Fetched https://github.com/apple/swift-distributed-tracing.git from cache (0.95s)
Fetched https://github.com/apple/swift-nio-transport-services.git from cache (0.95s)
Fetched https://github.com/apple/swift-atomics.git from cache (0.95s)
Fetching https://github.com/apple/swift-configuration.git
[1/16861] Fetching swift-nio-ssl
[2/20789] Fetching swift-nio-ssl, swift-configuration
[3/33083] Fetching swift-nio-ssl, swift-configuration, swift-nio-http2
Fetched https://github.com/apple/swift-configuration.git from cache (0.61s)
[3672/29155] Fetching swift-nio-ssl, swift-nio-http2
Fetched https://github.com/apple/swift-nio-http2.git from cache (1.71s)
Fetched https://github.com/apple/swift-nio-ssl.git from cache (2.35s)
Computing version for https://github.com/apple/swift-service-context.git
Computed https://github.com/apple/swift-service-context.git at 1.3.0 (3.46s)
Computing version for https://github.com/apple/swift-algorithms.git
Computed https://github.com/apple/swift-algorithms.git at 1.2.1 (1.41s)
Fetching https://github.com/apple/swift-numerics.git
[1/6728] Fetching swift-numerics
Fetched https://github.com/apple/swift-numerics.git from cache (0.82s)
Computing version for https://github.com/apple/swift-log
Computed https://github.com/apple/swift-log at 1.16.1 (1.05s)
Computing version for https://github.com/apple/swift-distributed-tracing.git
Computed https://github.com/apple/swift-distributed-tracing.git at 1.5.0 (0.25s)
Computing version for https://github.com/apple/swift-atomics.git
Computed https://github.com/apple/swift-atomics.git at 1.3.1 (0.32s)
Computing version for https://github.com/apple/swift-numerics.git
Computed https://github.com/apple/swift-numerics.git at 1.1.1 (0.24s)
Computing version for https://github.com/apple/swift-nio
Computed https://github.com/apple/swift-nio at 2.104.0 (0.61s)
Fetching https://github.com/apple/swift-collections.git
[1/28703] Fetching swift-collections
Fetched https://github.com/apple/swift-collections.git from cache (1.79s)
Computing version for https://github.com/apple/swift-configuration.git
Computed https://github.com/apple/swift-configuration.git at 1.2.2 (3.09s)
Fetching https://github.com/swift-server/swift-service-lifecycle
[1/2867] Fetching swift-service-lifecycle
Fetched https://github.com/swift-server/swift-service-lifecycle from cache (0.53s)
Computing version for https://github.com/apple/swift-nio-transport-services.git
Computed https://github.com/apple/swift-nio-transport-services.git at 1.28.0 (0.79s)
Computing version for https://github.com/swift-server/swift-service-lifecycle
Computed https://github.com/swift-server/swift-service-lifecycle at 2.12.1 (0.26s)
Fetching https://github.com/apple/swift-async-algorithms.git
[1/6820] Fetching swift-async-algorithms
Fetched https://github.com/apple/swift-async-algorithms.git from cache (0.67s)
Computing version for https://github.com/apple/swift-async-algorithms.git
Computed https://github.com/apple/swift-async-algorithms.git at 1.1.7 (1.03s)
Computing version for https://github.com/apple/swift-collections.git
Computed https://github.com/apple/swift-collections.git at 1.7.2 (0.36s)
Computing version for https://github.com/apple/swift-nio-http2.git
Computed https://github.com/apple/swift-nio-http2.git at 1.46.0 (0.25s)
Computing version for https://github.com/vapor/jwt-kit.git
Computed https://github.com/vapor/jwt-kit.git at 5.7.1 (0.31s)
Fetching https://github.com/apple/swift-crypto.git
Fetching https://github.com/apple/swift-certificates.git
[1/18629] Fetching swift-crypto
[2/26238] Fetching swift-crypto, swift-certificates
Fetched https://github.com/apple/swift-certificates.git from cache (2.10s)
Fetched https://github.com/apple/swift-crypto.git from cache (2.13s)
Computing version for https://github.com/apple/swift-crypto.git
Computed https://github.com/apple/swift-crypto.git at 4.5.2 (3.16s)
Fetching https://github.com/apple/swift-asn1.git
[21/2009] Fetching swift-asn1
Fetched https://github.com/apple/swift-asn1.git from cache (0.53s)
Computing version for https://github.com/apple/swift-asn1.git
Computed https://github.com/apple/swift-asn1.git at 1.7.3 (0.85s)
Computing version for https://github.com/apple/swift-certificates.git
Computed https://github.com/apple/swift-certificates.git at 1.21.0 (0.36s)
Computing version for https://github.com/apple/swift-nio-ssl.git
Computed https://github.com/apple/swift-nio-ssl.git at 2.37.5 (0.35s)
Computing version for https://github.com/apple/swift-system.git
Computed https://github.com/apple/swift-system.git at 1.8.1 (0.35s)
Computing version for https://github.com/apple/swift-nio-extras.git
Computed https://github.com/apple/swift-nio-extras.git at 1.35.1 (0.46s)
Fetching https://github.com/apple/swift-http-structured-headers.git
Fetching https://github.com/apple/swift-http-types.git
[1/1253] Fetching swift-http-structured-headers
[1254/3192] Fetching swift-http-structured-headers, swift-http-types
Fetched https://github.com/apple/swift-http-structured-headers.git from cache (0.45s)
[427/1939] Fetching swift-http-types
Fetched https://github.com/apple/swift-http-types.git from cache (0.54s)
Computing version for https://github.com/apple/swift-http-structured-headers.git
Computed https://github.com/apple/swift-http-structured-headers.git at 1.7.0 (0.84s)
Computing version for https://github.com/apple/swift-http-types.git
Computed https://github.com/apple/swift-http-types.git at 1.8.0 (0.30s)
Creating working copy for https://github.com/vapor/jwt-kit.git
Working copy of https://github.com/vapor/jwt-kit.git resolved at 5.7.1
Creating working copy for https://github.com/apple/swift-certificates.git
Working copy of https://github.com/apple/swift-certificates.git resolved at 1.21.0
Creating working copy for https://github.com/apple/swift-algorithms.git
Working copy of https://github.com/apple/swift-algorithms.git resolved at 1.2.1
Creating working copy for https://github.com/apple/swift-async-algorithms.git
Working copy of https://github.com/apple/swift-async-algorithms.git resolved at 1.1.7
Creating working copy for https://github.com/googleapis/swift-google-type
Working copy of https://github.com/googleapis/swift-google-type resolved at 0.5.0
Creating working copy for https://github.com/apple/swift-nio-extras.git
Working copy of https://github.com/apple/swift-nio-extras.git resolved at 1.35.1
Creating working copy for https://github.com/apple/swift-asn1.git
Working copy of https://github.com/apple/swift-asn1.git resolved at 1.7.3
Creating working copy for https://github.com/apple/swift-numerics.git
Working copy of https://github.com/apple/swift-numerics.git resolved at 1.1.1
Creating working copy for https://github.com/apple/swift-service-context.git
Working copy of https://github.com/apple/swift-service-context.git resolved at 1.3.0
Creating working copy for https://github.com/apple/swift-system.git
Working copy of https://github.com/apple/swift-system.git resolved at 1.8.1
Creating working copy for https://github.com/googleapis/swift-google-wkt
Working copy of https://github.com/googleapis/swift-google-wkt resolved at 0.5.0
Creating working copy for https://github.com/googleapis/swift-google-longrunning
Working copy of https://github.com/googleapis/swift-google-longrunning resolved at 0.5.0
Creating working copy for https://github.com/swift-server/swift-service-lifecycle
Working copy of https://github.com/swift-server/swift-service-lifecycle resolved at 2.12.1
Creating working copy for https://github.com/apple/swift-configuration.git
Working copy of https://github.com/apple/swift-configuration.git resolved at 1.2.2
Creating working copy for https://github.com/apple/swift-atomics.git
Working copy of https://github.com/apple/swift-atomics.git resolved at 1.3.1
Creating working copy for https://github.com/swift-extras/swift-extras-base64
Working copy of https://github.com/swift-extras/swift-extras-base64 resolved at 1.2.0
Creating working copy for https://github.com/googleapis/swift-google-rpc
Working copy of https://github.com/googleapis/swift-google-rpc resolved at 0.5.0
Creating working copy for https://github.com/apple/swift-distributed-tracing.git
Working copy of https://github.com/apple/swift-distributed-tracing.git resolved at 1.5.0
Creating working copy for https://github.com/apple/swift-nio-http2.git
Working copy of https://github.com/apple/swift-nio-http2.git resolved at 1.46.0
Creating working copy for https://github.com/apple/swift-http-types.git
Working copy of https://github.com/apple/swift-http-types.git resolved at 1.8.0
Creating working copy for https://github.com/googleapis/swift-google-cloud-location
Working copy of https://github.com/googleapis/swift-google-cloud-location resolved at 0.5.0
Creating working copy for https://github.com/googleapis/swift-google-auth
Working copy of https://github.com/googleapis/swift-google-auth resolved at 0.5.0
Creating working copy for https://github.com/apple/swift-log
Working copy of https://github.com/apple/swift-log resolved at 1.16.1
Creating working copy for https://github.com/apple/swift-http-structured-headers.git
Working copy of https://github.com/apple/swift-http-structured-headers.git resolved at 1.7.0
Creating working copy for https://github.com/swift-server/async-http-client.git
Working copy of https://github.com/swift-server/async-http-client.git resolved at 1.36.2
Creating working copy for https://github.com/apple/swift-nio-ssl.git
Working copy of https://github.com/apple/swift-nio-ssl.git resolved at 2.37.5
Creating working copy for https://github.com/apple/swift-collections.git
Working copy of https://github.com/apple/swift-collections.git resolved at 1.7.2
Creating working copy for https://github.com/apple/swift-nio-transport-services.git
Working copy of https://github.com/apple/swift-nio-transport-services.git resolved at 1.28.0
Creating working copy for https://github.com/apple/swift-nio
Working copy of https://github.com/apple/swift-nio resolved at 2.104.0
Creating working copy for https://github.com/apple/swift-crypto.git
Working copy of https://github.com/apple/swift-crypto.git resolved at 4.5.2
Creating working copy for https://github.com/googleapis/swift-google-gax
Working copy of https://github.com/googleapis/swift-google-gax resolved at 0.5.0
Building for debugging...
[0/1884] Compiling cpu_aarch64_win.cc
[1/1884] Write swift-version--11D90AFD9DD3AB2.txt
[2/1884] Compiling _NumericsShims _NumericsShims.c
[2/1884] Write sources
[7/1884] Compiling _AtomicsShims.c
[8/1884] Compiling a_dup.cc
[9/1884] Compiling cpu_aarch64_sysreg.cc
[9/1884] Compiling a_i2d_fp.cc
[9/1884] Write sources
[53/1909] Compiling cpu_arm_freebsd.cc
[53/1909] Write sources
[75/1909] Compiling a_gentm.cc
[76/1909] Compiling a_bitstr.cc
[76/1909] Write sources
[97/1934] Compiling a_bool.cc
[97/1934] Write sources
[256/1962] Emitting module RealModule
[257/1963] Emitting module InternalCollectionsUtilities
[258/1966] Compiling RealModule RealFunctions.swift
[259/1966] Compiling RealModule RelaxedArithmetic.swift
[260/1966] Compiling InternalCollectionsUtilities BorrowingIteratorProtocol+Equality.swift
[261/1966] Compiling InternalCollectionsUtilities BorrowingIteratorProtocol+Extras.swift
[262/1966] Compiling InternalCollectionsUtilities _UnsafeBitSet+_Word.swift
[263/1966] Compiling InternalCollectionsUtilities _UnsafeBitSet.swift
[264/1966] Compiling InternalCollectionsUtilities UnsafeBufferPointer+Extras.swift
[265/1966] Compiling InternalCollectionsUtilities UnsafeMutableBufferPointer+Extras.swift
[266/1966] Compiling InternalCollectionsUtilities UnsafeRawBufferPointer+Extras.swift
[267/1966] Compiling InternalCollectionsUtilities _SortedCollection.swift
[268/1966] Compiling InternalCollectionsUtilities _UniqueCollection.swift
[269/1966] Compiling InternalCollectionsUtilities FixedWidthInteger+roundUpToPowerOfTwo.swift
[270/1966] Compiling InternalCollectionsUtilities Integer rank.swift
[271/1967] Compiling InternalCollectionsUtilities UnsafeMutablePointer+Extras.swift
[272/1967] Compiling InternalCollectionsUtilities UnsafeMutableRawBufferPointer+Extras.swift
[273/1967] Compiling InternalCollectionsUtilities UnsafePointer+Extras.swift
[274/1967] Emitting module _NIOBase64
[275/1967] Compiling _NIOBase64 Base64.swift
[276/1968] Compiling InternalCollectionsUtilities UInt+first and last set bit.swift
[277/1968] Compiling InternalCollectionsUtilities UInt+reversed.swift
[280/1970] Compiling InternalCollectionsUtilities Debugging.swift
[281/1970] Compiling InternalCollectionsUtilities Descriptions.swift
[282/1970] Compiling SwiftASN1 DER.swift
[283/1970] Compiling SwiftASN1 Errors.swift
[284/1970] Compiling InternalCollectionsUtilities RandomAccessCollection+Offsets.swift
[285/1970] Compiling InternalCollectionsUtilities Span+Extras.swift
[286/1970] Compiling InternalCollectionsUtilities Iterable+CopyContents.swift
[287/1970] Compiling InternalCollectionsUtilities Iterable+Equality.swift
[288/1970] Compiling InternalCollectionsUtilities LifetimeOverride.swift
[289/1970] Compiling InternalCollectionsUtilities MutableRef.swift
[290/1970] Compiling InternalCollectionsUtilities Strideable+LimitHelpers.swift
[291/1970] Compiling InternalCollectionsUtilities String+Padding.swift
[292/1970] Compiling InternalCollectionsUtilities TemporaryAllocation.swift
[293/1970] Compiling InternalCollectionsUtilities _UnsafeBitSet+Index.swift
[294/1970] Compiling RealModule Real.swift
[296/1970] Compiling RealModule Float80+Real.swift
[301/1970] Compiling Logging LoggingSystem.swift
[302/1971] Compiling RealModule Float16+Real.swift
[307/1971] Compiling ServiceContextModule ServiceContext.swift
[308/1971] Emitting module ServiceContextModule
[309/1971] Compiling ServiceContextModule ServiceContextKey.swift
[311/1973] Compiling Logging Logger+With.swift
[315/1978] Compiling Logging Logger+Attributes.swift
[317/1978] Compiling _NIODataStructures Heap.swift
[318/1978] Emitting module _NIODataStructures
[319/1978] Compiling Logging Logger.swift
[319/1978] Wrapping AST for _NIOBase64 for debugging
[321/1978] Emitting module _CertificateInternals
[322/1978] Compiling _NIODataStructures PriorityQueue.swift
[323/1978] Compiling _CertificateInternals _TinyArray.swift
[324/1981] Compiling _NIODataStructures _TinyArray.swift
[325/1990] Wrapping AST for ServiceContextModule for debugging
[328/1990] Compiling SpanPreview OutputSpan+InputSpanHelpers.swift
[328/1990] Wrapping AST for RealModule for debugging
[329/1990] Compiling SpanPreview MutableSpan+InputSpanHelpers.swift
[331/1990] Compiling SpanPreview InputSpan.swift
[331/1990] Wrapping AST for _NIODataStructures for debugging
[331/1990] Write sources
[359/1990] Emitting module SpanPreview
[360/1991] Compiling CXKCPShims shims.c
[361/1991] Wrapping AST for InternalCollectionsUtilities for debugging
[361/1991] Wrapping AST for _CertificateInternals for debugging
[364/1991] Compiling Instrumentation NoOpInstrument.swift
[364/1991] Compiling SimpleFIPS202.c
[366/1991] Compiling Instrumentation MultiplexInstrument.swift
[366/1991] Compiling KeccakSponge.c
[367/1991] Wrapping AST for SpanPreview for debugging
[369/1991] Compiling ExtrasBase64 Base32+Span.swift
[369/1991] Compiling KeccakHash.c
[370/2000] Compiling CNIOWindows shim.c
[371/2032] Compiling CNIOWindows WSAStartup.c
[372/2033] Compiling CSystem shims.c
[373/2033] Compiling CNIOWASI CNIOWASI.c
[374/2033] Compiling CNIOPosix event_loop_id.c
[376/2033] Emitting module Instrumentation
[376/2033] Compiling CNIOOpenBSD shim.c
[377/2070] Compiling CNIOLinux shim.c
[378/2070] Compiling CNIOLinux liburing_shims.c
[380/2070] Compiling DequeModule UniqueDeque+Initializers.swift
[381/2070] Compiling DequeModule UniqueDeque+Insertions.swift
[382/2070] Compiling DequeModule UniqueDeque+Iterable.swift
[383/2070] Compiling DequeModule UniqueDeque+Prepend.swift
[384/2070] Compiling DequeModule UniqueDeque+Removals.swift
[385/2070] Compiling SystemPackage RawIORequest.swift
[386/2070] Compiling SystemPackage RawBuffer.swift
[387/2070] Compiling SystemPackage Syscalls.swift
[388/2070] Compiling SystemPackage WindowsSyscallAdapters.swift
[389/2070] Compiling SystemPackage MachPort.swift
[390/2070] Compiling SystemPackage PlatformString.swift
[390/2070] Compiling KeccakP-1600-opt64.c
[391/2075] Compiling CNIOLLHTTP c_nio_http.c
[393/2075] Compiling SystemPackage FileType.swift
[394/2075] Compiling SystemPackage Identifiers.swift
[395/2075] Compiling SystemPackage Stat.swift
[396/2075] Compiling SystemPackage Backcompat.swift
[397/2075] Compiling SystemPackage CInterop.swift
[398/2075] Compiling SystemPackage Constants.swift
[399/2075] Compiling SystemPackage Exports.swift
[400/2075] Compiling SystemPackage Mocking.swift
[401/2075] Compiling SystemPackage IOCompletion.swift
[402/2075] Compiling SystemPackage IORequest.swift
[403/2075] Compiling SystemPackage IORing+Util.swift
[404/2075] Compiling SystemPackage IORing.swift
[404/2075] Compiling CNIOLLHTTP c_nio_llhttp.c
[406/2075] Compiling SystemPackage FilePathTempPosix.swift
[407/2075] Compiling SystemPackage FilePathTempWindows.swift
[408/2075] Compiling SystemPackage FilePathWindows.swift
[409/2075] Compiling SystemPackage FilePermissions.swift
[410/2075] Compiling SystemPackage FileFlags.swift
[411/2075] Compiling SystemPackage FileMode.swift
[411/2075] Compiling CNIOFreeBSD shim.c
[412/2075] Compiling CNIOLLHTTP c_nio_api.c
[415/2075] Compiling CNIOExtrasZlib zutil.c
[416/2075] Compiling CNIOExtrasZlib inftrees.c
[417/2075] Compiling CNIOExtrasZlib trees.c
[418/2075] Compiling CNIOExtrasZlib inffast.c
[419/2075] Compiling CNIOExtrasZlib inflate.c
[420/2075] Compiling CNIOExtrasZlib crc32.c
[421/2075] Compiling CNIOExtrasZlib adler32.c
[422/2075] Compiling CNIODarwin shim.c
[423/2075] Compiling CNIOExtrasZlib deflate.c
[425/2075] Compiling ExtrasBase64 Base32.swift
[425/2075] Compiling fiat_p256_adx_sqr.S
[427/2075] Compiling SystemPackage FileDescriptor.swift
[428/2075] Compiling SystemPackage FileHelpers.swift
[443/2080] Compiling fiat_p256_adx_mul.S
[445/2080] Compiling Instrumentation Instrument.swift
[451/2080] Compiling Instrumentation InstrumentationSystem.swift
[452/2080] Compiling Instrumentation Locks.swift
[453/2080] Emitting module Logging
[454/2081] Compiling SystemPackage Errno.swift
[455/2081] Compiling SystemPackage ErrnoWindows.swift
[455/2081] Compiling fiat_curve25519_adx_square.S
[460/2081] Compiling SystemPackage FilePathSyntax.swift
[461/2081] Compiling SystemPackage FilePathTemp.swift
[462/2081] Compiling SystemPackage FilePathParsing.swift
[463/2081] Compiling SystemPackage FilePathString.swift
[468/2081] Compiling SystemPackage FileOperations.swift
[469/2081] Compiling SystemPackage FilePath.swift
[470/2081] Emitting module SwiftASN1
[471/2081] Compiling Logging MetadataProvider.swift
[471/2083] Compiling fiat_curve25519_adx_mul.S
[474/2091] Wrapping AST for Instrumentation for debugging
[475/2091] Wrapping AST for Logging for debugging
[477/2091] Compiling SystemPackage FilePathComponentView.swift
[478/2091] Compiling SystemPackage FilePathComponents.swift
[488/2091] Wrapping AST for SwiftASN1 for debugging
[489/2091] Compiling CNIOBoringSSLShims shims.c
[491/2091] Compiling Tracing InstrumentationSystem+Tracing.swift
[497/2092] Compiling Tracing TracingTime.swift
[498/2092] Compiling Tracing TracerProtocol.swift
[499/2092] Emitting module Tracing
[500/2092] Compiling Tracing WithTracer.swift
[501/2092] Compiling Tracing Tracer.swift
[502/2092] Compiling Tracing TracerProtocol+Legacy.swift
[503/2092] Emitting module SystemPackage
[510/2092] Compiling Tracing SpanProtocol.swift
[516/2092] Compiling Tracing NoOpTracer.swift
[518/2093] Compiling SystemPackage SystemString.swift
[519/2093] Compiling SystemPackage Util+StringArray.swift
[520/2093] Compiling SystemPackage Util.swift
[521/2093] Compiling SystemPackage UtilConsumers.swift
[522/2093] Compiling SystemPackage WinSDK+Overlay.swift
[523/2094] Wrapping AST for Tracing for debugging
[524/2094] Wrapping AST for SystemPackage for debugging
[525/2094] Compiling tls_record.cc
[526/2094] Compiling tls13_enc.cc
[527/2094] Compiling tls_method.cc
[528/2094] Compiling tls13_server.cc
[530/2094] Compiling DequeModule UniqueDeque+Replacements.swift
[531/2094] Compiling DequeModule UniqueDeque.swift
[532/2094] Compiling DequeModule _DequeSlot.swift
[533/2094] Compiling DequeModule _UnsafeDequeHandle.swift
[534/2094] Compiling DequeModule _UnsafeDequeSegments.swift
[534/2094] Compiling tls13_client.cc
[536/2094] Emitting module DequeModule
[537/2095] Compiling t1_enc.cc
[538/2095] Compiling ssl_x509.cc
[539/2099] Compiling tls13_both.cc
[540/2115] Wrapping AST for DequeModule for debugging
[541/2138] Compiling ssl_versions.cc
[542/2138] Compiling ssl_transcript.cc
[544/2138] Compiling Configuration Deprecations.swift
[545/2138] Compiling Configuration ExpressibleByConfigInt.swift
[546/2138] Compiling Configuration ExpressibleByConfigString.swift
[547/2138] Compiling Configuration CLIKeyEncoder.swift
[548/2138] Compiling Configuration ConfigKeyEncoder.swift
[549/2138] Compiling Configuration DotSeparatorKeyDecoder.swift
[549/2143] Compiling ssl_stat.cc
[550/2143] Compiling ssl_privkey.cc
[551/2143] Compiling ssl_session.cc
[553/2143] Compiling Configuration EnvironmentKeyEncoder.swift
[554/2143] Compiling Configuration EnvironmentVariablesProvider.swift
[555/2143] Compiling Configuration CommonProviderFileSystem.swift
[556/2143] Compiling Configuration DirectoryFilesProvider.swift
[557/2143] Compiling Configuration FileProvider.swift
[558/2143] Compiling Configuration FileProviderSnapshot.swift
[558/2143] Compiling ssl_lib.cc
[559/2143] Compiling ssl_key_share.cc
[561/2143] Emitting module ExtrasBase64
[561/2143] Compiling ssl_file.cc
[563/2143] Compiling ExtrasBase64 Base64.swift
[564/2143] Compiling ExtrasBase64 Base64+Span.swift
[566/2144] Compiling Configuration SeparatorKeyEncoder.swift
[567/2144] Compiling Configuration MultiProvider.swift
[568/2144] Compiling Configuration CLIArgumentParser.swift
[569/2144] Compiling Configuration CLISnapshot.swift
[570/2144] Compiling Configuration CommandLineArgumentsProvider.swift
[571/2144] Compiling Configuration EnvironmentFileParser.swift
[571/2144] Compiling ssl_credential.cc
[573/2144] Compiling Configuration CombineLatestManyStorage.swift
[574/2144] Compiling Configuration AsyncSequences.swift
[575/2144] Compiling Configuration FoundationExtensions.swift
[576/2144] Compiling Configuration Span.swift
[577/2144] Compiling Configuration ConfigBytesFromStringDecoder.swift
[578/2175] Emitting module Configuration
[579/2175] Compiling Configuration MutableInMemoryProvider.swift
[580/2175] Compiling Configuration ConfigProvider+Operators.swift
[581/2175] Compiling Configuration KeyMappingProvider.swift
[582/2175] Compiling Configuration SecretsSpecifier.swift
[583/2175] Compiling Configuration AsyncCombineLatestManySequence.swift
[584/2175] Compiling Configuration CombineLatestManyStateMachine.swift
[585/2175] Compiling Configuration JSONSnapshot.swift
[586/2175] Compiling Configuration PropertyListSnapshot.swift
[587/2175] Compiling Configuration ReloadingFileProvider.swift
[588/2175] Compiling Configuration ReloadingFileProviderMetrics.swift
[589/2175] Compiling Configuration YAMLSnapshot.swift
[590/2175] Compiling Configuration InMemoryProvider.swift
[590/2175] Compiling ssl_cert.cc
[591/2175] Wrapping AST for ExtrasBase64 for debugging
[592/2175] Compiling ssl_cipher.cc
[593/2175] Compiling ssl_buffer.cc
[594/2175] Compiling ssl_asn1.cc
[596/2175] Compiling GoogleWKT WKTFloatValue.swift
[597/2175] Compiling GoogleWKT WKTInt32Value.swift
[598/2175] Compiling GoogleWKT WKTInt64Value.swift
[599/2175] Compiling GoogleWKT WKTRecursive.swift
[600/2179] Compiling GoogleWKT UnknownFields.swift
[601/2179] Compiling GoogleWKT WKTAny.swift
[602/2179] Compiling GoogleWKT WKTAnyError.swift
[603/2179] Compiling GoogleWKT WKTBoolValue.swift
[604/2179] Compiling GoogleWKT WKTBytesValue.swift
[605/2179] Compiling GoogleWKT WKTDoubleValue.swift
[606/2179] Compiling GoogleWKT WKTDuration.swift
[607/2179] Compiling GoogleWKT WKTEmpty.swift
[608/2179] Compiling GoogleWKT WKTFieldMask.swift
[608/2179] Compiling ssl_aead_ctx.cc
[609/2179] Compiling s3_pkt.cc
[611/2179] Compiling GoogleWKT WKTField.swift
[612/2179] Compiling GoogleWKT WKTMethod.swift
[613/2179] Compiling GoogleWKT WKTMixin.swift
[614/2179] Compiling GoogleWKT WKTOption.swift
[615/2179] Compiling GoogleWKT WKTStringValue.swift
[616/2179] Compiling GoogleWKT WKTTimestamp.swift
[617/2179] Compiling GoogleWKT WKTUInt32Value.swift
[618/2179] Compiling GoogleWKT WKTUInt64Value.swift
[619/2179] Compiling GoogleWKT WKTValue.swift
[620/2179] Compiling GoogleWKT WKTApi.swift
[621/2179] Compiling GoogleWKT WKTEnum.swift
[622/2179] Compiling GoogleWKT WKTEnumValue.swift
[622/2179] Compiling s3_both.cc
[624/2179] Compiling GoogleWKT WKTSourceContext.swift
[625/2179] Compiling GoogleWKT WKTSyntax.swift
[626/2179] Compiling GoogleWKT WKTType.swift
[627/2179] Compiling GoogleWKT PackageVersion.swift
[627/2179] Compiling s3_lib.cc
[635/2179] Compiling GoogleWKT AnyPackable.swift
[636/2179] Compiling GoogleWKT DecodeToDefault.swift
[637/2179] Compiling GoogleWKT DiscoveryBase64.swift
[638/2179] Compiling GoogleWKT ProtoJSONDecoder.swift
[639/2179] Compiling GoogleWKT ProtoJSONEncoder.swift
[641/2179] Emitting module GoogleWKT
[648/2181] Compiling handshake_server.cc
[650/2199] Compiling GoogleType Expr.swift
[651/2199] Compiling GoogleType Fraction.swift
[652/2199] Compiling GoogleType Interval.swift
[653/2199] Compiling GoogleType DateTime.swift
[654/2199] Compiling GoogleType DayOfWeek.swift
[655/2199] Compiling GoogleType Decimal.swift
[656/2201] Compiling GoogleType Money.swift
[657/2201] Compiling GoogleType Month.swift
[657/2201] Compiling handoff.cc
[659/2201] Compiling GoogleType LatLng.swift
[660/2201] Compiling GoogleType LocalizedText.swift
[661/2201] Compiling GoogleType PostalAddress.swift
[662/2201] Compiling GoogleType Quaternion.swift
[663/2201] Compiling GoogleType PackageVersion.swift
[664/2201] Compiling GoogleType PhoneNumber.swift
[665/2201] Compiling GoogleType CalendarPeriod.swift
[666/2201] Compiling GoogleType Color.swift
[667/2201] Compiling GoogleType Date.swift
[668/2201] Emitting module GoogleType
[668/2202] Compiling handshake.cc
[669/2216] Compiling handshake_client.cc
[670/2216] Wrapping AST for GoogleWKT for debugging
[671/2216] Wrapping AST for Configuration for debugging
[673/2216] Compiling GoogleType TimeOfDay.swift
[674/2216] Compiling GoogleType TimeZone.swift
[675/2217] Compiling encrypted_client_hello.cc
[676/2217] Wrapping AST for GoogleType for debugging
[678/2217] Emitting module GoogleRpc
[678/2219] Compiling dtls_record.cc
[680/2219] Compiling GoogleRpc Help.swift
[681/2219] Compiling GoogleRpc HttpHeader.swift
[682/2219] Compiling GoogleRpc DebugInfo.swift
[683/2219] Compiling GoogleRpc ErrorInfo.swift
[684/2219] Compiling GoogleRpc BadRequest.swift
[685/2219] Compiling GoogleRpc Code.swift
[685/2219] Compiling dtls_method.cc
[686/2219] Compiling md5-x86_64-linux.S
[687/2219] Compiling extensions.cc
[689/2219] Compiling GoogleRpc RequestInfo.swift
[690/2219] Compiling GoogleRpc ResourceInfo.swift
[691/2219] Compiling GoogleRpc PreconditionFailure.swift
[692/2219] Compiling GoogleRpc QuotaFailure.swift
[693/2219] Compiling GoogleRpc HttpRequest.swift
[694/2219] Compiling GoogleRpc HttpResponse.swift
[695/2219] Compiling GoogleRpc LocalizedMessage.swift
[696/2219] Compiling GoogleRpc PackageVersion.swift
[696/2219] Compiling md5-x86_64-apple.S
[697/2219] Compiling md5-586-linux.S
[698/2219] Compiling md5-586-apple.S
[699/2219] Compiling chacha20_poly1305_x86_64-linux.S
[701/2219] Compiling GoogleRpc RetryInfo.swift
[702/2219] Compiling GoogleRpc Status.swift
[703/2220] Compiling chacha20_poly1305_x86_64-apple.S
[704/2220] Compiling chacha20_poly1305_armv8-win.S
[705/2220] Compiling chacha20_poly1305_armv8-linux.S
[706/2220] Wrapping AST for GoogleRpc for debugging
[707/2220] Compiling chacha20_poly1305_armv8-apple.S
[708/2220] Compiling chacha-x86_64-linux.S
[709/2220] Compiling chacha-x86_64-apple.S
[710/2220] Compiling chacha-x86-linux.S
[711/2220] Compiling chacha-armv8-win.S
[712/2220] Compiling chacha-x86-apple.S
[713/2220] Compiling chacha-armv8-apple.S
[714/2220] Compiling bio_ssl.cc
[715/2220] Compiling chacha-armv8-linux.S
[716/2220] Compiling chacha-armv4-linux.S
[717/2220] Compiling x86_64-mont5-linux.S
[717/2220] Compiling aes128gcmsiv-x86_64-linux.S
[719/2220] Compiling aes128gcmsiv-x86_64-apple.S
[720/2220] Compiling x86_64-mont-linux.S
[721/2220] Compiling x86_64-mont5-apple.S
[722/2220] Compiling x86-mont-apple.S
[723/2220] Compiling x86_64-mont-apple.S
[724/2220] Compiling x86-mont-linux.S
[725/2220] Compiling vpaes-x86_64-linux.S
[726/2220] Compiling vpaes-x86_64-apple.S
[727/2220] Compiling vpaes-x86-linux.S
[728/2220] Compiling vpaes-x86-apple.S
[729/2220] Compiling vpaes-armv8-win.S
[730/2220] Compiling vpaes-armv8-apple.S
[731/2220] Compiling vpaes-armv8-linux.S
[732/2220] Compiling vpaes-armv7-linux.S
[733/2220] Compiling err_data.cc
[734/2220] Compiling d1_pkt.cc
[735/2220] Compiling sha512-x86_64-apple.S
[736/2220] Compiling sha512-x86_64-linux.S
[737/2220] Compiling d1_srtp.cc
[738/2220] Compiling sha512-armv8-win.S
[739/2220] Compiling sha512-armv8-apple.S
[740/2220] Compiling sha512-armv4-linux.S
[741/2220] Compiling sha512-586-linux.S
[742/2220] Compiling sha512-586-apple.S
[743/2220] Compiling sha512-armv8-linux.S
[744/2220] Compiling sha256-x86_64-linux.S
[745/2220] Compiling d1_lib.cc
[746/2220] Compiling sha256-armv8-apple.S
[747/2220] Compiling sha256-x86_64-apple.S
[748/2220] Compiling sha256-armv4-linux.S
[749/2220] Compiling sha256-armv8-win.S
[750/2220] Compiling sha256-armv8-linux.S
[751/2220] Compiling sha256-586-linux.S
[752/2220] Compiling sha256-586-apple.S
[753/2220] Compiling sha1-x86_64-linux.S
[754/2220] Compiling sha1-x86_64-apple.S
[755/2220] Compiling sha1-armv8-apple.S
[756/2220] Compiling sha1-armv8-win.S
[757/2220] Compiling sha1-586-linux.S
[758/2220] Compiling rsaz-avx2-linux.S
[759/2220] Compiling sha1-armv4-large-linux.S
[760/2220] Compiling sha1-armv8-linux.S
[761/2220] Compiling sha1-586-apple.S
[762/2220] Compiling rdrand-x86_64-linux.S
[763/2220] Compiling rdrand-x86_64-apple.S
[764/2220] Compiling p256_beeu-x86_64-asm-apple.S
[765/2220] Compiling p256_beeu-x86_64-asm-linux.S
[766/2220] Compiling rsaz-avx2-apple.S
[767/2220] Compiling p256_beeu-armv8-asm-linux.S
[768/2220] Compiling p256_beeu-armv8-asm-win.S
[769/2220] Compiling p256_beeu-armv8-asm-apple.S
[770/2220] Compiling p256-x86_64-asm-apple.S
[771/2220] Compiling p256-x86_64-asm-linux.S
[772/2220] Compiling p256-armv8-asm-linux.S
[773/2220] Compiling p256-armv8-asm-win.S
[774/2220] Compiling ghashv8-armv8-win.S
[774/2220] Compiling p256-armv8-asm-apple.S
[776/2220] Compiling ghashv8-armv8-linux.S
[777/2220] Compiling ghash-x86_64-linux.S
[778/2220] Compiling ghashv8-armv7-linux.S
[779/2220] Compiling ghash-x86-apple.S
[780/2220] Compiling ghashv8-armv8-apple.S
[781/2220] Compiling ghash-ssse3-x86_64-linux.S
[782/2220] Compiling ghash-x86-linux.S
[783/2220] Compiling ghash-x86_64-apple.S
[784/2220] Compiling ghash-ssse3-x86_64-apple.S
[785/2220] Compiling ghash-ssse3-x86-linux.S
[786/2220] Compiling ghash-neon-armv8-win.S
[787/2220] Compiling ghash-ssse3-x86-apple.S
[788/2220] Compiling ghash-neon-armv8-apple.S
[789/2220] Compiling co-586-apple.S
[789/2220] Compiling ghash-neon-armv8-linux.S
[791/2220] Compiling co-586-linux.S
[792/2220] Compiling ghash-armv4-linux.S
[793/2220] Compiling bsaes-armv7-linux.S
[794/2220] Compiling bn-armv8-win.S
[795/2220] Compiling bn-armv8-linux.S
[796/2220] Compiling bn-armv8-apple.S
[797/2220] Compiling bn-586-linux.S
[798/2220] Compiling bn-586-apple.S
[799/2220] Compiling armv8-mont-win.S
[800/2220] Compiling armv8-mont-linux.S
[801/2220] Compiling armv4-mont-linux.S
[802/2220] Compiling armv8-mont-apple.S
[803/2220] Compiling aesv8-gcm-armv8-win.S
[804/2220] Compiling aesv8-gcm-armv8-linux.S
[805/2220] Compiling aesv8-gcm-armv8-apple.S
[806/2220] Compiling aesv8-armv8-win.S
[807/2220] Compiling aesv8-armv8-apple.S
[807/2220] Compiling aesv8-armv7-linux.S
[809/2220] Compiling aesv8-armv8-linux.S
[810/2220] Compiling aesni-x86_64-linux.S
[810/2220] Compiling aesni-x86-apple.S
[812/2220] Compiling aesni-x86-linux.S
[813/2220] Compiling aesni-x86_64-apple.S
[814/2220] Compiling aes-gcm-avx2-x86_64-linux.S
[815/2220] Compiling aesni-gcm-x86_64-apple.S
[816/2220] Compiling aesni-gcm-x86_64-linux.S
[817/2220] Compiling aes-gcm-avx2-x86_64-apple.S
[818/2220] Compiling aes-gcm-avx10-x86_64-apple.S
[819/2220] Compiling aes-gcm-avx10-x86_64-linux.S
[820/2220] Compiling d1_both.cc
[821/2220] Compiling x_val.cc
[822/2220] Compiling x_pubkey.cc
[823/2220] Compiling x_spki.cc
[824/2220] Compiling x_name.cc
[825/2220] Compiling x_x509.cc
[826/2220] Compiling x_x509a.cc
[827/2220] Compiling x_sig.cc
[828/2220] Compiling x_req.cc
[829/2220] Compiling x_exten.cc
[830/2220] Compiling x509rset.cc
[831/2220] Compiling x_crl.cc
[832/2220] Compiling x_attrib.cc
[833/2220] Compiling x509spki.cc
[834/2220] Compiling x_algor.cc
[835/2220] Compiling x_all.cc
[836/2220] Compiling x509name.cc
[837/2220] Compiling x509_vpm.cc
[838/2220] Compiling x509_v3.cc
[839/2220] Compiling x509_vfy.cc
[840/2220] Compiling x509_set.cc
[841/2220] Compiling x509cset.cc
[842/2220] Compiling x509_txt.cc
[843/2220] Compiling x509_trs.cc
[844/2220] Compiling x509_req.cc
[845/2220] Compiling x509_obj.cc
[846/2220] Compiling x509_ext.cc
[847/2220] Compiling x509_cmp.cc
[848/2220] Compiling x509_lu.cc
[849/2220] Compiling x509_def.cc
[850/2220] Compiling x509_att.cc
[851/2220] Compiling x509_d2.cc
[852/2220] Compiling v3_skey.cc
[853/2220] Compiling v3_utl.cc
[854/2220] Compiling x509.cc
[855/2220] Compiling v3_pcons.cc
[856/2220] Compiling v3_prn.cc
[857/2220] Compiling v3_purp.cc
[858/2220] Compiling v3_ocsp.cc
[859/2220] Compiling v3_pmaps.cc
[860/2220] Compiling v3_ncons.cc
[861/2220] Compiling v3_info.cc
[862/2220] Compiling v3_int.cc
[863/2220] Compiling v3_lib.cc
[864/2220] Compiling v3_extku.cc
[865/2220] Compiling v3_ia5.cc
[866/2220] Compiling v3_genn.cc
[867/2220] Compiling v3_crld.cc
[868/2220] Compiling v3_enum.cc
[869/2220] Compiling v3_cpols.cc
[870/2220] Compiling v3_conf.cc
[871/2220] Compiling v3_bitst.cc
[872/2220] Compiling v3_bcons.cc
[873/2220] Compiling v3_akeya.cc
[874/2220] Compiling t_x509a.cc
[875/2220] Compiling v3_alt.cc
[876/2220] Compiling t_x509.cc
[877/2220] Compiling t_crl.cc
[878/2220] Compiling v3_akey.cc
[879/2220] Compiling policy.cc
[880/2220] Compiling t_req.cc
[881/2220] Compiling i2d_pr.cc
[882/2220] Compiling rsa_pss.cc
[883/2220] Compiling by_file.cc
[884/2220] Compiling name_print.cc
[885/2220] Compiling by_dir.cc
[886/2220] Compiling a_digest.cc
[887/2220] Compiling a_sign.cc
[888/2220] Compiling algorithm.cc
[889/2220] Compiling asn1_gen.cc
[890/2220] Compiling a_verify.cc
[891/2220] Compiling thread_win.cc
[892/2220] Compiling thread_pthread.cc
[893/2220] Compiling voprf.cc
[894/2220] Compiling trust_token.cc
[895/2220] Compiling thread_none.cc
[896/2220] Compiling pmbtoken.cc
[897/2220] Compiling thread.cc
[898/2220] Compiling stack.cc
[899/2220] Compiling slhdsa.cc
[900/2220] Compiling sha512.cc
[901/2220] Compiling sha256.cc
[902/2220] Compiling siphash.cc
[903/2220] Compiling rsa_print.cc
[904/2220] Compiling spake2plus.cc
[905/2220] Compiling sha1.cc
[905/2220] Compiling refcount.cc
[907/2220] Compiling rsa_extra.cc
[908/2220] Compiling rsa_crypt.cc
[909/2220] Compiling rsa_asn1.cc
[910/2220] Compiling rc4.cc
[911/2220] Compiling trusty.cc
[912/2220] Compiling urandom.cc
[913/2220] Compiling windows.cc
[914/2220] Compiling rand.cc
[915/2220] Compiling passive.cc
[916/2220] Compiling getentropy.cc
[917/2220] Compiling poly1305_arm_asm.S
[918/2220] Compiling ios.cc
[919/2220] Compiling forkunsafe.cc
[920/2220] Compiling fork_detect.cc
[921/2220] Compiling poly1305_vec.cc
[922/2220] Compiling deterministic.cc
[923/2220] Compiling poly1305_arm.cc
[924/2220] Compiling poly1305.cc
[925/2220] Compiling pool.cc
[926/2220] Compiling pkcs8.cc
[927/2220] Compiling pkcs7.cc
[928/2220] Compiling pem_x509.cc
[929/2220] Compiling p5_pbev2.cc
[930/2220] Compiling pkcs8_x509.cc
[931/2220] Compiling pkcs7_x509.cc
[932/2220] Compiling pem_xaux.cc
[933/2220] Compiling pem_pk8.cc
[934/2220] Compiling pem_pkey.cc
[935/2220] Compiling mlkem.cc
[936/2220] Compiling obj_xref.cc
[937/2220] Compiling pem_oth.cc
[938/2220] Compiling pem_info.cc
[939/2220] Compiling mldsa.cc
[940/2220] Compiling pem_all.cc
[941/2220] Compiling pem_lib.cc
[942/2220] Compiling poly_rq_mul.S
[943/2220] Compiling mem.cc
[944/2220] Compiling fips_shared_support.cc
[945/2220] Compiling md5.cc
[946/2220] Compiling obj.cc
[947/2220] Compiling md4.cc
[948/2220] Compiling lhash.cc
[949/2220] Compiling ex_data.cc
[950/2220] Compiling sign.cc
[951/2220] Compiling hrss.cc
[952/2220] Compiling scrypt.cc
[953/2220] Compiling hpke.cc
[954/2220] Compiling kyber.cc
[955/2220] Compiling print.cc
[956/2220] Compiling pbkdf.cc
[957/2220] Compiling p_x25519.cc
[958/2220] Compiling p_rsa_asn1.cc
[959/2220] Compiling p_x25519_asn1.cc
[960/2220] Compiling p_hkdf.cc
[961/2220] Compiling p_rsa.cc
[962/2220] Compiling p_ed25519_asn1.cc
[963/2220] Compiling p_ed25519.cc
[964/2220] Compiling p_ec_asn1.cc
[965/2220] Compiling p_ec.cc
[966/2220] Compiling p_dsa_asn1.cc
[967/2220] Compiling p_dh_asn1.cc
[968/2220] Compiling evp_ctx.cc
[969/2220] Compiling p_dh.cc
[970/2220] Compiling evp_asn1.cc
[971/2220] Compiling ecdh.cc
[972/2220] Compiling err.cc
[973/2220] Compiling engine.cc
[974/2220] Compiling evp.cc
[975/2220] Compiling ecdsa_asn1.cc
[976/2220] Compiling bcm.cc
[977/2220] Compiling ec_derive.cc
[978/2220] Compiling hash_to_curve.cc
[979/2220] Compiling dsa.cc
[980/2220] Compiling dsa_asn1.cc
[981/2220] Compiling des.cc
[982/2220] Compiling curve25519_64_adx.cc
[983/2220] Compiling params.cc
[984/2220] Compiling ec_asn1.cc
[985/2220] Compiling x25519-asm-arm.S
[986/2220] Compiling spake25519.cc
[987/2220] Compiling digest_extra.cc
[988/2220] Compiling dh_asn1.cc
[989/2220] Compiling cpu_aarch64_win.cc
[990/2220] Compiling cpu_arm_freebsd.cc
[991/2220] Compiling cpu_intel.cc
[991/2220] Compiling cpu_aarch64_sysreg.cc
[993/2220] Compiling crypto.cc
[994/2220] Compiling cpu_arm_linux.cc
[995/2220] Compiling curve25519.cc
[996/2220] Compiling cpu_aarch64_fuchsia.cc
[997/2220] Compiling cpu_aarch64_linux.cc
[998/2220] Compiling cpu_aarch64_openbsd.cc
[999/2220] Compiling conf.cc
[1000/2220] Compiling cpu_aarch64_apple.cc
[1001/2220] Compiling tls_cbc.cc
[1002/2220] Compiling e_tls.cc
[1003/2220] Compiling get_cipher.cc
[1004/2220] Compiling e_rc4.cc
[1005/2220] Compiling e_rc2.cc
[1006/2220] Compiling e_null.cc
[1007/2220] Compiling e_des.cc
[1008/2220] Compiling derive_key.cc
[1009/2220] Compiling chacha.cc
[1010/2220] Compiling e_chacha20poly1305.cc
[1011/2220] Compiling e_aesgcmsiv.cc
[1012/2220] Compiling e_aesctrhmac.cc
[1013/2220] Compiling cbs.cc
[1014/2220] Compiling asn1_compat.cc
[1015/2220] Compiling ber.cc
[1016/2220] Compiling unicode.cc
[1017/2220] Compiling bn_asn1.cc
[1018/2220] Compiling buf.cc
[1019/2220] Compiling blake2.cc
[1020/2220] Compiling convert.cc
[1021/2220] Compiling cbb.cc
[1022/2220] Compiling socket_helper.cc
[1023/2220] Compiling socket.cc
[1024/2220] Compiling pair.cc
[1025/2220] Compiling errno.cc
[1026/2220] Compiling printf.cc
[1027/2220] Compiling file.cc
[1028/2220] Compiling fd.cc
[1029/2220] Compiling hexdump.cc
[1030/2220] Compiling connect.cc
[1031/2220] Compiling bio_mem.cc
[1032/2220] Compiling bio.cc
[1033/2220] Compiling base64.cc
[1034/2220] Compiling tasn_enc.cc
[1035/2220] Compiling tasn_typ.cc
[1036/2220] Compiling tasn_fre.cc
[1037/2220] Compiling f_int.cc
[1038/2220] Compiling posix_time.cc
[1039/2220] Compiling tasn_utl.cc
[1040/2220] Compiling tasn_dec.cc
[1041/2220] Compiling f_string.cc
[1042/2220] Compiling tasn_new.cc
[1043/2220] Compiling asn_pack.cc
[1044/2220] Compiling asn1_par.cc
[1045/2220] Compiling a_type.cc
[1046/2220] Compiling a_time.cc
[1047/2220] Compiling a_octet.cc
[1048/2220] Compiling a_strnid.cc
[1049/2220] Compiling a_utctm.cc
[1050/2220] Compiling asn1_lib.cc
[1051/2220] Compiling a_object.cc
[1052/2220] Compiling a_strex.cc
[1053/2220] Compiling a_dup.cc
[1054/2220] Compiling a_i2d_fp.cc
[1055/2220] Compiling a_int.cc
[1056/2220] Compiling CGoogleGaxCRC32C CGoogleGaxCRC32C.c
[1057/2220] Compiling a_d2i_fp.cc
[1058/2220] Compiling fiat_p256_adx_sqr.S
[1059/2220] Compiling fiat_p256_adx_mul.S
[1060/2220] Compiling a_mbstr.cc
[1061/2220] Compiling a_gentm.cc
[1062/2220] Compiling fiat_curve25519_adx_square.S
[1063/2220] Compiling fiat_curve25519_adx_mul.S
[1064/2220] Compiling a_bitstr.cc
[1065/2220] Compiling md5-586-linux.S
[1066/2220] Compiling md5-x86_64-linux.S
[1067/2220] Compiling md5-x86_64-apple.S
[1068/2220] Compiling md5-586-apple.S
[1069/2220] Compiling a_bool.cc
[1070/2220] Compiling CCryptoBoringSSLShims shims.c
[1071/2220] Compiling chacha20_poly1305_x86_64-linux.S
[1072/2220] Compiling chacha20_poly1305_x86_64-apple.S
[1073/2220] Compiling chacha20_poly1305_armv8-win.S
[1074/2220] Compiling chacha20_poly1305_armv8-apple.S
[1075/2220] Compiling chacha-x86_64-linux.S
[1075/2220] Compiling chacha-x86_64-apple.S
[1077/2220] Compiling chacha-x86-linux.S
[1078/2220] Compiling chacha-armv8-apple.S
[1079/2220] Compiling chacha-armv8-win.S
[1080/2220] Compiling chacha-x86-apple.S
[1081/2220] Compiling chacha-armv4-linux.S
[1082/2220] Compiling aes128gcmsiv-x86_64-linux.S
[1083/2220] Compiling chacha20_poly1305_armv8-linux.S
[1084/2220] Compiling aes128gcmsiv-x86_64-apple.S
[1085/2220] Compiling x86_64-mont5-linux.S
[1086/2220] Compiling chacha-armv8-linux.S
[1087/2220] Compiling x86_64-mont5-apple.S
[1088/2220] Compiling x86_64-mont-apple.S
[1089/2220] Compiling x86_64-mont-linux.S
[1090/2220] Compiling x86-mont-linux.S
[1091/2220] Compiling vpaes-x86_64-linux.S
[1092/2220] Compiling vpaes-x86_64-apple.S
[1093/2220] Compiling vpaes-x86-linux.S
[1094/2220] Compiling x86-mont-apple.S
[1095/2220] Compiling vpaes-x86-apple.S
[1095/2220] Compiling vpaes-armv8-win.S
[1097/2220] Compiling vpaes-armv8-linux.S
[1098/2220] Compiling vpaes-armv8-apple.S
[1099/2220] Compiling vpaes-armv7-linux.S
[1100/2220] Compiling sha512-x86_64-linux.S
[1101/2220] Compiling sha512-x86_64-apple.S
[1102/2220] Compiling sha512-armv8-win.S
[1103/2220] Compiling sha512-armv8-apple.S
[1104/2220] Compiling sha512-armv8-linux.S
[1105/2220] Compiling sha512-586-apple.S
[1106/2220] Compiling sha512-586-linux.S
[1107/2220] Compiling sha256-x86_64-apple.S
[1108/2220] Compiling sha512-armv4-linux.S
[1109/2220] Compiling sha256-x86_64-linux.S
[1110/2220] Compiling sha256-armv8-win.S
[1111/2220] Compiling sha256-armv8-apple.S
[1112/2220] Compiling sha256-armv4-linux.S
[1113/2220] Compiling sha256-armv8-linux.S
[1114/2220] Compiling sha256-586-apple.S
[1115/2220] Compiling sha256-586-linux.S
[1116/2220] Compiling sha1-x86_64-apple.S
[1117/2220] Compiling sha1-x86_64-linux.S
[1118/2220] Compiling sha1-armv8-win.S
[1119/2220] Compiling sha1-armv8-apple.S
[1120/2220] Compiling sha1-586-linux.S
[1121/2220] Compiling sha1-armv4-large-linux.S
[1122/2220] Compiling sha1-armv8-linux.S
[1123/2220] Compiling sha1-586-apple.S
[1124/2220] Compiling rsaz-avx2-linux.S
[1125/2220] Compiling rsaz-avx2-apple.S
[1126/2220] Compiling rdrand-x86_64-apple.S
[1127/2220] Compiling rdrand-x86_64-linux.S
[1128/2220] Compiling p256_beeu-x86_64-asm-apple.S
[1129/2220] Compiling p256_beeu-armv8-asm-win.S
[1130/2220] Compiling p256_beeu-x86_64-asm-linux.S
[1131/2220] Compiling p256_beeu-armv8-asm-apple.S
[1132/2220] Compiling p256_beeu-armv8-asm-linux.S
[1133/2220] Compiling err_data.cc
[1134/2220] Compiling p256-x86_64-asm-apple.S
[1135/2220] Compiling p256-x86_64-asm-linux.S
[1136/2220] Compiling p256-armv8-asm-win.S
[1137/2220] Compiling p256-armv8-asm-apple.S
[1138/2220] Compiling p256-armv8-asm-linux.S
[1139/2220] Compiling ghashv8-armv8-win.S
[1140/2220] Compiling ghashv8-armv8-apple.S
[1141/2220] Compiling ghashv8-armv8-linux.S
[1142/2220] Compiling ghashv8-armv7-linux.S
[1143/2220] Compiling ghash-x86_64-linux.S
[1144/2220] Compiling ghash-x86_64-apple.S
[1145/2220] Compiling ghash-x86-apple.S
[1146/2220] Compiling ghash-x86-linux.S
[1147/2220] Compiling ghash-ssse3-x86_64-linux.S
[1148/2220] Compiling ghash-ssse3-x86-linux.S
[1149/2220] Compiling ghash-ssse3-x86_64-apple.S
[1150/2220] Compiling ghash-ssse3-x86-apple.S
[1151/2220] Compiling ghash-neon-armv8-win.S
[1152/2220] Compiling ghash-armv4-linux.S
[1153/2220] Compiling ghash-neon-armv8-apple.S
[1153/2220] Compiling ghash-neon-armv8-linux.S
[1155/2220] Compiling co-586-linux.S
[1156/2220] Compiling co-586-apple.S
[1157/2220] Compiling bsaes-armv7-linux.S
[1158/2220] Compiling bn-armv8-linux.S
[1159/2220] Compiling bn-armv8-win.S
[1160/2220] Compiling bn-armv8-apple.S
[1161/2220] Compiling bn-586-linux.S
[1162/2220] Compiling bn-586-apple.S
[1163/2220] Compiling armv8-mont-win.S
[1164/2220] Compiling armv8-mont-apple.S
[1165/2220] Compiling armv4-mont-linux.S
[1166/2220] Compiling aesv8-gcm-armv8-win.S
[1167/2220] Compiling armv8-mont-linux.S
[1168/2220] Compiling aesv8-armv8-win.S
[1169/2220] Compiling aesv8-armv8-linux.S
[1169/2220] Compiling aesv8-gcm-armv8-apple.S
[1171/2220] Compiling aesv8-gcm-armv8-linux.S
[1172/2220] Compiling aesv8-armv8-apple.S
[1173/2220] Compiling aesv8-armv7-linux.S
[1174/2220] Compiling aesni-x86_64-linux.S
[1175/2220] Compiling aesni-x86-apple.S
[1176/2220] Compiling aesni-x86-linux.S
[1177/2220] Compiling aesni-x86_64-apple.S
[1178/2220] Compiling aesni-gcm-x86_64-linux.S
[1179/2220] Compiling aesni-gcm-x86_64-apple.S
[1180/2220] Compiling aes-gcm-avx2-x86_64-linux.S
[1181/2220] Compiling aes-gcm-avx2-x86_64-apple.S
[1182/2220] Compiling aes-gcm-avx512-x86_64-linux.S
[1183/2220] Compiling aes-gcm-avx512-x86_64-apple.S
[1184/2220] Compiling x_spki.cc
[1185/2220] Compiling xwing.cc
[1186/2220] Compiling x_x509a.cc
[1187/2220] Compiling x_req.cc
[1188/2220] Compiling x_sig.cc
[1189/2220] Compiling x_x509.cc
[1190/2220] Compiling c-nioatomics.c
[1191/2220] Compiling x_pubkey.cc
[1192/2220] Compiling c-atomics.c
[1193/2220] Compiling x_name.cc
[1194/2227] Compiling x_attrib.cc
[1196/2227] Compiling NIOConcurrencyHelpers NIOLockedValueBox.swift
[1196/2227] Compiling x_exten.cc
[1197/2227] Compiling x_crl.cc
[1198/2227] Compiling x_all.cc
[1199/2227] Compiling x509rset.cc
[1200/2227] Compiling x_algor.cc
[1202/2227] Compiling NIOConcurrencyHelpers lock.swift
[1203/2227] Compiling NIOConcurrencyHelpers atomics.swift
[1204/2227] Compiling NIOConcurrencyHelpers NIOThreadPoolWorkAvailable.swift
[1205/2227] Compiling NIOConcurrencyHelpers NIOAtomic.swift
[1206/2227] Emitting module NIOConcurrencyHelpers
[1207/2227] Compiling NIOConcurrencyHelpers NIOLock.swift
[1208/2228] Compiling x509spki.cc
[1209/2228] Wrapping AST for NIOConcurrencyHelpers for debugging
[1210/2228] Compiling x509_v3.cc
[1211/2228] Compiling x509name.cc
[1212/2228] Compiling x509cset.cc
[1213/2228] Compiling x509_vpm.cc
[1214/2228] Compiling x509_set.cc
[1215/2228] Compiling x509_txt.cc
[1216/2228] Compiling x509_obj.cc
[1217/2228] Compiling x509_trs.cc
[1218/2228] Compiling x509_vfy.cc
[1219/2228] Compiling x509_lu.cc
[1220/2228] Compiling x509_req.cc
[1221/2228] Compiling x509_def.cc
[1222/2228] Compiling x509_att.cc
[1223/2228] Compiling x509_cmp.cc
[1224/2228] Compiling x509_ext.cc
[1225/2228] Compiling x509_d2.cc
[1226/2228] Compiling x509.cc
[1227/2228] Compiling v3_skey.cc
[1228/2228] Compiling v3_utl.cc
[1229/2228] Compiling v3_prn.cc
[1230/2228] Compiling v3_purp.cc
[1231/2228] Compiling v3_pmaps.cc
[1231/2228] Compiling v3_pcons.cc
[1233/2228] Compiling v3_ncons.cc
[1234/2228] Compiling v3_ocsp.cc
[1235/2228] Compiling v3_genn.cc
[1236/2228] Compiling v3_info.cc
[1237/2228] Compiling v3_lib.cc
[1238/2228] Compiling v3_int.cc
[1239/2228] Compiling v3_enum.cc
[1240/2228] Compiling v3_ia5.cc
[1241/2228] Compiling v3_crld.cc
[1242/2228] Compiling v3_extku.cc
[1243/2228] Compiling v3_cpols.cc
[1244/2228] Compiling v3_conf.cc
[1245/2228] Compiling v3_alt.cc
[1246/2228] Compiling v3_bitst.cc
[1247/2228] Compiling v3_bcons.cc
[1248/2228] Compiling v3_akeya.cc
[1249/2228] Compiling v3_akey.cc
[1250/2228] Compiling t_x509a.cc
[1251/2228] Compiling t_x509.cc
[1252/2228] Compiling i2d_pr.cc
[1253/2228] Compiling t_req.cc
[1254/2228] Compiling t_crl.cc
[1255/2228] Compiling policy.cc
[1256/2228] Compiling rsa_pss.cc
[1257/2228] Compiling name_print.cc
[1258/2228] Compiling by_dir.cc
[1259/2228] Compiling by_file.cc
[1260/2228] Compiling asn1_gen.cc
[1261/2228] Compiling algorithm.cc
[1262/2228] Compiling a_verify.cc
[1263/2228] Compiling a_digest.cc
[1264/2228] Compiling a_sign.cc
[1265/2228] Compiling voprf.cc
[1266/2228] Compiling thread_win.cc
[1267/2228] Compiling trust_token.cc
[1268/2228] Compiling thread_pthread.cc
[1269/2228] Compiling pmbtoken.cc
[1270/2228] Compiling thread_none.cc
[1271/2228] Compiling thread.cc
[1272/2228] Compiling siphash.cc
[1273/2228] Compiling stack.cc
[1274/2228] Compiling sha512.cc
[1275/2228] Compiling sha256.cc
[1276/2228] Compiling slhdsa.cc
[1277/2228] Compiling sha1.cc
[1278/2228] Compiling rsa_print.cc
[1279/2228] Compiling spake2plus.cc
[1280/2228] Compiling rsa_extra.cc
[1281/2228] Compiling rsa_crypt.cc
[1282/2228] Compiling refcount.cc
[1283/2228] Compiling rc4.cc
[1284/2228] Compiling urandom.cc
[1285/2228] Compiling trusty.cc
[1286/2228] Compiling windows.cc
[1287/2228] Compiling rand.cc
[1288/2228] Compiling rsa_asn1.cc
[1289/2228] Compiling passive.cc
[1290/2228] Compiling poly1305_arm_asm.S
[1291/2228] Compiling ios.cc
[1292/2228] Compiling getentropy.cc
[1293/2228] Compiling forkunsafe.cc
[1294/2228] Compiling deterministic.cc
[1295/2228] Compiling fork_detect.cc
[1296/2228] Compiling poly1305_vec.cc
[1297/2228] Compiling poly1305_arm.cc
[1298/2228] Compiling poly1305.cc
[1299/2228] Compiling pool.cc
[1300/2228] Compiling pkcs8_x509.cc
[1301/2228] Compiling p5_pbev2.cc
[1302/2228] Compiling pkcs7_x509.cc
[1303/2228] Compiling pkcs8.cc
[1304/2228] Compiling pkcs7.cc
[1305/2228] Compiling pem_x509.cc
[1306/2228] Compiling pem_xaux.cc
[1307/2228] Compiling pem_pkey.cc
[1308/2228] Compiling obj_xref.cc
[1309/2228] Compiling mlkem.cc
[1310/2228] Compiling pem_pk8.cc
[1311/2228] Compiling pem_info.cc
[1312/2228] Compiling pem_oth.cc
[1313/2228] Compiling pem_lib.cc
[1314/2228] Compiling pem_all.cc
[1315/2228] Compiling obj.cc
[1316/2228] Compiling mldsa.cc
[1317/2228] Compiling poly_rq_mul.S
[1318/2228] Compiling mem.cc
[1319/2228] Compiling fips_shared_support.cc
[1320/2228] Compiling lhash.cc
[1321/2228] Compiling md5.cc
[1322/2228] Compiling md4.cc
[1323/2228] Compiling fuzzer_mode.cc
[1324/2228] Compiling kyber.cc
[1325/2228] Compiling hrss.cc
[1326/2228] Compiling ex_data.cc
[1327/2228] Compiling hpke.cc
[1328/2228] Compiling scrypt.cc
[1329/2228] Compiling sign.cc
[1329/2228] Compiling pbkdf.cc
[1331/2228] Compiling print.cc
[1332/2228] Compiling p_x25519_asn1.cc
[1333/2228] Compiling p_x25519.cc
[1334/2228] Compiling p_rsa_asn1.cc
[1335/2228] Compiling p_rsa.cc
[1336/2228] Compiling p_hkdf.cc
[1337/2228] Compiling p_ed25519_asn1.cc
[1338/2228] Compiling p_ed25519.cc
[1339/2228] Compiling p_ec_asn1.cc
[1340/2228] Compiling p_ec.cc
[1341/2228] Compiling p_dsa_asn1.cc
[1342/2228] Compiling p_dh_asn1.cc
[1343/2228] Compiling p_dh.cc
[1344/2228] Compiling evp_ctx.cc
[1345/2228] Compiling engine.cc
[1346/2228] Compiling evp_asn1.cc
[1347/2228] Compiling err.cc
[1348/2228] Compiling evp.cc
[1349/2228] Compiling ecdsa_p1363.cc
[1350/2228] Compiling ecdh.cc
[1351/2228] Compiling ec_derive.cc
[1352/2228] Compiling ecdsa_asn1.cc
[1353/2228] Compiling hash_to_curve.cc
[1354/2228] Compiling dsa.cc
[1355/2228] Compiling dsa_asn1.cc
[1356/2228] Compiling ec_asn1.cc
[1357/2228] Compiling dh_asn1.cc
[1358/2228] Compiling digest_extra.cc
[1358/2228] Compiling x25519-asm-arm.S
[1360/2228] Compiling params.cc
[1361/2228] Compiling des.cc
[1362/2228] Compiling curve25519_64_adx.cc
[1363/2228] Compiling cpu_arm_linux.cc
[1364/2228] Compiling spake25519.cc
[1365/2228] Compiling curve25519.cc
[1366/2228] Compiling crypto.cc
[1367/2228] Compiling cpu_aarch64_openbsd.cc
[1368/2228] Compiling cpu_intel.cc
[1369/2228] Compiling cpu_aarch64_linux.cc
[1370/2228] Compiling cpu_aarch64_fuchsia.cc
[1371/2228] Compiling cpu_aarch64_apple.cc
[1372/2228] Compiling get_cipher.cc
[1373/2228] Compiling conf.cc
[1374/2228] Compiling tls_cbc.cc
[1375/2228] Compiling cms.cc
[1376/2228] Compiling e_rc4.cc
[1377/2228] Compiling e_tls.cc
[1378/2228] Compiling e_des.cc
[1379/2228] Compiling e_rc2.cc
[1380/2228] Compiling e_chacha20poly1305.cc
[1381/2228] Compiling e_aesgcmsiv.cc
[1382/2228] Compiling e_null.cc
[1383/2228] Compiling e_aesctrhmac.cc
[1384/2228] Compiling unicode.cc
[1385/2228] Compiling chacha.cc
[1386/2228] Compiling e_aeseax.cc
[1387/2228] Compiling cbs.cc
[1388/2228] Compiling derive_key.cc
[1389/2228] Compiling ber.cc
[1390/2228] Compiling buf.cc
[1391/2228] Compiling cbb.cc
[1392/2228] Compiling asn1_compat.cc
[1393/2228] Compiling sqrt.cc
[1394/2228] Compiling exponentiation.cc
[1395/2228] Compiling div.cc
[1396/2228] Compiling convert.cc
[1397/2228] Compiling printf.cc
[1398/2228] Compiling blake2.cc
[1399/2228] Compiling bn_asn1.cc
[1400/2228] Compiling pair.cc
[1401/2228] Compiling hexdump.cc
[1402/2228] Compiling file.cc
[1403/2228] Compiling fd.cc
[1404/2228] Compiling bio_mem.cc
[1405/2228] Compiling errno.cc
[1406/2228] Compiling base64.cc
[1407/2228] Compiling bio.cc
[1408/2228] Compiling tasn_typ.cc
[1409/2228] Compiling tasn_fre.cc
[1410/2228] Compiling tasn_utl.cc
[1411/2228] Compiling tasn_new.cc
[1412/2228] Compiling tasn_enc.cc
[1413/2228] Compiling posix_time.cc
[1414/2228] Compiling f_string.cc
[1415/2228] Compiling asn_pack.cc
[1416/2228] Compiling tasn_dec.cc
[1417/2228] Compiling f_int.cc
[1418/2228] Compiling asn1_par.cc
[1419/2228] Compiling asn1_lib.cc
[1420/2228] Compiling a_utctm.cc
[1421/2228] Compiling a_octet.cc
[1422/2228] Compiling a_type.cc
[1423/2228] Compiling a_time.cc
[1424/2228] Compiling bcm.cc
[1425/2228] Compiling CAsyncHTTPClient CAsyncHTTPClient.c
[1426/2228] Write sources
[1435/2228] Compiling a_strex.cc
[1436/2228] Write sources
[1448/2228] Compiling a_strnid.cc
[1449/2228] Write sources
[1453/2271] Compiling Algorithms EitherSequence.swift
[1454/2271] Compiling Algorithms FirstNonNil.swift
[1454/2273] Compiling a_d2i_fp.cc
[1456/2273] Compiling Algorithms Partition.swift
[1457/2273] Compiling Algorithms Permutations.swift
[1458/2273] Compiling Algorithms Indexed.swift
[1459/2273] Compiling Algorithms Intersperse.swift
[1460/2273] Compiling Algorithms FlattenCollection.swift
[1461/2273] Compiling Algorithms Grouped.swift
[1461/2273] Compiling aes.cc
[1462/2273] Compiling a_mbstr.cc
[1464/2273] Compiling Atomics IntegerOperations.swift
[1465/2273] Compiling Atomics Unmanaged extensions.swift
[1466/2273] Compiling Algorithms AdjacentPairs.swift
[1467/2273] Compiling Algorithms Chain.swift
[1468/2273] Compiling Algorithms Chunked.swift
[1468/2273] Compiling a_object.cc
[1470/2273] Compiling Algorithms Combinations.swift
[1471/2273] Compiling Algorithms Joined.swift
[1472/2273] Compiling Algorithms Keyed.swift
[1472/2273] Compiling a_int.cc
[1474/2281] Compiling Algorithms RandomSample.swift
[1475/2281] Compiling Algorithms Reductions.swift
[1476/2281] Compiling Algorithms Rotate.swift
[1478/2281] Compiling Algorithms Stride.swift
[1479/2281] Compiling Algorithms Suffix.swift
[1480/2284] Compiling Algorithms Compacted.swift
[1481/2284] Compiling Algorithms Cycle.swift
[1489/2284] Compiling Algorithms MinMax.swift
[1494/2284] Compiling Algorithms Trim.swift
[1495/2284] Compiling Algorithms Unique.swift
[1496/2284] Compiling Algorithms Windows.swift
[1497/2284] Compiling CryptoBoringWrapper RandomBytes.swift
[1498/2284] Compiling CryptoBoringWrapper EllipticCurvePoint.swift
[1499/2284] Compiling CryptoBoringWrapper FiniteFieldArithmeticContext.swift
[1500/2284] Compiling CryptoBoringWrapper EllipticCurve.swift
[1501/2284] Compiling CryptoBoringWrapper CryptoKitErrors_boring.swift
[1506/2284] Compiling CryptoBoringWrapper BoringSSLAEAD.swift
[1507/2284] Emitting module CryptoBoringWrapper
[1508/2284] Compiling CryptoBoringWrapper ArbitraryPrecisionInteger.swift
[1509/2285] Wrapping AST for CryptoBoringWrapper for debugging
[1511/2369] Compiling Crypto ASN1.swift
[1512/2369] Compiling Crypto ASN1Any.swift
[1513/2369] Compiling Crypto ASN1BitString.swift
[1514/2369] Emitting module Atomics
[1515/2370] Wrapping AST for Atomics for debugging
[1517/2434] Emitting module Algorithms
[1518/2435] Wrapping AST for Algorithms for debugging
[1520/2435] Compiling NIOCore NIOCoreSendableMetatype.swift
[1521/2435] Compiling NIOCore NIODecodedAsyncSequence.swift
[1522/2435] Compiling NIOCore NIOLoopBound.swift
[1523/2435] Compiling NIOCore NIOPooledRecvBufferAllocator.swift
[1524/2435] Compiling NIOCore NIOScheduledCallback.swift
[1525/2435] Compiling NIOCore NIOSendable.swift
[1526/2435] Compiling NIOCore NIOSplitLinesMessageDecoder.swift
[1527/2435] Compiling NIOCore NIOTransportAccessibleChannelCore.swift
[1528/2435] Compiling NIOCore RecvByteBufferAllocator.swift
[1533/2443] Compiling NIOCore SingleStepByteToMessageDecoder.swift
[1534/2443] Compiling NIOCore SocketAddresses.swift
[1535/2443] Compiling NIOCore SocketOptionProvider.swift
[1536/2443] Compiling NIOCore SystemCallHelpers.swift
[1537/2443] Compiling NIOCore TimeAmount+Duration.swift
[1538/2443] Compiling NIOCore TypeAssistedChannelHandler.swift
[1539/2443] Compiling NIOCore UniversalBootstrapSupport.swift
[1540/2443] Compiling NIOCore Utilities.swift
[1541/2454] Compiling NIOCore AddressedEnvelope.swift
[1542/2454] Compiling NIOCore AsyncAwaitSupport.swift
[1543/2454] Compiling NIOCore AsyncChannel.swift
[1544/2454] Compiling NIOCore AsyncChannelHandler.swift
[1545/2454] Compiling NIOCore AsyncChannelInboundStream.swift
[1546/2454] Compiling NIOCore AsyncChannelOutboundWriter.swift
[1547/2454] Compiling NIOCore NIOAsyncSequenceProducer.swift
[1548/2454] Compiling NIOCore NIOAsyncSequenceProducerStrategies.swift
[1549/2454] Compiling NIOCore NIOAsyncWriter.swift
[1550/2454] Compiling NIOCore NIOThrowingAsyncSequenceProducer.swift
[1551/2454] Compiling NIOCore BSDSocketAPI.swift
[1552/2454] Compiling NIOCore ByteBuffer-aux.swift
[1553/2454] Compiling NIOCore IPProtocol.swift
[1554/2454] Compiling NIOCore IntegerBitPacking.swift
[1555/2454] Compiling NIOCore IntegerTypes.swift
[1556/2454] Compiling NIOCore Interfaces.swift
[1557/2454] Compiling NIOCore Linux.swift
[1558/2454] Compiling NIOCore MarkedCircularBuffer.swift
[1559/2454] Compiling NIOCore MulticastChannel.swift
[1560/2454] Compiling NIOCore NIOAny.swift
[1561/2454] Compiling NIOCore NIOCloseOnErrorHandler.swift
[1562/2454] Compiling NIOCore ChannelInvoker.swift
[1563/2454] Compiling NIOCore ChannelOption.swift
[1564/2454] Compiling NIOCore ChannelPipeline.swift
[1565/2454] Compiling NIOCore EventLoopFuture+Deprecated.swift
[1566/2454] Compiling NIOCore EventLoopFuture+WithEventLoop.swift
[1567/2454] Compiling NIOCore EventLoopFuture.swift
[1568/2454] Compiling NIOCore FileDescriptor.swift
[1569/2454] Compiling NIOCore FileHandle.swift
[1570/2454] Compiling NIOCore FileRegion.swift
[1571/2454] Compiling NIOCore GlobalSingletons.swift
[1572/2454] Compiling NIOCore IO.swift
[1573/2454] Compiling NIOCore IOData.swift
[1574/2454] Compiling NIOCore CircularBuffer.swift
[1575/2454] Compiling NIOCore Codec.swift
[1576/2454] Compiling NIOCore ConvenienceOptionSupport.swift
[1577/2454] Compiling NIOCore DeadChannel.swift
[1578/2454] Compiling NIOCore DispatchQueue+WithFuture.swift
[1579/2454] Compiling NIOCore EventLoop+Deprecated.swift
[1580/2454] Compiling NIOCore EventLoop+SerialExecutor.swift
[1581/2454] Compiling NIOCore EventLoop.swift
[1582/2454] Compiling NIOCore EventLoopFuture+AssumeIsolated.swift
[1585/2454] Compiling Crypto HPKE-LabeledExtract.swift
[1586/2454] Compiling Crypto HPKE-Utils.swift
[1587/2454] Compiling Crypto DHKEM.swift
[1588/2454] Compiling Crypto HPKE-KEM-Curve25519.swift
[1589/2454] Compiling Crypto HPKE-NIST-EC-KEMs.swift
[1590/2454] Compiling Crypto HPKE-KEM.swift
[1591/2454] Compiling Crypto HPKE-Errors.swift
[1592/2454] Compiling Crypto HPKE.swift
[1593/2454] Compiling Crypto HPKE-Context.swift
[1594/2454] Compiling Crypto HPKE-KeySchedule.swift
[1595/2454] Compiling Crypto HPKE-Modes.swift
[1596/2454] Compiling Crypto Insecure.swift
[1597/2454] Compiling Crypto Signature.swift
[1598/2454] Compiling Crypto CryptoKitErrors_boring.swift
[1599/2454] Compiling Crypto Optional+withUnsafeBytes_boring.swift
[1600/2454] Compiling Crypto RNG_boring.swift
[1601/2454] Compiling Crypto SafeCompare_boring.swift
[1602/2454] Compiling Crypto Zeroization_boring.swift
[1603/2454] Compiling Crypto _CryptoModuleAnchor.swift
[1604/2454] Compiling Crypto PrettyBytes.swift
[1605/2454] Compiling Crypto SafeCompare.swift
[1606/2454] Compiling Crypto SecureBytes.swift
[1607/2454] Compiling Crypto Zeroization.swift
[1608/2454] Emitting module Crypto
[1609/2454] Compiling NIOCore ByteBuffer-binaryEncodedLengthPrefix.swift
[1610/2454] Compiling NIOCore ByteBuffer-conversions.swift
[1611/2454] Compiling NIOCore ByteBuffer-core.swift
[1612/2454] Compiling NIOCore ByteBuffer-hex.swift
[1613/2454] Compiling NIOCore ByteBuffer-int.swift
[1614/2454] Compiling NIOCore ByteBuffer-lengthPrefix.swift
[1615/2454] Compiling NIOCore ByteBuffer-multi-int.swift
[1616/2454] Compiling NIOCore ByteBuffer-quicBinaryEncodingStrategy.swift
[1617/2454] Compiling NIOCore ByteBuffer-views.swift
[1618/2454] Compiling NIOCore Channel.swift
[1619/2454] Compiling NIOCore ChannelHandler.swift
[1620/2454] Compiling NIOCore ChannelHandlers.swift
[1650/2455] Wrapping AST for Crypto for debugging
[1661/2517] Compiling CryptoExtras CMAC.swift
[1662/2517] Compiling CryptoExtras ARC+API.swift
[1663/2517] Compiling CryptoExtras ARC.swift
[1664/2517] Compiling CryptoExtras ARCCredential.swift
[1665/2517] Compiling CryptoExtras ARCEncoding.swift
[1666/2517] Compiling CryptoExtras ARCPrecredential.swift
[1667/2517] Compiling CryptoExtras ARCPresentation.swift
[1668/2517] Compiling CryptoExtras ARCRequest.swift
[1669/2517] Compiling CryptoExtras ARCResponse.swift
[1670/2517] Emitting module CryptoExtras
[1671/2525] Compiling CryptoExtras PKCS8DERRepresentation.swift
[1672/2525] Compiling CryptoExtras PKCS8PrivateKey.swift
[1673/2525] Compiling CryptoExtras RFC8410AlgorithmIdentifier.swift
[1674/2525] Compiling CryptoExtras ECToolbox_boring.swift
[1675/2525] Compiling CryptoExtras ECToolbox.swift
[1676/2525] Compiling CryptoExtras HashToField.swift
[1677/2525] Compiling CryptoExtras KDF.swift
[1678/2525] Compiling CryptoExtras PBKDF2_boring.swift
[1679/2525] Compiling CryptoExtras PBKDF2_commoncrypto.swift
[1680/2525] Compiling CryptoExtras ARCServer.swift
[1681/2525] Compiling CryptoExtras ChaCha20CTR_boring.swift
[1682/2525] Compiling CryptoExtras ChaCha20CTR.swift
[1683/2525] Compiling CryptoExtras BoringSSLSHA512256Context.swift
[1684/2525] Compiling CryptoExtras BoringSSLSHA512256HashFunction.swift
[1685/2525] Compiling CryptoExtras SHA512256.swift
[1686/2525] Compiling CryptoExtras SHA512256Digest.swift
[1687/2525] Compiling CryptoExtras Curve25519+PEM.swift
[1688/2525] Compiling CryptoExtras ObjectIdentifier.swift
[1689/2525] Compiling CryptoExtras ThreadOps.swift
[1690/2525] Compiling CryptoExtras ThreadPosix.swift
[1691/2525] Compiling CryptoExtras ThreadSpecific.swift
[1692/2525] Compiling CryptoExtras ThreadWindows.swift
[1693/2525] Compiling CryptoExtras DLEQ.swift
[1694/2525] Compiling CryptoExtras Prover.swift
[1695/2525] Compiling CryptoExtras Verifier.swift
[1696/2525] Compiling CryptoExtras ZKPToolbox.swift
[1697/2525] Compiling CryptoExtras AES_CBC.swift
[1698/2525] Compiling CryptoExtras AES_CFB.swift
[1699/2525] Compiling CryptoExtras AES_CTR.swift
[1700/2525] Compiling CryptoExtras AES_GCM_SIV.swift
[1701/2525] Compiling CryptoExtras Block Function.swift
[1702/2525] Compiling CryptoExtras AES_CBC_boring.swift
[1703/2525] Compiling CryptoExtras AES_CFB_boring.swift
[1704/2525] Compiling CryptoExtras AES_CTR_boring.swift
[1705/2525] Compiling CryptoExtras AES_GCM_SIV_boring.swift
[1715/2525] Compiling CryptoExtras PBKDF2.swift
[1716/2525] Compiling CryptoExtras Scrypt_boring.swift
[1717/2525] Compiling CryptoExtras Scrypt.swift
[1718/2525] Compiling CryptoExtras OPRF.swift
[1719/2525] Compiling CryptoExtras OPRFClient.swift
[1720/2525] Compiling CryptoExtras OPRFServer.swift
[1721/2525] Compiling CryptoExtras VOPRF+API.swift
[1722/2525] Compiling CryptoExtras VOPRFClient.swift
[1723/2525] Compiling CryptoExtras VOPRFServer.swift
[1724/2525] Compiling CryptoExtras Data+Extensions.swift
[1725/2525] Compiling CryptoExtras DigestType.swift
[1726/2525] Compiling CryptoExtras Error.swift
[1727/2525] Compiling CryptoExtras I2OSP.swift
[1728/2525] Compiling CryptoExtras IntegerEncoding.swift
[1729/2525] Compiling CryptoExtras PEMDocument.swift
[1730/2525] Compiling CryptoExtras PrettyBytes.swift
[1731/2525] Compiling CryptoExtras SubjectPublicKeyInfo.swift
[1732/2525] Compiling CryptoExtras BoringSSLPassphraseCallbackManager.swift
[1733/2525] Compiling CryptoExtras RSA+BlindSigning.swift
[1734/2525] Compiling CryptoExtras RSA.swift
[1735/2525] Compiling CryptoExtras RSA_boring.swift
[1736/2525] Compiling CryptoExtras Reexport.swift
[1737/2525] Compiling CryptoExtras Zeroization_boring.swift
[1738/2525] Compiling CryptoExtras BoringSSLHelpers.swift
[1739/2525] Compiling CryptoExtras CryptoKitErrors_boring.swift
[1740/2528] Wrapping AST for CryptoExtras for debugging
[1742/2528] Compiling _CryptoExtras Exports.swift
[1743/2528] Emitting module _CryptoExtras
[1744/2529] Wrapping AST for _CryptoExtras for debugging
[1746/2624] Compiling X509 CertificationRequestInfo.swift
[1747/2624] Compiling X509 ExtensionRequest.swift
[1748/2624] Compiling X509 Certificate.swift
[1749/2624] Compiling X509 CertificatePrivateKey.swift
[1750/2624] Compiling X509 CertificatePublicKey.swift
[1751/2624] Compiling X509 CertificateSerialNumber.swift
[1752/2624] Compiling X509 CertificateVersion.swift
[1753/2624] Compiling X509 CMSAttribute.swift
[1754/2624] Compiling X509 CMSContentInfo.swift
[1755/2624] Compiling X509 Digests.swift
[1756/2624] Compiling X509 DistinguishedName.swift
[1757/2624] Compiling X509 CommonName.swift
[1758/2624] Compiling X509 CountryName.swift
[1759/2624] Compiling X509 DNBuilder.swift
[1760/2624] Compiling X509 CSRAttribute.swift
[1761/2624] Compiling X509 CSRAttributes.swift
[1762/2624] Compiling X509 CSRVersion.swift
[1763/2624] Compiling X509 CertificateSigningRequest.swift
[1764/2624] Emitting module NIOCore
[1765/2632] Wrapping AST for NIOCore for debugging
[1767/2682] Compiling NIOFoundationEssentialsCompat Codable+ByteBuffer.swift
[1768/2682] Emitting module NIOEmbedded
[1769/2682] Compiling NIOFoundationEssentialsCompat ByteBuffer-foundation.swift
[1770/2682] Emitting module NIOFoundationEssentialsCompat
[1771/2683] Compiling NIOEmbedded AsyncTestingChannel.swift
[1772/2683] Wrapping AST for NIOFoundationEssentialsCompat for debugging
[1774/2683] Compiling NIOEmbedded Embedded.swift
[1775/2683] Compiling NIOEmbedded AsyncTestingEventLoop.swift
[1776/2684] Compiling NIOPosix BSDSocketAPICommon.swift
[1777/2684] Compiling NIOPosix BSDSocketAPIPosix.swift
[1778/2684] Compiling NIOPosix BSDSocketAPIWindows.swift
[1779/2684] Compiling NIOPosix BaseSocket.swift
[1780/2684] Compiling NIOPosix BaseSocketChannel+AccessibleTransport.swift
[1781/2684] Compiling NIOPosix BaseSocketChannel+SocketOptionProvider.swift
[1782/2684] Compiling NIOPosix BaseSocketChannel.swift
[1783/2684] Compiling NIOPosix BaseStreamSocketChannel.swift
[1784/2684] Compiling NIOPosix Bootstrap.swift
[1785/2684] Compiling NIOPosix ControlMessage.swift
[1786/2684] Compiling NIOPosix DatagramVectorReadManager.swift
[1787/2684] Compiling NIOPosix Errors+Any.swift
[1788/2684] Compiling NIOPosix FileDescriptor.swift
[1789/2684] Compiling NIOPosix GetaddrinfoResolver.swift
[1790/2684] Compiling NIOPosix HappyEyeballs.swift
[1791/2684] Compiling NIOPosix IO.swift
[1792/2684] Compiling NIOPosix IntegerBitPacking.swift
[1793/2684] Compiling NIOPosix IntegerTypes.swift
[1794/2684] Compiling NIOPosix Linux.swift
[1795/2684] Compiling NIOPosix LinuxCPUSet.swift
[1796/2684] Compiling NIOPosix LinuxUring.swift
[1797/2684] Compiling NIOPosix MultiThreadedEventLoopGroup.swift
[1798/2684] Compiling NIOPosix NIOPosixSendableMetatype.swift
[1799/2684] Compiling NIOPosix NIORandomizedDNSResolver.swift
[1800/2684] Compiling NIOPosix NIOThreadPool.swift
[1801/2684] Compiling NIOPosix NonBlockingFileIO.swift
[1802/2684] Compiling NIOPosix PendingDatagramWritesManager.swift
[1803/2684] Compiling NIOPosix PendingWritesManager.swift
[1805/2697] Compiling X509 OneOfPolicies.swift
[1806/2697] Compiling X509 PolicyBuilder.swift
[1807/2697] Compiling X509 BasicConstraintsPolicy.swift
[1808/2697] Compiling X509 DNSNames.swift
[1809/2697] Compiling X509 ExpiryPolicy.swift
[1810/2697] Compiling X509 IPConstraints.swift
[1811/2697] Compiling X509 NameConstraintsPolicy.swift
[1812/2697] Compiling X509 RFC5280Policy.swift
[1813/2697] Compiling X509 URIConstraints.swift
[1814/2697] Compiling X509 VersionPolicy.swift
[1815/2697] Compiling X509 ServerIdentityPolicy.swift
[1816/2697] Compiling X509 TrustRootLoading.swift
[1817/2697] Compiling X509 UnverifiedChain.swift
[1818/2697] Compiling X509 OCSPExtensionID.swift
[1819/2697] Compiling X509 OCSPNonce.swift
[1820/2697] Compiling X509 OCSPPolicy.swift
[1821/2697] Compiling X509 OCSPRequest.swift
[1822/2697] Compiling X509 OCSPResponse.swift
[1823/2697] Compiling X509 OCSPResponseBytes.swift
[1824/2697] Compiling X509 OCSPResponseData.swift
[1825/2697] Compiling X509 OCSPResponseStatus.swift
[1826/2697] Compiling X509 OCSPSignature.swift
[1827/2697] Compiling X509 OCSPSingleRequest.swift
[1828/2697] Compiling X509 OCSPSingleResponse.swift
[1829/2697] Compiling X509 OCSPTBSRequest.swift
[1830/2697] Compiling X509 OCSPVersion.swift
[1837/2697] Wrapping AST for NIOEmbedded for debugging
[1839/2704] Compiling NIOPosix SelectorWSAPoll.swift
[1840/2704] Compiling NIOPosix ServerSocket.swift
[1841/2704] Compiling NIOPosix Socket.swift
[1842/2704] Compiling NIOPosix SocketChannel.swift
[1843/2704] Compiling NIOPosix SocketProtocols.swift
[1844/2704] Compiling NIOPosix StructuredConcurrencyHelpers.swift
[1845/2704] Compiling NIOPosix System.swift
[1846/2704] Compiling NIOPosix Selectable.swift
[1847/2704] Compiling NIOPosix SelectableChannel.swift
[1848/2704] Compiling NIOPosix SelectableEventLoop.swift
[1849/2704] Compiling NIOPosix SelectorEpoll.swift
[1850/2704] Compiling NIOPosix SelectorGeneric.swift
[1851/2704] Compiling NIOPosix SelectorKqueue.swift
[1852/2704] Compiling NIOPosix SelectorUring.swift
[1853/2704] Compiling NIOPosix PipeChannel.swift
[1854/2704] Compiling NIOPosix PipePair.swift
[1855/2704] Compiling NIOPosix Pool.swift
[1856/2704] Compiling NIOPosix PosixSingletons+ConcurrencyTakeOver.swift
[1857/2704] Compiling NIOPosix PosixSingletons.swift
[1858/2704] Compiling NIOPosix RawSocketBootstrap.swift
[1859/2704] Compiling NIOPosix Resolver.swift
[1860/2704] Compiling NIOPosix Thread.swift
[1861/2704] Compiling NIOPosix ThreadPosix.swift
[1862/2704] Compiling NIOPosix ThreadWindows.swift
[1863/2704] Compiling NIOPosix Utilities.swift
[1864/2704] Compiling NIOPosix VsockAddress.swift
[1865/2704] Compiling NIOPosix VsockChannelEvents.swift
[1866/2704] Compiling NIOPosix Windows.swift
[1867/2704] Compiling X509 LocalityName.swift
[1868/2704] Compiling X509 OrganizationName.swift
[1869/2704] Compiling X509 OrganizationalUnitName.swift
[1870/2704] Compiling X509 StateOrProvinceName.swift
[1871/2704] Compiling X509 StreetAddress.swift
[1872/2704] Compiling X509 Error.swift
[1873/2704] Compiling X509 AuthorityInformationAccess.swift
[1874/2704] Compiling X509 AuthorityKeyIdentifier.swift
[1875/2704] Compiling X509 BasicConstraints.swift
[1876/2704] Compiling X509 ExtendedKeyUsage.swift
[1877/2704] Compiling X509 ExtensionIdentifiers.swift
[1878/2704] Compiling X509 KeyUsage.swift
[1886/2704] Emitting module NIOPosix
[1887/2704] Emitting module X509
[1930/2705] Wrapping AST for NIOPosix for debugging
[1932/2707] Compiling NIO Exports.swift
[1933/2707] Emitting module NIO
[1934/2707] Compiling X509 ValidatedCertificateChain.swift
[1935/2707] Compiling X509 VerificationDiagnostic.swift
[1936/2707] Compiling X509 Verifier.swift
[1937/2707] Compiling X509 VerifierPolicy.swift
[1938/2707] Compiling X509 AlgorithmIdentifier.swift
[1939/2707] Compiling X509 ECDSASignature.swift
[1940/2707] Compiling X509 RSAPKCS1PublicKey.swift
[1941/2707] Compiling X509 SubjectPublicKeyInfo.swift
[1942/2707] Compiling X509 TBSCertificate.swift
[1943/2707] Compiling X509 Time.swift
[1944/2707] Compiling X509 TimeCalculations.swift
[1945/2707] Compiling X509 Validity.swift
[1946/2707] Compiling X509 X509SendableMetatype.swift
[1948/2727] Wrapping AST for NIO for debugging
[1949/2742] Wrapping AST for X509 for debugging
[1951/2815] Compiling NIOFoundationCompat JSONSerialization+ByteBuffer.swift
[1952/2815] Compiling NIOFoundationCompat Exports.swift
[1953/2815] Compiling NIOFoundationCompat WaitSpinningRunLoop.swift
[1954/2815] Emitting module NIOFoundationCompat
[1955/2816] Compiling NIOSOCKS SOCKSResponse.swift
[1957/2817] Compiling NIOTLS NIOTypedApplicationProtocolNegotiationHandler.swift
[1958/2817] Compiling NIOTLS ApplicationProtocolNegotiationHandler.swift
[1959/2817] Emitting module NIOTLS
[1960/2817] Compiling NIOSOCKS SelectedAuthenticationMethod.swift
[1961/2817] Compiling NIOSOCKS ClientStateMachine.swift
[1962/2817] Compiling NIOSOCKS ServerStateMachine.swift
[1962/2817] Wrapping AST for NIOFoundationCompat for debugging
[1964/2817] Emitting module NIOSOCKS
[1965/2817] Compiling JWTKit IssuerClaim.swift
[1966/2817] Compiling JWTKit JWTClaim.swift
[1967/2817] Compiling JWTKit IDClaim.swift
[1968/2817] Compiling JWTKit IssuedAtClaim.swift
[1969/2817] Compiling JWTKit AudienceClaim.swift
[1970/2817] Compiling JWTKit BoolClaim.swift
[1971/2817] Compiling JWTKit ExpirationClaim.swift
[1972/2817] Compiling JWTKit GoogleHostedDomainClaim.swift
[1973/2818] Wrapping AST for NIOSOCKS for debugging
[1975/2818] Compiling NIOTLS ProtocolNegotiationHandlerStateMachine.swift
[1976/2818] Compiling NIOTLS SNIHandler.swift
[1977/2818] Compiling NIOTLS TLSEvents.swift
[1978/2819] Wrapping AST for NIOTLS for debugging
[1980/2839] Compiling NIOSSL NIOSSLClientHandler.swift
[1981/2839] Compiling NIOSSL NIOSSLHandler+Configuration.swift
[1982/2844] Compiling NIOSSL FreeBSDCABundle.swift
[1983/2844] Compiling NIOSSL IdentityVerification.swift
[1984/2844] Compiling NIOSSL LinuxCABundle.swift
[1985/2851] Emitting module NIOHTTP1
[1986/2851] Compiling NIOSSL SSLCertificateExtensions.swift
[1987/2851] Compiling NIOSSL SSLCertificateName.swift
[1988/2851] Compiling NIOSSL SSLCallbacks.swift
[1989/2851] Compiling NIOSSL SSLCertificate.swift
[1990/2851] Compiling JWTKit JWTSerializer.swift
[1991/2851] Compiling JWTKit JWTSigner.swift
[1992/2851] Compiling JWTKit JWTKeyCollection+MLDSA.swift
[1993/2851] Compiling JWTKit MLDSA.swift
[1994/2851] Compiling JWTKit MLDSA65+MLDSAKey.swift
[1995/2851] Compiling JWTKit MLDSA87+MLDSAKey.swift
[1996/2851] Compiling JWTKit MLDSAError.swift
[1997/2851] Compiling JWTKit MLDSAKey.swift
[1998/2851] Compiling JWTKit MLDSASigner.swift
[1999/2851] Compiling JWTKit MLDSAType.swift
[2000/2851] Compiling JWTKit JWTKeyCollection+UnsecuredNone.swift
[2001/2851] Compiling JWTKit UnsecuredNoneSigner.swift
[2002/2851] Compiling JWTKit JWTKeyCollection+RSA.swift
[2003/2851] Compiling JWTKit RSA.swift
[2004/2851] Compiling JWTKit RSAError.swift
[2005/2851] Compiling JWTKit RSASigner.swift
[2006/2851] Compiling JWTKit Base64URL.swift
[2007/2851] Compiling JWTKit CryptoSigner.swift
[2008/2860] Compiling NIOSSL AndroidCABundle.swift
[2009/2860] Compiling NIOSSL ByteBufferBIO.swift
[2010/2860] Compiling NIOSSL CustomPrivateKey.swift
[2016/2860] Compiling NIOSSL NIOSSLHandler.swift
[2017/2860] Compiling NIOSSL NIOSSLServerHandler.swift
[2018/2860] Compiling NIOSSL ObjectIdentifier.swift
[2019/2860] Compiling NIOSSL PosixPort.swift
[2024/2860] Compiling NIOHTTP1 NIOTypedHTTPServerUpgradeHandler.swift
[2025/2860] Compiling NIOHTTP1 NIOTypedHTTPServerUpgraderStateMachine.swift
[2026/2860] Compiling NIOSSL SSLErrors.swift
[2027/2860] Compiling NIOSSL SSLInit.swift
[2028/2860] Compiling NIOSSL SSLPKCS12Bundle.swift
[2029/2860] Compiling NIOSSL SubjectAlternativeName.swift
[2030/2860] Compiling NIOSSL NIOSSLSecureBytes.swift
[2031/2860] Compiling NIOSSL RNG.swift
[2032/2860] Compiling NIOSSL SafeCompare.swift
[2033/2860] Compiling NIOSSL SSLPrivateKey.swift
[2034/2860] Compiling NIOSSL SSLPublicKey.swift
[2035/2860] Compiling NIOSSL SecurityFrameworkCertificateVerification.swift
[2036/2860] Compiling NIOSSL String+unsafeUninitializedCapacity.swift
[2037/2860] Compiling JWTKit ECDSASigningAlgorithm.swift
[2038/2860] Compiling JWTKit JWTKeyCollection+ECDSA.swift
[2039/2860] Compiling JWTKit P256+CurveType.swift
[2040/2860] Compiling JWTKit P384+CurveType.swift
[2041/2860] Compiling JWTKit P521+CurveType.swift
[2042/2860] Compiling JWTKit EdDSA.swift
[2043/2860] Compiling JWTKit EdDSACurve.swift
[2044/2860] Compiling JWTKit EdDSAError.swift
[2045/2860] Compiling JWTKit EdDSASigner.swift
[2046/2860] Compiling JWTKit JWTKeyCollection+EdDSA.swift
[2047/2860] Emitting module JWTKit
[2048/2860] Compiling JWTKit JWTAlgorithm.swift
[2049/2860] Compiling JWTKit JWTError.swift
[2050/2860] Compiling JWTKit JWTHeader+CommonFields.swift
[2051/2860] Compiling JWTKit JWTHeader.swift
[2052/2860] Compiling JWTKit JWTHeaderField.swift
[2053/2860] Compiling JWTKit JWTKeyCollection.swift
[2054/2860] Compiling JWTKit JWTParser+MandatoryVerificationFields.swift
[2055/2860] Compiling JWTKit JWTParser.swift
[2056/2860] Compiling JWTKit JWTPayload.swift
[2075/2865] Emitting module NIOSSL
[2084/2876] Wrapping AST for NIOHTTP1 for debugging
[2086/2882] Emitting module NIOHTTPCompression
[2087/2882] Compiling JWTKit CustomizedJSONCoders.swift
[2088/2882] Compiling JWTKit Utilities.swift
[2089/2882] Compiling JWTKit AppleIdentityToken.swift
[2090/2882] Compiling JWTKit FirebaseAuthIdentityToken.swift
[2091/2882] Compiling JWTKit GoogleIdentityToken.swift
[2092/2882] Compiling JWTKit MicrosoftIdentityToken.swift
[2093/2882] Compiling JWTKit EmptyPolicy.swift
[2094/2882] Compiling JWTKit ValidationTimePayload.swift
[2095/2882] Compiling JWTKit X5CVerifier.swift
[2096/2882] Compiling NIOHPACK IndexedHeaderTable.swift
[2097/2884] Compiling NIOHPACK IntegerCoding.swift
[2111/2884] Compiling NIOHTTPCompression HTTPRequestCompressor.swift
[2112/2884] Compiling NIOHTTPCompression HTTPCompression.swift
[2112/2884] Wrapping AST for JWTKit for debugging
[2114/2884] Compiling NIOHTTPCompression HTTPResponseCompressor.swift
[2115/2884] Compiling NIOHTTPCompression HTTPDecompressor.swift
[2116/2884] Compiling NIOHPACK StaticHeaderTable.swift
[2117/2884] Compiling NIOHTTPCompression HTTPDecompression.swift
[2118/2884] Compiling NIOHPACK HuffmanCoding.swift
[2119/2884] Compiling NIOHPACK HuffmanTables.swift
[2120/2885] Wrapping AST for NIOHTTPCompression for debugging
[2122/2885] Compiling NIOHPACK DynamicHeaderTable.swift
[2123/2885] Compiling NIOHPACK HPACKDecoder.swift
[2124/2885] Emitting module NIOHPACK
[2125/2885] Compiling NIOHPACK HPACKHeader.swift
[2126/2885] Compiling NIOHPACK HeaderTables.swift
[2127/2885] Compiling NIOHPACK HPACKEncoder.swift
[2128/2885] Compiling NIOHPACK HPACKErrors.swift
[2129/2886] Compiling NIOSSL Zeroization.swift
[2130/2886] Compiling NIOSSL TLSConfiguration.swift
[2131/2886] Compiling NIOSSL UniversalBootstrapSupport.swift
[2132/2886] Compiling NIOSSL UnsafeKeyAndChainTarget.swift
[2134/2887] Wrapping AST for NIOHPACK for debugging
[2135/2888] Wrapping AST for NIOSSL for debugging
[2137/2950] Compiling NIOHTTP2 HasFlowControlWindows.swift
[2138/2950] Compiling NIOHTTP2 HasLocalSettings.swift
[2139/2950] Compiling NIOHTTP2 HasRemoteSettings.swift
[2140/2950] Compiling NIOHTTP2 LocallyQuiescingState.swift
[2141/2950] Compiling NIOHTTP2 QuiescingState.swift
[2142/2950] Compiling NIOHTTP2 RemotelyQuiescingState.swift
[2143/2950] Compiling NIOHTTP2 SendAndReceiveGoawayState.swift
[2144/2950] Compiling NIOHTTP2 StateMachineResult.swift
[2145/2950] Compiling NIOHTTP2 ContentLengthVerifier.swift
[2146/2958] Compiling NIOHTTP2 DOSHeuristics.swift
[2147/2958] Compiling NIOHTTP2 Error+Any.swift
[2148/2958] Compiling NIOHTTP2 ConcurrentStreamBuffer.swift
[2149/2958] Compiling NIOHTTP2 ControlFrameBuffer.swift
[2150/2958] Compiling NIOHTTP2 OutboundFlowControlBuffer.swift
[2151/2958] Compiling NIOHTTP2 OutboundFrameBuffer.swift
[2152/2958] Compiling NIOHTTP2 GlitchesMonitor.swift
[2153/2958] Compiling NIOHTTP2 HPACKHeaders+Validation.swift
[2154/2958] Compiling NIOHTTP2 HTTP2ChannelHandler+InboundStreamMultiplexer.swift
[2155/2958] Emitting module NIOHTTP2
[2156/2958] Compiling NIOHTTP2 HTTP2StreamMultiplexer.swift
[2157/2958] Compiling NIOHTTP2 HTTP2ToHTTP1Codec.swift
[2158/2958] Compiling NIOHTTP2 HTTP2UserEvents.swift
[2159/2958] Compiling NIOHTTP2 InboundEventBuffer.swift
[2160/2958] Compiling NIOHTTP2 InboundWindowManager.swift
[2161/2958] Compiling NIOHTTP2 MultiplexerAbstractChannel.swift
[2162/2958] Compiling NIOHTTP2 NIOHTTP2FrameDelegate.swift
[2163/2958] Compiling NIOHTTP2 NIOHTTP2ServerConnectionManagementHandler+StateMachine.swift
[2164/2958] Compiling NIOHTTP2 NIOHTTP2ServerConnectionManagementHandler.swift
[2165/2958] Compiling NIOHTTP2 StreamChannelFlowController.swift
[2166/2958] Compiling NIOHTTP2 StreamChannelList.swift
[2167/2958] Compiling NIOHTTP2 StreamMap.swift
[2168/2958] Compiling NIOHTTP2 StreamStateMachine.swift
[2169/2958] Compiling NIOHTTP2 Timer.swift
[2170/2958] Compiling NIOHTTP2 UnsafeTransfer.swift
[2171/2958] Compiling NIOHTTP2 WatermarkedFlowController.swift
[2172/2958] Compiling NIOHTTP2 MaySendFrames.swift
[2173/2958] Compiling NIOHTTP2 SendingDataState.swift
[2174/2958] Compiling NIOHTTP2 SendingGoawayState.swift
[2175/2958] Compiling NIOHTTP2 SendingHeadersState.swift
[2176/2958] Compiling NIOHTTP2 SendingPushPromiseState.swift
[2177/2958] Compiling NIOHTTP2 SendingRstStreamState.swift
[2178/2958] Compiling NIOHTTP2 SendingWindowUpdateState.swift
[2179/2958] Compiling NIOHTTP2 HTTP2SettingsState.swift
[2180/2958] Compiling NIOHTTP2 HasExtendedConnectSettings.swift
[2181/2958] Compiling NIOHTTP2 HTTP2FrameParser.swift
[2182/2958] Compiling NIOHTTP2 HTTP2PingData.swift
[2183/2958] Compiling NIOHTTP2 HTTP2PipelineHelpers.swift
[2184/2958] Compiling NIOHTTP2 HTTP2Settings.swift
[2185/2958] Compiling NIOHTTP2 HTTP2Stream.swift
[2186/2958] Compiling NIOHTTP2 HTTP2StreamChannel+OutboundStreamMultiplexer.swift
[2187/2958] Compiling NIOHTTP2 HTTP2StreamChannel.swift
[2188/2958] Compiling NIOHTTP2 HTTP2StreamDelegate.swift
[2189/2958] Compiling NIOHTTP2 HTTP2StreamID.swift
[2190/2958] Compiling NIOHTTP2 ConnectionStateMachine.swift
[2191/2958] Compiling NIOHTTP2 ConnectionStreamsState.swift
[2192/2958] Compiling NIOHTTP2 MayReceiveFrames.swift
[2193/2958] Compiling NIOHTTP2 ReceivingDataState.swift
[2194/2958] Compiling NIOHTTP2 ReceivingGoAwayState.swift
[2195/2958] Compiling NIOHTTP2 ReceivingHeadersState.swift
[2196/2958] Compiling NIOHTTP2 ReceivingPushPromiseState.swift
[2197/2958] Compiling NIOHTTP2 ReceivingRstStreamState.swift
[2198/2958] Compiling NIOHTTP2 ReceivingWindowUpdateState.swift
[2199/2958] Compiling NIOHTTP2 HTTP2ChannelHandler+InlineStreamMultiplexer.swift
[2200/2958] Compiling NIOHTTP2 HTTP2ChannelHandler.swift
[2201/2958] Compiling NIOHTTP2 HTTP2CommonInboundStreamMultiplexer.swift
[2202/2958] Compiling NIOHTTP2 HTTP2ConnectionStateChange.swift
[2203/2958] Compiling NIOHTTP2 HTTP2Error.swift
[2204/2958] Compiling NIOHTTP2 HTTP2ErrorCode.swift
[2205/2958] Compiling NIOHTTP2 HTTP2FlowControlWindow.swift
[2206/2958] Compiling NIOHTTP2 HTTP2Frame.swift
[2207/2958] Compiling NIOHTTP2 HTTP2FrameEncoder.swift
[2208/2959] Wrapping AST for NIOHTTP2 for debugging
[2210/3023] Compiling AsyncHTTPClient AnyAsyncSequence.swift
[2211/3023] Compiling AsyncHTTPClient AnyAsyncSequenceProucerDelete.swift
[2212/3023] Compiling AsyncHTTPClient AsyncLazySequence.swift
[2213/3023] Compiling AsyncHTTPClient HTTPClient+execute.swift
[2214/3023] Compiling AsyncHTTPClient HTTPClient+shutdown.swift
[2215/3023] Compiling AsyncHTTPClient HTTPClient+tracing.swift
[2216/3023] Compiling AsyncHTTPClient HTTPClientRequest+Prepared.swift
[2217/3023] Compiling AsyncHTTPClient HTTPClientRequest+auth.swift
[2218/3023] Compiling AsyncHTTPClient HTTPClientRequest.swift
[2219/3023] Compiling AsyncHTTPClient LRUCache.swift
[2220/3023] Compiling AsyncHTTPClient NIOLoopBound+Execute.swift
[2221/3023] Compiling AsyncHTTPClient NWErrorHandler.swift
[2222/3023] Compiling AsyncHTTPClient NWWaitingHandler.swift
[2223/3023] Compiling AsyncHTTPClient TLSConfiguration.swift
[2224/3023] Compiling AsyncHTTPClient RedirectState.swift
[2225/3023] Compiling AsyncHTTPClient RequestBag+StateMachine.swift
[2226/3023] Compiling AsyncHTTPClient RequestBag+Tracing.swift
[2227/3023] Compiling AsyncHTTPClient RequestBag.swift
[2228/3023] Compiling AsyncHTTPClient HTTP1ProxyConnectHandler.swift
[2229/3023] Compiling AsyncHTTPClient SOCKSEventsHandler.swift
[2230/3023] Compiling AsyncHTTPClient TLSEventsHandler.swift
[2231/3023] Compiling AsyncHTTPClient HTTP1ClientChannelHandler.swift
[2232/3023] Compiling AsyncHTTPClient HTTP1Connection.swift
[2233/3023] Compiling AsyncHTTPClient HTTP1ConnectionStateMachine.swift
[2234/3023] Compiling AsyncHTTPClient HTTP2ClientRequestHandler.swift
[2235/3023] Compiling AsyncHTTPClient HTTP2Connection.swift
[2236/3023] Compiling AsyncHTTPClient HTTP2IdleHandler.swift
[2237/3031] Compiling AsyncHTTPClient RequestValidation.swift
[2238/3031] Compiling AsyncHTTPClient SSLContextCache.swift
[2239/3031] Compiling AsyncHTTPClient Scheme.swift
[2240/3031] Compiling AsyncHTTPClient Singleton.swift
[2241/3031] Compiling AsyncHTTPClient StringConvertibleInstances.swift
[2242/3031] Compiling AsyncHTTPClient StructuredConcurrencyHelpers.swift
[2243/3031] Compiling AsyncHTTPClient TracingSupport.swift
[2244/3031] Compiling AsyncHTTPClient Utils.swift
[2245/3031] Compiling AsyncHTTPClient HTTPConnectionEvent.swift
[2246/3031] Compiling AsyncHTTPClient HTTPConnectionPool+Factory.swift
[2247/3031] Compiling AsyncHTTPClient HTTPConnectionPool+Manager.swift
[2248/3031] Compiling AsyncHTTPClient HTTPConnectionPool.swift
[2249/3031] Compiling AsyncHTTPClient HTTPExecutableRequest.swift
[2250/3031] Compiling AsyncHTTPClient HTTPRequestStateMachine+Demand.swift
[2251/3031] Compiling AsyncHTTPClient HTTPRequestStateMachine.swift
[2252/3031] Compiling AsyncHTTPClient RequestBodyLength.swift
[2253/3031] Compiling AsyncHTTPClient RequestFramingMetadata.swift
[2254/3031] Compiling AsyncHTTPClient HTTPClientResponse.swift
[2255/3031] Compiling AsyncHTTPClient SingleIteratorPrecondition.swift
[2256/3031] Compiling AsyncHTTPClient Transaction+StateMachine.swift
[2257/3031] Compiling AsyncHTTPClient Transaction.swift
[2258/3031] Compiling AsyncHTTPClient Base64.swift
[2259/3031] Compiling AsyncHTTPClient BasicAuth.swift
[2260/3031] Compiling AsyncHTTPClient BestEffortHashableTLSConfiguration.swift
[2261/3031] Compiling AsyncHTTPClient Configuration+BrowserLike.swift
[2262/3031] Compiling AsyncHTTPClient ConnectionPool.swift
[2263/3031] Emitting module AsyncHTTPClient
[2264/3031] Compiling AsyncHTTPClient DeconstructedURL.swift
[2265/3031] Compiling AsyncHTTPClient FileDownloadDelegate.swift
[2266/3031] Compiling AsyncHTTPClient FoundationExtensions.swift
[2267/3031] Compiling AsyncHTTPClient HTTPClient+HTTPCookie.swift
[2268/3031] Compiling AsyncHTTPClient HTTPClient+Proxy.swift
[2269/3031] Compiling AsyncHTTPClient HTTPClient+StructuredConcurrency.swift
[2270/3031] Compiling AsyncHTTPClient HTTPClient.swift
[2271/3031] Compiling AsyncHTTPClient HTTPClientConfiguration+SwiftConfiguration.swift
[2272/3031] Compiling AsyncHTTPClient HTTPHandler.swift
[2273/3031] Compiling AsyncHTTPClient RequestOptions.swift
[2274/3031] Compiling AsyncHTTPClient HTTPConnectionPool+Backoff.swift
[2275/3031] Compiling AsyncHTTPClient HTTPConnectionPool+HTTP1Connections.swift
[2276/3031] Compiling AsyncHTTPClient HTTPConnectionPool+HTTP1StateMachine.swift
[2277/3031] Compiling AsyncHTTPClient HTTPConnectionPool+HTTP2Connections.swift
[2278/3031] Compiling AsyncHTTPClient HTTPConnectionPool+HTTP2StateMachine.swift
[2279/3031] Compiling AsyncHTTPClient HTTPConnectionPool+RequestQueue.swift
[2280/3031] Compiling AsyncHTTPClient HTTPConnectionPool+StateMachine.swift
[2281/3031] Compiling AsyncHTTPClient ConnectionTarget.swift
[2282/3032] Wrapping AST for AsyncHTTPClient for debugging
[2284/3055] Emitting module GoogleAuth
[2285/3055] Compiling GoogleAuth CredentialParserRegistry.swift
[2286/3055] Compiling GoogleAuth Credentials.swift
[2287/3055] Compiling GoogleAuth CredentialsError.swift
[2288/3058] Compiling GoogleAuth AnonymousCredentials.swift
[2289/3058] Compiling GoogleAuth ApiKeyCredentials.swift
[2290/3058] Compiling GoogleAuth ExternalAccountCredentials.swift
[2291/3058] Compiling GoogleAuth AuthHTTPClient.swift
[2292/3058] Compiling GoogleAuth AuthHTTPError.swift
[2293/3058] Compiling GoogleAuth RetryEngine.swift
[2294/3058] Compiling GoogleAuth ADC.swift
[2295/3058] Compiling GoogleAuth ADCPath.swift
[2296/3058] Compiling GoogleAuth ADCResolver.swift
[2297/3058] Compiling GoogleAuth AuthHeaders.swift
[2298/3058] Compiling GoogleAuth SubjectTokenProvider.swift
[2299/3058] Compiling GoogleAuth MDSAccessTokenProvider.swift
[2300/3058] Compiling GoogleAuth MDSCredentials.swift
[2301/3058] Compiling GoogleAuth ServiceAccountCredentials.swift
[2302/3058] Compiling GoogleAuth ServiceAccountData.swift
[2303/3058] Compiling GoogleAuth ServiceAccountTokenProvider.swift
[2304/3058] Compiling GoogleAuth UserAccountData.swift
[2305/3058] Compiling GoogleAuth UserAccountTokenProvider.swift
[2306/3058] Compiling GoogleAuth UserCredentials.swift
[2307/3058] Compiling GoogleAuth STSHandler.swift
[2308/3058] Compiling GoogleAuth TokenCache.swift
[2309/3058] Compiling GoogleAuth PackageVersion.swift
[2310/3059] Wrapping AST for GoogleAuth for debugging
[2312/3117] Emitting module GoogleGax
[2313/3125] Compiling GoogleGax Pagination.swift
/host/spi-builder-workspace/.build/checkouts/swift-google-gax/Sources/GoogleGax/Pagination.swift:44:22: error: cannot convert '@Sendable (String) async throws -> (response: ResponseType, items: [Item], nextToken: String)' to 'nonisolated(nonsending) @Sendable (String) async throws -> (response: ResponseType, items: [Item], nextToken: String)' because crossing of an isolation boundary requires parameter and result types to conform to 'Sendable' protocol
 42 |   ) where ResponseType: _PaginatedResponse<Item> {
 43 |     self.initialPageToken = initialPageToken ?? ""
 44 |     self.fetchPage = { token in
    |                      |- error: cannot convert '@Sendable (String) async throws -> (response: ResponseType, items: [Item], nextToken: String)' to 'nonisolated(nonsending) @Sendable (String) async throws -> (response: ResponseType, items: [Item], nextToken: String)' because crossing of an isolation boundary requires parameter and result types to conform to 'Sendable' protocol
    |                      `- note: type 'Item' does not conform to 'Sendable' protocol
 45 |       let response = try await listRpc(token)
 46 |       return (response, response._getPaginatedItems(), response._nextPageToken())
[2314/3125] Compiling GoogleGax PollingBackoffPolicy.swift
/host/spi-builder-workspace/.build/checkouts/swift-google-gax/Sources/GoogleGax/Pagination.swift:44:22: error: cannot convert '@Sendable (String) async throws -> (response: ResponseType, items: [Item], nextToken: String)' to 'nonisolated(nonsending) @Sendable (String) async throws -> (response: ResponseType, items: [Item], nextToken: String)' because crossing of an isolation boundary requires parameter and result types to conform to 'Sendable' protocol
 42 |   ) where ResponseType: _PaginatedResponse<Item> {
 43 |     self.initialPageToken = initialPageToken ?? ""
 44 |     self.fetchPage = { token in
    |                      |- error: cannot convert '@Sendable (String) async throws -> (response: ResponseType, items: [Item], nextToken: String)' to 'nonisolated(nonsending) @Sendable (String) async throws -> (response: ResponseType, items: [Item], nextToken: String)' because crossing of an isolation boundary requires parameter and result types to conform to 'Sendable' protocol
    |                      `- note: type 'Item' does not conform to 'Sendable' protocol
 45 |       let response = try await listRpc(token)
 46 |       return (response, response._getPaginatedItems(), response._nextPageToken())
[2315/3125] Compiling GoogleGax PollingErrorPolicy.swift
/host/spi-builder-workspace/.build/checkouts/swift-google-gax/Sources/GoogleGax/Pagination.swift:44:22: error: cannot convert '@Sendable (String) async throws -> (response: ResponseType, items: [Item], nextToken: String)' to 'nonisolated(nonsending) @Sendable (String) async throws -> (response: ResponseType, items: [Item], nextToken: String)' because crossing of an isolation boundary requires parameter and result types to conform to 'Sendable' protocol
 42 |   ) where ResponseType: _PaginatedResponse<Item> {
 43 |     self.initialPageToken = initialPageToken ?? ""
 44 |     self.fetchPage = { token in
    |                      |- error: cannot convert '@Sendable (String) async throws -> (response: ResponseType, items: [Item], nextToken: String)' to 'nonisolated(nonsending) @Sendable (String) async throws -> (response: ResponseType, items: [Item], nextToken: String)' because crossing of an isolation boundary requires parameter and result types to conform to 'Sendable' protocol
    |                      `- note: type 'Item' does not conform to 'Sendable' protocol
 45 |       let response = try await listRpc(token)
 46 |       return (response, response._getPaginatedItems(), response._nextPageToken())
[2316/3125] Compiling GoogleGax PollingResult.swift
/host/spi-builder-workspace/.build/checkouts/swift-google-gax/Sources/GoogleGax/Pagination.swift:44:22: error: cannot convert '@Sendable (String) async throws -> (response: ResponseType, items: [Item], nextToken: String)' to 'nonisolated(nonsending) @Sendable (String) async throws -> (response: ResponseType, items: [Item], nextToken: String)' because crossing of an isolation boundary requires parameter and result types to conform to 'Sendable' protocol
 42 |   ) where ResponseType: _PaginatedResponse<Item> {
 43 |     self.initialPageToken = initialPageToken ?? ""
 44 |     self.fetchPage = { token in
    |                      |- error: cannot convert '@Sendable (String) async throws -> (response: ResponseType, items: [Item], nextToken: String)' to 'nonisolated(nonsending) @Sendable (String) async throws -> (response: ResponseType, items: [Item], nextToken: String)' because crossing of an isolation boundary requires parameter and result types to conform to 'Sendable' protocol
    |                      `- note: type 'Item' does not conform to 'Sendable' protocol
 45 |       let response = try await listRpc(token)
 46 |       return (response, response._getPaginatedItems(), response._nextPageToken())
[2317/3125] Compiling GoogleGax PollingState.swift
/host/spi-builder-workspace/.build/checkouts/swift-google-gax/Sources/GoogleGax/Pagination.swift:44:22: error: cannot convert '@Sendable (String) async throws -> (response: ResponseType, items: [Item], nextToken: String)' to 'nonisolated(nonsending) @Sendable (String) async throws -> (response: ResponseType, items: [Item], nextToken: String)' because crossing of an isolation boundary requires parameter and result types to conform to 'Sendable' protocol
 42 |   ) where ResponseType: _PaginatedResponse<Item> {
 43 |     self.initialPageToken = initialPageToken ?? ""
 44 |     self.fetchPage = { token in
    |                      |- error: cannot convert '@Sendable (String) async throws -> (response: ResponseType, items: [Item], nextToken: String)' to 'nonisolated(nonsending) @Sendable (String) async throws -> (response: ResponseType, items: [Item], nextToken: String)' because crossing of an isolation boundary requires parameter and result types to conform to 'Sendable' protocol
    |                      `- note: type 'Item' does not conform to 'Sendable' protocol
 45 |       let response = try await listRpc(token)
 46 |       return (response, response._getPaginatedItems(), response._nextPageToken())
[2318/3125] Compiling GoogleGax ProtobufConversionError.swift
/host/spi-builder-workspace/.build/checkouts/swift-google-gax/Sources/GoogleGax/Pagination.swift:44:22: error: cannot convert '@Sendable (String) async throws -> (response: ResponseType, items: [Item], nextToken: String)' to 'nonisolated(nonsending) @Sendable (String) async throws -> (response: ResponseType, items: [Item], nextToken: String)' because crossing of an isolation boundary requires parameter and result types to conform to 'Sendable' protocol
 42 |   ) where ResponseType: _PaginatedResponse<Item> {
 43 |     self.initialPageToken = initialPageToken ?? ""
 44 |     self.fetchPage = { token in
    |                      |- error: cannot convert '@Sendable (String) async throws -> (response: ResponseType, items: [Item], nextToken: String)' to 'nonisolated(nonsending) @Sendable (String) async throws -> (response: ResponseType, items: [Item], nextToken: String)' because crossing of an isolation boundary requires parameter and result types to conform to 'Sendable' protocol
    |                      `- note: type 'Item' does not conform to 'Sendable' protocol
 45 |       let response = try await listRpc(token)
 46 |       return (response, response._getPaginatedItems(), response._nextPageToken())
[2319/3125] Compiling GoogleGax QueryParameter.swift
/host/spi-builder-workspace/.build/checkouts/swift-google-gax/Sources/GoogleGax/Pagination.swift:44:22: error: cannot convert '@Sendable (String) async throws -> (response: ResponseType, items: [Item], nextToken: String)' to 'nonisolated(nonsending) @Sendable (String) async throws -> (response: ResponseType, items: [Item], nextToken: String)' because crossing of an isolation boundary requires parameter and result types to conform to 'Sendable' protocol
 42 |   ) where ResponseType: _PaginatedResponse<Item> {
 43 |     self.initialPageToken = initialPageToken ?? ""
 44 |     self.fetchPage = { token in
    |                      |- error: cannot convert '@Sendable (String) async throws -> (response: ResponseType, items: [Item], nextToken: String)' to 'nonisolated(nonsending) @Sendable (String) async throws -> (response: ResponseType, items: [Item], nextToken: String)' because crossing of an isolation boundary requires parameter and result types to conform to 'Sendable' protocol
    |                      `- note: type 'Item' does not conform to 'Sendable' protocol
 45 |       let response = try await listRpc(token)
 46 |       return (response, response._getPaginatedItems(), response._nextPageToken())
[2320/3125] Compiling GoogleGax RequestError.swift
/host/spi-builder-workspace/.build/checkouts/swift-google-gax/Sources/GoogleGax/Pagination.swift:44:22: error: cannot convert '@Sendable (String) async throws -> (response: ResponseType, items: [Item], nextToken: String)' to 'nonisolated(nonsending) @Sendable (String) async throws -> (response: ResponseType, items: [Item], nextToken: String)' because crossing of an isolation boundary requires parameter and result types to conform to 'Sendable' protocol
 42 |   ) where ResponseType: _PaginatedResponse<Item> {
 43 |     self.initialPageToken = initialPageToken ?? ""
 44 |     self.fetchPage = { token in
    |                      |- error: cannot convert '@Sendable (String) async throws -> (response: ResponseType, items: [Item], nextToken: String)' to 'nonisolated(nonsending) @Sendable (String) async throws -> (response: ResponseType, items: [Item], nextToken: String)' because crossing of an isolation boundary requires parameter and result types to conform to 'Sendable' protocol
    |                      `- note: type 'Item' does not conform to 'Sendable' protocol
 45 |       let response = try await listRpc(token)
 46 |       return (response, response._getPaginatedItems(), response._nextPageToken())
[2321/3125] Compiling GoogleGax RequestOptions.swift
[2322/3125] Compiling GoogleGax RetryLoop.swift
[2323/3125] Compiling GoogleGax RetryPolicy.swift
[2324/3125] Compiling GoogleGax RetryResult.swift
[2325/3125] Compiling GoogleGax RetryState.swift
[2326/3125] Compiling GoogleGax RetryThrottler.swift
[2327/3125] Compiling GoogleGax RetryThrottlerError.swift
[2328/3125] Compiling GoogleGax RoutingMatcher.swift
[2329/3125] Compiling GoogleGax AIP194+PollingErrorPolicy.swift
[2330/3125] Compiling GoogleGax AIP194+RetryPolicy.swift
[2331/3125] Compiling GoogleGax AIP194.swift
[2332/3125] Compiling GoogleGax AdaptiveThrottler.swift
[2333/3125] Compiling GoogleGax AlwaysPoll.swift
[2334/3125] Compiling GoogleGax AlwaysRetry.swift
[2335/3125] Compiling GoogleGax ApiClientHeader.swift
[2336/3125] Compiling GoogleGax BackoffPolicy.swift
[2337/3125] Compiling GoogleGax BasePollingErrorPolicy.swift
[2338/3125] Compiling GoogleGax ServiceError.swift
[2339/3125] Compiling GoogleGax StatusDetail.swift
[2340/3125] Compiling GoogleGax StrictIdempotency.swift
[2341/3125] Compiling GoogleGax ThrottleResult.swift
[2342/3125] Compiling GoogleGax TooManyRequests+PollingErrorPolicy.swift
[2343/3125] Compiling GoogleGax TooManyRequests+RetryPolicy.swift
[2344/3125] Compiling GoogleGax TooManyRequests.swift
[2345/3125] Compiling GoogleGax PackageVersion.swift
[2346/3125] Compiling GoogleGax HTTPClientProtocol.swift
[2347/3125] Compiling GoogleGax HTTPClientRequest.swift
[2348/3125] Compiling GoogleGax HTTPClientResponse.swift
[2349/3125] Compiling GoogleGax HTTPHeaders.swift
[2350/3125] Compiling GoogleGax HTTPResponseBody.swift
[2351/3125] Compiling GoogleGax HeaderNames.swift
[2352/3125] Compiling GoogleGax Host.swift
[2353/3125] Compiling GoogleGax InProgressResult.swift
[2354/3125] Compiling GoogleGax ContinueOnIO.swift
[2355/3125] Compiling GoogleGax CredentialsProtocol.swift
[2356/3125] Compiling GoogleGax ErrorWrapper.swift
[2357/3125] Compiling GoogleGax ExponentialBackoff+BackoffPolicy.swift
[2358/3125] Compiling GoogleGax ExponentialBackoff+PollingBackoffPolicy.swift
[2359/3125] Compiling GoogleGax ExponentialBackoff.swift
[2360/3125] Compiling GoogleGax HTTPClient.swift
[2361/3125] Compiling GoogleGax HTTPClientHolder.swift
[2362/3125] Compiling GoogleGax LimitedAttemptCount+PollingErrorPolicy.swift
[2363/3125] Compiling GoogleGax LimitedAttemptCount+RetryPolicy.swift
[2364/3125] Compiling GoogleGax LimitedAttemptCount.swift
[2365/3125] Compiling GoogleGax LimitedElapsedTime+PollingErrorPolicy.swift
[2366/3125] Compiling GoogleGax LimitedElapsedTime+RetryPolicy.swift
[2367/3125] Compiling GoogleGax LimitedElapsedTime.swift
[2368/3125] Compiling GoogleGax LongRunningOperations.swift
[2369/3125] Compiling GoogleGax NeverRetry.swift
[2370/3125] Compiling GoogleGax BaseRetryPolicy.swift
[2371/3125] Compiling GoogleGax BindingError.swift
[2372/3125] Compiling GoogleGax CRC32C.swift
[2373/3125] Compiling GoogleGax CircuitBreaker.swift
[2374/3125] Compiling GoogleGax ClientError.swift
[2375/3125] Compiling GoogleGax ClientOptions.swift
[2376/3125] Compiling GoogleGax ContinueOnIO+PollingErrorPolicy.swift
[2377/3125] Compiling GoogleGax ContinueOnIO+RetryPolicy.swift
BUILD FAILURE 6.2 android