The Swift Package Index logo.Swift Package Index

Build Information

Failed to build ShrinkItArchive, reference master (e27d6d), with Swift 6.4 for macOS (SPM) on 25 Sep 2026 03:30:53 UTC.

Build Command

env DEVELOPER_DIR=/Applications/Xcode-27.0.0-Release.Candidate.app xcrun swift build --arch arm64

Build Log

========================================
RunAll
========================================
Builder version: 5.1.0
Interrupt handler set up.
========================================
Checkout
========================================
Clone URL: https://github.com/bastie/ShrinkItArchive.git
Reference: master
Initialized empty Git repository in /Users/admin/builder/spi-builder-workspace/.git/
From https://github.com/bastie/ShrinkItArchive
 * branch            master     -> FETCH_HEAD
 * [new branch]      master     -> origin/master
HEAD is now at e27d6d3 update dependency
Cloned https://github.com/bastie/ShrinkItArchive.git
Revision (git rev-parse @):
e27d6d31ba798d98fe2c3d70e65bb3eb939faf43
SUCCESS checkout https://github.com/bastie/ShrinkItArchive.git at master
========================================
Build
========================================
Selected platform:         macosSpm
Swift version:             6.4
Building package at path:  $PWD
https://github.com/bastie/ShrinkItArchive.git
Running build ...
env DEVELOPER_DIR=/Applications/Xcode-27.0.0-Release.Candidate.app xcrun swift build --arch arm64
Building for debugging...
[Pre-planning 1 / 125]
[Planning deferred tasks]
[7 / 54] JavApi-product
[30 / 54]
[31 / 55] JavApi
[31 / 84] JavApi
[41 / 180]
[44 / 180]
[52 / 180]
[54 / 180]
[55 / 180]
[60 / 180]
[62 / 180]
[64 / 180]
[68 / 180]
[73 / 180]
[76 / 180]
[78 / 180]
[79 / 180]
[91 / 180]
[95 / 180]
[100 / 180]
[105 / 180]
[106 / 180]
[108 / 180]
[119 / 180] JavApi
[120 / 180] JavApi
[124 / 180] JavApi
[125 / 180] JavApi
[126 / 180] JavApi
[127 / 180] JavApi
[128 / 180] JavApi
[130 / 180] JavApi
[132 / 180] JavApi
[134 / 180] JavApi
[135 / 180] JavApi
[136 / 180] JavApi
[139 / 180] JavApi
[146 / 180] JavApi
[147 / 180] JavApi-product
[148 / 180] JavApi-product
[149 / 180] ShrinkItArchive
[151 / 180] ShrinkItArchive
[154 / 180] JavApi
[155 / 180] JavApi
[156 / 180] JavApi
[158 / 180] JavApi
[160 / 180] JavApi
[162 / 180] JavApi
[163 / 181]
[163 / 181] JavApi
[172 / 192] ShrinkItArchive
Fetching https://github.com/bastie/JavApi4Swift.git
[1/39185] Fetching javapi4swift
Fetched https://github.com/bastie/JavApi4Swift.git (7.22s)
Computing version for https://github.com/bastie/JavApi4Swift.git
Computed https://github.com/bastie/JavApi4Swift.git at 0.54.0 (7.80s)
Creating working copy for https://github.com/bastie/JavApi4Swift.git
Working copy of https://github.com/bastie/JavApi4Swift.git resolved at 0.54.0
error: SwiftCompile normal arm64 /Users/admin/builder/spi-builder-workspace/Sources/ShrinkItArchive/io/LzwInputStream.swift failed with a nonzero exit code. Command line:     cd /Users/admin/builder
    builtin-SwiftPerFileCompile LzwInputStream.swift
error: SwiftCompile normal arm64 /Users/admin/builder/spi-builder-workspace/Sources/ShrinkItArchive/io/LzwOutputStream.swift failed with a nonzero exit code. Command line:     cd /Users/admin/builder
    builtin-SwiftPerFileCompile LzwOutputStream.swift
/Users/admin/builder/spi-builder-workspace/Sources/ShrinkItArchive/io/LzwInputStream.swift:53:30: error: value of type '[[Int]]' has no member 'add'
 51 |       for i in 0..<256 {
 52 |         let content : [Int] = Array.init(repeating: 1, count: i)
 53 |         _ = self.dictionary!.add(content)
    |                              `- error: value of type '[[Int]]' has no member 'add'
 54 |       }
 55 |       let content : [Int] = Array(repeating: 1, count: 0x100)  // 0x100 not used by NuFX
/Users/admin/builder/spi-builder-workspace/Sources/ShrinkItArchive/io/LzwInputStream.swift:56:28: error: value of type '[[Int]]' has no member 'add'
 54 |       }
 55 |       let content : [Int] = Array(repeating: 1, count: 0x100)  // 0x100 not used by NuFX
 56 |       _ = self.dictionary!.add(content)
    |                            `- error: value of type '[[Int]]' has no member 'add'
 57 | 		}
 58 | 		if (newBuffer) {
/Users/admin/builder/spi-builder-workspace/Sources/ShrinkItArchive/io/LzwInputStream.swift:101:26: error: value of type '[[Int]]' has no member 'add'
 99 |     System.arraycopy(w!, 0, &newEntry, 0, w!.count)
100 |     newEntry[w!.count] = entry![0]
101 |     _ = self.dictionary!.add(newEntry)
    |                          `- error: value of type '[[Int]]' has no member 'add'
102 | 		w = entry;
103 | 		// Exclusive-OR the current bitmask against the new dictionary size -- if all bits are
/Users/admin/builder/spi-builder-workspace/Sources/ShrinkItArchive/io/LzwInputStream.swift:89:7: error: call can throw but is not marked with 'try'
 87 | 			//entry = Arrays.copyOf(w, w.length+1);
 88 | 			entry = Array(repeating: 0, count: w!.count+1)
 89 |       System.arraycopy(w!, 0, &entry!, 0, w!.count)
    |       |- error: call can throw but is not marked with 'try'
    |       |- note: did you mean to use 'try'?
    |       |- note: did you mean to handle error as optional value?
    |       `- note: did you mean to disable error propagation?
 90 |       entry![w!.count] = w![0]
 91 | 		} else {
/Users/admin/builder/spi-builder-workspace/Sources/ShrinkItArchive/io/LzwInputStream.swift:99:5: error: call can throw but is not marked with 'try'
 97 | 		//int[] newEntry = Arrays.copyOf(w, w.length+1);
 98 |     var newEntry : [Int] = Array(repeating: 0, count: w!.count+1)
 99 |     System.arraycopy(w!, 0, &newEntry, 0, w!.count)
    |     |- error: call can throw but is not marked with 'try'
    |     |- note: did you mean to use 'try'?
    |     |- note: did you mean to handle error as optional value?
    |     `- note: did you mean to disable error propagation?
100 |     newEntry[w!.count] = entry![0]
101 |     _ = self.dictionary!.add(newEntry)
/Users/admin/builder/spi-builder-workspace/Sources/ShrinkItArchive/io/LzwOutputStream.swift:85:7: error: call can throw but is not marked with 'try'
 83 |     var wc : [Int] = Array(repeating: 0, count: w.length + 1)
 84 |     if (w.length > 0) {
 85 |       System.arraycopy(w, 0, &wc, 0, w.length)
    |       |- error: call can throw but is not marked with 'try'
    |       |- note: did you mean to use 'try'?
    |       |- note: did you mean to handle error as optional value?
    |       `- note: did you mean to disable error propagation?
 86 |     }
 87 | 		wc[wc.length-1] = c;
Failed frontend command:
/Applications/Xcode-27.0.0-Release.Candidate.app/Contents/Developer/Toolchains/XcodeDefault.xctoolchain/usr/bin/swift-frontend -frontend -c /Users/admin/builder/spi-builder-workspace/Sources/ShrinkItArchive/CRC16.swift /Users/admin/builder/spi-builder-workspace/Sources/ShrinkItArchive/HeaderBlock.swift /Users/admin/builder/spi-builder-workspace/Sources/ShrinkItArchive/HeaderConstants.swift /Users/admin/builder/spi-builder-workspace/Sources/ShrinkItArchive/MasterHeaderBlock.swift /Users/admin/builder/spi-builder-workspace/Sources/ShrinkItArchive/NuFileArchive.swift /Users/admin/builder/spi-builder-workspace/Sources/ShrinkItArchive/ShrinkItArchiveIntQueue.swift /Users/admin/builder/spi-builder-workspace/Sources/ShrinkItArchive/ThreadClass.swift /Users/admin/builder/spi-builder-workspace/Sources/ShrinkItArchive/ThreadFormat.swift /Users/admin/builder/spi-builder-workspace/Sources/ShrinkItArchive/ThreadKind.swift /Users/admin/builder/spi-builder-workspace/Sources/ShrinkItArchive/ThreadRecord.swift /Users/admin/builder/spi-builder-workspace/Sources/ShrinkItArchive/TimeRec.swift /Users/admin/builder/spi-builder-workspace/Sources/ShrinkItArchive/io/BitConstants.swift /Users/admin/builder/spi-builder-workspace/Sources/ShrinkItArchive/io/BitInputStream.swift /Users/admin/builder/spi-builder-workspace/Sources/ShrinkItArchive/io/BitOutputStream.swift /Users/admin/builder/spi-builder-workspace/Sources/ShrinkItArchive/io/ByteConstants.swift /Users/admin/builder/spi-builder-workspace/Sources/ShrinkItArchive/io/LittleEndianByteInputStream.swift /Users/admin/builder/spi-builder-workspace/Sources/ShrinkItArchive/io/LittleEndianByteOutputStream.swift -primary-file /Users/admin/builder/spi-builder-workspace/Sources/ShrinkItArchive/io/LzwInputStream.swift -primary-file /Users/admin/builder/spi-builder-workspace/Sources/ShrinkItArchive/io/LzwOutputStream.swift /Users/admin/builder/spi-builder-workspace/Sources/ShrinkItArchive/io/NufxLzw1InputStream.swift /Users/admin/builder/spi-builder-workspace/Sources/ShrinkItArchive/io/NufxLzw2InputStream.swift /Users/admin/builder/spi-builder-workspace/Sources/ShrinkItArchive/io/RleInputStream.swift /Users/admin/builder/spi-builder-workspace/Sources/ShrinkItArchive/io/RleOutputStream.swift -emit-dependencies-path /Users/admin/builder/spi-builder-workspace/.build/out/Intermediates.noindex/ShrinkItArchive.build/Debug/ShrinkItArchive-t.build/Objects-normal/arm64/LzwInputStream.d -emit-const-values-path /Users/admin/builder/spi-builder-workspace/.build/out/Intermediates.noindex/ShrinkItArchive.build/Debug/ShrinkItArchive-t.build/Objects-normal/arm64/LzwInputStream.swiftconstvalues -emit-reference-dependencies-path /Users/admin/builder/spi-builder-workspace/.build/out/Intermediates.noindex/ShrinkItArchive.build/Debug/ShrinkItArchive-t.build/Objects-normal/arm64/LzwInputStream.swiftdeps -serialize-diagnostics-path /Users/admin/builder/spi-builder-workspace/.build/out/Intermediates.noindex/ShrinkItArchive.build/Debug/ShrinkItArchive-t.build/Objects-normal/arm64/LzwInputStream.dia -emit-dependencies-path /Users/admin/builder/spi-builder-workspace/.build/out/Intermediates.noindex/ShrinkItArchive.build/Debug/ShrinkItArchive-t.build/Objects-normal/arm64/LzwOutputStream.d -emit-const-values-path /Users/admin/builder/spi-builder-workspace/.build/out/Intermediates.noindex/ShrinkItArchive.build/Debug/ShrinkItArchive-t.build/Objects-normal/arm64/LzwOutputStream.swiftconstvalues -emit-reference-dependencies-path /Users/admin/builder/spi-builder-workspace/.build/out/Intermediates.noindex/ShrinkItArchive.build/Debug/ShrinkItArchive-t.build/Objects-normal/arm64/LzwOutputStream.swiftdeps -serialize-diagnostics-path /Users/admin/builder/spi-builder-workspace/.build/out/Intermediates.noindex/ShrinkItArchive.build/Debug/ShrinkItArchive-t.build/Objects-normal/arm64/LzwOutputStream.dia -target arm64-apple-macos26.0 -disable-cross-import-overlay-search -load-resolved-plugin /Applications/Xcode-27.0.0-Release.Candidate.app/Contents/Developer/Platforms/MacOSX.platform/Developer/usr/lib/swift/host/plugins/libFoundationMacros.dylib\#/Applications/Xcode-27.0.0-Release.Candidate.app/Contents/Developer/Platforms/MacOSX.platform/Developer/usr/bin/swift-plugin-server\#FoundationMacros -load-resolved-plugin /Applications/Xcode-27.0.0-Release.Candidate.app/Contents/Developer/Platforms/MacOSX.platform/Developer/usr/lib/swift/host/plugins/libObservationMacros.dylib\#/Applications/Xcode-27.0.0-Release.Candidate.app/Contents/Developer/Platforms/MacOSX.platform/Developer/usr/bin/swift-plugin-server\#ObservationMacros -load-resolved-plugin /Applications/Xcode-27.0.0-Release.Candidate.app/Contents/Developer/Platforms/MacOSX.platform/Developer/usr/lib/swift/host/plugins/libPreviewsMacros.dylib\#/Applications/Xcode-27.0.0-Release.Candidate.app/Contents/Developer/Platforms/MacOSX.platform/Developer/usr/bin/swift-plugin-server\#PreviewsMacros -load-resolved-plugin /Applications/Xcode-27.0.0-Release.Candidate.app/Contents/Developer/Platforms/MacOSX.platform/Developer/usr/lib/swift/host/plugins/libSwiftMacros.dylib\#/Applications/Xcode-27.0.0-Release.Candidate.app/Contents/Developer/Platforms/MacOSX.platform/Developer/usr/bin/swift-plugin-server\#SwiftMacros -load-resolved-plugin /Applications/Xcode-27.0.0-Release.Candidate.app/Contents/Developer/Platforms/MacOSX.platform/Developer/usr/lib/swift/host/plugins/libSwiftUIMacros.dylib\#/Applications/Xcode-27.0.0-Release.Candidate.app/Contents/Developer/Platforms/MacOSX.platform/Developer/usr/bin/swift-plugin-server\#SwiftUIMacros -disable-implicit-swift-modules -Xcc -fno-implicit-modules -Xcc -fno-implicit-module-maps -explicit-swift-module-map-file /Users/admin/builder/spi-builder-workspace/.build/out/Intermediates.noindex/ShrinkItArchive.build/Debug/ShrinkItArchive-t.build/Objects-normal/arm64/ShrinkItArchive-dependencies-1.json -Xllvm -aarch64-use-tbi -enable-objc-interop -stack-check -sdk /Applications/Xcode-27.0.0-Release.Candidate.app/Contents/Developer/Platforms/MacOSX.platform/Developer/SDKs/MacOSX27.0.sdk -I /Users/admin/builder/spi-builder-workspace/.build/out/Products/Debug -Isystem /Applications/Xcode-27.0.0-Release.Candidate.app/Contents/Developer/Platforms/MacOSX.platform/Developer/usr/lib -F /Users/admin/builder/spi-builder-workspace/.build/out/Products/Debug/PackageFrameworks -F /Users/admin/builder/spi-builder-workspace/.build/out/Products/Debug -F /Applications/Xcode-27.0.0-Release.Candidate.app/Contents/Developer/Platforms/MacOSX.platform/Developer/Library/Frameworks -module-cache-path /Users/admin/builder/spi-builder-workspace/.build/out/Intermediates.noindex/SwiftExplicitPrecompiledModules -color-diagnostics -Xcc -fcolor-diagnostics -enable-testing -g -debug-info-format\=dwarf -dwarf-version\=5 -swift-version 6 -Onone -D SWIFT_PACKAGE -D DEBUG -D SWIFT_MODULE_RESOURCE_BUNDLE_UNAVAILABLE -D Xcode -serialize-debugging-options -enable-experimental-feature DebugDescriptionMacro -empty-abi-descriptor -validate-clang-modules-once -clang-build-session-file /Users/admin/builder/spi-builder-workspace/.build/out/ModuleCache.noindex/Session.modulevalidation -Xcc -working-directory -Xcc /Users/admin/builder -enable-anonymous-context-mangled-names -file-compilation-dir /Users/admin/builder -Xcc -D_LIBCPP_HARDENING_MODE\=_LIBCPP_HARDENING_MODE_DEBUG -Xcc -ivfsstatcache -Xcc /Users/admin/builder/spi-builder-workspace/.build/out/SDKStatCaches.noindex/macosx27.0-26A425-80c5bbf1d171475443272936d42f90a36a22442a12e9d48fe1a705f55a1adfc4.sdkstatcache -Xcc -fmodules-prune-interval\=86400 -Xcc -fmodules-prune-after\=345600 -Xcc -I/Users/admin/builder/spi-builder-workspace/.build/out/Products/Debug/include -Xcc -I/Users/admin/builder/spi-builder-workspace/.build/out/Intermediates.noindex/ShrinkItArchive.build/Debug/ShrinkItArchive-t.build/DerivedSources-normal/arm64 -Xcc -I/Users/admin/builder/spi-builder-workspace/.build/out/Intermediates.noindex/ShrinkItArchive.build/Debug/ShrinkItArchive-t.build/DerivedSources/arm64 -Xcc -I/Users/admin/builder/spi-builder-workspace/.build/out/Intermediates.noindex/ShrinkItArchive.build/Debug/ShrinkItArchive-t.build/DerivedSources -Xcc -DSWIFT_PACKAGE -Xcc -DDEBUG\=1 -no-auto-bridging-header-chaining -module-name ShrinkItArchive -package-name spi_builder_workspace -const-gather-protocols-file /Users/admin/builder/spi-builder-workspace/.build/out/Intermediates.noindex/ShrinkItArchive.build/Debug/ShrinkItArchive-t.build/Objects-normal/arm64/ShrinkItArchive_const_extract_protocols.json -disable-clang-spi -clang-target arm64-apple-macos27.0 -target-sdk-version 27.0 -target-sdk-name macosx27.0 -in-process-plugin-server-path /Applications/Xcode-27.0.0-Release.Candidate.app/Contents/Developer/Toolchains/XcodeDefault.xctoolchain/usr/lib/swift/host/libSwiftInProcPluginServer.dylib -parse-as-library -o /Users/admin/builder/spi-builder-workspace/.build/out/Intermediates.noindex/ShrinkItArchive.build/Debug/ShrinkItArchive-t.build/Objects-normal/arm64/LzwInputStream.o -o /Users/admin/builder/spi-builder-workspace/.build/out/Intermediates.noindex/ShrinkItArchive.build/Debug/ShrinkItArchive-t.build/Objects-normal/arm64/LzwOutputStream.o -debug-module-path /Users/admin/builder/spi-builder-workspace/.build/out/Intermediates.noindex/ShrinkItArchive.build/Debug/ShrinkItArchive-t.build/Objects-normal/arm64/ShrinkItArchive.swiftmodule -index-unit-output-path /ShrinkItArchive.build/Debug/ShrinkItArchive-t.build/Objects-normal/arm64/LzwInputStream.o -index-unit-output-path /ShrinkItArchive.build/Debug/ShrinkItArchive-t.build/Objects-normal/arm64/LzwOutputStream.o -index-store-path /Users/admin/builder/spi-builder-workspace/.build/out -index-system-modules
error: SwiftCompile normal arm64 /Users/admin/builder/spi-builder-workspace/Sources/ShrinkItArchive/io/LittleEndianByteInputStream.swift failed with a nonzero exit code. Command line:     cd /Users/admin/builder
    builtin-SwiftPerFileCompile LittleEndianByteInputStream.swift
/Users/admin/builder/spi-builder-workspace/Sources/ShrinkItArchive/io/LittleEndianByteInputStream.swift:95:9: error: call can throw but is not marked with 'try'
 93 | 		while (pos < data.length-max) {
 94 | 			if (max == 6) {
 95 |         System.arraycopy(data, pos, &testNUFILE, 0, ByteConstants.NUFILE_ID.length);
    |         |- error: call can throw but is not marked with 'try'
    |         |- note: did you mean to use 'try'?
    |         |- note: did you mean to handle error as optional value?
    |         `- note: did you mean to disable error propagation?
 96 |         if zip(testNUFILE, ByteConstants.NUFILE_ID).allSatisfy({ $0 == $1 }) {
 97 | 					type = NuFileArchive.NUFILE_ARCHIVE
/Users/admin/builder/spi-builder-workspace/Sources/ShrinkItArchive/io/LittleEndianByteInputStream.swift:101:7: error: call can throw but is not marked with 'try'
 99 | 				}
100 | 			}
101 |       System.arraycopy(data, pos, &testNUFX, 0, ByteConstants.NUFX_ID.length)
    |       |- error: call can throw but is not marked with 'try'
    |       |- note: did you mean to use 'try'?
    |       |- note: did you mean to handle error as optional value?
    |       `- note: did you mean to disable error propagation?
102 |       System.arraycopy(data, pos, &testBXY, 0, ByteConstants.BXY_ID.length)
103 |       if zip(testNUFX, ByteConstants.NUFX_ID).allSatisfy({ $0 == $1 }) {
/Users/admin/builder/spi-builder-workspace/Sources/ShrinkItArchive/io/LittleEndianByteInputStream.swift:102:7: error: call can throw but is not marked with 'try'
100 | 			}
101 |       System.arraycopy(data, pos, &testNUFX, 0, ByteConstants.NUFX_ID.length)
102 |       System.arraycopy(data, pos, &testBXY, 0, ByteConstants.BXY_ID.length)
    |       |- error: call can throw but is not marked with 'try'
    |       |- note: did you mean to use 'try'?
    |       |- note: did you mean to handle error as optional value?
    |       `- note: did you mean to disable error propagation?
103 |       if zip(testNUFX, ByteConstants.NUFX_ID).allSatisfy({ $0 == $1 }) {
104 | 				type = NuFileArchive.NUFX_ARCHIVE
Failed frontend command:
/Applications/Xcode-27.0.0-Release.Candidate.app/Contents/Developer/Toolchains/XcodeDefault.xctoolchain/usr/bin/swift-frontend -frontend -c /Users/admin/builder/spi-builder-workspace/Sources/ShrinkItArchive/CRC16.swift /Users/admin/builder/spi-builder-workspace/Sources/ShrinkItArchive/HeaderBlock.swift /Users/admin/builder/spi-builder-workspace/Sources/ShrinkItArchive/HeaderConstants.swift /Users/admin/builder/spi-builder-workspace/Sources/ShrinkItArchive/MasterHeaderBlock.swift /Users/admin/builder/spi-builder-workspace/Sources/ShrinkItArchive/NuFileArchive.swift /Users/admin/builder/spi-builder-workspace/Sources/ShrinkItArchive/ShrinkItArchiveIntQueue.swift /Users/admin/builder/spi-builder-workspace/Sources/ShrinkItArchive/ThreadClass.swift /Users/admin/builder/spi-builder-workspace/Sources/ShrinkItArchive/ThreadFormat.swift /Users/admin/builder/spi-builder-workspace/Sources/ShrinkItArchive/ThreadKind.swift /Users/admin/builder/spi-builder-workspace/Sources/ShrinkItArchive/ThreadRecord.swift /Users/admin/builder/spi-builder-workspace/Sources/ShrinkItArchive/TimeRec.swift /Users/admin/builder/spi-builder-workspace/Sources/ShrinkItArchive/io/BitConstants.swift /Users/admin/builder/spi-builder-workspace/Sources/ShrinkItArchive/io/BitInputStream.swift /Users/admin/builder/spi-builder-workspace/Sources/ShrinkItArchive/io/BitOutputStream.swift /Users/admin/builder/spi-builder-workspace/Sources/ShrinkItArchive/io/ByteConstants.swift -primary-file /Users/admin/builder/spi-builder-workspace/Sources/ShrinkItArchive/io/LittleEndianByteInputStream.swift -primary-file /Users/admin/builder/spi-builder-workspace/Sources/ShrinkItArchive/io/LittleEndianByteOutputStream.swift /Users/admin/builder/spi-builder-workspace/Sources/ShrinkItArchive/io/LzwInputStream.swift /Users/admin/builder/spi-builder-workspace/Sources/ShrinkItArchive/io/LzwOutputStream.swift /Users/admin/builder/spi-builder-workspace/Sources/ShrinkItArchive/io/NufxLzw1InputStream.swift /Users/admin/builder/spi-builder-workspace/Sources/ShrinkItArchive/io/NufxLzw2InputStream.swift /Users/admin/builder/spi-builder-workspace/Sources/ShrinkItArchive/io/RleInputStream.swift /Users/admin/builder/spi-builder-workspace/Sources/ShrinkItArchive/io/RleOutputStream.swift -emit-dependencies-path /Users/admin/builder/spi-builder-workspace/.build/out/Intermediates.noindex/ShrinkItArchive.build/Debug/ShrinkItArchive-t.build/Objects-normal/arm64/LittleEndianByteInputStream.d -emit-const-values-path /Users/admin/builder/spi-builder-workspace/.build/out/Intermediates.noindex/ShrinkItArchive.build/Debug/ShrinkItArchive-t.build/Objects-normal/arm64/LittleEndianByteInputStream.swiftconstvalues -emit-reference-dependencies-path /Users/admin/builder/spi-builder-workspace/.build/out/Intermediates.noindex/ShrinkItArchive.build/Debug/ShrinkItArchive-t.build/Objects-normal/arm64/LittleEndianByteInputStream.swiftdeps -serialize-diagnostics-path /Users/admin/builder/spi-builder-workspace/.build/out/Intermediates.noindex/ShrinkItArchive.build/Debug/ShrinkItArchive-t.build/Objects-normal/arm64/LittleEndianByteInputStream.dia -emit-dependencies-path /Users/admin/builder/spi-builder-workspace/.build/out/Intermediates.noindex/ShrinkItArchive.build/Debug/ShrinkItArchive-t.build/Objects-normal/arm64/LittleEndianByteOutputStream.d -emit-const-values-path /Users/admin/builder/spi-builder-workspace/.build/out/Intermediates.noindex/ShrinkItArchive.build/Debug/ShrinkItArchive-t.build/Objects-normal/arm64/LittleEndianByteOutputStream.swiftconstvalues -emit-reference-dependencies-path /Users/admin/builder/spi-builder-workspace/.build/out/Intermediates.noindex/ShrinkItArchive.build/Debug/ShrinkItArchive-t.build/Objects-normal/arm64/LittleEndianByteOutputStream.swiftdeps -serialize-diagnostics-path /Users/admin/builder/spi-builder-workspace/.build/out/Intermediates.noindex/ShrinkItArchive.build/Debug/ShrinkItArchive-t.build/Objects-normal/arm64/LittleEndianByteOutputStream.dia -target arm64-apple-macos26.0 -disable-cross-import-overlay-search -load-resolved-plugin /Applications/Xcode-27.0.0-Release.Candidate.app/Contents/Developer/Platforms/MacOSX.platform/Developer/usr/lib/swift/host/plugins/libFoundationMacros.dylib\#/Applications/Xcode-27.0.0-Release.Candidate.app/Contents/Developer/Platforms/MacOSX.platform/Developer/usr/bin/swift-plugin-server\#FoundationMacros -load-resolved-plugin /Applications/Xcode-27.0.0-Release.Candidate.app/Contents/Developer/Platforms/MacOSX.platform/Developer/usr/lib/swift/host/plugins/libObservationMacros.dylib\#/Applications/Xcode-27.0.0-Release.Candidate.app/Contents/Developer/Platforms/MacOSX.platform/Developer/usr/bin/swift-plugin-server\#ObservationMacros -load-resolved-plugin /Applications/Xcode-27.0.0-Release.Candidate.app/Contents/Developer/Platforms/MacOSX.platform/Developer/usr/lib/swift/host/plugins/libPreviewsMacros.dylib\#/Applications/Xcode-27.0.0-Release.Candidate.app/Contents/Developer/Platforms/MacOSX.platform/Developer/usr/bin/swift-plugin-server\#PreviewsMacros -load-resolved-plugin /Applications/Xcode-27.0.0-Release.Candidate.app/Contents/Developer/Platforms/MacOSX.platform/Developer/usr/lib/swift/host/plugins/libSwiftMacros.dylib\#/Applications/Xcode-27.0.0-Release.Candidate.app/Contents/Developer/Platforms/MacOSX.platform/Developer/usr/bin/swift-plugin-server\#SwiftMacros -load-resolved-plugin /Applications/Xcode-27.0.0-Release.Candidate.app/Contents/Developer/Platforms/MacOSX.platform/Developer/usr/lib/swift/host/plugins/libSwiftUIMacros.dylib\#/Applications/Xcode-27.0.0-Release.Candidate.app/Contents/Developer/Platforms/MacOSX.platform/Developer/usr/bin/swift-plugin-server\#SwiftUIMacros -disable-implicit-swift-modules -Xcc -fno-implicit-modules -Xcc -fno-implicit-module-maps -explicit-swift-module-map-file /Users/admin/builder/spi-builder-workspace/.build/out/Intermediates.noindex/ShrinkItArchive.build/Debug/ShrinkItArchive-t.build/Objects-normal/arm64/ShrinkItArchive-dependencies-1.json -Xllvm -aarch64-use-tbi -enable-objc-interop -stack-check -sdk /Applications/Xcode-27.0.0-Release.Candidate.app/Contents/Developer/Platforms/MacOSX.platform/Developer/SDKs/MacOSX27.0.sdk -I /Users/admin/builder/spi-builder-workspace/.build/out/Products/Debug -Isystem /Applications/Xcode-27.0.0-Release.Candidate.app/Contents/Developer/Platforms/MacOSX.platform/Developer/usr/lib -F /Users/admin/builder/spi-builder-workspace/.build/out/Products/Debug/PackageFrameworks -F /Users/admin/builder/spi-builder-workspace/.build/out/Products/Debug -F /Applications/Xcode-27.0.0-Release.Candidate.app/Contents/Developer/Platforms/MacOSX.platform/Developer/Library/Frameworks -module-cache-path /Users/admin/builder/spi-builder-workspace/.build/out/Intermediates.noindex/SwiftExplicitPrecompiledModules -color-diagnostics -Xcc -fcolor-diagnostics -enable-testing -g -debug-info-format\=dwarf -dwarf-version\=5 -swift-version 6 -Onone -D SWIFT_PACKAGE -D DEBUG -D SWIFT_MODULE_RESOURCE_BUNDLE_UNAVAILABLE -D Xcode -serialize-debugging-options -enable-experimental-feature DebugDescriptionMacro -empty-abi-descriptor -validate-clang-modules-once -clang-build-session-file /Users/admin/builder/spi-builder-workspace/.build/out/ModuleCache.noindex/Session.modulevalidation -Xcc -working-directory -Xcc /Users/admin/builder -enable-anonymous-context-mangled-names -file-compilation-dir /Users/admin/builder -Xcc -D_LIBCPP_HARDENING_MODE\=_LIBCPP_HARDENING_MODE_DEBUG -Xcc -ivfsstatcache -Xcc /Users/admin/builder/spi-builder-workspace/.build/out/SDKStatCaches.noindex/macosx27.0-26A425-80c5bbf1d171475443272936d42f90a36a22442a12e9d48fe1a705f55a1adfc4.sdkstatcache -Xcc -fmodules-prune-interval\=86400 -Xcc -fmodules-prune-after\=345600 -Xcc -I/Users/admin/builder/spi-builder-workspace/.build/out/Products/Debug/include -Xcc -I/Users/admin/builder/spi-builder-workspace/.build/out/Intermediates.noindex/ShrinkItArchive.build/Debug/ShrinkItArchive-t.build/DerivedSources-normal/arm64 -Xcc -I/Users/admin/builder/spi-builder-workspace/.build/out/Intermediates.noindex/ShrinkItArchive.build/Debug/ShrinkItArchive-t.build/DerivedSources/arm64 -Xcc -I/Users/admin/builder/spi-builder-workspace/.build/out/Intermediates.noindex/ShrinkItArchive.build/Debug/ShrinkItArchive-t.build/DerivedSources -Xcc -DSWIFT_PACKAGE -Xcc -DDEBUG\=1 -no-auto-bridging-header-chaining -module-name ShrinkItArchive -package-name spi_builder_workspace -const-gather-protocols-file /Users/admin/builder/spi-builder-workspace/.build/out/Intermediates.noindex/ShrinkItArchive.build/Debug/ShrinkItArchive-t.build/Objects-normal/arm64/ShrinkItArchive_const_extract_protocols.json -disable-clang-spi -clang-target arm64-apple-macos27.0 -target-sdk-version 27.0 -target-sdk-name macosx27.0 -in-process-plugin-server-path /Applications/Xcode-27.0.0-Release.Candidate.app/Contents/Developer/Toolchains/XcodeDefault.xctoolchain/usr/lib/swift/host/libSwiftInProcPluginServer.dylib -parse-as-library -o /Users/admin/builder/spi-builder-workspace/.build/out/Intermediates.noindex/ShrinkItArchive.build/Debug/ShrinkItArchive-t.build/Objects-normal/arm64/LittleEndianByteInputStream.o -o /Users/admin/builder/spi-builder-workspace/.build/out/Intermediates.noindex/ShrinkItArchive.build/Debug/ShrinkItArchive-t.build/Objects-normal/arm64/LittleEndianByteOutputStream.o -debug-module-path /Users/admin/builder/spi-builder-workspace/.build/out/Intermediates.noindex/ShrinkItArchive.build/Debug/ShrinkItArchive-t.build/Objects-normal/arm64/ShrinkItArchive.swiftmodule -index-unit-output-path /ShrinkItArchive.build/Debug/ShrinkItArchive-t.build/Objects-normal/arm64/LittleEndianByteInputStream.o -index-unit-output-path /ShrinkItArchive.build/Debug/ShrinkItArchive-t.build/Objects-normal/arm64/LittleEndianByteOutputStream.o -index-store-path /Users/admin/builder/spi-builder-workspace/.build/out -index-system-modules
error: Build failed
BUILD FAILURE 6.4 macosSpm