The Swift Package Index logo.Swift Package Index

Build Information

Failed to build Spinosis, reference main (74f481), with Swift 6.4 for Linux on 27 Sep 2026 19:32:40 UTC.

Build Command

bash -c docker run --pull=always --rm -v "checkouts-54344844-0":/host -w "$PWD" -e JAVA_HOME="/root/.sdkman/candidates/java/current" -e SPI_BUILD="1" -e SPI_PROCESSING="1" registry.gitlab.com/saguaro1/spi-images:basic-6.4-latest swift build --triple x86_64-unknown-linux-gnu 2>&1

Build Log

========================================
RunAll
========================================
Builder version: 5.1.0
Interrupt handler set up.
========================================
Checkout
========================================
Clone URL: https://github.com/ekofi/spinosis-ios.git
Reference: main
Initialized empty Git repository in /host/spi-builder-workspace/.git/
hint: Using 'master' as the name for the initial branch. This default branch name
hint: is subject to change. To configure the initial branch name to use in all
hint: of your new repositories, which will suppress this warning, call:
hint:
hint: 	git config --global init.defaultBranch <name>
hint:
hint: Names commonly chosen instead of 'master' are 'main', 'trunk' and
hint: 'development'. The just-created branch can be renamed via this command:
hint:
hint: 	git branch -m <name>
From https://github.com/ekofi/spinosis-ios
 * branch            main       -> FETCH_HEAD
 * [new branch]      main       -> origin/main
HEAD is now at 74f4810 Release 1.0.1
Cloned https://github.com/ekofi/spinosis-ios.git
Revision (git rev-parse @):
74f4810b6dfa002eadc800dab13e130681ab9408
SUCCESS checkout https://github.com/ekofi/spinosis-ios.git at main
========================================
Build
========================================
Selected platform:         linux
Swift version:             6.4
Building package at path:  $PWD
https://github.com/ekofi/spinosis-ios.git
Running build ...
bash -c docker run --pull=always --rm -v "checkouts-54344844-0":/host -w "$PWD" -e JAVA_HOME="/root/.sdkman/candidates/java/current" -e SPI_BUILD="1" -e SPI_PROCESSING="1" registry.gitlab.com/saguaro1/spi-images:basic-6.4-latest swift build --triple x86_64-unknown-linux-gnu 2>&1
basic-6.4-latest: Pulling from saguaro1/spi-images
Digest: sha256:c77fcce225e223ac0fafed844619173fc6de8d62dd560eeb28db3182af6a282b
Status: Image is up to date for registry.gitlab.com/saguaro1/spi-images:basic-6.4-latest
Building for debugging...
[Planning deferred tasks]
[21 / 29] Spinosis
error: SwiftCompile normal x86_64 /host/spi-builder-workspace/Sources/Spinosis/Spinosis.swift failed with a nonzero exit code. Command line:     cd /host
    builtin-SwiftPerFileCompile Spinosis.swift
/host/spi-builder-workspace/Sources/Spinosis/Spinosis.swift:135:5: warning: result of 'try?' is unused [#]8;;https://docs.swift.org/compiler/documentation/diagnostics/no-usage\NoUsage]8;;\]
133 |     initialized = true
134 |
135 |     try? await post("/api/sdk/identify", body: identityPayload(), timeout: defaultTimeout)
    |     `- warning: result of 'try?' is unused [#]8;;https://docs.swift.org/compiler/documentation/diagnostics/no-usage\NoUsage]8;;\]
136 |   }
137 |
/host/spi-builder-workspace/Sources/Spinosis/Spinosis.swift:145:5: warning: result of 'try?' is unused [#]8;;https://docs.swift.org/compiler/documentation/diagnostics/no-usage\NoUsage]8;;\]
143 |       mergeProperties(properties)
144 |     }
145 |     try? await post("/api/sdk/identify", body: identityPayload(), timeout: defaultTimeout)
    |     `- warning: result of 'try?' is unused [#]8;;https://docs.swift.org/compiler/documentation/diagnostics/no-usage\NoUsage]8;;\]
146 |   }
147 |
/host/spi-builder-workspace/Sources/Spinosis/Spinosis.swift:151:5: warning: result of 'try?' is unused [#]8;;https://docs.swift.org/compiler/documentation/diagnostics/no-usage\NoUsage]8;;\]
149 |     guard initialized else { return }
150 |     mergeProperties(properties)
151 |     try? await post("/api/sdk/identify", body: identityPayload(), timeout: defaultTimeout)
    |     `- warning: result of 'try?' is unused [#]8;;https://docs.swift.org/compiler/documentation/diagnostics/no-usage\NoUsage]8;;\]
152 |   }
153 |
/host/spi-builder-workspace/Sources/Spinosis/Spinosis.swift:185:5: warning: result of 'try?' is unused [#]8;;https://docs.swift.org/compiler/documentation/diagnostics/no-usage\NoUsage]8;;\]
183 |     body["eventName"] = eventName
184 |     body["properties"] = properties ?? [:]
185 |     try? await post("/api/sdk/events", body: body, timeout: defaultTimeout)
    |     `- warning: result of 'try?' is unused [#]8;;https://docs.swift.org/compiler/documentation/diagnostics/no-usage\NoUsage]8;;\]
186 |   }
187 |
/host/spi-builder-workspace/Sources/Spinosis/Spinosis.swift:218:7: error: cannot assign to value: 'payloadJSON' is a 'let' constant
214 |
215 |   private func cache(_ experimentKey: String, variant: String, payload: [String: Any]) {
216 |     let payloadJSON: Data? = nil
    |     `- note: change 'let' to 'var' to make it mutable
217 |     if JSONSerialization.isValidJSONObject(payload) {
218 |       payloadJSON = try? JSONSerialization.data(withJSONObject: payload)
    |       `- error: cannot assign to value: 'payloadJSON' is a 'let' constant
219 |     }
220 |     assignments[experimentKey] = CachedAssignment(
/host/spi-builder-workspace/Sources/Spinosis/Spinosis.swift:235:19: error: cannot find 'URLRequest' in scope
233 |     guard let url = URL(string: "\(apiUrl)\(path)") else { throw URLError(.badURL) }
234 |
235 |     var request = URLRequest(url: url, timeoutInterval: timeout)
    |                   `- error: cannot find 'URLRequest' in scope
236 |     request.httpMethod = "POST"
237 |     request.setValue("application/json", forHTTPHeaderField: "Content-Type")
/host/spi-builder-workspace/Sources/Spinosis/Spinosis.swift:241:49: error: type 'URLSession' (aka 'AnyObject') has no member 'shared'
239 |     request.httpBody = try JSONSerialization.data(withJSONObject: body)
240 |
241 |     let (data, response) = try await URLSession.shared.data(for: request)
    |                                                 `- error: type 'URLSession' (aka 'AnyObject') has no member 'shared'
242 |     guard let http = response as? HTTPURLResponse, (200 ..< 300).contains(http.statusCode) else {
243 |       throw URLError(.badServerResponse)
[#NoUsage]: <https://docs.swift.org/compiler/documentation/diagnostics/no-usage>
Failed frontend command:
/usr/bin/swift-frontend -frontend -c -primary-file /host/spi-builder-workspace/Sources/Spinosis/Spinosis.swift -emit-dependencies-path /host/spi-builder-workspace/.build/out/Intermediates.noindex/Spinosis.build/Debug-linux-x86_64/Spinosis-t.build/Objects-normal/x86_64/Spinosis.d -emit-const-values-path /host/spi-builder-workspace/.build/out/Intermediates.noindex/Spinosis.build/Debug-linux-x86_64/Spinosis-t.build/Objects-normal/x86_64/Spinosis.swiftconstvalues -emit-reference-dependencies-path /host/spi-builder-workspace/.build/out/Intermediates.noindex/Spinosis.build/Debug-linux-x86_64/Spinosis-t.build/Objects-normal/x86_64/Spinosis.swiftdeps -serialize-diagnostics-path /host/spi-builder-workspace/.build/out/Intermediates.noindex/Spinosis.build/Debug-linux-x86_64/Spinosis-t.build/Objects-normal/x86_64/Spinosis.dia -target x86_64-unknown-linux-gnu -disable-objc-interop -I /host/spi-builder-workspace/.build/out/Products/Debug-linux-x86_64 -module-cache-path /host/spi-builder-workspace/.build/out/ModuleCache.noindex -color-diagnostics -Xcc -fcolor-diagnostics -enable-testing -g -debug-info-format\=dwarf -dwarf-version\=4 -swift-version 5 -Onone -D SWIFT_PACKAGE -D DEBUG -D SWIFT_MODULE_RESOURCE_BUNDLE_UNAVAILABLE -D Xcode -serialize-debugging-options -enable-experimental-feature DebugDescriptionMacro -empty-abi-descriptor -external-plugin-path /usr/lib/swift/host/plugins/testing\#/usr/bin/swift-plugin-server -validate-clang-modules-once -clang-build-session-file /host/spi-builder-workspace/.build/out/ModuleCache.noindex/Session.modulevalidation -Xcc -working-directory -Xcc /host -enable-anonymous-context-mangled-names -file-compilation-dir /host -Xcc -fno-omit-frame-pointer -Xcc -D_LIBCPP_HARDENING_MODE\=_LIBCPP_HARDENING_MODE_DEBUG -Xcc -fmodules-prune-interval\=86400 -Xcc -fmodules-prune-after\=345600 -Xcc -I/host/spi-builder-workspace/.build/out/Products/Debug-linux-x86_64/include -Xcc -I/host/spi-builder-workspace/.build/out/Intermediates.noindex/Spinosis.build/Debug-linux-x86_64/Spinosis-t.build/DerivedSources-normal/x86_64 -Xcc -I/host/spi-builder-workspace/.build/out/Intermediates.noindex/Spinosis.build/Debug-linux-x86_64/Spinosis-t.build/DerivedSources/x86_64 -Xcc -I/host/spi-builder-workspace/.build/out/Intermediates.noindex/Spinosis.build/Debug-linux-x86_64/Spinosis-t.build/DerivedSources -Xcc -DSWIFT_PACKAGE -Xcc -DDEBUG\=1 -no-auto-bridging-header-chaining -module-name Spinosis -package-name spi_builder_workspace -const-gather-protocols-file /host/spi-builder-workspace/.build/out/Intermediates.noindex/Spinosis.build/Debug-linux-x86_64/Spinosis-t.build/Objects-normal/x86_64/Spinosis_const_extract_protocols.json -in-process-plugin-server-path /usr/lib/swift/host/libSwiftInProcPluginServer.so -plugin-path /usr/lib/swift/host/plugins -plugin-path /usr/local/lib/swift/host/plugins -parse-as-library -o /host/spi-builder-workspace/.build/out/Intermediates.noindex/Spinosis.build/Debug-linux-x86_64/Spinosis-t.build/Objects-normal/x86_64/Spinosis.o -index-unit-output-path /Spinosis.build/Debug-linux-x86_64/Spinosis-t.build/Objects-normal/x86_64/Spinosis.o -index-store-path /host/spi-builder-workspace/.build/out -index-system-modules
error: Build failed
BUILD FAILURE 6.4 linux