The Swift Package Index logo.Swift Package Index

Build Information

Failed to build WOWSQL, reference v3.9.0 (c0838e), with Swift 6.4 for Wasm on 27 Sep 2026 06:46:18 UTC.

Build Command

bash -c docker run --pull=always --rm -v "checkouts-54344844-1":/host -w "$PWD" -e JAVA_HOME="/root/.sdkman/candidates/java/current" -e SPI_BUILD="1" -e SPI_PROCESSING="1" registry.gitlab.com/saguaro1/spi-images:wasm-6.4-latest swift build --swift-sdk swift-6.4.x-DEVELOPMENT-SNAPSHOT-2026-09-04-a_wasm 2>&1

Build Log

========================================
RunAll
========================================
Builder version: 5.1.0
Interrupt handler set up.
========================================
Checkout
========================================
Clone URL: https://github.com/WowSQL/wowsql-swift.git
Reference: v3.9.0
Initialized empty Git repository in /host/spi-builder-workspace/.git/
hint: Using 'master' as the name for the initial branch. This default branch name
hint: is subject to change. To configure the initial branch name to use in all
hint: of your new repositories, which will suppress this warning, call:
hint:
hint: 	git config --global init.defaultBranch <name>
hint:
hint: Names commonly chosen instead of 'master' are 'main', 'trunk' and
hint: 'development'. The just-created branch can be renamed via this command:
hint:
hint: 	git branch -m <name>
From https://github.com/WowSQL/wowsql-swift
 * tag               v3.9.0     -> FETCH_HEAD
HEAD is now at c0838e6 Release v3.9.0
Cloned https://github.com/WowSQL/wowsql-swift.git
Revision (git rev-parse @):
c0838e6f0c08c72b38f6da0ee2917809e6a4c439
SUCCESS checkout https://github.com/WowSQL/wowsql-swift.git at v3.9.0
========================================
Build
========================================
Selected platform:         wasm
Swift version:             6.4
Building package at path:  $PWD
https://github.com/WowSQL/wowsql-swift.git
Running build ...
bash -c docker run --pull=always --rm -v "checkouts-54344844-1":/host -w "$PWD" -e JAVA_HOME="/root/.sdkman/candidates/java/current" -e SPI_BUILD="1" -e SPI_PROCESSING="1" registry.gitlab.com/saguaro1/spi-images:wasm-6.4-latest swift build --swift-sdk swift-6.4.x-DEVELOPMENT-SNAPSHOT-2026-09-04-a_wasm 2>&1
wasm-6.4-latest: Pulling from saguaro1/spi-images
Digest: sha256:4328fdb43c680d205c1d6761b1e3267aa38277eefdda9ddfb17b6a0f1a77857a
Status: Image is up to date for registry.gitlab.com/saguaro1/spi-images:wasm-6.4-latest
Building for debugging...
[Planning deferred tasks]
error: SwiftCompile normal wasm32 failed with a nonzero exit code. Command line:     cd /host

[27 / 35] WOWSQL
/host/spi-builder-workspace/Sources/WOWSQL/Client.swift:31:26: error: 'URLSession' is unavailable: This type has moved to the FoundationNetworking module. Import that module to use it.
 29 |     private let apiKey: String
 30 |     private let timeout: TimeInterval
 31 |     private let session: URLSession
    |                          `- error: 'URLSession' is unavailable: This type has moved to the FoundationNetworking module. Import that module to use it.
 32 |
 33 |     /// Initialize the client for DATABASE OPERATIONS.
Foundation.URLSession:2:18: note: 'URLSession' has been explicitly marked unavailable here
1 | @available(*, unavailable, message: "This type has moved to the FoundationNetworking module. Import that module to use it.")
2 | public typealias URLSession = AnyObject
  |                  `- note: 'URLSession' has been explicitly marked unavailable here
/host/spi-builder-workspace/Sources/WOWSQL/Client.swift:125:103: error: cannot find type 'URLRequest' in scope
123 |     // MARK: - Internal Request Methods
124 |
125 |     internal func buildRequest(url: URL, method: String, body: [String: AnyCodable]? = nil) throws -> URLRequest {
    |                                                                                                       `- error: cannot find type 'URLRequest' in scope
126 |         var request = URLRequest(url: url)
127 |         request.httpMethod = method
/host/spi-builder-workspace/Sources/WOWSQL/ProjectAuthClient.swift:30:26: error: 'URLSession' is unavailable: This type has moved to the FoundationNetworking module. Import that module to use it.
 28 |     private let apiKey: String?
 29 |     private let timeout: TimeInterval
 30 |     private let session: URLSession
    |                          `- error: 'URLSession' is unavailable: This type has moved to the FoundationNetworking module. Import that module to use it.
 31 |     private let storage: TokenStorage
 32 |     private var _accessToken: String?
Foundation.URLSession:2:18: note: 'URLSession' has been explicitly marked unavailable here
1 | @available(*, unavailable, message: "This type has moved to the FoundationNetworking module. Import that module to use it.")
2 | public typealias URLSession = AnyObject
  |                  `- note: 'URLSession' has been explicitly marked unavailable here
/host/spi-builder-workspace/Sources/WOWSQL/Realtime.swift:30:23: error: cannot find type 'URLSessionWebSocketTask' in scope
 28 |     let projectUrl: String
 29 |     let apiKey: String
 30 |     private var task: URLSessionWebSocketTask?
    |                       `- error: cannot find type 'URLSessionWebSocketTask' in scope
 31 |     private let session = URLSession(configuration: .default)
 32 |     private var manualClose = false
/host/spi-builder-workspace/Sources/WOWSQL/Realtime.swift:31:27: error: 'URLSession' (aka 'AnyObject') cannot be constructed because it has no accessible initializers
 29 |     let apiKey: String
 30 |     private var task: URLSessionWebSocketTask?
 31 |     private let session = URLSession(configuration: .default)
    |                           `- error: 'URLSession' (aka 'AnyObject') cannot be constructed because it has no accessible initializers
 32 |     private var manualClose = false
 33 |     private var subs: [(schema: String, table: String, event: String, cb: (RealtimeChange) -> Void)] = []
/host/spi-builder-workspace/Sources/WOWSQL/Schema.swift:34:26: error: 'URLSession' is unavailable: This type has moved to the FoundationNetworking module. Import that module to use it.
 32 |     private let serviceKey: String
 33 |     private let timeout: TimeInterval
 34 |     private let session: URLSession
    |                          `- error: 'URLSession' is unavailable: This type has moved to the FoundationNetworking module. Import that module to use it.
 35 |
 36 |     /// Initialize schema management client.
Foundation.URLSession:2:18: note: 'URLSession' has been explicitly marked unavailable here
1 | @available(*, unavailable, message: "This type has moved to the FoundationNetworking module. Import that module to use it.")
2 | public typealias URLSession = AnyObject
  |                  `- note: 'URLSession' has been explicitly marked unavailable here
/host/spi-builder-workspace/Sources/WOWSQL/Schema.swift:281:67: error: cannot find type 'URLRequest' in scope
279 |     }
280 |
281 |     private func buildRequest(url: URL, method: String) throws -> URLRequest {
    |                                                                   `- error: cannot find type 'URLRequest' in scope
282 |         var request = URLRequest(url: url)
283 |         request.httpMethod = method
/host/spi-builder-workspace/Sources/WOWSQL/Storage.swift:32:26: error: 'URLSession' is unavailable: This type has moved to the FoundationNetworking module. Import that module to use it.
 30 |     private let apiKey: String
 31 |     private let timeout: TimeInterval
 32 |     private let session: URLSession
    |                          `- error: 'URLSession' is unavailable: This type has moved to the FoundationNetworking module. Import that module to use it.
 33 |
 34 |     /// Initialize the storage client.
Foundation.URLSession:2:18: note: 'URLSession' has been explicitly marked unavailable here
1 | @available(*, unavailable, message: "This type has moved to the FoundationNetworking module. Import that module to use it.")
2 | public typealias URLSession = AnyObject
  |                  `- note: 'URLSession' has been explicitly marked unavailable here
/host/spi-builder-workspace/Sources/WOWSQL/Storage.swift:309:67: error: cannot find type 'URLRequest' in scope
307 |     }
308 |
309 |     private func buildRequest(url: URL, method: String) throws -> URLRequest {
    |                                                                   `- error: cannot find type 'URLRequest' in scope
310 |         var request = URLRequest(url: url)
311 |         request.httpMethod = method
/host/spi-builder-workspace/Sources/WOWSQL/Storage.swift:341:42: error: 'URLResponse' is unavailable: This type has moved to the FoundationNetworking module. Import that module to use it.
339 |     }
340 |
341 |     private func checkResponse(response: URLResponse, data: Data) throws {
    |                                          `- error: 'URLResponse' is unavailable: This type has moved to the FoundationNetworking module. Import that module to use it.
342 |         guard let httpResponse = response as? HTTPURLResponse else {
343 |             throw NetworkError("Invalid response type")
Foundation.URLResponse:2:18: note: 'URLResponse' has been explicitly marked unavailable here
1 | @available(*, unavailable, message: "This type has moved to the FoundationNetworking module. Import that module to use it.")
2 | public typealias URLResponse = AnyObject
  |                  `- note: 'URLResponse' has been explicitly marked unavailable here
Failed frontend command:
/usr/bin/swift-frontend -frontend -emit-module -experimental-skip-non-inlinable-function-bodies-without-types /host/spi-builder-workspace/Sources/WOWSQL/Client.swift /host/spi-builder-workspace/Sources/WOWSQL/Exceptions.swift /host/spi-builder-workspace/Sources/WOWSQL/Models.swift /host/spi-builder-workspace/Sources/WOWSQL/ProjectAuthClient.swift /host/spi-builder-workspace/Sources/WOWSQL/QueryBuilder.swift /host/spi-builder-workspace/Sources/WOWSQL/Realtime.swift /host/spi-builder-workspace/Sources/WOWSQL/Schema.swift /host/spi-builder-workspace/Sources/WOWSQL/Storage.swift /host/spi-builder-workspace/Sources/WOWSQL/Version.swift /host/spi-builder-workspace/Sources/WOWSQL/WOWSQL.swift -target wasm32-unknown-wasip1 -disable-objc-interop -sdk /root/.swiftpm/swift-sdks/swift-6.4.x-DEVELOPMENT-SNAPSHOT-2026-09-04-a_wasm.artifactbundle/swift-6.4.x-DEVELOPMENT-SNAPSHOT-2026-09-04-a_wasm/wasm32-unknown-wasip1/WASI.sdk -sysroot /root/.swiftpm/swift-sdks/swift-6.4.x-DEVELOPMENT-SNAPSHOT-2026-09-04-a_wasm.artifactbundle/swift-6.4.x-DEVELOPMENT-SNAPSHOT-2026-09-04-a_wasm/wasm32-unknown-wasip1/WASI.sdk -I /host/spi-builder-workspace/.build/out/Products/Debug-webassembly-wasm32 -module-cache-path /host/spi-builder-workspace/.build/out/ModuleCache.noindex -color-diagnostics -Xcc -fcolor-diagnostics -enable-testing -g -debug-info-format\=dwarf -dwarf-version\=4 -swift-version 5 -Onone -D SWIFT_PACKAGE -D DEBUG -D SWIFT_MODULE_RESOURCE_BUNDLE_UNAVAILABLE -D Xcode -serialize-debugging-options -enable-experimental-feature DebugDescriptionMacro -empty-abi-descriptor -external-plugin-path /usr/lib/swift/host/plugins/testing\#/usr/bin/swift-plugin-server -validate-clang-modules-once -clang-build-session-file /host/spi-builder-workspace/.build/out/ModuleCache.noindex/Session.modulevalidation -Xcc -working-directory -Xcc /host -resource-dir /root/.swiftpm/swift-sdks/swift-6.4.x-DEVELOPMENT-SNAPSHOT-2026-09-04-a_wasm.artifactbundle/swift-6.4.x-DEVELOPMENT-SNAPSHOT-2026-09-04-a_wasm/wasm32-unknown-wasip1/swift.xctoolchain/usr/lib/swift_static -use-static-resource-dir -enable-anonymous-context-mangled-names -file-compilation-dir /host -Xcc -resource-dir -Xcc /root/.swiftpm/swift-sdks/swift-6.4.x-DEVELOPMENT-SNAPSHOT-2026-09-04-a_wasm.artifactbundle/swift-6.4.x-DEVELOPMENT-SNAPSHOT-2026-09-04-a_wasm/wasm32-unknown-wasip1/swift.xctoolchain/usr/lib/swift_static/clang -Xcc -D_LIBCPP_HARDENING_MODE\=_LIBCPP_HARDENING_MODE_DEBUG -Xcc -fmodules-prune-interval\=86400 -Xcc -fmodules-prune-after\=345600 -Xcc -I/host/spi-builder-workspace/.build/out/Products/Debug-webassembly-wasm32/include -Xcc -I/host/spi-builder-workspace/.build/out/Intermediates.noindex/WOWSQL.build/Debug-webassembly-wasm32/WOWSQL-t.build/DerivedSources-normal/wasm32 -Xcc -I/host/spi-builder-workspace/.build/out/Intermediates.noindex/WOWSQL.build/Debug-webassembly-wasm32/WOWSQL-t.build/DerivedSources/wasm32 -Xcc -I/host/spi-builder-workspace/.build/out/Intermediates.noindex/WOWSQL.build/Debug-webassembly-wasm32/WOWSQL-t.build/DerivedSources -Xcc -DSWIFT_PACKAGE -Xcc -DDEBUG\=1 -no-auto-bridging-header-chaining -module-name WOWSQL -package-name spi_builder_workspace -const-gather-protocols-file /host/spi-builder-workspace/.build/out/Intermediates.noindex/WOWSQL.build/Debug-webassembly-wasm32/WOWSQL-t.build/Objects-normal/wasm32/WOWSQL_const_extract_protocols.json -in-process-plugin-server-path /usr/lib/swift/host/libSwiftInProcPluginServer.so -plugin-path /usr/lib/swift/host/plugins -plugin-path /usr/local/lib/swift/host/plugins -emit-module-doc-path /host/spi-builder-workspace/.build/out/Intermediates.noindex/WOWSQL.build/Debug-webassembly-wasm32/WOWSQL-t.build/Objects-normal/wasm32/Modules/WOWSQL.swiftdoc -emit-module-source-info-path /host/spi-builder-workspace/.build/out/Intermediates.noindex/WOWSQL.build/Debug-webassembly-wasm32/WOWSQL-t.build/Objects-normal/wasm32/Modules/WOWSQL.swiftsourceinfo -emit-objc-header-path /host/spi-builder-workspace/.build/out/Intermediates.noindex/WOWSQL.build/Debug-webassembly-wasm32/WOWSQL-t.build/Objects-normal/wasm32/WOWSQL-Swift.h -serialize-diagnostics-path /host/spi-builder-workspace/.build/out/Intermediates.noindex/WOWSQL.build/Debug-webassembly-wasm32/WOWSQL-t.build/Objects-normal/wasm32/WOWSQL-primary-emit-module.dia -emit-dependencies-path /host/spi-builder-workspace/.build/out/Intermediates.noindex/WOWSQL.build/Debug-webassembly-wasm32/WOWSQL-t.build/Objects-normal/wasm32/WOWSQL-primary-emit-module.d -parse-as-library -o /host/spi-builder-workspace/.build/out/Intermediates.noindex/WOWSQL.build/Debug-webassembly-wasm32/WOWSQL-t.build/Objects-normal/wasm32/Modules/WOWSQL.swiftmodule
error: Build failed
BUILD FAILURE 6.4 wasm