Build Information
Failed to build KarrotListKit, reference 4.7.0 (d60816), with Swift 6.4 for tvOS using Xcode 27.0 on 23 Sep 2026 01:39:12 UTC.
Build Command
env DEVELOPER_DIR=/Applications/Xcode-27.0.0-Release.Candidate.app xcrun xcodebuild -IDEClonedSourcePackagesDirPathOverride=$PWD/.dependencies -skipMacroValidation -skipPackagePluginValidation -derivedDataPath $PWD/.derivedData build -scheme KarrotListKit -destination generic/platform=tvOSBuild Log
ExecuteExternalTool /Applications/Xcode-27.0.0-Release.Candidate.app/Contents/Developer/Toolchains/XcodeDefault.xctoolchain/usr/bin/ld -version_details
Build description signature: d952d9ee8e76f479555d9ebb11ab46c6
Build description path: /Users/admin/builder/spi-builder-workspace/.derivedData/Build/Intermediates.noindex/XCBuildData/d952d9ee8e76f479555d9ebb11ab46c6.xcbuilddata
CreateBuildDirectory /Users/admin/builder/spi-builder-workspace/.derivedData/SDKExplicitPrecompiledModules
cd /Users/admin/builder/spi-builder-workspace/.swiftpm/xcode
builtin-create-build-directory /Users/admin/builder/spi-builder-workspace/.derivedData/SDKExplicitPrecompiledModules
CreateBuildDirectory /Users/admin/builder/spi-builder-workspace/.derivedData/ModuleCache.noindex
cd /Users/admin/builder/spi-builder-workspace/.swiftpm/xcode
builtin-create-build-directory /Users/admin/builder/spi-builder-workspace/.derivedData/ModuleCache.noindex
CreateBuildDirectory /Users/admin/builder/spi-builder-workspace/.derivedData/CompilationCache.noindex
cd /Users/admin/builder/spi-builder-workspace/.swiftpm/xcode
builtin-create-build-directory /Users/admin/builder/spi-builder-workspace/.derivedData/CompilationCache.noindex
ClangStatCache /Applications/Xcode-27.0.0-Release.Candidate.app/Contents/Developer/Toolchains/XcodeDefault.xctoolchain/usr/bin/clang-stat-cache /Applications/Xcode-27.0.0-Release.Candidate.app/Contents/Developer/Platforms/AppleTVOS.platform/Developer/SDKs/AppleTVOS27.0.sdk /Users/admin/builder/spi-builder-workspace/.derivedData/SDKStatCaches.noindex/appletvos27.0-24J360-e829b21a6f8c9b70876ba0858053c044b32bfd8d43560033f8d89884cdb90028.sdkstatcache
cd /Users/admin/builder/spi-builder-workspace/.swiftpm/xcode
/Applications/Xcode-27.0.0-Release.Candidate.app/Contents/Developer/Toolchains/XcodeDefault.xctoolchain/usr/bin/clang-stat-cache /Applications/Xcode-27.0.0-Release.Candidate.app/Contents/Developer/Platforms/AppleTVOS.platform/Developer/SDKs/AppleTVOS27.0.sdk -o /Users/admin/builder/spi-builder-workspace/.derivedData/SDKStatCaches.noindex/appletvos27.0-24J360-e829b21a6f8c9b70876ba0858053c044b32bfd8d43560033f8d89884cdb90028.sdkstatcache
ClangStatCache /Applications/Xcode-27.0.0-Release.Candidate.app/Contents/Developer/Toolchains/XcodeDefault.xctoolchain/usr/bin/clang-stat-cache /Applications/Xcode-27.0.0-Release.Candidate.app/Contents/Developer/Platforms/MacOSX.platform/Developer/SDKs/MacOSX27.0.sdk /Users/admin/builder/spi-builder-workspace/.derivedData/SDKStatCaches.noindex/macosx27.0-26A425-e829b21a6f8c9b70876ba0858053c0446a22442a12e9d48fe1a705f55a1adfc4.sdkstatcache
cd /Users/admin/builder/spi-builder-workspace/.swiftpm/xcode
/Applications/Xcode-27.0.0-Release.Candidate.app/Contents/Developer/Toolchains/XcodeDefault.xctoolchain/usr/bin/clang-stat-cache /Applications/Xcode-27.0.0-Release.Candidate.app/Contents/Developer/Platforms/MacOSX.platform/Developer/SDKs/MacOSX27.0.sdk -o /Users/admin/builder/spi-builder-workspace/.derivedData/SDKStatCaches.noindex/macosx27.0-26A425-e829b21a6f8c9b70876ba0858053c0446a22442a12e9d48fe1a705f55a1adfc4.sdkstatcache
CreateBuildDirectory /Users/admin/builder/spi-builder-workspace/.derivedData/Build/Intermediates.noindex
cd /Users/admin/builder/spi-builder-workspace/.swiftpm/xcode
builtin-create-build-directory /Users/admin/builder/spi-builder-workspace/.derivedData/Build/Intermediates.noindex
CreateBuildDirectory /Users/admin/builder/spi-builder-workspace/.derivedData/Build/Products
cd /Users/admin/builder/spi-builder-workspace/.swiftpm/xcode
builtin-create-build-directory /Users/admin/builder/spi-builder-workspace/.derivedData/Build/Products
CreateBuildDirectory /Users/admin/builder/spi-builder-workspace/.derivedData/Build/Intermediates.noindex/SwiftExplicitPrecompiledModules
cd /Users/admin/builder/spi-builder-workspace/.swiftpm/xcode
builtin-create-build-directory /Users/admin/builder/spi-builder-workspace/.derivedData/Build/Intermediates.noindex/SwiftExplicitPrecompiledModules
CreateBuildDirectory /Users/admin/builder/spi-builder-workspace/.derivedData/Build/Intermediates.noindex/PrecompiledHeaders
cd /Users/admin/builder/spi-builder-workspace/.swiftpm/xcode
builtin-create-build-directory /Users/admin/builder/spi-builder-workspace/.derivedData/Build/Intermediates.noindex/PrecompiledHeaders
CreateBuildDirectory /Users/admin/builder/spi-builder-workspace/.derivedData/Build/Intermediates.noindex/ExplicitPrecompiledModules
cd /Users/admin/builder/spi-builder-workspace/.swiftpm/xcode
builtin-create-build-directory /Users/admin/builder/spi-builder-workspace/.derivedData/Build/Intermediates.noindex/ExplicitPrecompiledModules
CreateBuildDirectory /Users/admin/builder/spi-builder-workspace/.derivedData/Build/Intermediates.noindex/EagerLinkingTBDs/Debug-appletvos
cd /Users/admin/builder/spi-builder-workspace/.swiftpm/xcode
builtin-create-build-directory /Users/admin/builder/spi-builder-workspace/.derivedData/Build/Intermediates.noindex/EagerLinkingTBDs/Debug-appletvos
CreateBuildDirectory /Users/admin/builder/spi-builder-workspace/.derivedData/Build/Intermediates.noindex/EagerLinkingTBDs/Debug
cd /Users/admin/builder/spi-builder-workspace/.swiftpm/xcode
builtin-create-build-directory /Users/admin/builder/spi-builder-workspace/.derivedData/Build/Intermediates.noindex/EagerLinkingTBDs/Debug
CreateBuildDirectory /Users/admin/builder/spi-builder-workspace/.derivedData/Build/Products/Debug-appletvos
cd /Users/admin/builder/spi-builder-workspace/.swiftpm/xcode
builtin-create-build-directory /Users/admin/builder/spi-builder-workspace/.derivedData/Build/Products/Debug-appletvos
CreateBuildDirectory /Users/admin/builder/spi-builder-workspace/.derivedData/Build/Products/Debug
cd /Users/admin/builder/spi-builder-workspace/.swiftpm/xcode
builtin-create-build-directory /Users/admin/builder/spi-builder-workspace/.derivedData/Build/Products/Debug
CreateBuildDirectory /Users/admin/builder/spi-builder-workspace/.derivedData/Build/Products/Debug/PackageFrameworks
cd /Users/admin/builder/spi-builder-workspace/.swiftpm/xcode
builtin-create-build-directory /Users/admin/builder/spi-builder-workspace/.derivedData/Build/Products/Debug/PackageFrameworks
CreateBuildDirectory /Users/admin/builder/spi-builder-workspace/.derivedData/Build/Products/Debug-appletvos/PackageFrameworks
cd /Users/admin/builder/spi-builder-workspace/.swiftpm/xcode
builtin-create-build-directory /Users/admin/builder/spi-builder-workspace/.derivedData/Build/Products/Debug-appletvos/PackageFrameworks
WriteAuxiliaryFile /Users/admin/builder/spi-builder-workspace/.derivedData/Build/Intermediates.noindex/KarrotListKit.build/Debug/KarrotListKitMacros-t.build/KarrotListKitMacros.DependencyMetadataFileList (in target 'KarrotListKitMacros' from project 'KarrotListKit')
cd /Users/admin/builder/spi-builder-workspace
write-file /Users/admin/builder/spi-builder-workspace/.derivedData/Build/Intermediates.noindex/KarrotListKit.build/Debug/KarrotListKitMacros-t.build/KarrotListKitMacros.DependencyMetadataFileList
WriteAuxiliaryFile /Users/admin/builder/spi-builder-workspace/.derivedData/Build/Intermediates.noindex/KarrotListKit.build/Debug/KarrotListKitMacros-t.build/KarrotListKitMacros.DependencyStaticMetadataFileList (in target 'KarrotListKitMacros' from project 'KarrotListKit')
cd /Users/admin/builder/spi-builder-workspace
write-file /Users/admin/builder/spi-builder-workspace/.derivedData/Build/Intermediates.noindex/KarrotListKit.build/Debug/KarrotListKitMacros-t.build/KarrotListKitMacros.DependencyStaticMetadataFileList
WriteAuxiliaryFile /Users/admin/builder/spi-builder-workspace/.derivedData/Build/Intermediates.noindex/KarrotListKit.build/Debug/KarrotListKitMacros-t.build/Objects-normal/arm64/KarrotListKitMacros-OutputFileMap.json (in target 'KarrotListKitMacros' from project 'KarrotListKit')
cd /Users/admin/builder/spi-builder-workspace
write-file /Users/admin/builder/spi-builder-workspace/.derivedData/Build/Intermediates.noindex/KarrotListKit.build/Debug/KarrotListKitMacros-t.build/Objects-normal/arm64/KarrotListKitMacros-OutputFileMap.json
WriteAuxiliaryFile /Users/admin/builder/spi-builder-workspace/.derivedData/Build/Intermediates.noindex/KarrotListKit.build/Debug/KarrotListKitMacros-t.build/Objects-normal/arm64/KarrotListKitMacros.LinkFileList (in target 'KarrotListKitMacros' from project 'KarrotListKit')
cd /Users/admin/builder/spi-builder-workspace
write-file /Users/admin/builder/spi-builder-workspace/.derivedData/Build/Intermediates.noindex/KarrotListKit.build/Debug/KarrotListKitMacros-t.build/Objects-normal/arm64/KarrotListKitMacros.LinkFileList
WriteAuxiliaryFile /Users/admin/builder/spi-builder-workspace/.derivedData/Build/Intermediates.noindex/KarrotListKit.build/Debug/KarrotListKitMacros-t.build/Objects-normal/arm64/KarrotListKitMacros_const_extract_protocols.json (in target 'KarrotListKitMacros' from project 'KarrotListKit')
cd /Users/admin/builder/spi-builder-workspace
write-file /Users/admin/builder/spi-builder-workspace/.derivedData/Build/Intermediates.noindex/KarrotListKit.build/Debug/KarrotListKitMacros-t.build/Objects-normal/arm64/KarrotListKitMacros_const_extract_protocols.json
WriteAuxiliaryFile /Users/admin/builder/spi-builder-workspace/.derivedData/Build/Intermediates.noindex/KarrotListKit.build/Debug/KarrotListKitMacros-t.build/Objects-normal/arm64/KarrotListKitMacros.SwiftFileList (in target 'KarrotListKitMacros' from project 'KarrotListKit')
cd /Users/admin/builder/spi-builder-workspace
write-file /Users/admin/builder/spi-builder-workspace/.derivedData/Build/Intermediates.noindex/KarrotListKit.build/Debug/KarrotListKitMacros-t.build/Objects-normal/arm64/KarrotListKitMacros.SwiftFileList
WriteAuxiliaryFile /Users/admin/builder/spi-builder-workspace/.derivedData/Build/Intermediates.noindex/KarrotListKit.build/Debug-appletvos/KarrotListKit-t.build/Objects-normal/arm64/KarrotListKit.SwiftFileList (in target 'KarrotListKit' from project 'KarrotListKit')
cd /Users/admin/builder/spi-builder-workspace
write-file /Users/admin/builder/spi-builder-workspace/.derivedData/Build/Intermediates.noindex/KarrotListKit.build/Debug-appletvos/KarrotListKit-t.build/Objects-normal/arm64/KarrotListKit.SwiftFileList
WriteAuxiliaryFile /Users/admin/builder/spi-builder-workspace/.derivedData/Build/Intermediates.noindex/KarrotListKit.build/Debug-appletvos/KarrotListKit-t.build/Objects-normal/arm64/KarrotListKit.SwiftConstValuesFileList (in target 'KarrotListKit' from project 'KarrotListKit')
cd /Users/admin/builder/spi-builder-workspace
write-file /Users/admin/builder/spi-builder-workspace/.derivedData/Build/Intermediates.noindex/KarrotListKit.build/Debug-appletvos/KarrotListKit-t.build/Objects-normal/arm64/KarrotListKit.SwiftConstValuesFileList
WriteAuxiliaryFile /Users/admin/builder/spi-builder-workspace/.derivedData/Build/Intermediates.noindex/KarrotListKit.build/Debug-appletvos/KarrotListKit-t.build/Objects-normal/arm64/KarrotListKit_const_extract_protocols.json (in target 'KarrotListKit' from project 'KarrotListKit')
cd /Users/admin/builder/spi-builder-workspace
write-file /Users/admin/builder/spi-builder-workspace/.derivedData/Build/Intermediates.noindex/KarrotListKit.build/Debug-appletvos/KarrotListKit-t.build/Objects-normal/arm64/KarrotListKit_const_extract_protocols.json
WriteAuxiliaryFile /Users/admin/builder/spi-builder-workspace/.derivedData/Build/Intermediates.noindex/KarrotListKit.build/Debug-appletvos/KarrotListKit-t.build/Objects-normal/arm64/KarrotListKit.LinkFileList (in target 'KarrotListKit' from project 'KarrotListKit')
cd /Users/admin/builder/spi-builder-workspace
write-file /Users/admin/builder/spi-builder-workspace/.derivedData/Build/Intermediates.noindex/KarrotListKit.build/Debug-appletvos/KarrotListKit-t.build/Objects-normal/arm64/KarrotListKit.LinkFileList
WriteAuxiliaryFile /Users/admin/builder/spi-builder-workspace/.derivedData/Build/Intermediates.noindex/KarrotListKit.build/Debug-appletvos/KarrotListKit-t.build/Objects-normal/arm64/KarrotListKit-OutputFileMap.json (in target 'KarrotListKit' from project 'KarrotListKit')
cd /Users/admin/builder/spi-builder-workspace
write-file /Users/admin/builder/spi-builder-workspace/.derivedData/Build/Intermediates.noindex/KarrotListKit.build/Debug-appletvos/KarrotListKit-t.build/Objects-normal/arm64/KarrotListKit-OutputFileMap.json
WriteAuxiliaryFile /Users/admin/builder/spi-builder-workspace/.derivedData/Build/Intermediates.noindex/KarrotListKit.build/Debug-appletvos/KarrotListKit-t.build/KarrotListKit.modulemap (in target 'KarrotListKit' from project 'KarrotListKit')
cd /Users/admin/builder/spi-builder-workspace
write-file /Users/admin/builder/spi-builder-workspace/.derivedData/Build/Intermediates.noindex/KarrotListKit.build/Debug-appletvos/KarrotListKit-t.build/KarrotListKit.modulemap
WriteAuxiliaryFile /Users/admin/builder/spi-builder-workspace/.derivedData/Build/Intermediates.noindex/KarrotListKit.build/Debug-appletvos/KarrotListKit-t.build/KarrotListKit.DependencyStaticMetadataFileList (in target 'KarrotListKit' from project 'KarrotListKit')
cd /Users/admin/builder/spi-builder-workspace
write-file /Users/admin/builder/spi-builder-workspace/.derivedData/Build/Intermediates.noindex/KarrotListKit.build/Debug-appletvos/KarrotListKit-t.build/KarrotListKit.DependencyStaticMetadataFileList
WriteAuxiliaryFile /Users/admin/builder/spi-builder-workspace/.derivedData/Build/Intermediates.noindex/KarrotListKit.build/Debug-appletvos/KarrotListKit-t.build/KarrotListKit.DependencyMetadataFileList (in target 'KarrotListKit' from project 'KarrotListKit')
cd /Users/admin/builder/spi-builder-workspace
write-file /Users/admin/builder/spi-builder-workspace/.derivedData/Build/Intermediates.noindex/KarrotListKit.build/Debug-appletvos/KarrotListKit-t.build/KarrotListKit.DependencyMetadataFileList
WriteAuxiliaryFile /Users/admin/builder/spi-builder-workspace/.derivedData/Build/Intermediates.noindex/DifferenceKit.build/Debug-appletvos/DifferenceKit-t.build/DifferenceKit.modulemap (in target 'DifferenceKit' from project 'DifferenceKit')
cd /Users/admin/builder/spi-builder-workspace/.dependencies/checkouts/DifferenceKit
write-file /Users/admin/builder/spi-builder-workspace/.derivedData/Build/Intermediates.noindex/DifferenceKit.build/Debug-appletvos/DifferenceKit-t.build/DifferenceKit.modulemap
WriteAuxiliaryFile /Users/admin/builder/spi-builder-workspace/.derivedData/Build/Intermediates.noindex/DifferenceKit.build/Debug-appletvos/DifferenceKit-t.build/Objects-normal/arm64/DifferenceKit_const_extract_protocols.json (in target 'DifferenceKit' from project 'DifferenceKit')
cd /Users/admin/builder/spi-builder-workspace/.dependencies/checkouts/DifferenceKit
write-file /Users/admin/builder/spi-builder-workspace/.derivedData/Build/Intermediates.noindex/DifferenceKit.build/Debug-appletvos/DifferenceKit-t.build/Objects-normal/arm64/DifferenceKit_const_extract_protocols.json
WriteAuxiliaryFile /Users/admin/builder/spi-builder-workspace/.derivedData/Build/Intermediates.noindex/DifferenceKit.build/Debug-appletvos/DifferenceKit-t.build/Objects-normal/arm64/DifferenceKit.SwiftFileList (in target 'DifferenceKit' from project 'DifferenceKit')
cd /Users/admin/builder/spi-builder-workspace/.dependencies/checkouts/DifferenceKit
write-file /Users/admin/builder/spi-builder-workspace/.derivedData/Build/Intermediates.noindex/DifferenceKit.build/Debug-appletvos/DifferenceKit-t.build/Objects-normal/arm64/DifferenceKit.SwiftFileList
WriteAuxiliaryFile /Users/admin/builder/spi-builder-workspace/.derivedData/Build/Intermediates.noindex/DifferenceKit.build/Debug-appletvos/DifferenceKit-t.build/Objects-normal/arm64/DifferenceKit.SwiftConstValuesFileList (in target 'DifferenceKit' from project 'DifferenceKit')
cd /Users/admin/builder/spi-builder-workspace/.dependencies/checkouts/DifferenceKit
write-file /Users/admin/builder/spi-builder-workspace/.derivedData/Build/Intermediates.noindex/DifferenceKit.build/Debug-appletvos/DifferenceKit-t.build/Objects-normal/arm64/DifferenceKit.SwiftConstValuesFileList
WriteAuxiliaryFile /Users/admin/builder/spi-builder-workspace/.derivedData/Build/Intermediates.noindex/DifferenceKit.build/Debug-appletvos/DifferenceKit-t.build/Objects-normal/arm64/DifferenceKit-OutputFileMap.json (in target 'DifferenceKit' from project 'DifferenceKit')
cd /Users/admin/builder/spi-builder-workspace/.dependencies/checkouts/DifferenceKit
write-file /Users/admin/builder/spi-builder-workspace/.derivedData/Build/Intermediates.noindex/DifferenceKit.build/Debug-appletvos/DifferenceKit-t.build/Objects-normal/arm64/DifferenceKit-OutputFileMap.json
WriteAuxiliaryFile /Users/admin/builder/spi-builder-workspace/.derivedData/Build/Intermediates.noindex/DifferenceKit.build/Debug-appletvos/DifferenceKit-t.build/Objects-normal/arm64/DifferenceKit.LinkFileList (in target 'DifferenceKit' from project 'DifferenceKit')
cd /Users/admin/builder/spi-builder-workspace/.dependencies/checkouts/DifferenceKit
write-file /Users/admin/builder/spi-builder-workspace/.derivedData/Build/Intermediates.noindex/DifferenceKit.build/Debug-appletvos/DifferenceKit-t.build/Objects-normal/arm64/DifferenceKit.LinkFileList
WriteAuxiliaryFile /Users/admin/builder/spi-builder-workspace/.derivedData/Build/Intermediates.noindex/DifferenceKit.build/Debug-appletvos/DifferenceKit-t.build/DifferenceKit.DependencyStaticMetadataFileList (in target 'DifferenceKit' from project 'DifferenceKit')
cd /Users/admin/builder/spi-builder-workspace/.dependencies/checkouts/DifferenceKit
write-file /Users/admin/builder/spi-builder-workspace/.derivedData/Build/Intermediates.noindex/DifferenceKit.build/Debug-appletvos/DifferenceKit-t.build/DifferenceKit.DependencyStaticMetadataFileList
Copy /Users/admin/builder/spi-builder-workspace/.derivedData/Build/Intermediates.noindex/GeneratedModuleMaps-appletvos/KarrotListKit.modulemap /Users/admin/builder/spi-builder-workspace/.derivedData/Build/Intermediates.noindex/KarrotListKit.build/Debug-appletvos/KarrotListKit-t.build/KarrotListKit.modulemap (in target 'KarrotListKit' from project 'KarrotListKit')
cd /Users/admin/builder/spi-builder-workspace
builtin-copy -exclude .DS_Store -exclude CVS -exclude .svn -exclude .git -exclude .hg -resolve-src-symlinks /Users/admin/builder/spi-builder-workspace/.derivedData/Build/Intermediates.noindex/KarrotListKit.build/Debug-appletvos/KarrotListKit-t.build/KarrotListKit.modulemap /Users/admin/builder/spi-builder-workspace/.derivedData/Build/Intermediates.noindex/GeneratedModuleMaps-appletvos
WriteAuxiliaryFile /Users/admin/builder/spi-builder-workspace/.derivedData/Build/Intermediates.noindex/DifferenceKit.build/Debug-appletvos/DifferenceKit-t.build/DifferenceKit.DependencyMetadataFileList (in target 'DifferenceKit' from project 'DifferenceKit')
cd /Users/admin/builder/spi-builder-workspace/.dependencies/checkouts/DifferenceKit
write-file /Users/admin/builder/spi-builder-workspace/.derivedData/Build/Intermediates.noindex/DifferenceKit.build/Debug-appletvos/DifferenceKit-t.build/DifferenceKit.DependencyMetadataFileList
Copy /Users/admin/builder/spi-builder-workspace/.derivedData/Build/Intermediates.noindex/GeneratedModuleMaps-appletvos/DifferenceKit.modulemap /Users/admin/builder/spi-builder-workspace/.derivedData/Build/Intermediates.noindex/DifferenceKit.build/Debug-appletvos/DifferenceKit-t.build/DifferenceKit.modulemap (in target 'DifferenceKit' from project 'DifferenceKit')
cd /Users/admin/builder/spi-builder-workspace/.dependencies/checkouts/DifferenceKit
builtin-copy -exclude .DS_Store -exclude CVS -exclude .svn -exclude .git -exclude .hg -resolve-src-symlinks /Users/admin/builder/spi-builder-workspace/.derivedData/Build/Intermediates.noindex/DifferenceKit.build/Debug-appletvos/DifferenceKit-t.build/DifferenceKit.modulemap /Users/admin/builder/spi-builder-workspace/.derivedData/Build/Intermediates.noindex/GeneratedModuleMaps-appletvos
SwiftDriver DifferenceKit normal arm64 com.apple.xcode.tools.swift.compiler (in target 'DifferenceKit' from project 'DifferenceKit')
cd /Users/admin/builder/spi-builder-workspace/.swiftpm/xcode
builtin-SwiftDriver -- /Applications/Xcode-27.0.0-Release.Candidate.app/Contents/Developer/Toolchains/XcodeDefault.xctoolchain/usr/bin/swiftc -parse-as-library -module-name DifferenceKit -Onone @/Users/admin/builder/spi-builder-workspace/.derivedData/Build/Intermediates.noindex/DifferenceKit.build/Debug-appletvos/DifferenceKit-t.build/Objects-normal/arm64/DifferenceKit.SwiftFileList -DSWIFT_PACKAGE -DDEBUG -DSWIFT_MODULE_RESOURCE_BUNDLE_UNAVAILABLE -DXcode -plugin-path /Applications/Xcode-27.0.0-Release.Candidate.app/Contents/Developer/Toolchains/XcodeDefault.xctoolchain/usr/lib/swift/host/plugins/testing -enable-experimental-feature DebugDescriptionMacro -sdk /Applications/Xcode-27.0.0-Release.Candidate.app/Contents/Developer/Platforms/AppleTVOS.platform/Developer/SDKs/AppleTVOS27.0.sdk -target arm64-apple-tvos15.0 -g -module-cache-path /Users/admin/builder/spi-builder-workspace/.derivedData/ModuleCache.noindex -Xfrontend -serialize-debugging-options -profile-coverage-mapping -profile-generate -enable-testing -suppress-warnings -index-store-path /Users/admin/builder/spi-builder-workspace/.derivedData/Index.noindex/DataStore -Xcc -D_LIBCPP_HARDENING_MODE\=_LIBCPP_HARDENING_MODE_DEBUG -swift-version 5 -I /Users/admin/builder/spi-builder-workspace/.derivedData/Build/Products/Debug-appletvos -Isystem /Applications/Xcode-27.0.0-Release.Candidate.app/Contents/Developer/Platforms/AppleTVOS.platform/Developer/usr/lib -F /Users/admin/builder/spi-builder-workspace/.derivedData/Build/Products/Debug-appletvos -F /Applications/Xcode-27.0.0-Release.Candidate.app/Contents/Developer/Platforms/AppleTVOS.platform/Developer/Library/Frameworks -F /Applications/Xcode-27.0.0-Release.Candidate.app/Contents/Developer/Platforms/AppleTVOS.platform/Developer/SDKs/AppleTVOS27.0.sdk/Developer/Library/Frameworks -c -j10 -enable-batch-mode -incremental -Xcc -ivfsstatcache -Xcc /Users/admin/builder/spi-builder-workspace/.derivedData/SDKStatCaches.noindex/appletvos27.0-24J360-e829b21a6f8c9b70876ba0858053c044b32bfd8d43560033f8d89884cdb90028.sdkstatcache -output-file-map /Users/admin/builder/spi-builder-workspace/.derivedData/Build/Intermediates.noindex/DifferenceKit.build/Debug-appletvos/DifferenceKit-t.build/Objects-normal/arm64/DifferenceKit-OutputFileMap.json -save-temps -no-color-diagnostics -explicit-module-build -module-cache-path /Users/admin/builder/spi-builder-workspace/.derivedData/Build/Intermediates.noindex/SwiftExplicitPrecompiledModules -clang-scanner-module-cache-path /Users/admin/builder/spi-builder-workspace/.derivedData/ModuleCache.noindex -sdk-module-cache-path /Users/admin/builder/spi-builder-workspace/.derivedData/SDKExplicitPrecompiledModules -emit-dependencies -emit-module -emit-module-path /Users/admin/builder/spi-builder-workspace/.derivedData/Build/Intermediates.noindex/DifferenceKit.build/Debug-appletvos/DifferenceKit-t.build/Objects-normal/arm64/DifferenceKit.swiftmodule -serialize-diagnostics -dependency-scan-serialize-diagnostics-path /Users/admin/builder/spi-builder-workspace/.derivedData/Build/Intermediates.noindex/DifferenceKit.build/Debug-appletvos/DifferenceKit-t.build/Objects-normal/arm64/DifferenceKit-dependency-scan.dia -validate-clang-modules-once -clang-build-session-file /Users/admin/builder/spi-builder-workspace/.derivedData/ModuleCache.noindex/Session.modulevalidation -Xcc -fmodules-prune-interval\=86400 -Xcc -fmodules-prune-after\=345600 -emit-const-values -const-gather-protocols-list /Users/admin/builder/spi-builder-workspace/.derivedData/Build/Intermediates.noindex/DifferenceKit.build/Debug-appletvos/DifferenceKit-t.build/Objects-normal/arm64/DifferenceKit_const_extract_protocols.json -Xcc -I/Users/admin/builder/spi-builder-workspace/.derivedData/Build/Products/Debug-appletvos/include -Xcc -I/Users/admin/builder/spi-builder-workspace/.derivedData/Build/Intermediates.noindex/DifferenceKit.build/Debug-appletvos/DifferenceKit-t.build/DerivedSources-normal/arm64 -Xcc -I/Users/admin/builder/spi-builder-workspace/.derivedData/Build/Intermediates.noindex/DifferenceKit.build/Debug-appletvos/DifferenceKit-t.build/DerivedSources/arm64 -Xcc -I/Users/admin/builder/spi-builder-workspace/.derivedData/Build/Intermediates.noindex/DifferenceKit.build/Debug-appletvos/DifferenceKit-t.build/DerivedSources -Xcc -DSWIFT_PACKAGE -Xcc -DDEBUG\=1 -emit-objc-header -emit-objc-header-path /Users/admin/builder/spi-builder-workspace/.derivedData/Build/Intermediates.noindex/DifferenceKit.build/Debug-appletvos/DifferenceKit-t.build/Objects-normal/arm64/DifferenceKit-Swift.h -working-directory /Users/admin/builder/spi-builder-workspace/.swiftpm/xcode -experimental-emit-module-separately -disable-cmo
SwiftExplicitDependencyGeneratePcm arm64 /Users/admin/builder/spi-builder-workspace/.derivedData/SDKExplicitPrecompiledModules/SwiftShims-8N4EXJ4RUJTR8K9OO3CMOH1EP.pcm
SwiftExplicitDependencyGeneratePcm arm64 /Users/admin/builder/spi-builder-workspace/.derivedData/SDKExplicitPrecompiledModules/_Builtin_stddef-9ZJZ6FDEZNKTZU8YLPMFT9RAQ.pcm
SwiftExplicitDependencyGeneratePcm arm64 /Users/admin/builder/spi-builder-workspace/.derivedData/SDKExplicitPrecompiledModules/ptrauth-8X2KEPL7CTRPS40TUB9APHPK6.pcm
SwiftExplicitDependencyGeneratePcm arm64 /Users/admin/builder/spi-builder-workspace/.derivedData/SDKExplicitPrecompiledModules/_Builtin_float-8ZJAYZ85YBOAOP52Y9H6IUNP3.pcm
SwiftExplicitDependencyGeneratePcm arm64 /Users/admin/builder/spi-builder-workspace/.derivedData/SDKExplicitPrecompiledModules/_Builtin_stdarg-BO2OCAUYVAXDRVQWQ8ISKGNUQ.pcm
SwiftExplicitDependencyGeneratePcm arm64 /Users/admin/builder/spi-builder-workspace/.derivedData/SDKExplicitPrecompiledModules/_Builtin_stdbool-AHRDH5EKLY6D04C5E42F3VCQI.pcm
SwiftExplicitDependencyGeneratePcm arm64 /Users/admin/builder/spi-builder-workspace/.derivedData/SDKExplicitPrecompiledModules/_AvailabilityInternal-BV2EDDP0MI5QJDDPEEV4D9D3V.pcm
SwiftExplicitDependencyGeneratePcm arm64 /Users/admin/builder/spi-builder-workspace/.derivedData/SDKExplicitPrecompiledModules/DeveloperToolsSupport-B1X8RI63V48AJRTH2RK6JAARV.pcm
SwiftExplicitDependencyGeneratePcm arm64 /Users/admin/builder/spi-builder-workspace/.derivedData/SDKExplicitPrecompiledModules/ptrcheck-2AZ6B5IBYD3RRRTFWN2ONASY3.pcm
SwiftExplicitDependencyGeneratePcm arm64 /Users/admin/builder/spi-builder-workspace/.derivedData/SDKExplicitPrecompiledModules/_SwiftConcurrencyShims-BY5PD8KF1L5KF6F4Q69HE3TJ4.pcm
SwiftExplicitDependencyGeneratePcm arm64 /Users/admin/builder/spi-builder-workspace/.derivedData/SDKExplicitPrecompiledModules/_DarwinFoundation1-JOTYMOA1YZCIJ2NON6FQ848O.pcm
SwiftExplicitDependencyGeneratePcm arm64 /Users/admin/builder/spi-builder-workspace/.derivedData/SDKExplicitPrecompiledModules/_DarwinFoundation2-AOGAN1O02NKXRJN5V73AV3V3M.pcm
SwiftExplicitDependencyGeneratePcm arm64 /Users/admin/builder/spi-builder-workspace/.derivedData/SDKExplicitPrecompiledModules/_Builtin_limits-7JU2HP127LIT1X9E2V3D8WZ1.pcm
SwiftExplicitDependencyGeneratePcm arm64 /Users/admin/builder/spi-builder-workspace/.derivedData/SDKExplicitPrecompiledModules/sys_types-8GCAV1YMG5UUGHUID3CA20TCH.pcm
SwiftExplicitDependencyGeneratePcm arm64 /Users/admin/builder/spi-builder-workspace/.derivedData/SDKExplicitPrecompiledModules/_Builtin_stdint-6NFTB6IBKS143IVPGT1EKB7HO.pcm
SwiftExplicitDependencyGeneratePcm arm64 /Users/admin/builder/spi-builder-workspace/.derivedData/SDKExplicitPrecompiledModules/_Builtin_tgmath-7ULT1EUHDHW4OZPSTT33H6QGE.pcm
SwiftExplicitDependencyGeneratePcm arm64 /Users/admin/builder/spi-builder-workspace/.derivedData/SDKExplicitPrecompiledModules/string_h-6EVHP7A717OUS5DMC78F79HWO.pcm
SwiftExplicitDependencyGeneratePcm arm64 /Users/admin/builder/spi-builder-workspace/.derivedData/SDKExplicitPrecompiledModules/_DarwinFoundation3-8SR3855WDFHQPR6G9GHOI2C07.pcm
SwiftExplicitDependencyGeneratePcm arm64 /Users/admin/builder/spi-builder-workspace/.derivedData/SDKExplicitPrecompiledModules/_Builtin_stdatomic-3YXHN678NGYM3NL9POJ2HVEIF.pcm
SwiftExplicitDependencyGeneratePcm arm64 /Users/admin/builder/spi-builder-workspace/.derivedData/SDKExplicitPrecompiledModules/_Builtin_intrinsics-437O2R2NID4WAQVENR63GR82C.pcm
SwiftExplicitDependencyGeneratePcm arm64 /Users/admin/builder/spi-builder-workspace/.derivedData/SDKExplicitPrecompiledModules/_Builtin_inttypes-6X1IQ3QK9KEVKXOK9Y79EW7J3.pcm
SwiftExplicitDependencyGeneratePcm arm64 /Users/admin/builder/spi-builder-workspace/.derivedData/SDKExplicitPrecompiledModules/Darwin-DBSQAVBBPC3D2OMU5ZI2RXMST.pcm
SwiftExplicitDependencyGeneratePcm arm64 /Users/admin/builder/spi-builder-workspace/.derivedData/SDKExplicitPrecompiledModules/simd-117QUXEUT3Z7UQCUYWV2UA228.pcm
SwiftExplicitDependencyGeneratePcm arm64 /Users/admin/builder/spi-builder-workspace/.derivedData/SDKExplicitPrecompiledModules/ObjectiveC-5250FDCE56N8508OR6XUYDKZM.pcm
SwiftExplicitDependencyGeneratePcm arm64 /Users/admin/builder/spi-builder-workspace/.derivedData/SDKExplicitPrecompiledModules/MachO-EH3F5PJCIZG05NO51CEFSZYPW.pcm
SwiftExplicitDependencyGeneratePcm arm64 /Users/admin/builder/spi-builder-workspace/.derivedData/SDKExplicitPrecompiledModules/os_object-E2DGZ0SX0TULQHULZRPO6OKNW.pcm
SwiftExplicitDependencyGeneratePcm arm64 /Users/admin/builder/spi-builder-workspace/.derivedData/SDKExplicitPrecompiledModules/os_workgroup-DBUFF7811DKMX7VPBOJPGGF1U.pcm
SwiftExplicitDependencyGeneratePcm arm64 /Users/admin/builder/spi-builder-workspace/.derivedData/SDKExplicitPrecompiledModules/Spatial-7U8NLEFXSB8BR7PJQGVMF5A4Q.pcm
SwiftDriver KarrotListKitMacros normal arm64 com.apple.xcode.tools.swift.compiler (in target 'KarrotListKitMacros' from project 'KarrotListKit')
cd /Users/admin/builder/spi-builder-workspace/.swiftpm/xcode
builtin-SwiftDriver -- /Applications/Xcode-27.0.0-Release.Candidate.app/Contents/Developer/Toolchains/XcodeDefault.xctoolchain/usr/bin/swiftc -parse-as-library -module-name KarrotListKitMacros -Onone @/Users/admin/builder/spi-builder-workspace/.derivedData/Build/Intermediates.noindex/KarrotListKit.build/Debug/KarrotListKitMacros-t.build/Objects-normal/arm64/KarrotListKitMacros.SwiftFileList -DSWIFT_PACKAGE -DDEBUG -DXcode -I /Users/admin/builder/spi-builder-workspace/.dependencies/prebuilts/swift-syntax/602.0.0/swiftlang-6.4.0.34.1-macosx27.0-MacroSupport/Modules -I /Users/admin/builder/spi-builder-workspace/.dependencies/checkouts/swift-syntax/Sources/_SwiftLibraryPluginProviderCShims/include -I /Users/admin/builder/spi-builder-workspace/.dependencies/checkouts/swift-syntax/Sources/_SwiftSyntaxCShims/include -plugin-path /Applications/Xcode-27.0.0-Release.Candidate.app/Contents/Developer/Toolchains/XcodeDefault.xctoolchain/usr/lib/swift/host/plugins/testing -enable-experimental-feature DebugDescriptionMacro -sdk /Applications/Xcode-27.0.0-Release.Candidate.app/Contents/Developer/Platforms/MacOSX.platform/Developer/SDKs/MacOSX27.0.sdk -target arm64-apple-macos12.0 -g -module-cache-path /Users/admin/builder/spi-builder-workspace/.derivedData/ModuleCache.noindex -Xfrontend -serialize-debugging-options -profile-coverage-mapping -profile-generate -enable-testing -index-store-path /Users/admin/builder/spi-builder-workspace/.derivedData/Index.noindex/DataStore -Xcc -D_LIBCPP_HARDENING_MODE\=_LIBCPP_HARDENING_MODE_DEBUG -swift-version 5 -I /Users/admin/builder/spi-builder-workspace/.derivedData/Build/Products/Debug -Isystem /Applications/Xcode-27.0.0-Release.Candidate.app/Contents/Developer/Platforms/MacOSX.platform/Developer/usr/lib -F /Users/admin/builder/spi-builder-workspace/.derivedData/Build/Products/Debug -F /Applications/Xcode-27.0.0-Release.Candidate.app/Contents/Developer/Platforms/MacOSX.platform/Developer/Library/Frameworks -c -j10 -enable-batch-mode -incremental -Xcc -ivfsstatcache -Xcc /Users/admin/builder/spi-builder-workspace/.derivedData/SDKStatCaches.noindex/macosx27.0-26A425-e829b21a6f8c9b70876ba0858053c0446a22442a12e9d48fe1a705f55a1adfc4.sdkstatcache -output-file-map /Users/admin/builder/spi-builder-workspace/.derivedData/Build/Intermediates.noindex/KarrotListKit.build/Debug/KarrotListKitMacros-t.build/Objects-normal/arm64/KarrotListKitMacros-OutputFileMap.json -save-temps -no-color-diagnostics -explicit-module-build -module-cache-path /Users/admin/builder/spi-builder-workspace/.derivedData/Build/Intermediates.noindex/SwiftExplicitPrecompiledModules -clang-scanner-module-cache-path /Users/admin/builder/spi-builder-workspace/.derivedData/ModuleCache.noindex -sdk-module-cache-path /Users/admin/builder/spi-builder-workspace/.derivedData/SDKExplicitPrecompiledModules -emit-dependencies -emit-module -emit-module-path /Users/admin/builder/spi-builder-workspace/.derivedData/Build/Intermediates.noindex/KarrotListKit.build/Debug/KarrotListKitMacros-t.build/Objects-normal/arm64/KarrotListKitMacros.swiftmodule -serialize-diagnostics -dependency-scan-serialize-diagnostics-path /Users/admin/builder/spi-builder-workspace/.derivedData/Build/Intermediates.noindex/KarrotListKit.build/Debug/KarrotListKitMacros-t.build/Objects-normal/arm64/KarrotListKitMacros-dependency-scan.dia -validate-clang-modules-once -clang-build-session-file /Users/admin/builder/spi-builder-workspace/.derivedData/ModuleCache.noindex/Session.modulevalidation -Xcc -fmodules-prune-interval\=86400 -Xcc -fmodules-prune-after\=345600 -package-name spi_builder_workspace -emit-const-values -const-gather-protocols-list /Users/admin/builder/spi-builder-workspace/.derivedData/Build/Intermediates.noindex/KarrotListKit.build/Debug/KarrotListKitMacros-t.build/Objects-normal/arm64/KarrotListKitMacros_const_extract_protocols.json -Xcc -I/Users/admin/builder/spi-builder-workspace/.derivedData/Build/Products/Debug/include -Xcc -I/Users/admin/builder/spi-builder-workspace/.derivedData/Build/Intermediates.noindex/KarrotListKit.build/Debug/KarrotListKitMacros-t.build/DerivedSources-normal/arm64 -Xcc -I/Users/admin/builder/spi-builder-workspace/.derivedData/Build/Intermediates.noindex/KarrotListKit.build/Debug/KarrotListKitMacros-t.build/DerivedSources/arm64 -Xcc -I/Users/admin/builder/spi-builder-workspace/.derivedData/Build/Intermediates.noindex/KarrotListKit.build/Debug/KarrotListKitMacros-t.build/DerivedSources -Xcc -DSWIFT_PACKAGE -Xcc -DDEBUG\=1 -working-directory /Users/admin/builder/spi-builder-workspace/.swiftpm/xcode -experimental-emit-module-separately -disable-cmo
SwiftExplicitDependencyGeneratePcm arm64 /Users/admin/builder/spi-builder-workspace/.derivedData/SDKExplicitPrecompiledModules/Dispatch-1QL58A0V50C39KVAIC6C38SHL.pcm
SwiftExplicitDependencyGeneratePcm arm64 /Users/admin/builder/spi-builder-workspace/.derivedData/SDKExplicitPrecompiledModules/XPC-6O2DJFT3QUJ7QKTD3SNUB6PCR.pcm
SwiftExplicitDependencyGeneratePcm arm64 /Users/admin/builder/spi-builder-workspace/.derivedData/SDKExplicitPrecompiledModules/CoreFoundation-7TPJ7ENDC4L1A1ESHYI9TXS0D.pcm
SwiftExplicitDependencyGeneratePcm arm64 /Users/admin/builder/spi-builder-workspace/.derivedData/SDKExplicitPrecompiledModules/os-3GJI8H0BNAEZPQPQ1V0VVY3FY.pcm
SwiftExplicitDependencyGeneratePcm arm64 /Users/admin/builder/spi-builder-workspace/.derivedData/SDKExplicitPrecompiledModules/Security-8VMXEKVDA3MHUH9AOTP905DID.pcm
SwiftExplicitDependencyGeneratePcm arm64 /Users/admin/builder/spi-builder-workspace/.derivedData/SDKExplicitPrecompiledModules/CFNetwork-2CUR2VK9S3S3WPFXPNXNUWYGN.pcm
SwiftExplicitDependencyGeneratePcm arm64 /Users/admin/builder/spi-builder-workspace/.derivedData/SDKExplicitPrecompiledModules/CoreGraphics-CWSP3J98S2658BYCVL6RP99T3.pcm
SwiftExplicitDependencyGeneratePcm arm64 /Users/admin/builder/spi-builder-workspace/.derivedData/SDKExplicitPrecompiledModules/Foundation-BSSIP64DIGUKMAYJOG1WPQ78X.pcm
SwiftExplicitDependencyGeneratePcm arm64 /Users/admin/builder/spi-builder-workspace/.derivedData/SDKExplicitPrecompiledModules/CoreText-59NY7PABM0I4V978161FOC04A.pcm
SwiftExplicitDependencyGeneratePcm arm64 /Users/admin/builder/spi-builder-workspace/.derivedData/SDKExplicitPrecompiledModules/ImageIO-88D4CLEBD4CLWQKT78PZ6H1O8.pcm
SwiftExplicitDependencyGeneratePcm arm64 /Users/admin/builder/spi-builder-workspace/.derivedData/SDKExplicitPrecompiledModules/_Builtin_float-105CRCDRP90FQCQO5ZX1LHV7H.pcm
SwiftExplicitDependencyGeneratePcm arm64 /Users/admin/builder/spi-builder-workspace/.derivedData/SDKExplicitPrecompiledModules/_Builtin_stddef-3GI9GOKXSW3QCTFOI1USFLDZO.pcm
SwiftExplicitDependencyGeneratePcm arm64 /Users/admin/builder/spi-builder-workspace/.derivedData/SDKExplicitPrecompiledModules/_SwiftConcurrencyShims-BLUUWKI6AGMD7TJ4RGYS7DP6T.pcm
SwiftExplicitDependencyGeneratePcm arm64 /Users/admin/builder/spi-builder-workspace/.derivedData/SDKExplicitPrecompiledModules/SwiftShims-C4V0DQ62WSTCYBYGILXXGQNO3.pcm
SwiftExplicitDependencyGeneratePcm arm64 /Users/admin/builder/spi-builder-workspace/.derivedData/SDKExplicitPrecompiledModules/_AvailabilityInternal-CJTV5E7EL3MWRA437DUFPBVN2.pcm
SwiftExplicitDependencyGeneratePcm arm64 /Users/admin/builder/spi-builder-workspace/.derivedData/SDKExplicitPrecompiledModules/_Builtin_stdarg-7CFWA9OSW5N24E7PG4ZOCF1VH.pcm
SwiftExplicitDependencyGeneratePcm arm64 /Users/admin/builder/spi-builder-workspace/.derivedData/SDKExplicitPrecompiledModules/ptrcheck-DHLCBWKPNUZOYTPJ1J3QVTCXK.pcm
SwiftExplicitDependencyGeneratePcm arm64 /Users/admin/builder/spi-builder-workspace/.derivedData/SDKExplicitPrecompiledModules/_Builtin_stdbool-KYV2HKP8IKLKMKQS9DGA2GUQ.pcm
SwiftExplicitDependencyGeneratePcm arm64 /Users/admin/builder/spi-builder-workspace/.derivedData/SDKExplicitPrecompiledModules/ptrauth-2W92ZJRLNJU99RJUQGGJG3OC3.pcm
SwiftExplicitDependencyGeneratePcm arm64 /Users/admin/builder/spi-builder-workspace/.derivedData/SDKExplicitPrecompiledModules/_DarwinFoundation1-7PRJIG163YE9KSKYA3BS35ZZP.pcm
SwiftExplicitDependencyGeneratePcm arm64 /Users/admin/builder/spi-builder-workspace/.derivedData/SDKExplicitPrecompiledModules/_DarwinFoundation2-94WUUGE4H5R03OWXE0QFZX1DN.pcm
SwiftExplicitDependencyGeneratePcm arm64 /Users/admin/builder/spi-builder-workspace/.derivedData/SDKExplicitPrecompiledModules/_Builtin_limits-AXGUGXBFPC0I7QDLJFB0K341Y.pcm
SwiftExplicitDependencyGeneratePcm arm64 /Users/admin/builder/spi-builder-workspace/.derivedData/SDKExplicitPrecompiledModules/UIUtilities-6ZFJ1AK4H8IBGEBMYQBWGBYLK.pcm
SwiftExplicitDependencyGeneratePcm arm64 /Users/admin/builder/spi-builder-workspace/.derivedData/SDKExplicitPrecompiledModules/UniformTypeIdentifiers-95CC8U42ZA9STP5K6GP9ZVJS5.pcm
SwiftExplicitDependencyGeneratePcm arm64 /Users/admin/builder/spi-builder-workspace/.derivedData/SDKExplicitPrecompiledModules/CoreTransferable-7V4O8DATEQ9F7SDNTCW8YWLG3.pcm
SwiftExplicitDependencyGeneratePcm arm64 /Users/admin/builder/spi-builder-workspace/.derivedData/SDKExplicitPrecompiledModules/OSLog-7OT6HHTMY0ZFEQJ095LJZ6NLC.pcm
SwiftExplicitDependencyGeneratePcm arm64 /Users/admin/builder/spi-builder-workspace/.derivedData/SDKExplicitPrecompiledModules/IOSurface-38FJ1CKX9FV2RD97O64Z7QB17.pcm
SwiftExplicitDependencyGeneratePcm arm64 /Users/admin/builder/spi-builder-workspace/.derivedData/SDKExplicitPrecompiledModules/_LocationEssentials-ETSJ65FELPWR8WH8G49R1DF2E.pcm
SwiftExplicitDependencyGeneratePcm arm64 /Users/admin/builder/spi-builder-workspace/.derivedData/SDKExplicitPrecompiledModules/Accessibility-B6BODGZ4MQQTY0PBC4SHRP009.pcm
SwiftExplicitDependencyGeneratePcm arm64 /Users/admin/builder/spi-builder-workspace/.derivedData/SDKExplicitPrecompiledModules/Symbols-B5AU9VM9Y7NU79RLMH13Z4IFM.pcm
SwiftExplicitDependencyGeneratePcm arm64 /Users/admin/builder/spi-builder-workspace/.derivedData/SDKExplicitPrecompiledModules/UserNotifications-E9ZW5TH066WIJWH9080RC5NG4.pcm
SwiftExplicitDependencyGeneratePcm arm64 /Users/admin/builder/spi-builder-workspace/.derivedData/SDKExplicitPrecompiledModules/DataDetection-37JIYZ2GWDA1L166PP1D9JKAF.pcm
SwiftExplicitDependencyGeneratePcm arm64 /Users/admin/builder/spi-builder-workspace/.derivedData/SDKExplicitPrecompiledModules/sys_types-F4RNCN6UR5R5OWTLTOUM7TN3E.pcm
SwiftExplicitDependencyGeneratePcm arm64 /Users/admin/builder/spi-builder-workspace/.derivedData/SDKExplicitPrecompiledModules/string_h-10WPXBF3YFYMX5HUAW06LSABR.pcm
SwiftExplicitDependencyGeneratePcm arm64 /Users/admin/builder/spi-builder-workspace/.derivedData/SDKExplicitPrecompiledModules/_Builtin_stdint-22CBBOK8BNSF0UELDCAXSHGB.pcm
SwiftExplicitDependencyGeneratePcm arm64 /Users/admin/builder/spi-builder-workspace/.derivedData/SDKExplicitPrecompiledModules/CoreLocation-YVXXAOMVX0JH2KO1XTTKTY51.pcm
SwiftExplicitDependencyGeneratePcm arm64 /Users/admin/builder/spi-builder-workspace/.derivedData/SDKExplicitPrecompiledModules/OpenGLES-4NY99CNDU9WUNUYEIXSS1QFGE.pcm
SwiftExplicitDependencyGeneratePcm arm64 /Users/admin/builder/spi-builder-workspace/.derivedData/SDKExplicitPrecompiledModules/Metal-2KYBS7IML1SD788M91YV7Q0CC.pcm
SwiftExplicitDependencyGeneratePcm arm64 /Users/admin/builder/spi-builder-workspace/.derivedData/SDKExplicitPrecompiledModules/_Builtin_stdatomic-8LN7S35C6I48KJOCW7VPXX04X.pcm
SwiftExplicitDependencyGeneratePcm arm64 /Users/admin/builder/spi-builder-workspace/.derivedData/SDKExplicitPrecompiledModules/_DarwinFoundation3-32PO5Q4RCB6WXH5VFO3HA3AVS.pcm
SwiftExplicitDependencyGeneratePcm arm64 /Users/admin/builder/spi-builder-workspace/.derivedData/SDKExplicitPrecompiledModules/libDER-5RCYOD0PCUUY2UGMBNE9LI8N9.pcm
SwiftExplicitDependencyGeneratePcm arm64 /Users/admin/builder/spi-builder-workspace/.derivedData/Build/Intermediates.noindex/SwiftExplicitPrecompiledModules/_SwiftSyntaxCShims-2QTB1OKFQBGHP8A5205JAEZJX.pcm
SwiftExplicitDependencyGeneratePcm arm64 /Users/admin/builder/spi-builder-workspace/.derivedData/SDKExplicitPrecompiledModules/_Builtin_inttypes-1U6AP9A8AJ4G9WD98E9RHLGTJ.pcm
SwiftExplicitDependencyGeneratePcm arm64 /Users/admin/builder/spi-builder-workspace/.derivedData/SDKExplicitPrecompiledModules/Darwin-1RAAWNGKQM8YGHV0YJNNN5YDY.pcm
SwiftExplicitDependencyGeneratePcm arm64 /Users/admin/builder/spi-builder-workspace/.derivedData/SDKExplicitPrecompiledModules/CoreVideo-DPU0PB5X0XLSVA2ETRGI6FJBM.pcm
SwiftExplicitDependencyGeneratePcm arm64 /Users/admin/builder/spi-builder-workspace/.derivedData/SDKExplicitPrecompiledModules/QuartzCore-DJSYAWKXFGVSAK5CQMOB3JSR.pcm
SwiftExplicitDependencyGeneratePcm arm64 /Users/admin/builder/spi-builder-workspace/.derivedData/SDKExplicitPrecompiledModules/CoreImage-7S2AFJ8EIY3DUFYLEAX1JR1QV.pcm
SwiftExplicitDependencyGeneratePcm arm64 /Users/admin/builder/spi-builder-workspace/.derivedData/SDKExplicitPrecompiledModules/SwiftUICore-543QU5V2NHKUFCYFJDKUJ7NYG.pcm
SwiftExplicitDependencyGeneratePcm arm64 /Users/admin/builder/spi-builder-workspace/.derivedData/SDKExplicitPrecompiledModules/UIKit-1TKWN7VC2X6N3ITMRVA2G0EB2.pcm
SwiftExplicitDependencyGeneratePcm arm64 /Users/admin/builder/spi-builder-workspace/.derivedData/SDKExplicitPrecompiledModules/libkern-22MDXN9G35RPO3OLKX9B2PN16.pcm
SwiftExplicitDependencyGeneratePcm arm64 /Users/admin/builder/spi-builder-workspace/.derivedData/SDKExplicitPrecompiledModules/launch-2XAORMJNLLVS0OVKC1M0752GY.pcm
SwiftExplicitDependencyGeneratePcm arm64 /Users/admin/builder/spi-builder-workspace/.derivedData/SDKExplicitPrecompiledModules/MachO-AWTJ65TFR7TMST2NUE6ZCC1SL.pcm
SwiftExplicitDependencyGeneratePcm arm64 /Users/admin/builder/spi-builder-workspace/.derivedData/SDKExplicitPrecompiledModules/ObjectiveC-B89IQP2TC4CFSWOUMTUZRI1VZ.pcm
SwiftExplicitDependencyGeneratePcm arm64 /Users/admin/builder/spi-builder-workspace/.derivedData/SDKExplicitPrecompiledModules/os_object-3KLCCI03OX6OQTLJ92KQH2KIO.pcm
SwiftExplicitDependencyGeneratePcm arm64 /Users/admin/builder/spi-builder-workspace/.derivedData/SDKExplicitPrecompiledModules/os_workgroup-10SJ5M8R2OB4BG1TPFL9SZMKV.pcm
SwiftExplicitDependencyGeneratePcm arm64 /Users/admin/builder/spi-builder-workspace/.derivedData/SDKExplicitPrecompiledModules/Dispatch-NAMWF9KN29KC7Z5OS3TTTAE8.pcm
SwiftExplicitDependencyGeneratePcm arm64 /Users/admin/builder/spi-builder-workspace/.derivedData/SDKExplicitPrecompiledModules/CoreFoundation-4ZIITQ30SOGUQE8KJAB99ZV0Q.pcm
SwiftExplicitDependencyGeneratePcm arm64 /Users/admin/builder/spi-builder-workspace/.derivedData/SDKExplicitPrecompiledModules/XPC-E1MSAZG4ZNL24S2WK6K6Y7GWW.pcm
SwiftExplicitDependencyGeneratePcm arm64 /Users/admin/builder/spi-builder-workspace/.derivedData/SDKExplicitPrecompiledModules/os-BYOEVK2GEMB4Q8WWHGZGREA00.pcm
SwiftEmitModule normal arm64 Emitting\ module\ for\ DifferenceKit (in target 'DifferenceKit' from project 'DifferenceKit')
SwiftCompile normal arm64 (in target 'DifferenceKit' from project 'DifferenceKit')
cd /Users/admin/builder/spi-builder-workspace/.swiftpm/xcode
SwiftCompile normal arm64 Compiling\ StagedChangeset.swift /Users/admin/builder/spi-builder-workspace/.dependencies/checkouts/DifferenceKit/Sources/StagedChangeset.swift (in target 'DifferenceKit' from project 'DifferenceKit')
SwiftCompile normal arm64 /Users/admin/builder/spi-builder-workspace/.dependencies/checkouts/DifferenceKit/Sources/StagedChangeset.swift (in target 'DifferenceKit' from project 'DifferenceKit')
cd /Users/admin/builder/spi-builder-workspace/.swiftpm/xcode
builtin-SwiftPerFileCompile StagedChangeset.swift
SwiftCompile normal arm64 Compiling\ UIKitExtension.swift /Users/admin/builder/spi-builder-workspace/.dependencies/checkouts/DifferenceKit/Sources/Extensions/UIKitExtension.swift (in target 'DifferenceKit' from project 'DifferenceKit')
SwiftCompile normal arm64 /Users/admin/builder/spi-builder-workspace/.dependencies/checkouts/DifferenceKit/Sources/Extensions/UIKitExtension.swift (in target 'DifferenceKit' from project 'DifferenceKit')
cd /Users/admin/builder/spi-builder-workspace/.swiftpm/xcode
builtin-SwiftPerFileCompile UIKitExtension.swift
SwiftCompile normal arm64 Compiling\ ElementPath.swift /Users/admin/builder/spi-builder-workspace/.dependencies/checkouts/DifferenceKit/Sources/ElementPath.swift (in target 'DifferenceKit' from project 'DifferenceKit')
SwiftCompile normal arm64 /Users/admin/builder/spi-builder-workspace/.dependencies/checkouts/DifferenceKit/Sources/ElementPath.swift (in target 'DifferenceKit' from project 'DifferenceKit')
cd /Users/admin/builder/spi-builder-workspace/.swiftpm/xcode
builtin-SwiftPerFileCompile ElementPath.swift
SwiftCompile normal arm64 Compiling\ AppKitExtension.swift /Users/admin/builder/spi-builder-workspace/.dependencies/checkouts/DifferenceKit/Sources/Extensions/AppKitExtension.swift (in target 'DifferenceKit' from project 'DifferenceKit')
SwiftCompile normal arm64 /Users/admin/builder/spi-builder-workspace/.dependencies/checkouts/DifferenceKit/Sources/Extensions/AppKitExtension.swift (in target 'DifferenceKit' from project 'DifferenceKit')
cd /Users/admin/builder/spi-builder-workspace/.swiftpm/xcode
builtin-SwiftPerFileCompile AppKitExtension.swift
SwiftCompile normal arm64 Compiling\ DifferentiableSection.swift /Users/admin/builder/spi-builder-workspace/.dependencies/checkouts/DifferenceKit/Sources/DifferentiableSection.swift (in target 'DifferenceKit' from project 'DifferenceKit')
SwiftCompile normal arm64 /Users/admin/builder/spi-builder-workspace/.dependencies/checkouts/DifferenceKit/Sources/DifferentiableSection.swift (in target 'DifferenceKit' from project 'DifferenceKit')
cd /Users/admin/builder/spi-builder-workspace/.swiftpm/xcode
builtin-SwiftPerFileCompile DifferentiableSection.swift
SwiftCompile normal arm64 Compiling\ ContentIdentifiable.swift /Users/admin/builder/spi-builder-workspace/.dependencies/checkouts/DifferenceKit/Sources/ContentIdentifiable.swift (in target 'DifferenceKit' from project 'DifferenceKit')
SwiftCompile normal arm64 /Users/admin/builder/spi-builder-workspace/.dependencies/checkouts/DifferenceKit/Sources/ContentIdentifiable.swift (in target 'DifferenceKit' from project 'DifferenceKit')
cd /Users/admin/builder/spi-builder-workspace/.swiftpm/xcode
builtin-SwiftPerFileCompile ContentIdentifiable.swift
SwiftCompile normal arm64 Compiling\ Differentiable.swift /Users/admin/builder/spi-builder-workspace/.dependencies/checkouts/DifferenceKit/Sources/Differentiable.swift (in target 'DifferenceKit' from project 'DifferenceKit')
SwiftCompile normal arm64 /Users/admin/builder/spi-builder-workspace/.dependencies/checkouts/DifferenceKit/Sources/Differentiable.swift (in target 'DifferenceKit' from project 'DifferenceKit')
cd /Users/admin/builder/spi-builder-workspace/.swiftpm/xcode
builtin-SwiftPerFileCompile Differentiable.swift
SwiftCompile normal arm64 Compiling\ ContentEquatable.swift /Users/admin/builder/spi-builder-workspace/.dependencies/checkouts/DifferenceKit/Sources/ContentEquatable.swift (in target 'DifferenceKit' from project 'DifferenceKit')
SwiftCompile normal arm64 /Users/admin/builder/spi-builder-workspace/.dependencies/checkouts/DifferenceKit/Sources/ContentEquatable.swift (in target 'DifferenceKit' from project 'DifferenceKit')
cd /Users/admin/builder/spi-builder-workspace/.swiftpm/xcode
builtin-SwiftPerFileCompile ContentEquatable.swift
SwiftExplicitDependencyGeneratePcm arm64 /Users/admin/builder/spi-builder-workspace/.derivedData/SDKExplicitPrecompiledModules/Security-ESPJ7FP0YAY1EL3VXBGY9MCZ8.pcm
SwiftExplicitDependencyGeneratePcm arm64 /Users/admin/builder/spi-builder-workspace/.derivedData/SDKExplicitPrecompiledModules/CFNetwork-CVHS5CT20191MFYXQIEDWSRGJ.pcm
SwiftExplicitDependencyGeneratePcm arm64 /Users/admin/builder/spi-builder-workspace/.derivedData/SDKExplicitPrecompiledModules/IOKit-6H3X691EDBH124EYTC2PEOP5T.pcm
SwiftCompile normal arm64 Compiling\ ArraySection.swift,\ Changeset.swift /Users/admin/builder/spi-builder-workspace/.dependencies/checkouts/DifferenceKit/Sources/ArraySection.swift /Users/admin/builder/spi-builder-workspace/.dependencies/checkouts/DifferenceKit/Sources/Changeset.swift (in target 'DifferenceKit' from project 'DifferenceKit')
SwiftCompile normal arm64 /Users/admin/builder/spi-builder-workspace/.dependencies/checkouts/DifferenceKit/Sources/ArraySection.swift (in target 'DifferenceKit' from project 'DifferenceKit')
cd /Users/admin/builder/spi-builder-workspace/.swiftpm/xcode
builtin-SwiftPerFileCompile ArraySection.swift
SwiftCompile normal arm64 /Users/admin/builder/spi-builder-workspace/.dependencies/checkouts/DifferenceKit/Sources/Changeset.swift (in target 'DifferenceKit' from project 'DifferenceKit')
cd /Users/admin/builder/spi-builder-workspace/.swiftpm/xcode
builtin-SwiftPerFileCompile Changeset.swift
SwiftDriverJobDiscovery normal arm64 Emitting module for DifferenceKit (in target 'DifferenceKit' from project 'DifferenceKit')
SwiftDriver\ Compilation\ Requirements DifferenceKit normal arm64 com.apple.xcode.tools.swift.compiler (in target 'DifferenceKit' from project 'DifferenceKit')
cd /Users/admin/builder/spi-builder-workspace/.swiftpm/xcode
builtin-Swift-Compilation-Requirements -- /Applications/Xcode-27.0.0-Release.Candidate.app/Contents/Developer/Toolchains/XcodeDefault.xctoolchain/usr/bin/swiftc -parse-as-library -module-name DifferenceKit -Onone @/Users/admin/builder/spi-builder-workspace/.derivedData/Build/Intermediates.noindex/DifferenceKit.build/Debug-appletvos/DifferenceKit-t.build/Objects-normal/arm64/DifferenceKit.SwiftFileList -DSWIFT_PACKAGE -DDEBUG -DSWIFT_MODULE_RESOURCE_BUNDLE_UNAVAILABLE -DXcode -plugin-path /Applications/Xcode-27.0.0-Release.Candidate.app/Contents/Developer/Toolchains/XcodeDefault.xctoolchain/usr/lib/swift/host/plugins/testing -enable-experimental-feature DebugDescriptionMacro -sdk /Applications/Xcode-27.0.0-Release.Candidate.app/Contents/Developer/Platforms/AppleTVOS.platform/Developer/SDKs/AppleTVOS27.0.sdk -target arm64-apple-tvos15.0 -g -module-cache-path /Users/admin/builder/spi-builder-workspace/.derivedData/ModuleCache.noindex -Xfrontend -serialize-debugging-options -profile-coverage-mapping -profile-generate -enable-testing -suppress-warnings -index-store-path /Users/admin/builder/spi-builder-workspace/.derivedData/Index.noindex/DataStore -Xcc -D_LIBCPP_HARDENING_MODE\=_LIBCPP_HARDENING_MODE_DEBUG -swift-version 5 -I /Users/admin/builder/spi-builder-workspace/.derivedData/Build/Products/Debug-appletvos -Isystem /Applications/Xcode-27.0.0-Release.Candidate.app/Contents/Developer/Platforms/AppleTVOS.platform/Developer/usr/lib -F /Users/admin/builder/spi-builder-workspace/.derivedData/Build/Products/Debug-appletvos -F /Applications/Xcode-27.0.0-Release.Candidate.app/Contents/Developer/Platforms/AppleTVOS.platform/Developer/Library/Frameworks -F /Applications/Xcode-27.0.0-Release.Candidate.app/Contents/Developer/Platforms/AppleTVOS.platform/Developer/SDKs/AppleTVOS27.0.sdk/Developer/Library/Frameworks -c -j10 -enable-batch-mode -incremental -Xcc -ivfsstatcache -Xcc /Users/admin/builder/spi-builder-workspace/.derivedData/SDKStatCaches.noindex/appletvos27.0-24J360-e829b21a6f8c9b70876ba0858053c044b32bfd8d43560033f8d89884cdb90028.sdkstatcache -output-file-map /Users/admin/builder/spi-builder-workspace/.derivedData/Build/Intermediates.noindex/DifferenceKit.build/Debug-appletvos/DifferenceKit-t.build/Objects-normal/arm64/DifferenceKit-OutputFileMap.json -save-temps -no-color-diagnostics -explicit-module-build -module-cache-path /Users/admin/builder/spi-builder-workspace/.derivedData/Build/Intermediates.noindex/SwiftExplicitPrecompiledModules -clang-scanner-module-cache-path /Users/admin/builder/spi-builder-workspace/.derivedData/ModuleCache.noindex -sdk-module-cache-path /Users/admin/builder/spi-builder-workspace/.derivedData/SDKExplicitPrecompiledModules -emit-dependencies -emit-module -emit-module-path /Users/admin/builder/spi-builder-workspace/.derivedData/Build/Intermediates.noindex/DifferenceKit.build/Debug-appletvos/DifferenceKit-t.build/Objects-normal/arm64/DifferenceKit.swiftmodule -serialize-diagnostics -dependency-scan-serialize-diagnostics-path /Users/admin/builder/spi-builder-workspace/.derivedData/Build/Intermediates.noindex/DifferenceKit.build/Debug-appletvos/DifferenceKit-t.build/Objects-normal/arm64/DifferenceKit-dependency-scan.dia -validate-clang-modules-once -clang-build-session-file /Users/admin/builder/spi-builder-workspace/.derivedData/ModuleCache.noindex/Session.modulevalidation -Xcc -fmodules-prune-interval\=86400 -Xcc -fmodules-prune-after\=345600 -emit-const-values -const-gather-protocols-list /Users/admin/builder/spi-builder-workspace/.derivedData/Build/Intermediates.noindex/DifferenceKit.build/Debug-appletvos/DifferenceKit-t.build/Objects-normal/arm64/DifferenceKit_const_extract_protocols.json -Xcc -I/Users/admin/builder/spi-builder-workspace/.derivedData/Build/Products/Debug-appletvos/include -Xcc -I/Users/admin/builder/spi-builder-workspace/.derivedData/Build/Intermediates.noindex/DifferenceKit.build/Debug-appletvos/DifferenceKit-t.build/DerivedSources-normal/arm64 -Xcc -I/Users/admin/builder/spi-builder-workspace/.derivedData/Build/Intermediates.noindex/DifferenceKit.build/Debug-appletvos/DifferenceKit-t.build/DerivedSources/arm64 -Xcc -I/Users/admin/builder/spi-builder-workspace/.derivedData/Build/Intermediates.noindex/DifferenceKit.build/Debug-appletvos/DifferenceKit-t.build/DerivedSources -Xcc -DSWIFT_PACKAGE -Xcc -DDEBUG\=1 -emit-objc-header -emit-objc-header-path /Users/admin/builder/spi-builder-workspace/.derivedData/Build/Intermediates.noindex/DifferenceKit.build/Debug-appletvos/DifferenceKit-t.build/Objects-normal/arm64/DifferenceKit-Swift.h -working-directory /Users/admin/builder/spi-builder-workspace/.swiftpm/xcode -experimental-emit-module-separately -disable-cmo
SwiftDriverJobDiscovery normal arm64 Compiling Differentiable.swift (in target 'DifferenceKit' from project 'DifferenceKit')
SwiftCompile normal arm64 Compiling\ Algorithm.swift,\ AnyDifferentiable.swift /Users/admin/builder/spi-builder-workspace/.dependencies/checkouts/DifferenceKit/Sources/Algorithm.swift /Users/admin/builder/spi-builder-workspace/.dependencies/checkouts/DifferenceKit/Sources/AnyDifferentiable.swift (in target 'DifferenceKit' from project 'DifferenceKit')
SwiftCompile normal arm64 /Users/admin/builder/spi-builder-workspace/.dependencies/checkouts/DifferenceKit/Sources/Algorithm.swift (in target 'DifferenceKit' from project 'DifferenceKit')
cd /Users/admin/builder/spi-builder-workspace/.swiftpm/xcode
builtin-SwiftPerFileCompile Algorithm.swift
SwiftCompile normal arm64 /Users/admin/builder/spi-builder-workspace/.dependencies/checkouts/DifferenceKit/Sources/AnyDifferentiable.swift (in target 'DifferenceKit' from project 'DifferenceKit')
cd /Users/admin/builder/spi-builder-workspace/.swiftpm/xcode
builtin-SwiftPerFileCompile AnyDifferentiable.swift
SwiftDriverJobDiscovery normal arm64 Compiling AppKitExtension.swift (in target 'DifferenceKit' from project 'DifferenceKit')
SwiftDriverJobDiscovery normal arm64 Compiling DifferentiableSection.swift (in target 'DifferenceKit' from project 'DifferenceKit')
SwiftDriverJobDiscovery normal arm64 Compiling ContentIdentifiable.swift (in target 'DifferenceKit' from project 'DifferenceKit')
SwiftMergeGeneratedHeaders /Users/admin/builder/spi-builder-workspace/.derivedData/Build/Intermediates.noindex/GeneratedModuleMaps-appletvos/DifferenceKit-Swift.h /Users/admin/builder/spi-builder-workspace/.derivedData/Build/Intermediates.noindex/DifferenceKit.build/Debug-appletvos/DifferenceKit-t.build/Objects-normal/arm64/DifferenceKit-Swift.h (in target 'DifferenceKit' from project 'DifferenceKit')
cd /Users/admin/builder/spi-builder-workspace/.dependencies/checkouts/DifferenceKit
builtin-swiftHeaderTool -arch arm64 /Users/admin/builder/spi-builder-workspace/.derivedData/Build/Intermediates.noindex/DifferenceKit.build/Debug-appletvos/DifferenceKit-t.build/Objects-normal/arm64/DifferenceKit-Swift.h -o /Users/admin/builder/spi-builder-workspace/.derivedData/Build/Intermediates.noindex/GeneratedModuleMaps-appletvos/DifferenceKit-Swift.h
Copy /Users/admin/builder/spi-builder-workspace/.derivedData/Build/Products/Debug-appletvos/DifferenceKit.swiftmodule/arm64-apple-tvos.swiftmodule /Users/admin/builder/spi-builder-workspace/.derivedData/Build/Intermediates.noindex/DifferenceKit.build/Debug-appletvos/DifferenceKit-t.build/Objects-normal/arm64/DifferenceKit.swiftmodule (in target 'DifferenceKit' from project 'DifferenceKit')
cd /Users/admin/builder/spi-builder-workspace/.dependencies/checkouts/DifferenceKit
builtin-copy -exclude .DS_Store -exclude CVS -exclude .svn -exclude .git -exclude .hg -resolve-src-symlinks -rename /Users/admin/builder/spi-builder-workspace/.derivedData/Build/Intermediates.noindex/DifferenceKit.build/Debug-appletvos/DifferenceKit-t.build/Objects-normal/arm64/DifferenceKit.swiftmodule /Users/admin/builder/spi-builder-workspace/.derivedData/Build/Products/Debug-appletvos/DifferenceKit.swiftmodule/arm64-apple-tvos.swiftmodule
Copy /Users/admin/builder/spi-builder-workspace/.derivedData/Build/Products/Debug-appletvos/DifferenceKit.swiftmodule/arm64-apple-tvos.abi.json /Users/admin/builder/spi-builder-workspace/.derivedData/Build/Intermediates.noindex/DifferenceKit.build/Debug-appletvos/DifferenceKit-t.build/Objects-normal/arm64/DifferenceKit.abi.json (in target 'DifferenceKit' from project 'DifferenceKit')
cd /Users/admin/builder/spi-builder-workspace/.dependencies/checkouts/DifferenceKit
builtin-copy -exclude .DS_Store -exclude CVS -exclude .svn -exclude .git -exclude .hg -resolve-src-symlinks -rename /Users/admin/builder/spi-builder-workspace/.derivedData/Build/Intermediates.noindex/DifferenceKit.build/Debug-appletvos/DifferenceKit-t.build/Objects-normal/arm64/DifferenceKit.abi.json /Users/admin/builder/spi-builder-workspace/.derivedData/Build/Products/Debug-appletvos/DifferenceKit.swiftmodule/arm64-apple-tvos.abi.json
Copy /Users/admin/builder/spi-builder-workspace/.derivedData/Build/Products/Debug-appletvos/DifferenceKit.swiftmodule/arm64-apple-tvos.swiftdoc /Users/admin/builder/spi-builder-workspace/.derivedData/Build/Intermediates.noindex/DifferenceKit.build/Debug-appletvos/DifferenceKit-t.build/Objects-normal/arm64/DifferenceKit.swiftdoc (in target 'DifferenceKit' from project 'DifferenceKit')
cd /Users/admin/builder/spi-builder-workspace/.dependencies/checkouts/DifferenceKit
builtin-copy -exclude .DS_Store -exclude CVS -exclude .svn -exclude .git -exclude .hg -resolve-src-symlinks -rename /Users/admin/builder/spi-builder-workspace/.derivedData/Build/Intermediates.noindex/DifferenceKit.build/Debug-appletvos/DifferenceKit-t.build/Objects-normal/arm64/DifferenceKit.swiftdoc /Users/admin/builder/spi-builder-workspace/.derivedData/Build/Products/Debug-appletvos/DifferenceKit.swiftmodule/arm64-apple-tvos.swiftdoc
Copy /Users/admin/builder/spi-builder-workspace/.derivedData/Build/Products/Debug-appletvos/DifferenceKit.swiftmodule/Project/arm64-apple-tvos.swiftsourceinfo /Users/admin/builder/spi-builder-workspace/.derivedData/Build/Intermediates.noindex/DifferenceKit.build/Debug-appletvos/DifferenceKit-t.build/Objects-normal/arm64/DifferenceKit.swiftsourceinfo (in target 'DifferenceKit' from project 'DifferenceKit')
cd /Users/admin/builder/spi-builder-workspace/.dependencies/checkouts/DifferenceKit
builtin-copy -exclude .DS_Store -exclude CVS -exclude .svn -exclude .git -exclude .hg -resolve-src-symlinks -rename /Users/admin/builder/spi-builder-workspace/.derivedData/Build/Intermediates.noindex/DifferenceKit.build/Debug-appletvos/DifferenceKit-t.build/Objects-normal/arm64/DifferenceKit.swiftsourceinfo /Users/admin/builder/spi-builder-workspace/.derivedData/Build/Products/Debug-appletvos/DifferenceKit.swiftmodule/Project/arm64-apple-tvos.swiftsourceinfo
SwiftExplicitDependencyGeneratePcm arm64 /Users/admin/builder/spi-builder-workspace/.derivedData/SDKExplicitPrecompiledModules/DiskArbitration-ZNZZU7T0SYELB0DAR56WQF0R.pcm
SwiftDriverJobDiscovery normal arm64 Compiling ElementPath.swift (in target 'DifferenceKit' from project 'DifferenceKit')
SwiftDriverJobDiscovery normal arm64 Compiling ContentEquatable.swift (in target 'DifferenceKit' from project 'DifferenceKit')
SwiftDriverJobDiscovery normal arm64 Compiling ArraySection.swift, Changeset.swift (in target 'DifferenceKit' from project 'DifferenceKit')
SwiftExplicitDependencyGeneratePcm arm64 /Users/admin/builder/spi-builder-workspace/.derivedData/SDKExplicitPrecompiledModules/CoreServices-CGCGY0FOMEQGSNMO3HQSC09XU.pcm
SwiftDriverJobDiscovery normal arm64 Compiling StagedChangeset.swift (in target 'DifferenceKit' from project 'DifferenceKit')
SwiftExplicitDependencyGeneratePcm arm64 /Users/admin/builder/spi-builder-workspace/.derivedData/SDKExplicitPrecompiledModules/Foundation-44WR0NU86C67CV5BW8W1MGKNG.pcm
SwiftDriverJobDiscovery normal arm64 Compiling Algorithm.swift, AnyDifferentiable.swift (in target 'DifferenceKit' from project 'DifferenceKit')
SwiftEmitModule normal arm64 Emitting\ module\ for\ KarrotListKitMacros (in target 'KarrotListKitMacros' from project 'KarrotListKit')
SwiftCompile normal arm64 (in target 'KarrotListKitMacros' from project 'KarrotListKit')
cd /Users/admin/builder/spi-builder-workspace/.swiftpm/xcode
SwiftCompile normal arm64 Compiling\ AddComponentModifierMacro.swift /Users/admin/builder/spi-builder-workspace/Sources/KarrotListKitMacros/AddComponentModifierMacro.swift (in target 'KarrotListKitMacros' from project 'KarrotListKit')
SwiftCompile normal arm64 /Users/admin/builder/spi-builder-workspace/Sources/KarrotListKitMacros/AddComponentModifierMacro.swift (in target 'KarrotListKitMacros' from project 'KarrotListKit')
cd /Users/admin/builder/spi-builder-workspace/.swiftpm/xcode
builtin-SwiftPerFileCompile AddComponentModifierMacro.swift
SwiftCompile normal arm64 Compiling\ AccessLevelModifier.swift /Users/admin/builder/spi-builder-workspace/Sources/KarrotListKitMacros/Supports/AccessLevelModifier.swift (in target 'KarrotListKitMacros' from project 'KarrotListKit')
SwiftCompile normal arm64 /Users/admin/builder/spi-builder-workspace/Sources/KarrotListKitMacros/Supports/AccessLevelModifier.swift (in target 'KarrotListKitMacros' from project 'KarrotListKit')
cd /Users/admin/builder/spi-builder-workspace/.swiftpm/xcode
builtin-SwiftPerFileCompile AccessLevelModifier.swift
SwiftCompile normal arm64 Compiling\ KarrotListKitPlugin.swift /Users/admin/builder/spi-builder-workspace/Sources/KarrotListKitMacros/KarrotListKitPlugin.swift (in target 'KarrotListKitMacros' from project 'KarrotListKit')
SwiftCompile normal arm64 /Users/admin/builder/spi-builder-workspace/Sources/KarrotListKitMacros/KarrotListKitPlugin.swift (in target 'KarrotListKitMacros' from project 'KarrotListKit')
cd /Users/admin/builder/spi-builder-workspace/.swiftpm/xcode
builtin-SwiftPerFileCompile KarrotListKitPlugin.swift
SwiftCompile normal arm64 Compiling\ KarrotListKitMacroError.swift /Users/admin/builder/spi-builder-workspace/Sources/KarrotListKitMacros/Supports/KarrotListKitMacroError.swift (in target 'KarrotListKitMacros' from project 'KarrotListKit')
SwiftCompile normal arm64 /Users/admin/builder/spi-builder-workspace/Sources/KarrotListKitMacros/Supports/KarrotListKitMacroError.swift (in target 'KarrotListKitMacros' from project 'KarrotListKit')
cd /Users/admin/builder/spi-builder-workspace/.swiftpm/xcode
builtin-SwiftPerFileCompile KarrotListKitMacroError.swift
SwiftDriverJobDiscovery normal arm64 Emitting module for KarrotListKitMacros (in target 'KarrotListKitMacros' from project 'KarrotListKit')
SwiftDriver\ Compilation\ Requirements KarrotListKitMacros normal arm64 com.apple.xcode.tools.swift.compiler (in target 'KarrotListKitMacros' from project 'KarrotListKit')
cd /Users/admin/builder/spi-builder-workspace/.swiftpm/xcode
builtin-Swift-Compilation-Requirements -- /Applications/Xcode-27.0.0-Release.Candidate.app/Contents/Developer/Toolchains/XcodeDefault.xctoolchain/usr/bin/swiftc -parse-as-library -module-name KarrotListKitMacros -Onone @/Users/admin/builder/spi-builder-workspace/.derivedData/Build/Intermediates.noindex/KarrotListKit.build/Debug/KarrotListKitMacros-t.build/Objects-normal/arm64/KarrotListKitMacros.SwiftFileList -DSWIFT_PACKAGE -DDEBUG -DXcode -I /Users/admin/builder/spi-builder-workspace/.dependencies/prebuilts/swift-syntax/602.0.0/swiftlang-6.4.0.34.1-macosx27.0-MacroSupport/Modules -I /Users/admin/builder/spi-builder-workspace/.dependencies/checkouts/swift-syntax/Sources/_SwiftLibraryPluginProviderCShims/include -I /Users/admin/builder/spi-builder-workspace/.dependencies/checkouts/swift-syntax/Sources/_SwiftSyntaxCShims/include -plugin-path /Applications/Xcode-27.0.0-Release.Candidate.app/Contents/Developer/Toolchains/XcodeDefault.xctoolchain/usr/lib/swift/host/plugins/testing -enable-experimental-feature DebugDescriptionMacro -sdk /Applications/Xcode-27.0.0-Release.Candidate.app/Contents/Developer/Platforms/MacOSX.platform/Developer/SDKs/MacOSX27.0.sdk -target arm64-apple-macos12.0 -g -module-cache-path /Users/admin/builder/spi-builder-workspace/.derivedData/ModuleCache.noindex -Xfrontend -serialize-debugging-options -profile-coverage-mapping -profile-generate -enable-testing -index-store-path /Users/admin/builder/spi-builder-workspace/.derivedData/Index.noindex/DataStore -Xcc -D_LIBCPP_HARDENING_MODE\=_LIBCPP_HARDENING_MODE_DEBUG -swift-version 5 -I /Users/admin/builder/spi-builder-workspace/.derivedData/Build/Products/Debug -Isystem /Applications/Xcode-27.0.0-Release.Candidate.app/Contents/Developer/Platforms/MacOSX.platform/Developer/usr/lib -F /Users/admin/builder/spi-builder-workspace/.derivedData/Build/Products/Debug -F /Applications/Xcode-27.0.0-Release.Candidate.app/Contents/Developer/Platforms/MacOSX.platform/Developer/Library/Frameworks -c -j10 -enable-batch-mode -incremental -Xcc -ivfsstatcache -Xcc /Users/admin/builder/spi-builder-workspace/.derivedData/SDKStatCaches.noindex/macosx27.0-26A425-e829b21a6f8c9b70876ba0858053c0446a22442a12e9d48fe1a705f55a1adfc4.sdkstatcache -output-file-map /Users/admin/builder/spi-builder-workspace/.derivedData/Build/Intermediates.noindex/KarrotListKit.build/Debug/KarrotListKitMacros-t.build/Objects-normal/arm64/KarrotListKitMacros-OutputFileMap.json -save-temps -no-color-diagnostics -explicit-module-build -module-cache-path /Users/admin/builder/spi-builder-workspace/.derivedData/Build/Intermediates.noindex/SwiftExplicitPrecompiledModules -clang-scanner-module-cache-path /Users/admin/builder/spi-builder-workspace/.derivedData/ModuleCache.noindex -sdk-module-cache-path /Users/admin/builder/spi-builder-workspace/.derivedData/SDKExplicitPrecompiledModules -emit-dependencies -emit-module -emit-module-path /Users/admin/builder/spi-builder-workspace/.derivedData/Build/Intermediates.noindex/KarrotListKit.build/Debug/KarrotListKitMacros-t.build/Objects-normal/arm64/KarrotListKitMacros.swiftmodule -serialize-diagnostics -dependency-scan-serialize-diagnostics-path /Users/admin/builder/spi-builder-workspace/.derivedData/Build/Intermediates.noindex/KarrotListKit.build/Debug/KarrotListKitMacros-t.build/Objects-normal/arm64/KarrotListKitMacros-dependency-scan.dia -validate-clang-modules-once -clang-build-session-file /Users/admin/builder/spi-builder-workspace/.derivedData/ModuleCache.noindex/Session.modulevalidation -Xcc -fmodules-prune-interval\=86400 -Xcc -fmodules-prune-after\=345600 -package-name spi_builder_workspace -emit-const-values -const-gather-protocols-list /Users/admin/builder/spi-builder-workspace/.derivedData/Build/Intermediates.noindex/KarrotListKit.build/Debug/KarrotListKitMacros-t.build/Objects-normal/arm64/KarrotListKitMacros_const_extract_protocols.json -Xcc -I/Users/admin/builder/spi-builder-workspace/.derivedData/Build/Products/Debug/include -Xcc -I/Users/admin/builder/spi-builder-workspace/.derivedData/Build/Intermediates.noindex/KarrotListKit.build/Debug/KarrotListKitMacros-t.build/DerivedSources-normal/arm64 -Xcc -I/Users/admin/builder/spi-builder-workspace/.derivedData/Build/Intermediates.noindex/KarrotListKit.build/Debug/KarrotListKitMacros-t.build/DerivedSources/arm64 -Xcc -I/Users/admin/builder/spi-builder-workspace/.derivedData/Build/Intermediates.noindex/KarrotListKit.build/Debug/KarrotListKitMacros-t.build/DerivedSources -Xcc -DSWIFT_PACKAGE -Xcc -DDEBUG\=1 -working-directory /Users/admin/builder/spi-builder-workspace/.swiftpm/xcode -experimental-emit-module-separately -disable-cmo
SwiftDriverJobDiscovery normal arm64 Compiling KarrotListKitPlugin.swift (in target 'KarrotListKitMacros' from project 'KarrotListKit')
SwiftDriverJobDiscovery normal arm64 Compiling UIKitExtension.swift (in target 'DifferenceKit' from project 'DifferenceKit')
SwiftDriver\ Compilation DifferenceKit normal arm64 com.apple.xcode.tools.swift.compiler (in target 'DifferenceKit' from project 'DifferenceKit')
cd /Users/admin/builder/spi-builder-workspace/.swiftpm/xcode
builtin-Swift-Compilation -- /Applications/Xcode-27.0.0-Release.Candidate.app/Contents/Developer/Toolchains/XcodeDefault.xctoolchain/usr/bin/swiftc -parse-as-library -module-name DifferenceKit -Onone @/Users/admin/builder/spi-builder-workspace/.derivedData/Build/Intermediates.noindex/DifferenceKit.build/Debug-appletvos/DifferenceKit-t.build/Objects-normal/arm64/DifferenceKit.SwiftFileList -DSWIFT_PACKAGE -DDEBUG -DSWIFT_MODULE_RESOURCE_BUNDLE_UNAVAILABLE -DXcode -plugin-path /Applications/Xcode-27.0.0-Release.Candidate.app/Contents/Developer/Toolchains/XcodeDefault.xctoolchain/usr/lib/swift/host/plugins/testing -enable-experimental-feature DebugDescriptionMacro -sdk /Applications/Xcode-27.0.0-Release.Candidate.app/Contents/Developer/Platforms/AppleTVOS.platform/Developer/SDKs/AppleTVOS27.0.sdk -target arm64-apple-tvos15.0 -g -module-cache-path /Users/admin/builder/spi-builder-workspace/.derivedData/ModuleCache.noindex -Xfrontend -serialize-debugging-options -profile-coverage-mapping -profile-generate -enable-testing -suppress-warnings -index-store-path /Users/admin/builder/spi-builder-workspace/.derivedData/Index.noindex/DataStore -Xcc -D_LIBCPP_HARDENING_MODE\=_LIBCPP_HARDENING_MODE_DEBUG -swift-version 5 -I /Users/admin/builder/spi-builder-workspace/.derivedData/Build/Products/Debug-appletvos -Isystem /Applications/Xcode-27.0.0-Release.Candidate.app/Contents/Developer/Platforms/AppleTVOS.platform/Developer/usr/lib -F /Users/admin/builder/spi-builder-workspace/.derivedData/Build/Products/Debug-appletvos -F /Applications/Xcode-27.0.0-Release.Candidate.app/Contents/Developer/Platforms/AppleTVOS.platform/Developer/Library/Frameworks -F /Applications/Xcode-27.0.0-Release.Candidate.app/Contents/Developer/Platforms/AppleTVOS.platform/Developer/SDKs/AppleTVOS27.0.sdk/Developer/Library/Frameworks -c -j10 -enable-batch-mode -incremental -Xcc -ivfsstatcache -Xcc /Users/admin/builder/spi-builder-workspace/.derivedData/SDKStatCaches.noindex/appletvos27.0-24J360-e829b21a6f8c9b70876ba0858053c044b32bfd8d43560033f8d89884cdb90028.sdkstatcache -output-file-map /Users/admin/builder/spi-builder-workspace/.derivedData/Build/Intermediates.noindex/DifferenceKit.build/Debug-appletvos/DifferenceKit-t.build/Objects-normal/arm64/DifferenceKit-OutputFileMap.json -save-temps -no-color-diagnostics -explicit-module-build -module-cache-path /Users/admin/builder/spi-builder-workspace/.derivedData/Build/Intermediates.noindex/SwiftExplicitPrecompiledModules -clang-scanner-module-cache-path /Users/admin/builder/spi-builder-workspace/.derivedData/ModuleCache.noindex -sdk-module-cache-path /Users/admin/builder/spi-builder-workspace/.derivedData/SDKExplicitPrecompiledModules -emit-dependencies -emit-module -emit-module-path /Users/admin/builder/spi-builder-workspace/.derivedData/Build/Intermediates.noindex/DifferenceKit.build/Debug-appletvos/DifferenceKit-t.build/Objects-normal/arm64/DifferenceKit.swiftmodule -serialize-diagnostics -dependency-scan-serialize-diagnostics-path /Users/admin/builder/spi-builder-workspace/.derivedData/Build/Intermediates.noindex/DifferenceKit.build/Debug-appletvos/DifferenceKit-t.build/Objects-normal/arm64/DifferenceKit-dependency-scan.dia -validate-clang-modules-once -clang-build-session-file /Users/admin/builder/spi-builder-workspace/.derivedData/ModuleCache.noindex/Session.modulevalidation -Xcc -fmodules-prune-interval\=86400 -Xcc -fmodules-prune-after\=345600 -emit-const-values -const-gather-protocols-list /Users/admin/builder/spi-builder-workspace/.derivedData/Build/Intermediates.noindex/DifferenceKit.build/Debug-appletvos/DifferenceKit-t.build/Objects-normal/arm64/DifferenceKit_const_extract_protocols.json -Xcc -I/Users/admin/builder/spi-builder-workspace/.derivedData/Build/Products/Debug-appletvos/include -Xcc -I/Users/admin/builder/spi-builder-workspace/.derivedData/Build/Intermediates.noindex/DifferenceKit.build/Debug-appletvos/DifferenceKit-t.build/DerivedSources-normal/arm64 -Xcc -I/Users/admin/builder/spi-builder-workspace/.derivedData/Build/Intermediates.noindex/DifferenceKit.build/Debug-appletvos/DifferenceKit-t.build/DerivedSources/arm64 -Xcc -I/Users/admin/builder/spi-builder-workspace/.derivedData/Build/Intermediates.noindex/DifferenceKit.build/Debug-appletvos/DifferenceKit-t.build/DerivedSources -Xcc -DSWIFT_PACKAGE -Xcc -DDEBUG\=1 -emit-objc-header -emit-objc-header-path /Users/admin/builder/spi-builder-workspace/.derivedData/Build/Intermediates.noindex/DifferenceKit.build/Debug-appletvos/DifferenceKit-t.build/Objects-normal/arm64/DifferenceKit-Swift.h -working-directory /Users/admin/builder/spi-builder-workspace/.swiftpm/xcode -experimental-emit-module-separately -disable-cmo
Ld /Users/admin/builder/spi-builder-workspace/.derivedData/Build/Products/Debug-appletvos/DifferenceKit.o normal (in target 'DifferenceKit' from project 'DifferenceKit')
cd /Users/admin/builder/spi-builder-workspace/.dependencies/checkouts/DifferenceKit
/Applications/Xcode-27.0.0-Release.Candidate.app/Contents/Developer/Toolchains/XcodeDefault.xctoolchain/usr/bin/clang -Xlinker -reproducible -target arm64-apple-tvos15.0 -r -isysroot /Applications/Xcode-27.0.0-Release.Candidate.app/Contents/Developer/Platforms/AppleTVOS.platform/Developer/SDKs/AppleTVOS27.0.sdk -O0 -w -Xlinker -no_warn_duplicate_libraries -F/Users/admin/builder/spi-builder-workspace/.derivedData/Build/Intermediates.noindex/EagerLinkingTBDs/Debug-appletvos -F/Users/admin/builder/spi-builder-workspace/.derivedData/Build/Products/Debug-appletvos -iframework /Applications/Xcode-27.0.0-Release.Candidate.app/Contents/Developer/Platforms/AppleTVOS.platform/Developer/Library/Frameworks -iframework /Applications/Xcode-27.0.0-Release.Candidate.app/Contents/Developer/Platforms/AppleTVOS.platform/Developer/SDKs/AppleTVOS27.0.sdk/Developer/Library/Frameworks -filelist /Users/admin/builder/spi-builder-workspace/.derivedData/Build/Intermediates.noindex/DifferenceKit.build/Debug-appletvos/DifferenceKit-t.build/Objects-normal/arm64/DifferenceKit.LinkFileList -nostdlib -Xlinker -object_path_lto -Xlinker /Users/admin/builder/spi-builder-workspace/.derivedData/Build/Intermediates.noindex/DifferenceKit.build/Debug-appletvos/DifferenceKit-t.build/Objects-normal/arm64/DifferenceKit_lto.o -Xlinker -no_deduplicate -Xlinker -debug_variant -Xlinker -dependency_info -Xlinker /Users/admin/builder/spi-builder-workspace/.derivedData/Build/Intermediates.noindex/DifferenceKit.build/Debug-appletvos/DifferenceKit-t.build/Objects-normal/arm64/DifferenceKit_dependency_info.dat -fobjc-link-runtime -L/Applications/Xcode-27.0.0-Release.Candidate.app/Contents/Developer/Toolchains/XcodeDefault.xctoolchain/usr/lib/swift/appletvos -L/usr/lib/swift -Xlinker -add_ast_path -Xlinker /Users/admin/builder/spi-builder-workspace/.derivedData/Build/Intermediates.noindex/DifferenceKit.build/Debug-appletvos/DifferenceKit-t.build/Objects-normal/arm64/DifferenceKit.swiftmodule -o /Users/admin/builder/spi-builder-workspace/.derivedData/Build/Products/Debug-appletvos/DifferenceKit.o
ExtractAppIntentsMetadata (in target 'DifferenceKit' from project 'DifferenceKit')
cd /Users/admin/builder/spi-builder-workspace/.dependencies/checkouts/DifferenceKit
/Applications/Xcode-27.0.0-Release.Candidate.app/Contents/Developer/Toolchains/XcodeDefault.xctoolchain/usr/bin/appintentsmetadataprocessor --toolchain-dir /var/run/com.apple.security.cryptexd/mnt/com.apple.MobileAsset.MetalToolchain-v27.1.266.1.632wdD/Metal.xctoolchain --module-name DifferenceKit --sdk-root /Applications/Xcode-27.0.0-Release.Candidate.app/Contents/Developer/Platforms/AppleTVOS.platform/Developer/SDKs/AppleTVOS27.0.sdk --xcode-version 27A266a --platform-family tvOS --deployment-target 15.0 --bundle-identifier differencekit.DifferenceKit --output /Users/admin/builder/spi-builder-workspace/.derivedData/Build/Products/Debug-appletvos/DifferenceKit.appintents --target-triple arm64-apple-tvos15.0 --binary-file /Users/admin/builder/spi-builder-workspace/.derivedData/Build/Products/Debug-appletvos/DifferenceKit.o --dependency-file /Users/admin/builder/spi-builder-workspace/.derivedData/Build/Intermediates.noindex/DifferenceKit.build/Debug-appletvos/DifferenceKit-t.build/Objects-normal/arm64/DifferenceKit_dependency_info.dat --stringsdata-file /Users/admin/builder/spi-builder-workspace/.derivedData/Build/Intermediates.noindex/DifferenceKit.build/Debug-appletvos/DifferenceKit-t.build/Objects-normal/arm64/ExtractedAppShortcutsMetadata.stringsdata --source-file-list /Users/admin/builder/spi-builder-workspace/.derivedData/Build/Intermediates.noindex/DifferenceKit.build/Debug-appletvos/DifferenceKit-t.build/Objects-normal/arm64/DifferenceKit.SwiftFileList --metadata-file-list /Users/admin/builder/spi-builder-workspace/.derivedData/Build/Intermediates.noindex/DifferenceKit.build/Debug-appletvos/DifferenceKit-t.build/DifferenceKit.DependencyMetadataFileList --static-metadata-file-list /Users/admin/builder/spi-builder-workspace/.derivedData/Build/Intermediates.noindex/DifferenceKit.build/Debug-appletvos/DifferenceKit-t.build/DifferenceKit.DependencyStaticMetadataFileList --swift-const-vals-list /Users/admin/builder/spi-builder-workspace/.derivedData/Build/Intermediates.noindex/DifferenceKit.build/Debug-appletvos/DifferenceKit-t.build/Objects-normal/arm64/DifferenceKit.SwiftConstValuesFileList --force --compile-time-extraction --deployment-aware-processing --no-app-shortcuts-localization
2026-09-22 21:39:02.336 appintentsmetadataprocessor[877:5041] Starting appintentsmetadataprocessor export
2026-09-22 21:39:02.432 appintentsmetadataprocessor[877:5041] Extracted no relevant App Intents symbols, skipping writing output
SwiftDriverJobDiscovery normal arm64 Compiling KarrotListKitMacroError.swift (in target 'KarrotListKitMacros' from project 'KarrotListKit')
SwiftDriverJobDiscovery normal arm64 Compiling AddComponentModifierMacro.swift (in target 'KarrotListKitMacros' from project 'KarrotListKit')
SwiftDriverJobDiscovery normal arm64 Compiling AccessLevelModifier.swift (in target 'KarrotListKitMacros' from project 'KarrotListKit')
SwiftDriver\ Compilation KarrotListKitMacros normal arm64 com.apple.xcode.tools.swift.compiler (in target 'KarrotListKitMacros' from project 'KarrotListKit')
cd /Users/admin/builder/spi-builder-workspace/.swiftpm/xcode
builtin-Swift-Compilation -- /Applications/Xcode-27.0.0-Release.Candidate.app/Contents/Developer/Toolchains/XcodeDefault.xctoolchain/usr/bin/swiftc -parse-as-library -module-name KarrotListKitMacros -Onone @/Users/admin/builder/spi-builder-workspace/.derivedData/Build/Intermediates.noindex/KarrotListKit.build/Debug/KarrotListKitMacros-t.build/Objects-normal/arm64/KarrotListKitMacros.SwiftFileList -DSWIFT_PACKAGE -DDEBUG -DXcode -I /Users/admin/builder/spi-builder-workspace/.dependencies/prebuilts/swift-syntax/602.0.0/swiftlang-6.4.0.34.1-macosx27.0-MacroSupport/Modules -I /Users/admin/builder/spi-builder-workspace/.dependencies/checkouts/swift-syntax/Sources/_SwiftLibraryPluginProviderCShims/include -I /Users/admin/builder/spi-builder-workspace/.dependencies/checkouts/swift-syntax/Sources/_SwiftSyntaxCShims/include -plugin-path /Applications/Xcode-27.0.0-Release.Candidate.app/Contents/Developer/Toolchains/XcodeDefault.xctoolchain/usr/lib/swift/host/plugins/testing -enable-experimental-feature DebugDescriptionMacro -sdk /Applications/Xcode-27.0.0-Release.Candidate.app/Contents/Developer/Platforms/MacOSX.platform/Developer/SDKs/MacOSX27.0.sdk -target arm64-apple-macos12.0 -g -module-cache-path /Users/admin/builder/spi-builder-workspace/.derivedData/ModuleCache.noindex -Xfrontend -serialize-debugging-options -profile-coverage-mapping -profile-generate -enable-testing -index-store-path /Users/admin/builder/spi-builder-workspace/.derivedData/Index.noindex/DataStore -Xcc -D_LIBCPP_HARDENING_MODE\=_LIBCPP_HARDENING_MODE_DEBUG -swift-version 5 -I /Users/admin/builder/spi-builder-workspace/.derivedData/Build/Products/Debug -Isystem /Applications/Xcode-27.0.0-Release.Candidate.app/Contents/Developer/Platforms/MacOSX.platform/Developer/usr/lib -F /Users/admin/builder/spi-builder-workspace/.derivedData/Build/Products/Debug -F /Applications/Xcode-27.0.0-Release.Candidate.app/Contents/Developer/Platforms/MacOSX.platform/Developer/Library/Frameworks -c -j10 -enable-batch-mode -incremental -Xcc -ivfsstatcache -Xcc /Users/admin/builder/spi-builder-workspace/.derivedData/SDKStatCaches.noindex/macosx27.0-26A425-e829b21a6f8c9b70876ba0858053c0446a22442a12e9d48fe1a705f55a1adfc4.sdkstatcache -output-file-map /Users/admin/builder/spi-builder-workspace/.derivedData/Build/Intermediates.noindex/KarrotListKit.build/Debug/KarrotListKitMacros-t.build/Objects-normal/arm64/KarrotListKitMacros-OutputFileMap.json -save-temps -no-color-diagnostics -explicit-module-build -module-cache-path /Users/admin/builder/spi-builder-workspace/.derivedData/Build/Intermediates.noindex/SwiftExplicitPrecompiledModules -clang-scanner-module-cache-path /Users/admin/builder/spi-builder-workspace/.derivedData/ModuleCache.noindex -sdk-module-cache-path /Users/admin/builder/spi-builder-workspace/.derivedData/SDKExplicitPrecompiledModules -emit-dependencies -emit-module -emit-module-path /Users/admin/builder/spi-builder-workspace/.derivedData/Build/Intermediates.noindex/KarrotListKit.build/Debug/KarrotListKitMacros-t.build/Objects-normal/arm64/KarrotListKitMacros.swiftmodule -serialize-diagnostics -dependency-scan-serialize-diagnostics-path /Users/admin/builder/spi-builder-workspace/.derivedData/Build/Intermediates.noindex/KarrotListKit.build/Debug/KarrotListKitMacros-t.build/Objects-normal/arm64/KarrotListKitMacros-dependency-scan.dia -validate-clang-modules-once -clang-build-session-file /Users/admin/builder/spi-builder-workspace/.derivedData/ModuleCache.noindex/Session.modulevalidation -Xcc -fmodules-prune-interval\=86400 -Xcc -fmodules-prune-after\=345600 -package-name spi_builder_workspace -emit-const-values -const-gather-protocols-list /Users/admin/builder/spi-builder-workspace/.derivedData/Build/Intermediates.noindex/KarrotListKit.build/Debug/KarrotListKitMacros-t.build/Objects-normal/arm64/KarrotListKitMacros_const_extract_protocols.json -Xcc -I/Users/admin/builder/spi-builder-workspace/.derivedData/Build/Products/Debug/include -Xcc -I/Users/admin/builder/spi-builder-workspace/.derivedData/Build/Intermediates.noindex/KarrotListKit.build/Debug/KarrotListKitMacros-t.build/DerivedSources-normal/arm64 -Xcc -I/Users/admin/builder/spi-builder-workspace/.derivedData/Build/Intermediates.noindex/KarrotListKit.build/Debug/KarrotListKitMacros-t.build/DerivedSources/arm64 -Xcc -I/Users/admin/builder/spi-builder-workspace/.derivedData/Build/Intermediates.noindex/KarrotListKit.build/Debug/KarrotListKitMacros-t.build/DerivedSources -Xcc -DSWIFT_PACKAGE -Xcc -DDEBUG\=1 -working-directory /Users/admin/builder/spi-builder-workspace/.swiftpm/xcode -experimental-emit-module-separately -disable-cmo
Ld /Users/admin/builder/spi-builder-workspace/.derivedData/Build/Products/Debug/KarrotListKitMacros normal (in target 'KarrotListKitMacros' from project 'KarrotListKit')
cd /Users/admin/builder/spi-builder-workspace
/Applications/Xcode-27.0.0-Release.Candidate.app/Contents/Developer/Toolchains/XcodeDefault.xctoolchain/usr/bin/swiftc -Xlinker -reproducible -target arm64-apple-macos12.0 -emit-executable -sdk /Applications/Xcode-27.0.0-Release.Candidate.app/Contents/Developer/Platforms/MacOSX.platform/Developer/SDKs/MacOSX27.0.sdk -Xlinker -no_warn_duplicate_libraries -L/Users/admin/builder/spi-builder-workspace/.derivedData/Build/Intermediates.noindex/EagerLinkingTBDs/Debug -L/Users/admin/builder/spi-builder-workspace/.derivedData/Build/Products/Debug -L/Users/admin/builder/spi-builder-workspace/.dependencies/prebuilts/swift-syntax/602.0.0/swiftlang-6.4.0.34.1-macosx27.0-MacroSupport/lib -L/Applications/Xcode-27.0.0-Release.Candidate.app/Contents/Developer/Platforms/MacOSX.platform/Developer/usr/lib -F/Users/admin/builder/spi-builder-workspace/.derivedData/Build/Intermediates.noindex/EagerLinkingTBDs/Debug -F/Users/admin/builder/spi-builder-workspace/.derivedData/Build/Products/Debug -Fsystem /Applications/Xcode-27.0.0-Release.Candidate.app/Contents/Developer/Platforms/MacOSX.platform/Developer/Library/Frameworks @/Users/admin/builder/spi-builder-workspace/.derivedData/Build/Intermediates.noindex/KarrotListKit.build/Debug/KarrotListKitMacros-t.build/Objects-normal/arm64/KarrotListKitMacros.LinkFileList -Xlinker -rpath -Xlinker /usr/lib/swift -Xlinker -object_path_lto -Xlinker /Users/admin/builder/spi-builder-workspace/.derivedData/Build/Intermediates.noindex/KarrotListKit.build/Debug/KarrotListKitMacros-t.build/Objects-normal/arm64/KarrotListKitMacros_lto.o -Xclang-linker -rdynamic -Xlinker -no_deduplicate -Xlinker -debug_variant -Xlinker -dependency_info -Xlinker /Users/admin/builder/spi-builder-workspace/.derivedData/Build/Intermediates.noindex/KarrotListKit.build/Debug/KarrotListKitMacros-t.build/Objects-normal/arm64/KarrotListKitMacros_dependency_info.dat -link-objc-runtime -profile-generate -L/Applications/Xcode-27.0.0-Release.Candidate.app/Contents/Developer/Toolchains/XcodeDefault.xctoolchain/usr/lib/swift/macosx -L/usr/lib/swift -Xlinker -add_ast_path -Xlinker /Users/admin/builder/spi-builder-workspace/.derivedData/Build/Intermediates.noindex/KarrotListKit.build/Debug/KarrotListKitMacros-t.build/Objects-normal/arm64/KarrotListKitMacros.swiftmodule -lMacroSupport -o /Users/admin/builder/spi-builder-workspace/.derivedData/Build/Products/Debug/KarrotListKitMacros -no-stdlib-rpath
RegisterExecutionPolicyException /Users/admin/builder/spi-builder-workspace/.derivedData/Build/Products/Debug/KarrotListKitMacros (in target 'KarrotListKitMacros' from project 'KarrotListKit')
cd /Users/admin/builder/spi-builder-workspace
builtin-RegisterExecutionPolicyException /Users/admin/builder/spi-builder-workspace/.derivedData/Build/Products/Debug/KarrotListKitMacros
SwiftDriver KarrotListKit normal arm64 com.apple.xcode.tools.swift.compiler (in target 'KarrotListKit' from project 'KarrotListKit')
cd /Users/admin/builder/spi-builder-workspace/.swiftpm/xcode
builtin-SwiftDriver -- /Applications/Xcode-27.0.0-Release.Candidate.app/Contents/Developer/Toolchains/XcodeDefault.xctoolchain/usr/bin/swiftc -parse-as-library -module-name KarrotListKit -Onone @/Users/admin/builder/spi-builder-workspace/.derivedData/Build/Intermediates.noindex/KarrotListKit.build/Debug-appletvos/KarrotListKit-t.build/Objects-normal/arm64/KarrotListKit.SwiftFileList -DSWIFT_PACKAGE -DDEBUG -DSWIFT_MODULE_RESOURCE_BUNDLE_UNAVAILABLE -DXcode -plugin-path /Applications/Xcode-27.0.0-Release.Candidate.app/Contents/Developer/Toolchains/XcodeDefault.xctoolchain/usr/lib/swift/host/plugins/testing -enable-experimental-feature DebugDescriptionMacro -sdk /Applications/Xcode-27.0.0-Release.Candidate.app/Contents/Developer/Platforms/AppleTVOS.platform/Developer/SDKs/AppleTVOS27.0.sdk -target arm64-apple-tvos15.0 -g -module-cache-path /Users/admin/builder/spi-builder-workspace/.derivedData/ModuleCache.noindex -Xfrontend -serialize-debugging-options -profile-coverage-mapping -profile-generate -enable-testing -index-store-path /Users/admin/builder/spi-builder-workspace/.derivedData/Index.noindex/DataStore -Xcc -D_LIBCPP_HARDENING_MODE\=_LIBCPP_HARDENING_MODE_DEBUG -swift-version 5 -I /Users/admin/builder/spi-builder-workspace/.derivedData/Build/Products/Debug-appletvos -Isystem /Applications/Xcode-27.0.0-Release.Candidate.app/Contents/Developer/Platforms/AppleTVOS.platform/Developer/usr/lib -F /Users/admin/builder/spi-builder-workspace/.derivedData/Build/Products/Debug-appletvos/PackageFrameworks -F /Users/admin/builder/spi-builder-workspace/.derivedData/Build/Products/Debug-appletvos -F /Applications/Xcode-27.0.0-Release.Candidate.app/Contents/Developer/Platforms/AppleTVOS.platform/Developer/Library/Frameworks -F /Applications/Xcode-27.0.0-Release.Candidate.app/Contents/Developer/Platforms/AppleTVOS.platform/Developer/SDKs/AppleTVOS27.0.sdk/Developer/Library/Frameworks -Xfrontend -load-plugin-executable -Xfrontend /Users/admin/builder/spi-builder-workspace/.derivedData/Build/Products/Debug/KarrotListKitMacros\#KarrotListKitMacros -c -j10 -enable-batch-mode -incremental -Xcc -ivfsstatcache -Xcc /Users/admin/builder/spi-builder-workspace/.derivedData/SDKStatCaches.noindex/appletvos27.0-24J360-e829b21a6f8c9b70876ba0858053c044b32bfd8d43560033f8d89884cdb90028.sdkstatcache -output-file-map /Users/admin/builder/spi-builder-workspace/.derivedData/Build/Intermediates.noindex/KarrotListKit.build/Debug-appletvos/KarrotListKit-t.build/Objects-normal/arm64/KarrotListKit-OutputFileMap.json -save-temps -no-color-diagnostics -explicit-module-build -module-cache-path /Users/admin/builder/spi-builder-workspace/.derivedData/Build/Intermediates.noindex/SwiftExplicitPrecompiledModules -clang-scanner-module-cache-path /Users/admin/builder/spi-builder-workspace/.derivedData/ModuleCache.noindex -sdk-module-cache-path /Users/admin/builder/spi-builder-workspace/.derivedData/SDKExplicitPrecompiledModules -emit-dependencies -emit-module -emit-module-path /Users/admin/builder/spi-builder-workspace/.derivedData/Build/Intermediates.noindex/KarrotListKit.build/Debug-appletvos/KarrotListKit-t.build/Objects-normal/arm64/KarrotListKit.swiftmodule -serialize-diagnostics -dependency-scan-serialize-diagnostics-path /Users/admin/builder/spi-builder-workspace/.derivedData/Build/Intermediates.noindex/KarrotListKit.build/Debug-appletvos/KarrotListKit-t.build/Objects-normal/arm64/KarrotListKit-dependency-scan.dia -validate-clang-modules-once -clang-build-session-file /Users/admin/builder/spi-builder-workspace/.derivedData/ModuleCache.noindex/Session.modulevalidation -Xcc -fmodules-prune-interval\=86400 -Xcc -fmodules-prune-after\=345600 -package-name spi_builder_workspace -emit-const-values -const-gather-protocols-list /Users/admin/builder/spi-builder-workspace/.derivedData/Build/Intermediates.noindex/KarrotListKit.build/Debug-appletvos/KarrotListKit-t.build/Objects-normal/arm64/KarrotListKit_const_extract_protocols.json -Xcc -I/Users/admin/builder/spi-builder-workspace/.derivedData/Build/Products/Debug-appletvos/include -Xcc -I/Users/admin/builder/spi-builder-workspace/.derivedData/Build/Intermediates.noindex/KarrotListKit.build/Debug-appletvos/KarrotListKit-t.build/DerivedSources-normal/arm64 -Xcc -I/Users/admin/builder/spi-builder-workspace/.derivedData/Build/Intermediates.noindex/KarrotListKit.build/Debug-appletvos/KarrotListKit-t.build/DerivedSources/arm64 -Xcc -I/Users/admin/builder/spi-builder-workspace/.derivedData/Build/Intermediates.noindex/KarrotListKit.build/Debug-appletvos/KarrotListKit-t.build/DerivedSources -Xcc -DSWIFT_PACKAGE -Xcc -DDEBUG\=1 -emit-objc-header -emit-objc-header-path /Users/admin/builder/spi-builder-workspace/.derivedData/Build/Intermediates.noindex/KarrotListKit.build/Debug-appletvos/KarrotListKit-t.build/Objects-normal/arm64/KarrotListKit-Swift.h -working-directory /Users/admin/builder/spi-builder-workspace/.swiftpm/xcode -experimental-emit-module-separately -disable-cmo
SwiftExplicitDependencyGeneratePcm arm64 /Users/admin/builder/spi-builder-workspace/.derivedData/SDKExplicitPrecompiledModules/SwiftUI-7BV1YDT6IZWW6B8OC6ENV0Y0F.pcm
SwiftExplicitDependencyGeneratePcm arm64 /Users/admin/builder/spi-builder-workspace/.derivedData/SDKExplicitPrecompiledModules/CoreData-DYMPHH3PH8AX9I1FHA4VFJ675.pcm
SwiftExplicitDependencyGeneratePcm arm64 /Users/admin/builder/spi-builder-workspace/.derivedData/SDKExplicitPrecompiledModules/CoreAudioTypes-E7EH96HAL3G83QSWLT7VWYIP4.pcm
SwiftExplicitDependencyGeneratePcm arm64 /Users/admin/builder/spi-builder-workspace/.derivedData/SDKExplicitPrecompiledModules/CoreAudio-6IR1XRM0Q9YQZMFW89F3H4V3X.pcm
SwiftExplicitDependencyGeneratePcm arm64 /Users/admin/builder/spi-builder-workspace/.derivedData/SDKExplicitPrecompiledModules/CoreMedia-4OUKVT03LV547KZJDPPJRJ4F8.pcm
SwiftCompile normal arm64 Compiling\ FeatureFlagType.swift,\ KarrotListKitFeatureFlag.swift,\ CompositionalLayoutSectionFactory.swift,\ DefaultCompositionalLayoutSectionFactory.swift,\ HorizontalLayout.swift,\ VerticalGridLayout.swift /Users/admin/builder/spi-builder-workspace/Sources/KarrotListKit/FeatureFlag/FeatureFlagType.swift /Users/admin/builder/spi-builder-workspace/Sources/KarrotListKit/FeatureFlag/KarrotListKitFeatureFlag.swift /Users/admin/builder/spi-builder-workspace/Sources/KarrotListKit/Layout/CompositionalLayoutSectionFactory.swift /Users/admin/builder/spi-builder-workspace/Sources/KarrotListKit/Layout/DefaultCompositionalLayoutSectionFactory.swift /Users/admin/builder/spi-builder-workspace/Sources/KarrotListKit/Layout/HorizontalLayout.swift /Users/admin/builder/spi-builder-workspace/Sources/KarrotListKit/Layout/VerticalGridLayout.swift (in target 'KarrotListKit' from project 'KarrotListKit')
SwiftCompile normal arm64 /Users/admin/builder/spi-builder-workspace/Sources/KarrotListKit/FeatureFlag/FeatureFlagType.swift (in target 'KarrotListKit' from project 'KarrotListKit')
cd /Users/admin/builder/spi-builder-workspace/.swiftpm/xcode
builtin-SwiftPerFileCompile FeatureFlagType.swift
SwiftCompile normal arm64 /Users/admin/builder/spi-builder-workspace/Sources/KarrotListKit/FeatureFlag/KarrotListKitFeatureFlag.swift (in target 'KarrotListKit' from project 'KarrotListKit')
cd /Users/admin/builder/spi-builder-workspace/.swiftpm/xcode
builtin-SwiftPerFileCompile KarrotListKitFeatureFlag.swift
SwiftCompile normal arm64 /Users/admin/builder/spi-builder-workspace/Sources/KarrotListKit/Layout/CompositionalLayoutSectionFactory.swift (in target 'KarrotListKit' from project 'KarrotListKit')
cd /Users/admin/builder/spi-builder-workspace/.swiftpm/xcode
builtin-SwiftPerFileCompile CompositionalLayoutSectionFactory.swift
SwiftCompile normal arm64 /Users/admin/builder/spi-builder-workspace/Sources/KarrotListKit/Layout/DefaultCompositionalLayoutSectionFactory.swift (in target 'KarrotListKit' from project 'KarrotListKit')
cd /Users/admin/builder/spi-builder-workspace/.swiftpm/xcode
builtin-SwiftPerFileCompile DefaultCompositionalLayoutSectionFactory.swift
SwiftCompile normal arm64 /Users/admin/builder/spi-builder-workspace/Sources/KarrotListKit/Layout/HorizontalLayout.swift (in target 'KarrotListKit' from project 'KarrotListKit')
cd /Users/admin/builder/spi-builder-workspace/.swiftpm/xcode
builtin-SwiftPerFileCompile HorizontalLayout.swift
SwiftCompile normal arm64 /Users/admin/builder/spi-builder-workspace/Sources/KarrotListKit/Layout/VerticalGridLayout.swift (in target 'KarrotListKit' from project 'KarrotListKit')
cd /Users/admin/builder/spi-builder-workspace/.swiftpm/xcode
builtin-SwiftPerFileCompile VerticalGridLayout.swift
SwiftEmitModule normal arm64 Emitting\ module\ for\ KarrotListKit (in target 'KarrotListKit' from project 'KarrotListKit')
SwiftCompile normal arm64 (in target 'KarrotListKit' from project 'KarrotListKit')
cd /Users/admin/builder/spi-builder-workspace/.swiftpm/xcode
/Users/admin/builder/spi-builder-workspace/Sources/KarrotListKit/Adapter/CollectionViewAdapter.swift:49:42: error: 'UIRefreshControl' is unavailable in tvOS
47 | var list: List?
48 |
49 | private lazy var pullToRefreshControl: UIRefreshControl = {
| `- error: 'UIRefreshControl' is unavailable in tvOS
50 | let refreshControl = UIRefreshControl()
51 | refreshControl.tintColor = configuration.refreshControl.tintColor
/Applications/Xcode-27.0.0-Release.Candidate.app/Contents/Developer/Platforms/AppleTVOS.platform/Developer/SDKs/AppleTVOS27.0.sdk/System/Library/Frameworks/UIKit.framework/Headers/UIRefreshControl.h:16:12: note: 'UIRefreshControl' has been explicitly marked unavailable here
14 |
15 | UIKIT_EXTERN API_AVAILABLE(ios(6.0)) API_UNAVAILABLE(tvos, watchos) NS_SWIFT_UI_ACTOR
16 | @interface UIRefreshControl : UIControl
| `- note: 'UIRefreshControl' has been explicitly marked unavailable here
17 |
18 | /* The designated initializer
SwiftCompile normal arm64 Compiling\ Chunked.swift,\ Collection+SafeIndex.swift,\ ComponentRenderable.swift,\ UICollectionComponentReusableView.swift,\ UICollectionViewComponentCell.swift /Users/admin/builder/spi-builder-workspace/Sources/KarrotListKit/Utils/Chunked.swift /Users/admin/builder/spi-builder-workspace/Sources/KarrotListKit/Utils/Collection+SafeIndex.swift /Users/admin/builder/spi-builder-workspace/Sources/KarrotListKit/View/ComponentRenderable.swift /Users/admin/builder/spi-builder-workspace/Sources/KarrotListKit/View/UICollectionComponentReusableView.swift /Users/admin/builder/spi-builder-workspace/Sources/KarrotListKit/View/UICollectionViewComponentCell.swift (in target 'KarrotListKit' from project 'KarrotListKit')
SwiftCompile normal arm64 /Users/admin/builder/spi-builder-workspace/Sources/KarrotListKit/Utils/Chunked.swift (in target 'KarrotListKit' from project 'KarrotListKit')
cd /Users/admin/builder/spi-builder-workspace/.swiftpm/xcode
builtin-SwiftPerFileCompile Chunked.swift
SwiftCompile normal arm64 /Users/admin/builder/spi-builder-workspace/Sources/KarrotListKit/Utils/Collection+SafeIndex.swift (in target 'KarrotListKit' from project 'KarrotListKit')
cd /Users/admin/builder/spi-builder-workspace/.swiftpm/xcode
builtin-SwiftPerFileCompile Collection+SafeIndex.swift
SwiftCompile normal arm64 /Users/admin/builder/spi-builder-workspace/Sources/KarrotListKit/View/ComponentRenderable.swift (in target 'KarrotListKit' from project 'KarrotListKit')
cd /Users/admin/builder/spi-builder-workspace/.swiftpm/xcode
builtin-SwiftPerFileCompile ComponentRenderable.swift
SwiftCompile normal arm64 /Users/admin/builder/spi-builder-workspace/Sources/KarrotListKit/View/UICollectionComponentReusableView.swift (in target 'KarrotListKit' from project 'KarrotListKit')
cd /Users/admin/builder/spi-builder-workspace/.swiftpm/xcode
builtin-SwiftPerFileCompile UICollectionComponentReusableView.swift
SwiftCompile normal arm64 /Users/admin/builder/spi-builder-workspace/Sources/KarrotListKit/View/UICollectionViewComponentCell.swift (in target 'KarrotListKit' from project 'KarrotListKit')
cd /Users/admin/builder/spi-builder-workspace/.swiftpm/xcode
builtin-SwiftPerFileCompile UICollectionViewComponentCell.swift
SwiftCompile normal arm64 Compiling\ VerticalLayout.swift,\ List.swift,\ AddComponentModifier.swift,\ CollectionViewPrefetchingPlugin.swift,\ RemoteImagePrefetchingPlugin.swift,\ PrefetchableComponent.swift /Users/admin/builder/spi-builder-workspace/Sources/KarrotListKit/Layout/VerticalLayout.swift /Users/admin/builder/spi-builder-workspace/Sources/KarrotListKit/List.swift /Users/admin/builder/spi-builder-workspace/Sources/KarrotListKit/MacroInterface/AddComponentModifier.swift /Users/admin/builder/spi-builder-workspace/Sources/KarrotListKit/Prefetching/Plugins/CollectionViewPrefetchingPlugin.swift /Users/admin/builder/spi-builder-workspace/Sources/KarrotListKit/Prefetching/Plugins/RemoteImagePrefetchingPlugin.swift /Users/admin/builder/spi-builder-workspace/Sources/KarrotListKit/Prefetching/PrefetchableComponent.swift (in target 'KarrotListKit' from project 'KarrotListKit')
SwiftCompile normal arm64 /Users/admin/builder/spi-builder-workspace/Sources/KarrotListKit/Layout/VerticalLayout.swift (in target 'KarrotListKit' from project 'KarrotListKit')
cd /Users/admin/builder/spi-builder-workspace/.swiftpm/xcode
builtin-SwiftPerFileCompile VerticalLayout.swift
SwiftCompile normal arm64 /Users/admin/builder/spi-builder-workspace/Sources/KarrotListKit/List.swift (in target 'KarrotListKit' from project 'KarrotListKit')
cd /Users/admin/builder/spi-builder-workspace/.swiftpm/xcode
builtin-SwiftPerFileCompile List.swift
SwiftCompile normal arm64 /Users/admin/builder/spi-builder-workspace/Sources/KarrotListKit/MacroInterface/AddComponentModifier.swift (in target 'KarrotListKit' from project 'KarrotListKit')
cd /Users/admin/builder/spi-builder-workspace/.swiftpm/xcode
builtin-SwiftPerFileCompile AddComponentModifier.swift
SwiftCompile normal arm64 /Users/admin/builder/spi-builder-workspace/Sources/KarrotListKit/Prefetching/Plugins/CollectionViewPrefetchingPlugin.swift (in target 'KarrotListKit' from project 'KarrotListKit')
cd /Users/admin/builder/spi-builder-workspace/.swiftpm/xcode
builtin-SwiftPerFileCompile CollectionViewPrefetchingPlugin.swift
SwiftCompile normal arm64 /Users/admin/builder/spi-builder-workspace/Sources/KarrotListKit/Prefetching/Plugins/RemoteImagePrefetchingPlugin.swift (in target 'KarrotListKit' from project 'KarrotListKit')
cd /Users/admin/builder/spi-builder-workspace/.swiftpm/xcode
builtin-SwiftPerFileCompile RemoteImagePrefetchingPlugin.swift
SwiftCompile normal arm64 /Users/admin/builder/spi-builder-workspace/Sources/KarrotListKit/Prefetching/PrefetchableComponent.swift (in target 'KarrotListKit' from project 'KarrotListKit')
cd /Users/admin/builder/spi-builder-workspace/.swiftpm/xcode
builtin-SwiftPerFileCompile PrefetchableComponent.swift
SwiftCompile normal arm64 Compiling\ WillBeginDeceleratingEvent.swift,\ WillBeginDraggingEvent.swift,\ WillEndDraggingEvent.swift,\ ListingViewEvent.swift,\ ListingViewEventHandler.swift,\ ListingViewEventStorage.swift /Users/admin/builder/spi-builder-workspace/Sources/KarrotListKit/Event/List/WillBeginDeceleratingEvent.swift /Users/admin/builder/spi-builder-workspace/Sources/KarrotListKit/Event/List/WillBeginDraggingEvent.swift /Users/admin/builder/spi-builder-workspace/Sources/KarrotListKit/Event/List/WillEndDraggingEvent.swift /Users/admin/builder/spi-builder-workspace/Sources/KarrotListKit/Event/ListingViewEvent.swift /Users/admin/builder/spi-builder-workspace/Sources/KarrotListKit/Event/ListingViewEventHandler.swift /Users/admin/builder/spi-builder-workspace/Sources/KarrotListKit/Event/ListingViewEventStorage.swift (in target 'KarrotListKit' from project 'KarrotListKit')
SwiftCompile normal arm64 /Users/admin/builder/spi-builder-workspace/Sources/KarrotListKit/Event/List/WillBeginDeceleratingEvent.swift (in target 'KarrotListKit' from project 'KarrotListKit')
cd /Users/admin/builder/spi-builder-workspace/.swiftpm/xcode
builtin-SwiftPerFileCompile WillBeginDeceleratingEvent.swift
SwiftCompile normal arm64 /Users/admin/builder/spi-builder-workspace/Sources/KarrotListKit/Event/List/WillBeginDraggingEvent.swift (in target 'KarrotListKit' from project 'KarrotListKit')
cd /Users/admin/builder/spi-builder-workspace/.swiftpm/xcode
builtin-SwiftPerFileCompile WillBeginDraggingEvent.swift
SwiftCompile normal arm64 /Users/admin/builder/spi-builder-workspace/Sources/KarrotListKit/Event/List/WillEndDraggingEvent.swift (in target 'KarrotListKit' from project 'KarrotListKit')
cd /Users/admin/builder/spi-builder-workspace/.swiftpm/xcode
builtin-SwiftPerFileCompile WillEndDraggingEvent.swift
SwiftCompile normal arm64 /Users/admin/builder/spi-builder-workspace/Sources/KarrotListKit/Event/ListingViewEvent.swift (in target 'KarrotListKit' from project 'KarrotListKit')
cd /Users/admin/builder/spi-builder-workspace/.swiftpm/xcode
builtin-SwiftPerFileCompile ListingViewEvent.swift
SwiftCompile normal arm64 /Users/admin/builder/spi-builder-workspace/Sources/KarrotListKit/Event/ListingViewEventHandler.swift (in target 'KarrotListKit' from project 'KarrotListKit')
cd /Users/admin/builder/spi-builder-workspace/.swiftpm/xcode
builtin-SwiftPerFileCompile ListingViewEventHandler.swift
SwiftCompile normal arm64 /Users/admin/builder/spi-builder-workspace/Sources/KarrotListKit/Event/ListingViewEventStorage.swift (in target 'KarrotListKit' from project 'KarrotListKit')
cd /Users/admin/builder/spi-builder-workspace/.swiftpm/xcode
builtin-SwiftPerFileCompile ListingViewEventStorage.swift
SwiftCompile normal arm64 Compiling\ RemoteImagePrefetching.swift,\ Section.swift,\ SupplementaryView.swift,\ ComponentRepresented.swift,\ Any+Equatable.swift /Users/admin/builder/spi-builder-workspace/Sources/KarrotListKit/Prefetching/RemoteImagePrefetching.swift /Users/admin/builder/spi-builder-workspace/Sources/KarrotListKit/Section.swift /Users/admin/builder/spi-builder-workspace/Sources/KarrotListKit/SupplementaryView.swift /Users/admin/builder/spi-builder-workspace/Sources/KarrotListKit/SwiftUISupport/ComponentRepresented.swift /Users/admin/builder/spi-builder-workspace/Sources/KarrotListKit/Utils/Any+Equatable.swift (in target 'KarrotListKit' from project 'KarrotListKit')
SwiftCompile normal arm64 /Users/admin/builder/spi-builder-workspace/Sources/KarrotListKit/Prefetching/RemoteImagePrefetching.swift (in target 'KarrotListKit' from project 'KarrotListKit')
cd /Users/admin/builder/spi-builder-workspace/.swiftpm/xcode
builtin-SwiftPerFileCompile RemoteImagePrefetching.swift
SwiftCompile normal arm64 /Users/admin/builder/spi-builder-workspace/Sources/KarrotListKit/Section.swift (in target 'KarrotListKit' from project 'KarrotListKit')
cd /Users/admin/builder/spi-builder-workspace/.swiftpm/xcode
builtin-SwiftPerFileCompile Section.swift
SwiftCompile normal arm64 /Users/admin/builder/spi-builder-workspace/Sources/KarrotListKit/SupplementaryView.swift (in target 'KarrotListKit' from project 'KarrotListKit')
cd /Users/admin/builder/spi-builder-workspace/.swiftpm/xcode
builtin-SwiftPerFileCompile SupplementaryView.swift
SwiftCompile normal arm64 /Users/admin/builder/spi-builder-workspace/Sources/KarrotListKit/SwiftUISupport/ComponentRepresented.swift (in target 'KarrotListKit' from project 'KarrotListKit')
cd /Users/admin/builder/spi-builder-workspace/.swiftpm/xcode
builtin-SwiftPerFileCompile ComponentRepresented.swift
SwiftCompile normal arm64 /Users/admin/builder/spi-builder-workspace/Sources/KarrotListKit/Utils/Any+Equatable.swift (in target 'KarrotListKit' from project 'KarrotListKit')
cd /Users/admin/builder/spi-builder-workspace/.swiftpm/xcode
builtin-SwiftPerFileCompile Any+Equatable.swift
SwiftCompile normal arm64 Compiling\ UICollectionView+Difference.swift,\ UICollectionView+Init.swift,\ UIView+TraitCollection.swift\ .swift,\ DefaultFeatureFlagProvider.swift,\ FeatureFlagItem.swift,\ FeatureFlagProviding.swift /Users/admin/builder/spi-builder-workspace/Sources/KarrotListKit/Extension/UICollectionView+Difference.swift /Users/admin/builder/spi-builder-workspace/Sources/KarrotListKit/Extension/UICollectionView+Init.swift /Users/admin/builder/spi-builder-workspace/Sources/KarrotListKit/Extension/UIView+TraitCollection.swift\ .swift /Users/admin/builder/spi-builder-workspace/Sources/KarrotListKit/FeatureFlag/DefaultFeatureFlagProvider.swift /Users/admin/builder/spi-builder-workspace/Sources/KarrotListKit/FeatureFlag/FeatureFlagItem.swift /Users/admin/builder/spi-builder-workspace/Sources/KarrotListKit/FeatureFlag/FeatureFlagProviding.swift (in target 'KarrotListKit' from project 'KarrotListKit')
SwiftCompile normal arm64 /Users/admin/builder/spi-builder-workspace/Sources/KarrotListKit/Extension/UICollectionView+Difference.swift (in target 'KarrotListKit' from project 'KarrotListKit')
cd /Users/admin/builder/spi-builder-workspace/.swiftpm/xcode
builtin-SwiftPerFileCompile UICollectionView+Difference.swift
SwiftCompile normal arm64 /Users/admin/builder/spi-builder-workspace/Sources/KarrotListKit/Extension/UICollectionView+Init.swift (in target 'KarrotListKit' from project 'KarrotListKit')
cd /Users/admin/builder/spi-builder-workspace/.swiftpm/xcode
builtin-SwiftPerFileCompile UICollectionView+Init.swift
SwiftCompile normal arm64 /Users/admin/builder/spi-builder-workspace/Sources/KarrotListKit/Extension/UIView+TraitCollection.swift\ .swift (in target 'KarrotListKit' from project 'KarrotListKit')
cd /Users/admin/builder/spi-builder-workspace/.swiftpm/xcode
builtin-SwiftPerFileCompile UIView+TraitCollection.swift\ .swift
SwiftCompile normal arm64 /Users/admin/builder/spi-builder-workspace/Sources/KarrotListKit/FeatureFlag/DefaultFeatureFlagProvider.swift (in target 'KarrotListKit' from project 'KarrotListKit')
cd /Users/admin/builder/spi-builder-workspace/.swiftpm/xcode
builtin-SwiftPerFileCompile DefaultFeatureFlagProvider.swift
SwiftCompile normal arm64 /Users/admin/builder/spi-builder-workspace/Sources/KarrotListKit/FeatureFlag/FeatureFlagItem.swift (in target 'KarrotListKit' from project 'KarrotListKit')
cd /Users/admin/builder/spi-builder-workspace/.swiftpm/xcode
builtin-SwiftPerFileCompile FeatureFlagItem.swift
SwiftCompile normal arm64 /Users/admin/builder/spi-builder-workspace/Sources/KarrotListKit/FeatureFlag/FeatureFlagProviding.swift (in target 'KarrotListKit' from project 'KarrotListKit')
cd /Users/admin/builder/spi-builder-workspace/.swiftpm/xcode
builtin-SwiftPerFileCompile FeatureFlagProviding.swift
SwiftCompile normal arm64 Compiling\ DidEndDraggingEvent.swift,\ DidScrollEvent.swift,\ DidScrollToTopEvent.swift,\ PullToRefreshEvent.swift,\ ReachedEndEvent.swift,\ ShouldScrollToTopEvent.swift /Users/admin/builder/spi-builder-workspace/Sources/KarrotListKit/Event/List/DidEndDraggingEvent.swift /Users/admin/builder/spi-builder-workspace/Sources/KarrotListKit/Event/List/DidScrollEvent.swift /Users/admin/builder/spi-builder-workspace/Sources/KarrotListKit/Event/List/DidScrollToTopEvent.swift /Users/admin/builder/spi-builder-workspace/Sources/KarrotListKit/Event/List/PullToRefreshEvent.swift /Users/admin/builder/spi-builder-workspace/Sources/KarrotListKit/Event/List/ReachedEndEvent.swift /Users/admin/builder/spi-builder-workspace/Sources/KarrotListKit/Event/List/ShouldScrollToTopEvent.swift (in target 'KarrotListKit' from project 'KarrotListKit')
SwiftCompile normal arm64 /Users/admin/builder/spi-builder-workspace/Sources/KarrotListKit/Event/List/DidEndDraggingEvent.swift (in target 'KarrotListKit' from project 'KarrotListKit')
cd /Users/admin/builder/spi-builder-workspace/.swiftpm/xcode
builtin-SwiftPerFileCompile DidEndDraggingEvent.swift
SwiftCompile normal arm64 /Users/admin/builder/spi-builder-workspace/Sources/KarrotListKit/Event/List/DidScrollEvent.swift (in target 'KarrotListKit' from project 'KarrotListKit')
cd /Users/admin/builder/spi-builder-workspace/.swiftpm/xcode
builtin-SwiftPerFileCompile DidScrollEvent.swift
SwiftCompile normal arm64 /Users/admin/builder/spi-builder-workspace/Sources/KarrotListKit/Event/List/DidScrollToTopEvent.swift (in target 'KarrotListKit' from project 'KarrotListKit')
cd /Users/admin/builder/spi-builder-workspace/.swiftpm/xcode
builtin-SwiftPerFileCompile DidScrollToTopEvent.swift
SwiftCompile normal arm64 /Users/admin/builder/spi-builder-workspace/Sources/KarrotListKit/Event/List/PullToRefreshEvent.swift (in target 'KarrotListKit' from project 'KarrotListKit')
cd /Users/admin/builder/spi-builder-workspace/.swiftpm/xcode
builtin-SwiftPerFileCompile PullToRefreshEvent.swift
SwiftCompile normal arm64 /Users/admin/builder/spi-builder-workspace/Sources/KarrotListKit/Event/List/ReachedEndEvent.swift (in target 'KarrotListKit' from project 'KarrotListKit')
cd /Users/admin/builder/spi-builder-workspace/.swiftpm/xcode
builtin-SwiftPerFileCompile ReachedEndEvent.swift
SwiftCompile normal arm64 /Users/admin/builder/spi-builder-workspace/Sources/KarrotListKit/Event/List/ShouldScrollToTopEvent.swift (in target 'KarrotListKit' from project 'KarrotListKit')
cd /Users/admin/builder/spi-builder-workspace/.swiftpm/xcode
builtin-SwiftPerFileCompile ShouldScrollToTopEvent.swift
SwiftCompile normal arm64 Compiling\ SectionsBuilder.swift,\ Cell.swift,\ AnyComponent.swift,\ Component.swift,\ ContentLayoutMode.swift,\ IdentifiableComponent.swift /Users/admin/builder/spi-builder-workspace/Sources/KarrotListKit/Builder/SectionsBuilder.swift /Users/admin/builder/spi-builder-workspace/Sources/KarrotListKit/Cell.swift /Users/admin/builder/spi-builder-workspace/Sources/KarrotListKit/Component/AnyComponent.swift /Users/admin/builder/spi-builder-workspace/Sources/KarrotListKit/Component/Component.swift /Users/admin/builder/spi-builder-workspace/Sources/KarrotListKit/Component/ContentLayoutMode.swift /Users/admin/builder/spi-builder-workspace/Sources/KarrotListKit/Component/IdentifiableComponent.swift (in target 'KarrotListKit' from project 'KarrotListKit')
SwiftCompile normal arm64 /Users/admin/builder/spi-builder-workspace/Sources/KarrotListKit/Builder/SectionsBuilder.swift (in target 'KarrotListKit' from project 'KarrotListKit')
cd /Users/admin/builder/spi-builder-workspace/.swiftpm/xcode
builtin-SwiftPerFileCompile SectionsBuilder.swift
SwiftCompile normal arm64 /Users/admin/builder/spi-builder-workspace/Sources/KarrotListKit/Cell.swift (in target 'KarrotListKit' from project 'KarrotListKit')
cd /Users/admin/builder/spi-builder-workspace/.swiftpm/xcode
builtin-SwiftPerFileCompile Cell.swift
SwiftCompile normal arm64 /Users/admin/builder/spi-builder-workspace/Sources/KarrotListKit/Component/AnyComponent.swift (in target 'KarrotListKit' from project 'KarrotListKit')
cd /Users/admin/builder/spi-builder-workspace/.swiftpm/xcode
builtin-SwiftPerFileCompile AnyComponent.swift
SwiftCompile normal arm64 /Users/admin/builder/spi-builder-workspace/Sources/KarrotListKit/Component/Component.swift (in target 'KarrotListKit' from project 'KarrotListKit')
cd /Users/admin/builder/spi-builder-workspace/.swiftpm/xcode
builtin-SwiftPerFileCompile Component.swift
SwiftCompile normal arm64 /Users/admin/builder/spi-builder-workspace/Sources/KarrotListKit/Component/ContentLayoutMode.swift (in target 'KarrotListKit' from project 'KarrotListKit')
cd /Users/admin/builder/spi-builder-workspace/.swiftpm/xcode
builtin-SwiftPerFileCompile ContentLayoutMode.swift
SwiftCompile normal arm64 /Users/admin/builder/spi-builder-workspace/Sources/KarrotListKit/Component/IdentifiableComponent.swift (in target 'KarrotListKit' from project 'KarrotListKit')
cd /Users/admin/builder/spi-builder-workspace/.swiftpm/xcode
builtin-SwiftPerFileCompile IdentifiableComponent.swift
SwiftCompile normal arm64 Compiling\ DidSelectEvent.swift,\ HighlightEvent.swift,\ UnhighlightEvent.swift,\ DidEndDisplayingEvent.swift,\ WillDisplayEvent.swift,\ DidEndDeceleratingEvent.swift /Users/admin/builder/spi-builder-workspace/Sources/KarrotListKit/Event/Cell/DidSelectEvent.swift /Users/admin/builder/spi-builder-workspace/Sources/KarrotListKit/Event/Cell/HighlightEvent.swift /Users/admin/builder/spi-builder-workspace/Sources/KarrotListKit/Event/Cell/UnhighlightEvent.swift /Users/admin/builder/spi-builder-workspace/Sources/KarrotListKit/Event/Common/DidEndDisplayingEvent.swift /Users/admin/builder/spi-builder-workspace/Sources/KarrotListKit/Event/Common/WillDisplayEvent.swift /Users/admin/builder/spi-builder-workspace/Sources/KarrotListKit/Event/List/DidEndDeceleratingEvent.swift (in target 'KarrotListKit' from project 'KarrotListKit')
SwiftCompile normal arm64 /Users/admin/builder/spi-builder-workspace/Sources/KarrotListKit/Event/Cell/DidSelectEvent.swift (in target 'KarrotListKit' from project 'KarrotListKit')
cd /Users/admin/builder/spi-builder-workspace/.swiftpm/xcode
builtin-SwiftPerFileCompile DidSelectEvent.swift
SwiftCompile normal arm64 /Users/admin/builder/spi-builder-workspace/Sources/KarrotListKit/Event/Cell/HighlightEvent.swift (in target 'KarrotListKit' from project 'KarrotListKit')
cd /Users/admin/builder/spi-builder-workspace/.swiftpm/xcode
builtin-SwiftPerFileCompile HighlightEvent.swift
SwiftCompile normal arm64 /Users/admin/builder/spi-builder-workspace/Sources/KarrotListKit/Event/Cell/UnhighlightEvent.swift (in target 'KarrotListKit' from project 'KarrotListKit')
cd /Users/admin/builder/spi-builder-workspace/.swiftpm/xcode
builtin-SwiftPerFileCompile UnhighlightEvent.swift
SwiftCompile normal arm64 /Users/admin/builder/spi-builder-workspace/Sources/KarrotListKit/Event/Common/DidEndDisplayingEvent.swift (in target 'KarrotListKit' from project 'KarrotListKit')
cd /Users/admin/builder/spi-builder-workspace/.swiftpm/xcode
builtin-SwiftPerFileCompile DidEndDisplayingEvent.swift
SwiftCompile normal arm64 /Users/admin/builder/spi-builder-workspace/Sources/KarrotListKit/Event/Common/WillDisplayEvent.swift (in target 'KarrotListKit' from project 'KarrotListKit')
cd /Users/admin/builder/spi-builder-workspace/.swiftpm/xcode
builtin-SwiftPerFileCompile WillDisplayEvent.swift
SwiftCompile normal arm64 /Users/admin/builder/spi-builder-workspace/Sources/KarrotListKit/Event/List/DidEndDeceleratingEvent.swift (in target 'KarrotListKit' from project 'KarrotListKit')
cd /Users/admin/builder/spi-builder-workspace/.swiftpm/xcode
builtin-SwiftPerFileCompile DidEndDeceleratingEvent.swift
SwiftCompile normal arm64 Compiling\ CollectionViewAdapter.swift,\ CollectionViewAdapterConfiguration.swift,\ CollectionViewAdapterUpdateStrategy.swift,\ CollectionViewLayoutAdaptable.swift,\ ComponentSizeStorage.swift,\ CellsBuilder.swift /Users/admin/builder/spi-builder-workspace/Sources/KarrotListKit/Adapter/CollectionViewAdapter.swift /Users/admin/builder/spi-builder-workspace/Sources/KarrotListKit/Adapter/CollectionViewAdapterConfiguration.swift /Users/admin/builder/spi-builder-workspace/Sources/KarrotListKit/Adapter/CollectionViewAdapterUpdateStrategy.swift /Users/admin/builder/spi-builder-workspace/Sources/KarrotListKit/Adapter/CollectionViewLayoutAdaptable.swift /Users/admin/builder/spi-builder-workspace/Sources/KarrotListKit/Adapter/ComponentSizeStorage.swift /Users/admin/builder/spi-builder-workspace/Sources/KarrotListKit/Builder/CellsBuilder.swift (in target 'KarrotListKit' from project 'KarrotListKit')
/Users/admin/builder/spi-builder-workspace/Sources/KarrotListKit/Adapter/CollectionViewAdapter.swift:49:42: error: 'UIRefreshControl' is unavailable in tvOS
47 | var list: List?
48 |
49 | private lazy var pullToRefreshControl: UIRefreshControl = {
| `- error: 'UIRefreshControl' is unavailable in tvOS
50 | let refreshControl = UIRefreshControl()
51 | refreshControl.tintColor = configuration.refreshControl.tintColor
/Applications/Xcode-27.0.0-Release.Candidate.app/Contents/Developer/Platforms/AppleTVOS.platform/Developer/SDKs/AppleTVOS27.0.sdk/System/Library/Frameworks/UIKit.framework/Headers/UIRefreshControl.h:16:12: note: 'UIRefreshControl' has been explicitly marked unavailable here
14 |
15 | UIKIT_EXTERN API_AVAILABLE(ios(6.0)) API_UNAVAILABLE(tvos, watchos) NS_SWIFT_UI_ACTOR
16 | @interface UIRefreshControl : UIControl
| `- note: 'UIRefreshControl' has been explicitly marked unavailable here
17 |
18 | /* The designated initializer
/Users/admin/builder/spi-builder-workspace/Sources/KarrotListKit/Adapter/CollectionViewAdapter.swift:50:26: error: 'UIRefreshControl' is unavailable in tvOS
48 |
49 | private lazy var pullToRefreshControl: UIRefreshControl = {
50 | let refreshControl = UIRefreshControl()
| `- error: 'UIRefreshControl' is unavailable in tvOS
51 | refreshControl.tintColor = configuration.refreshControl.tintColor
52 | refreshControl.addTarget(
/Applications/Xcode-27.0.0-Release.Candidate.app/Contents/Developer/Platforms/AppleTVOS.platform/Developer/SDKs/AppleTVOS27.0.sdk/System/Library/Frameworks/UIKit.framework/Headers/UIRefreshControl.h:16:12: note: 'UIRefreshControl' has been explicitly marked unavailable here
14 |
15 | UIKIT_EXTERN API_AVAILABLE(ios(6.0)) API_UNAVAILABLE(tvos, watchos) NS_SWIFT_UI_ACTOR
16 | @interface UIRefreshControl : UIControl
| `- note: 'UIRefreshControl' has been explicitly marked unavailable here
17 |
18 | /* The designated initializer
/Users/admin/builder/spi-builder-workspace/Sources/KarrotListKit/Adapter/CollectionViewAdapter.swift:90:22: error: 'refreshControl' is unavailable in tvOS
88 |
89 | if configuration.refreshControl.isEnabled {
90 | collectionView.refreshControl = pullToRefreshControl
| `- error: 'refreshControl' is unavailable in tvOS
91 | }
92 | }
/Applications/Xcode-27.0.0-Release.Candidate.app/Contents/Developer/Platforms/AppleTVOS.platform/Developer/SDKs/AppleTVOS27.0.sdk/System/Library/Frameworks/UIKit.framework/Headers/UIScrollView.h:286:59: note: 'refreshControl' has been explicitly marked unavailable here
284 | @property(nonatomic) UIScrollViewKeyboardDismissMode keyboardDismissMode API_AVAILABLE(ios(7.0)) API_UNAVAILABLE(visionos); // default is UIScrollViewKeyboardDismissModeNone
285 |
286 | @property (nonatomic, strong, nullable) UIRefreshControl *refreshControl API_AVAILABLE(ios(10.0)) API_UNAVAILABLE(tvos, watchos);
| `- note: 'refreshControl' has been explicitly marked unavailable here
287 |
288 | /// Set this to YES to make the scroll view animate its content offset in response to keys like Page Up/Down, Home/End, and the arrow keys.
Failed frontend command:
/Applications/Xcode-27.0.0-Release.Candidate.app/Contents/Developer/Toolchains/XcodeDefault.xctoolchain/usr/bin/swift-frontend -frontend -c -primary-file /Users/admin/builder/spi-builder-workspace/Sources/KarrotListKit/Adapter/CollectionViewAdapter.swift -primary-file /Users/admin/builder/spi-builder-workspace/Sources/KarrotListKit/Adapter/CollectionViewAdapterConfiguration.swift -primary-file /Users/admin/builder/spi-builder-workspace/Sources/KarrotListKit/Adapter/CollectionViewAdapterUpdateStrategy.swift -primary-file /Users/admin/builder/spi-builder-workspace/Sources/KarrotListKit/Adapter/CollectionViewLayoutAdaptable.swift -primary-file /Users/admin/builder/spi-builder-workspace/Sources/KarrotListKit/Adapter/ComponentSizeStorage.swift -primary-file /Users/admin/builder/spi-builder-workspace/Sources/KarrotListKit/Builder/CellsBuilder.swift /Users/admin/builder/spi-builder-workspace/Sources/KarrotListKit/Builder/SectionsBuilder.swift /Users/admin/builder/spi-builder-workspace/Sources/KarrotListKit/Cell.swift /Users/admin/builder/spi-builder-workspace/Sources/KarrotListKit/Component/AnyComponent.swift /Users/admin/builder/spi-builder-workspace/Sources/KarrotListKit/Component/Component.swift /Users/admin/builder/spi-builder-workspace/Sources/KarrotListKit/Component/ContentLayoutMode.swift /Users/admin/builder/spi-builder-workspace/Sources/KarrotListKit/Component/IdentifiableComponent.swift /Users/admin/builder/spi-builder-workspace/Sources/KarrotListKit/Event/Cell/DidSelectEvent.swift /Users/admin/builder/spi-builder-workspace/Sources/KarrotListKit/Event/Cell/HighlightEvent.swift /Users/admin/builder/spi-builder-workspace/Sources/KarrotListKit/Event/Cell/UnhighlightEvent.swift /Users/admin/builder/spi-builder-workspace/Sources/KarrotListKit/Event/Common/DidEndDisplayingEvent.swift /Users/admin/builder/spi-builder-workspace/Sources/KarrotListKit/Event/Common/WillDisplayEvent.swift /Users/admin/builder/spi-builder-workspace/Sources/KarrotListKit/Event/List/DidEndDeceleratingEvent.swift /Users/admin/builder/spi-builder-workspace/Sources/KarrotListKit/Event/List/DidEndDraggingEvent.swift /Users/admin/builder/spi-builder-workspace/Sources/KarrotListKit/Event/List/DidScrollEvent.swift /Users/admin/builder/spi-builder-workspace/Sources/KarrotListKit/Event/List/DidScrollToTopEvent.swift /Users/admin/builder/spi-builder-workspace/Sources/KarrotListKit/Event/List/PullToRefreshEvent.swift /Users/admin/builder/spi-builder-workspace/Sources/KarrotListKit/Event/List/ReachedEndEvent.swift /Users/admin/builder/spi-builder-workspace/Sources/KarrotListKit/Event/List/ShouldScrollToTopEvent.swift /Users/admin/builder/spi-builder-workspace/Sources/KarrotListKit/Event/List/WillBeginDeceleratingEvent.swift /Users/admin/builder/spi-builder-workspace/Sources/KarrotListKit/Event/List/WillBeginDraggingEvent.swift /Users/admin/builder/spi-builder-workspace/Sources/KarrotListKit/Event/List/WillEndDraggingEvent.swift /Users/admin/builder/spi-builder-workspace/Sources/KarrotListKit/Event/ListingViewEvent.swift /Users/admin/builder/spi-builder-workspace/Sources/KarrotListKit/Event/ListingViewEventHandler.swift /Users/admin/builder/spi-builder-workspace/Sources/KarrotListKit/Event/ListingViewEventStorage.swift /Users/admin/builder/spi-builder-workspace/Sources/KarrotListKit/Extension/UICollectionView+Difference.swift /Users/admin/builder/spi-builder-workspace/Sources/KarrotListKit/Extension/UICollectionView+Init.swift /Users/admin/builder/spi-builder-workspace/Sources/KarrotListKit/Extension/UIView+TraitCollection.swift\ .swift /Users/admin/builder/spi-builder-workspace/Sources/KarrotListKit/FeatureFlag/DefaultFeatureFlagProvider.swift /Users/admin/builder/spi-builder-workspace/Sources/KarrotListKit/FeatureFlag/FeatureFlagItem.swift /Users/admin/builder/spi-builder-workspace/Sources/KarrotListKit/FeatureFlag/FeatureFlagProviding.swift /Users/admin/builder/spi-builder-workspace/Sources/KarrotListKit/FeatureFlag/FeatureFlagType.swift /Users/admin/builder/spi-builder-workspace/Sources/KarrotListKit/FeatureFlag/KarrotListKitFeatureFlag.swift /Users/admin/builder/spi-builder-workspace/Sources/KarrotListKit/Layout/CompositionalLayoutSectionFactory.swift /Users/admin/builder/spi-builder-workspace/Sources/KarrotListKit/Layout/DefaultCompositionalLayoutSectionFactory.swift /Users/admin/builder/spi-builder-workspace/Sources/KarrotListKit/Layout/HorizontalLayout.swift /Users/admin/builder/spi-builder-workspace/Sources/KarrotListKit/Layout/VerticalGridLayout.swift /Users/admin/builder/spi-builder-workspace/Sources/KarrotListKit/Layout/VerticalLayout.swift /Users/admin/builder/spi-builder-workspace/Sources/KarrotListKit/List.swift /Users/admin/builder/spi-builder-workspace/Sources/KarrotListKit/MacroInterface/AddComponentModifier.swift /Users/admin/builder/spi-builder-workspace/Sources/KarrotListKit/Prefetching/Plugins/CollectionViewPrefetchingPlugin.swift /Users/admin/builder/spi-builder-workspace/Sources/KarrotListKit/Prefetching/Plugins/RemoteImagePrefetchingPlugin.swift /Users/admin/builder/spi-builder-workspace/Sources/KarrotListKit/Prefetching/PrefetchableComponent.swift /Users/admin/builder/spi-builder-workspace/Sources/KarrotListKit/Prefetching/RemoteImagePrefetching.swift /Users/admin/builder/spi-builder-workspace/Sources/KarrotListKit/Section.swift /Users/admin/builder/spi-builder-workspace/Sources/KarrotListKit/SupplementaryView.swift /Users/admin/builder/spi-builder-workspace/Sources/KarrotListKit/SwiftUISupport/ComponentRepresented.swift /Users/admin/builder/spi-builder-workspace/Sources/KarrotListKit/Utils/Any+Equatable.swift /Users/admin/builder/spi-builder-workspace/Sources/KarrotListKit/Utils/Chunked.swift /Users/admin/builder/spi-builder-workspace/Sources/KarrotListKit/Utils/Collection+SafeIndex.swift /Users/admin/builder/spi-builder-workspace/Sources/KarrotListKit/View/ComponentRenderable.swift /Users/admin/builder/spi-builder-workspace/Sources/KarrotListKit/View/UICollectionComponentReusableView.swift /Users/admin/builder/spi-builder-workspace/Sources/KarrotListKit/View/UICollectionViewComponentCell.swift -supplementary-output-file-map /Users/admin/builder/spi-builder-workspace/.derivedData/Build/Intermediates.noindex/KarrotListKit.build/Debug-appletvos/KarrotListKit-t.build/Objects-normal/arm64/supplementaryOutputs-1 -target arm64-apple-tvos15.0 -module-can-import-version SwiftUI 8.0.84 8.0.84 -module-can-import-version UIKit 9127.0.84.1 9127.0.84 -disable-cross-import-overlay-search -load-resolved-plugin /Applications/Xcode-27.0.0-Release.Candidate.app/Contents/Developer/Platforms/AppleTVOS.platform/Developer/usr/lib/swift/host/plugins/libFoundationMacros.dylib\#/Applications/Xcode-27.0.0-Release.Candidate.app/Contents/Developer/Platforms/AppleTVOS.platform/Developer/usr/bin/swift-plugin-server\#FoundationMacros -load-resolved-plugin \#/Users/admin/builder/spi-builder-workspace/.derivedData/Build/Products/Debug/KarrotListKitMacros\#KarrotListKitMacros -load-resolved-plugin /Applications/Xcode-27.0.0-Release.Candidate.app/Contents/Developer/Platforms/AppleTVOS.platform/Developer/usr/lib/swift/host/plugins/libObservationMacros.dylib\#/Applications/Xcode-27.0.0-Release.Candidate.app/Contents/Developer/Platforms/AppleTVOS.platform/Developer/usr/bin/swift-plugin-server\#ObservationMacros -load-resolved-plugin /Applications/Xcode-27.0.0-Release.Candidate.app/Contents/Developer/Platforms/AppleTVOS.platform/Developer/usr/lib/swift/host/plugins/libPreviewsMacros.dylib\#/Applications/Xcode-27.0.0-Release.Candidate.app/Contents/Developer/Platforms/AppleTVOS.platform/Developer/usr/bin/swift-plugin-server\#PreviewsMacros -load-resolved-plugin /Applications/Xcode-27.0.0-Release.Candidate.app/Contents/Developer/Platforms/AppleTVOS.platform/Developer/usr/lib/swift/host/plugins/libSwiftMacros.dylib\#/Applications/Xcode-27.0.0-Release.Candidate.app/Contents/Developer/Platforms/AppleTVOS.platform/Developer/usr/bin/swift-plugin-server\#SwiftMacros -load-resolved-plugin /Applications/Xcode-27.0.0-Release.Candidate.app/Contents/Developer/Platforms/AppleTVOS.platform/Developer/usr/lib/swift/host/plugins/libSwiftUIMacros.dylib\#/Applications/Xcode-27.0.0-Release.Candidate.app/Contents/Developer/Platforms/AppleTVOS.platform/Developer/usr/bin/swift-plugin-server\#SwiftUIMacros -disable-implicit-swift-modules -Xcc -fno-implicit-modules -Xcc -fno-implicit-module-maps -explicit-swift-module-map-file /Users/admin/builder/spi-builder-workspace/.derivedData/Build/Intermediates.noindex/KarrotListKit.build/Debug-appletvos/KarrotListKit-t.build/Objects-normal/arm64/KarrotListKit-dependencies-1.json -Xllvm -aarch64-use-tbi -enable-objc-interop -stack-check -sdk /Applications/Xcode-27.0.0-Release.Candidate.app/Contents/Developer/Platforms/AppleTVOS.platform/Developer/SDKs/AppleTVOS27.0.sdk -I /Users/admin/builder/spi-builder-workspace/.derivedData/Build/Products/Debug-appletvos -Isystem /Applications/Xcode-27.0.0-Release.Candidate.app/Contents/Developer/Platforms/AppleTVOS.platform/Developer/usr/lib -F /Users/admin/builder/spi-builder-workspace/.derivedData/Build/Products/Debug-appletvos/PackageFrameworks -F /Users/admin/builder/spi-builder-workspace/.derivedData/Build/Products/Debug-appletvos -F /Applications/Xcode-27.0.0-Release.Candidate.app/Contents/Developer/Platforms/AppleTVOS.platform/Developer/Library/Frameworks -F /Applications/Xcode-27.0.0-Release.Candidate.app/Contents/Developer/Platforms/AppleTVOS.platform/Developer/SDKs/AppleTVOS27.0.sdk/Developer/Library/Frameworks -module-cache-path /Users/admin/builder/spi-builder-workspace/.derivedData/Build/Intermediates.noindex/SwiftExplicitPrecompiledModules -no-color-diagnostics -Xcc -fno-color-diagnostics -enable-testing -g -debug-info-format\=dwarf -dwarf-version\=4 -profile-generate -profile-coverage-mapping -swift-version 5 -Onone -D SWIFT_PACKAGE -D DEBUG -D SWIFT_MODULE_RESOURCE_BUNDLE_UNAVAILABLE -D Xcode -serialize-debugging-options -load-plugin-executable /Users/admin/builder/spi-builder-workspace/.derivedData/Build/Products/Debug/KarrotListKitMacros\#KarrotListKitMacros -enable-experimental-feature DebugDescriptionMacro -empty-abi-descriptor -validate-clang-modules-once -clang-build-session-file /Users/admin/builder/spi-builder-workspace/.derivedData/ModuleCache.noindex/Session.modulevalidation -Xcc -working-directory -Xcc /Users/admin/builder/spi-builder-workspace/.swiftpm/xcode -enable-anonymous-context-mangled-names -file-compilation-dir /Users/admin/builder/spi-builder-workspace/.swiftpm/xcode -Xcc -D_LIBCPP_HARDENING_MODE\=_LIBCPP_HARDENING_MODE_DEBUG -Xcc -ivfsstatcache -Xcc /Users/admin/builder/spi-builder-workspace/.derivedData/SDKStatCaches.noindex/appletvos27.0-24J360-e829b21a6f8c9b70876ba0858053c044b32bfd8d43560033f8d89884cdb90028.sdkstatcache -Xcc -fmodules-prune-interval\=86400 -Xcc -fmodules-prune-after\=345600 -Xcc -I/Users/admin/builder/spi-builder-workspace/.derivedData/Build/Products/Debug-appletvos/include -Xcc -I/Users/admin/builder/spi-builder-workspace/.derivedData/Build/Intermediates.noindex/KarrotListKit.build/Debug-appletvos/KarrotListKit-t.build/DerivedSources-normal/arm64 -Xcc -I/Users/admin/builder/spi-builder-workspace/.derivedData/Build/Intermediates.noindex/KarrotListKit.build/Debug-appletvos/KarrotListKit-t.build/DerivedSources/arm64 -Xcc -I/Users/admin/builder/spi-builder-workspace/.derivedData/Build/Intermediates.noindex/KarrotListKit.build/Debug-appletvos/KarrotListKit-t.build/DerivedSources -Xcc -DSWIFT_PACKAGE -Xcc -DDEBUG\=1 -no-auto-bridging-header-chaining -module-name KarrotListKit -package-name spi_builder_workspace -const-gather-protocols-file /Users/admin/builder/spi-builder-workspace/.derivedData/Build/Intermediates.noindex/KarrotListKit.build/Debug-appletvos/KarrotListKit-t.build/Objects-normal/arm64/KarrotListKit_const_extract_protocols.json -disable-clang-spi -clang-target arm64-apple-tvos27.0 -target-sdk-version 27.0 -target-sdk-name appletvos27.0 -in-process-plugin-server-path /Applications/Xcode-27.0.0-Release.Candidate.app/Contents/Developer/Toolchains/XcodeDefault.xctoolchain/usr/lib/swift/host/libSwiftInProcPluginServer.dylib -parse-as-library -o /Users/admin/builder/spi-builder-workspace/.derivedData/Build/Intermediates.noindex/KarrotListKit.build/Debug-appletvos/KarrotListKit-t.build/Objects-normal/arm64/CollectionViewAdapter.o -o /Users/admin/builder/spi-builder-workspace/.derivedData/Build/Intermediates.noindex/KarrotListKit.build/Debug-appletvos/KarrotListKit-t.build/Objects-normal/arm64/CollectionViewAdapterConfiguration.o -o /Users/admin/builder/spi-builder-workspace/.derivedData/Build/Intermediates.noindex/KarrotListKit.build/Debug-appletvos/KarrotListKit-t.build/Objects-normal/arm64/CollectionViewAdapterUpdateStrategy.o -o /Users/admin/builder/spi-builder-workspace/.derivedData/Build/Intermediates.noindex/KarrotListKit.build/Debug-appletvos/KarrotListKit-t.build/Objects-normal/arm64/CollectionViewLayoutAdaptable.o -o /Users/admin/builder/spi-builder-workspace/.derivedData/Build/Intermediates.noindex/KarrotListKit.build/Debug-appletvos/KarrotListKit-t.build/Objects-normal/arm64/ComponentSizeStorage.o -o /Users/admin/builder/spi-builder-workspace/.derivedData/Build/Intermediates.noindex/KarrotListKit.build/Debug-appletvos/KarrotListKit-t.build/Objects-normal/arm64/CellsBuilder.o -debug-module-path /Users/admin/builder/spi-builder-workspace/.derivedData/Build/Intermediates.noindex/KarrotListKit.build/Debug-appletvos/KarrotListKit-t.build/Objects-normal/arm64/KarrotListKit.swiftmodule -index-unit-output-path /KarrotListKit.build/Debug-appletvos/KarrotListKit-t.build/Objects-normal/arm64/CollectionViewAdapter.o -index-unit-output-path /KarrotListKit.build/Debug-appletvos/KarrotListKit-t.build/Objects-normal/arm64/CollectionViewAdapterConfiguration.o -index-unit-output-path /KarrotListKit.build/Debug-appletvos/KarrotListKit-t.build/Objects-normal/arm64/CollectionViewAdapterUpdateStrategy.o -index-unit-output-path /KarrotListKit.build/Debug-appletvos/KarrotListKit-t.build/Objects-normal/arm64/CollectionViewLayoutAdaptable.o -index-unit-output-path /KarrotListKit.build/Debug-appletvos/KarrotListKit-t.build/Objects-normal/arm64/ComponentSizeStorage.o -index-unit-output-path /KarrotListKit.build/Debug-appletvos/KarrotListKit-t.build/Objects-normal/arm64/CellsBuilder.o -index-store-path /Users/admin/builder/spi-builder-workspace/.derivedData/Index.noindex/DataStore -index-system-modules
SwiftCompile normal arm64 /Users/admin/builder/spi-builder-workspace/Sources/KarrotListKit/Adapter/CollectionViewAdapter.swift (in target 'KarrotListKit' from project 'KarrotListKit')
cd /Users/admin/builder/spi-builder-workspace/.swiftpm/xcode
builtin-SwiftPerFileCompile CollectionViewAdapter.swift
SwiftCompile normal arm64 /Users/admin/builder/spi-builder-workspace/Sources/KarrotListKit/Adapter/CollectionViewAdapterConfiguration.swift (in target 'KarrotListKit' from project 'KarrotListKit')
cd /Users/admin/builder/spi-builder-workspace/.swiftpm/xcode
builtin-SwiftPerFileCompile CollectionViewAdapterConfiguration.swift
SwiftCompile normal arm64 /Users/admin/builder/spi-builder-workspace/Sources/KarrotListKit/Adapter/CollectionViewAdapterUpdateStrategy.swift (in target 'KarrotListKit' from project 'KarrotListKit')
cd /Users/admin/builder/spi-builder-workspace/.swiftpm/xcode
builtin-SwiftPerFileCompile CollectionViewAdapterUpdateStrategy.swift
SwiftCompile normal arm64 /Users/admin/builder/spi-builder-workspace/Sources/KarrotListKit/Adapter/CollectionViewLayoutAdaptable.swift (in target 'KarrotListKit' from project 'KarrotListKit')
cd /Users/admin/builder/spi-builder-workspace/.swiftpm/xcode
builtin-SwiftPerFileCompile CollectionViewLayoutAdaptable.swift
SwiftCompile normal arm64 /Users/admin/builder/spi-builder-workspace/Sources/KarrotListKit/Adapter/ComponentSizeStorage.swift (in target 'KarrotListKit' from project 'KarrotListKit')
cd /Users/admin/builder/spi-builder-workspace/.swiftpm/xcode
builtin-SwiftPerFileCompile ComponentSizeStorage.swift
SwiftCompile normal arm64 /Users/admin/builder/spi-builder-workspace/Sources/KarrotListKit/Builder/CellsBuilder.swift (in target 'KarrotListKit' from project 'KarrotListKit')
cd /Users/admin/builder/spi-builder-workspace/.swiftpm/xcode
builtin-SwiftPerFileCompile CellsBuilder.swift
SwiftDriverJobDiscovery normal arm64 Compiling DidEndDraggingEvent.swift, DidScrollEvent.swift, DidScrollToTopEvent.swift, PullToRefreshEvent.swift, ReachedEndEvent.swift, ShouldScrollToTopEvent.swift (in target 'KarrotListKit' from project 'KarrotListKit')
SwiftDriverJobDiscovery normal arm64 Compiling DidSelectEvent.swift, HighlightEvent.swift, UnhighlightEvent.swift, DidEndDisplayingEvent.swift, WillDisplayEvent.swift, DidEndDeceleratingEvent.swift (in target 'KarrotListKit' from project 'KarrotListKit')
SwiftDriverJobDiscovery normal arm64 Compiling WillBeginDeceleratingEvent.swift, WillBeginDraggingEvent.swift, WillEndDraggingEvent.swift, ListingViewEvent.swift, ListingViewEventHandler.swift, ListingViewEventStorage.swift (in target 'KarrotListKit' from project 'KarrotListKit')
SwiftDriverJobDiscovery normal arm64 Compiling UICollectionView+Difference.swift, UICollectionView+Init.swift, UIView+TraitCollection.swift .swift, DefaultFeatureFlagProvider.swift, FeatureFlagItem.swift, FeatureFlagProviding.swift (in target 'KarrotListKit' from project 'KarrotListKit')
SwiftDriverJobDiscovery normal arm64 Compiling SectionsBuilder.swift, Cell.swift, AnyComponent.swift, Component.swift, ContentLayoutMode.swift, IdentifiableComponent.swift (in target 'KarrotListKit' from project 'KarrotListKit')
SwiftDriverJobDiscovery normal arm64 Compiling FeatureFlagType.swift, KarrotListKitFeatureFlag.swift, CompositionalLayoutSectionFactory.swift, DefaultCompositionalLayoutSectionFactory.swift, HorizontalLayout.swift, VerticalGridLayout.swift (in target 'KarrotListKit' from project 'KarrotListKit')
SwiftDriverJobDiscovery normal arm64 Compiling Chunked.swift, Collection+SafeIndex.swift, ComponentRenderable.swift, UICollectionComponentReusableView.swift, UICollectionViewComponentCell.swift (in target 'KarrotListKit' from project 'KarrotListKit')
PruneExplicitPrecompiledModules /Users/admin/builder/spi-builder-workspace/.derivedData/Build/Intermediates.noindex/ExplicitPrecompiledModules
PruneExplicitPrecompiledModules /Users/admin/builder/spi-builder-workspace/.derivedData/SDKExplicitPrecompiledModules
PruneExplicitPrecompiledModules /Users/admin/builder/spi-builder-workspace/.derivedData/Build/Intermediates.noindex/SwiftExplicitPrecompiledModules
2026-09-22 21:38:53.754 xcodebuild[731:4477] [MT] IDERunDestination: Supported platforms for the buildables in the current scheme is empty.
** BUILD FAILED **
The following build commands failed:
SwiftCompile normal arm64 Compiling\ CollectionViewAdapter.swift,\ CollectionViewAdapterConfiguration.swift,\ CollectionViewAdapterUpdateStrategy.swift,\ CollectionViewLayoutAdaptable.swift,\ ComponentSizeStorage.swift,\ CellsBuilder.swift /Users/admin/builder/spi-builder-workspace/Sources/KarrotListKit/Adapter/CollectionViewAdapter.swift /Users/admin/builder/spi-builder-workspace/Sources/KarrotListKit/Adapter/CollectionViewAdapterConfiguration.swift /Users/admin/builder/spi-builder-workspace/Sources/KarrotListKit/Adapter/CollectionViewAdapterUpdateStrategy.swift /Users/admin/builder/spi-builder-workspace/Sources/KarrotListKit/Adapter/CollectionViewLayoutAdaptable.swift /Users/admin/builder/spi-builder-workspace/Sources/KarrotListKit/Adapter/ComponentSizeStorage.swift /Users/admin/builder/spi-builder-workspace/Sources/KarrotListKit/Builder/CellsBuilder.swift (in target 'KarrotListKit' from project 'KarrotListKit')
SwiftCompile normal arm64 /Users/admin/builder/spi-builder-workspace/Sources/KarrotListKit/Adapter/CollectionViewAdapter.swift (in target 'KarrotListKit' from project 'KarrotListKit')
Building workspace KarrotListKit with scheme KarrotListKit
(3 failures)
Command line invocation:
/Applications/Xcode-27.0.0-Release.Candidate.app/Contents/Developer/usr/bin/xcodebuild -IDEClonedSourcePackagesDirPathOverride=/Users/admin/builder/spi-builder-workspace/.dependencies -resolvePackageDependencies
Resolve Package Graph
Resolved source packages:
KarrotListKit: /Users/admin/builder/spi-builder-workspace
swift-syntax: https://github.com/swiftlang/swift-syntax.git @ 602.0.0
DifferenceKit: https://github.com/ra1028/DifferenceKit.git @ 1.3.0
resolved source packages: KarrotListKit, swift-syntax, DifferenceKit
2026-09-22 21:39:06.392 xcodebuild[918:5289] [MT] IDERunDestination: Supported platforms for the buildables in the current scheme is empty.
{
"dependencies" : [
{
"identity" : "swift-syntax",
"requirement" : {
"range" : [
{
"lower_bound" : "509.0.0",
"upper_bound" : "603.0.0"
}
]
},
"type" : "sourceControl",
"url" : "https://github.com/swiftlang/swift-syntax.git"
},
{
"identity" : "differencekit",
"requirement" : {
"range" : [
{
"lower_bound" : "1.0.0",
"upper_bound" : "2.0.0"
}
]
},
"type" : "sourceControl",
"url" : "https://github.com/ra1028/DifferenceKit.git"
}
],
"manifest_display_name" : "KarrotListKit",
"name" : "KarrotListKit",
"path" : "/Users/admin/builder/spi-builder-workspace",
"platforms" : [
{
"name" : "ios",
"version" : "13.0"
},
{
"name" : "macos",
"version" : "10.15"
}
],
"products" : [
{
"name" : "KarrotListKit",
"targets" : [
"KarrotListKit"
],
"type" : {
"library" : [
"automatic"
]
}
},
{
"name" : "KarrotListKitMacros",
"targets" : [
"KarrotListKitMacros"
],
"type" : {
"macro" : null
}
}
],
"targets" : [
{
"c99name" : "KarrotListKitTests",
"module_type" : "SwiftTarget",
"name" : "KarrotListKitTests",
"path" : "Tests/KarrotListKitTests",
"sources" : [
"AnyComponentTests.swift",
"CollectionViewAdapterTests.swift",
"CollectionViewLayoutAdapterTests.swift",
"ComponentTests.swift",
"FeatureFlagProviderTests.swift",
"RemoteImagePrefetchingPluginTest.swift",
"ResultBuildersTests.swift",
"TestDoubles/ComponentTestDouble.swift",
"Utils/Any+EquatableTests.swift",
"Utils/ChunkedTests.swift",
"Utils/Collection+SafeIndexTests.swift"
],
"target_dependencies" : [
"KarrotListKit"
],
"type" : "test"
},
{
"c99name" : "KarrotListKitMacrosTests",
"module_type" : "SwiftTarget",
"name" : "KarrotListKitMacrosTests",
"path" : "Tests/KarrotListKitMacrosTests",
"product_dependencies" : [
"SwiftSyntaxMacrosTestSupport"
],
"sources" : [
"AddComponentModifierMacroTests.swift"
],
"target_dependencies" : [
"KarrotListKitMacros"
],
"type" : "test"
},
{
"c99name" : "KarrotListKitMacros",
"module_type" : "SwiftTarget",
"name" : "KarrotListKitMacros",
"path" : "Sources/KarrotListKitMacros",
"product_dependencies" : [
"SwiftSyntaxMacros",
"SwiftCompilerPlugin"
],
"product_memberships" : [
"KarrotListKit",
"KarrotListKitMacros"
],
"sources" : [
"AddComponentModifierMacro.swift",
"KarrotListKitPlugin.swift",
"Supports/AccessLevelModifier.swift",
"Supports/KarrotListKitMacroError.swift"
],
"type" : "macro"
},
{
"c99name" : "KarrotListKit",
"module_type" : "SwiftTarget",
"name" : "KarrotListKit",
"path" : "Sources/KarrotListKit",
"product_dependencies" : [
"DifferenceKit"
],
"product_memberships" : [
"KarrotListKit"
],
"sources" : [
"Adapter/CollectionViewAdapter.swift",
"Adapter/CollectionViewAdapterConfiguration.swift",
"Adapter/CollectionViewAdapterUpdateStrategy.swift",
"Adapter/CollectionViewLayoutAdaptable.swift",
"Adapter/ComponentSizeStorage.swift",
"Builder/CellsBuilder.swift",
"Builder/SectionsBuilder.swift",
"Cell.swift",
"Component/AnyComponent.swift",
"Component/Component.swift",
"Component/ContentLayoutMode.swift",
"Component/IdentifiableComponent.swift",
"Event/Cell/DidSelectEvent.swift",
"Event/Cell/HighlightEvent.swift",
"Event/Cell/UnhighlightEvent.swift",
"Event/Common/DidEndDisplayingEvent.swift",
"Event/Common/WillDisplayEvent.swift",
"Event/List/DidEndDeceleratingEvent.swift",
"Event/List/DidEndDraggingEvent.swift",
"Event/List/DidScrollEvent.swift",
"Event/List/DidScrollToTopEvent.swift",
"Event/List/PullToRefreshEvent.swift",
"Event/List/ReachedEndEvent.swift",
"Event/List/ShouldScrollToTopEvent.swift",
"Event/List/WillBeginDeceleratingEvent.swift",
"Event/List/WillBeginDraggingEvent.swift",
"Event/List/WillEndDraggingEvent.swift",
"Event/ListingViewEvent.swift",
"Event/ListingViewEventHandler.swift",
"Event/ListingViewEventStorage.swift",
"Extension/UICollectionView+Difference.swift",
"Extension/UICollectionView+Init.swift",
"Extension/UIView+TraitCollection.swift .swift",
"FeatureFlag/DefaultFeatureFlagProvider.swift",
"FeatureFlag/FeatureFlagItem.swift",
"FeatureFlag/FeatureFlagProviding.swift",
"FeatureFlag/FeatureFlagType.swift",
"FeatureFlag/KarrotListKitFeatureFlag.swift",
"Layout/CompositionalLayoutSectionFactory.swift",
"Layout/DefaultCompositionalLayoutSectionFactory.swift",
"Layout/HorizontalLayout.swift",
"Layout/VerticalGridLayout.swift",
"Layout/VerticalLayout.swift",
"List.swift",
"MacroInterface/AddComponentModifier.swift",
"Prefetching/Plugins/CollectionViewPrefetchingPlugin.swift",
"Prefetching/Plugins/RemoteImagePrefetchingPlugin.swift",
"Prefetching/PrefetchableComponent.swift",
"Prefetching/RemoteImagePrefetching.swift",
"Section.swift",
"SupplementaryView.swift",
"SwiftUISupport/ComponentRepresented.swift",
"Utils/Any+Equatable.swift",
"Utils/Chunked.swift",
"Utils/Collection+SafeIndex.swift",
"View/ComponentRenderable.swift",
"View/UICollectionComponentReusableView.swift",
"View/UICollectionViewComponentCell.swift"
],
"target_dependencies" : [
"KarrotListKitMacros"
],
"type" : "library"
}
],
"tools_version" : "5.9"
}
{
"workspace" : {
"name" : "KarrotListKit",
"schemes" : [
"KarrotListKit"
]
}
}
2026-09-22 21:39:08.364 xcodebuild[927:5363] [MT] IDERunDestination: Supported platforms for the buildables in the current scheme is empty.
Running build ...
env DEVELOPER_DIR=/Applications/Xcode-27.0.0-Release.Candidate.app xcrun xcodebuild -IDEClonedSourcePackagesDirPathOverride=$PWD/.dependencies -skipMacroValidation -skipPackagePluginValidation -derivedDataPath $PWD/.derivedData build -scheme KarrotListKit -destination generic/platform=tvOS
Command line invocation:
/Applications/Xcode-27.0.0-Release.Candidate.app/Contents/Developer/usr/bin/xcodebuild -IDEClonedSourcePackagesDirPathOverride=/Users/admin/builder/spi-builder-workspace/.dependencies -skipMacroValidation -skipPackagePluginValidation -derivedDataPath /Users/admin/builder/spi-builder-workspace/.derivedData build -scheme KarrotListKit -destination generic/platform=tvOS
Resolve Package Graph
Resolved source packages:
KarrotListKit: /Users/admin/builder/spi-builder-workspace
swift-syntax: https://github.com/swiftlang/swift-syntax.git @ 602.0.0
DifferenceKit: https://github.com/ra1028/DifferenceKit.git @ 1.3.0
ComputePackagePrebuildTargetDependencyGraph
Prepare packages
CreateBuildRequest
SendProjectDescription
CreateBuildOperation
ComputeTargetDependencyGraph
note: Building targets in dependency order
note: Target dependency graph (5 targets)
Target 'KarrotListKit-product' in project 'KarrotListKit'
➜ Explicit dependency on target 'KarrotListKit' in project 'KarrotListKit'
➜ Explicit dependency on target 'KarrotListKitMacros' in project 'KarrotListKit'
➜ Explicit dependency on target 'DifferenceKit-product' in project 'DifferenceKit'
Target 'KarrotListKit' in project 'KarrotListKit'
➜ Explicit dependency on target 'KarrotListKitMacros' in project 'KarrotListKit'
➜ Explicit dependency on target 'DifferenceKit-product' in project 'DifferenceKit'
Target 'DifferenceKit-product' in project 'DifferenceKit'
➜ Explicit dependency on target 'DifferenceKit' in project 'DifferenceKit'
Target 'DifferenceKit' in project 'DifferenceKit' (no dependencies)
Target 'KarrotListKitMacros' in project 'KarrotListKit' (no dependencies)
GatherProvisioningInputs
CreateBuildDescription
ClangStatCache /Applications/Xcode-27.0.0-Release.Candidate.app/Contents/Developer/Toolchains/XcodeDefault.xctoolchain/usr/bin/clang-stat-cache /Applications/Xcode-27.0.0-Release.Candidate.app/Contents/Developer/Platforms/MacOSX.platform/Developer/SDKs/MacOSX27.0.sdk /Users/admin/builder/spi-builder-workspace/.derivedData/SDKStatCaches.noindex/macosx27.0-26A425-e829b21a6f8c9b70876ba0858053c0446a22442a12e9d48fe1a705f55a1adfc4.sdkstatcache
cd /Users/admin/builder/spi-builder-workspace/.swiftpm/xcode
/Applications/Xcode-27.0.0-Release.Candidate.app/Contents/Developer/Toolchains/XcodeDefault.xctoolchain/usr/bin/clang-stat-cache /Applications/Xcode-27.0.0-Release.Candidate.app/Contents/Developer/Platforms/MacOSX.platform/Developer/SDKs/MacOSX27.0.sdk -o /Users/admin/builder/spi-builder-workspace/.derivedData/SDKStatCaches.noindex/macosx27.0-26A425-e829b21a6f8c9b70876ba0858053c0446a22442a12e9d48fe1a705f55a1adfc4.sdkstatcache
ClangStatCache /Applications/Xcode-27.0.0-Release.Candidate.app/Contents/Developer/Toolchains/XcodeDefault.xctoolchain/usr/bin/clang-stat-cache /Applications/Xcode-27.0.0-Release.Candidate.app/Contents/Developer/Platforms/AppleTVOS.platform/Developer/SDKs/AppleTVOS27.0.sdk /Users/admin/builder/spi-builder-workspace/.derivedData/SDKStatCaches.noindex/appletvos27.0-24J360-e829b21a6f8c9b70876ba0858053c044b32bfd8d43560033f8d89884cdb90028.sdkstatcache
cd /Users/admin/builder/spi-builder-workspace/.swiftpm/xcode
/Applications/Xcode-27.0.0-Release.Candidate.app/Contents/Developer/Toolchains/XcodeDefault.xctoolchain/usr/bin/clang-stat-cache /Applications/Xcode-27.0.0-Release.Candidate.app/Contents/Developer/Platforms/AppleTVOS.platform/Developer/SDKs/AppleTVOS27.0.sdk -o /Users/admin/builder/spi-builder-workspace/.derivedData/SDKStatCaches.noindex/appletvos27.0-24J360-e829b21a6f8c9b70876ba0858053c044b32bfd8d43560033f8d89884cdb90028.sdkstatcache
SwiftDriver KarrotListKit normal arm64 com.apple.xcode.tools.swift.compiler (in target 'KarrotListKit' from project 'KarrotListKit')
cd /Users/admin/builder/spi-builder-workspace/.swiftpm/xcode
builtin-SwiftDriver -- /Applications/Xcode-27.0.0-Release.Candidate.app/Contents/Developer/Toolchains/XcodeDefault.xctoolchain/usr/bin/swiftc -parse-as-library -module-name KarrotListKit -Onone @/Users/admin/builder/spi-builder-workspace/.derivedData/Build/Intermediates.noindex/KarrotListKit.build/Debug-appletvos/KarrotListKit-t.build/Objects-normal/arm64/KarrotListKit.SwiftFileList -DSWIFT_PACKAGE -DDEBUG -DSWIFT_MODULE_RESOURCE_BUNDLE_UNAVAILABLE -DXcode -plugin-path /Applications/Xcode-27.0.0-Release.Candidate.app/Contents/Developer/Toolchains/XcodeDefault.xctoolchain/usr/lib/swift/host/plugins/testing -enable-experimental-feature DebugDescriptionMacro -sdk /Applications/Xcode-27.0.0-Release.Candidate.app/Contents/Developer/Platforms/AppleTVOS.platform/Developer/SDKs/AppleTVOS27.0.sdk -target arm64-apple-tvos15.0 -g -module-cache-path /Users/admin/builder/spi-builder-workspace/.derivedData/ModuleCache.noindex -Xfrontend -serialize-debugging-options -profile-coverage-mapping -profile-generate -enable-testing -index-store-path /Users/admin/builder/spi-builder-workspace/.derivedData/Index.noindex/DataStore -Xcc -D_LIBCPP_HARDENING_MODE\=_LIBCPP_HARDENING_MODE_DEBUG -swift-version 5 -I /Users/admin/builder/spi-builder-workspace/.derivedData/Build/Products/Debug-appletvos -Isystem /Applications/Xcode-27.0.0-Release.Candidate.app/Contents/Developer/Platforms/AppleTVOS.platform/Developer/usr/lib -F /Users/admin/builder/spi-builder-workspace/.derivedData/Build/Products/Debug-appletvos/PackageFrameworks -F /Users/admin/builder/spi-builder-workspace/.derivedData/Build/Products/Debug-appletvos -F /Applications/Xcode-27.0.0-Release.Candidate.app/Contents/Developer/Platforms/AppleTVOS.platform/Developer/Library/Frameworks -F /Applications/Xcode-27.0.0-Release.Candidate.app/Contents/Developer/Platforms/AppleTVOS.platform/Developer/SDKs/AppleTVOS27.0.sdk/Developer/Library/Frameworks -Xfrontend -load-plugin-executable -Xfrontend /Users/admin/builder/spi-builder-workspace/.derivedData/Build/Products/Debug/KarrotListKitMacros\#KarrotListKitMacros -c -j10 -enable-batch-mode -incremental -Xcc -ivfsstatcache -Xcc /Users/admin/builder/spi-builder-workspace/.derivedData/SDKStatCaches.noindex/appletvos27.0-24J360-e829b21a6f8c9b70876ba0858053c044b32bfd8d43560033f8d89884cdb90028.sdkstatcache -output-file-map /Users/admin/builder/spi-builder-workspace/.derivedData/Build/Intermediates.noindex/KarrotListKit.build/Debug-appletvos/KarrotListKit-t.build/Objects-normal/arm64/KarrotListKit-OutputFileMap.json -save-temps -no-color-diagnostics -explicit-module-build -module-cache-path /Users/admin/builder/spi-builder-workspace/.derivedData/Build/Intermediates.noindex/SwiftExplicitPrecompiledModules -clang-scanner-module-cache-path /Users/admin/builder/spi-builder-workspace/.derivedData/ModuleCache.noindex -sdk-module-cache-path /Users/admin/builder/spi-builder-workspace/.derivedData/SDKExplicitPrecompiledModules -emit-dependencies -emit-module -emit-module-path /Users/admin/builder/spi-builder-workspace/.derivedData/Build/Intermediates.noindex/KarrotListKit.build/Debug-appletvos/KarrotListKit-t.build/Objects-normal/arm64/KarrotListKit.swiftmodule -serialize-diagnostics -dependency-scan-serialize-diagnostics-path /Users/admin/builder/spi-builder-workspace/.derivedData/Build/Intermediates.noindex/KarrotListKit.build/Debug-appletvos/KarrotListKit-t.build/Objects-normal/arm64/KarrotListKit-dependency-scan.dia -validate-clang-modules-once -clang-build-session-file /Users/admin/builder/spi-builder-workspace/.derivedData/ModuleCache.noindex/Session.modulevalidation -Xcc -fmodules-prune-interval\=86400 -Xcc -fmodules-prune-after\=345600 -package-name spi_builder_workspace -emit-const-values -const-gather-protocols-list /Users/admin/builder/spi-builder-workspace/.derivedData/Build/Intermediates.noindex/KarrotListKit.build/Debug-appletvos/KarrotListKit-t.build/Objects-normal/arm64/KarrotListKit_const_extract_protocols.json -Xcc -I/Users/admin/builder/spi-builder-workspace/.derivedData/Build/Products/Debug-appletvos/include -Xcc -I/Users/admin/builder/spi-builder-workspace/.derivedData/Build/Intermediates.noindex/KarrotListKit.build/Debug-appletvos/KarrotListKit-t.build/DerivedSources-normal/arm64 -Xcc -I/Users/admin/builder/spi-builder-workspace/.derivedData/Build/Intermediates.noindex/KarrotListKit.build/Debug-appletvos/KarrotListKit-t.build/DerivedSources/arm64 -Xcc -I/Users/admin/builder/spi-builder-workspace/.derivedData/Build/Intermediates.noindex/KarrotListKit.build/Debug-appletvos/KarrotListKit-t.build/DerivedSources -Xcc -DSWIFT_PACKAGE -Xcc -DDEBUG\=1 -emit-objc-header -emit-objc-header-path /Users/admin/builder/spi-builder-workspace/.derivedData/Build/Intermediates.noindex/KarrotListKit.build/Debug-appletvos/KarrotListKit-t.build/Objects-normal/arm64/KarrotListKit-Swift.h -working-directory /Users/admin/builder/spi-builder-workspace/.swiftpm/xcode -experimental-emit-module-separately -disable-cmo
SwiftCompile normal arm64 Compiling\ VerticalLayout.swift,\ List.swift /Users/admin/builder/spi-builder-workspace/Sources/KarrotListKit/Layout/VerticalLayout.swift /Users/admin/builder/spi-builder-workspace/Sources/KarrotListKit/List.swift (in target 'KarrotListKit' from project 'KarrotListKit')
SwiftCompile normal arm64 /Users/admin/builder/spi-builder-workspace/Sources/KarrotListKit/Layout/VerticalLayout.swift (in target 'KarrotListKit' from project 'KarrotListKit')
cd /Users/admin/builder/spi-builder-workspace/.swiftpm/xcode
builtin-SwiftPerFileCompile VerticalLayout.swift
SwiftCompile normal arm64 /Users/admin/builder/spi-builder-workspace/Sources/KarrotListKit/List.swift (in target 'KarrotListKit' from project 'KarrotListKit')
cd /Users/admin/builder/spi-builder-workspace/.swiftpm/xcode
builtin-SwiftPerFileCompile List.swift
SwiftCompile normal arm64 Compiling\ CollectionViewAdapter.swift,\ CollectionViewAdapterConfiguration.swift /Users/admin/builder/spi-builder-workspace/Sources/KarrotListKit/Adapter/CollectionViewAdapter.swift /Users/admin/builder/spi-builder-workspace/Sources/KarrotListKit/Adapter/CollectionViewAdapterConfiguration.swift (in target 'KarrotListKit' from project 'KarrotListKit')
/Users/admin/builder/spi-builder-workspace/Sources/KarrotListKit/Adapter/CollectionViewAdapter.swift:49:42: error: 'UIRefreshControl' is unavailable in tvOS
47 | var list: List?
48 |
49 | private lazy var pullToRefreshControl: UIRefreshControl = {
| `- error: 'UIRefreshControl' is unavailable in tvOS
50 | let refreshControl = UIRefreshControl()
51 | refreshControl.tintColor = configuration.refreshControl.tintColor
/Applications/Xcode-27.0.0-Release.Candidate.app/Contents/Developer/Platforms/AppleTVOS.platform/Developer/SDKs/AppleTVOS27.0.sdk/System/Library/Frameworks/UIKit.framework/Headers/UIRefreshControl.h:16:12: note: 'UIRefreshControl' has been explicitly marked unavailable here
14 |
15 | UIKIT_EXTERN API_AVAILABLE(ios(6.0)) API_UNAVAILABLE(tvos, watchos) NS_SWIFT_UI_ACTOR
16 | @interface UIRefreshControl : UIControl
| `- note: 'UIRefreshControl' has been explicitly marked unavailable here
17 |
18 | /* The designated initializer
/Users/admin/builder/spi-builder-workspace/Sources/KarrotListKit/Adapter/CollectionViewAdapter.swift:50:26: error: 'UIRefreshControl' is unavailable in tvOS
48 |
49 | private lazy var pullToRefreshControl: UIRefreshControl = {
50 | let refreshControl = UIRefreshControl()
| `- error: 'UIRefreshControl' is unavailable in tvOS
51 | refreshControl.tintColor = configuration.refreshControl.tintColor
52 | refreshControl.addTarget(
/Applications/Xcode-27.0.0-Release.Candidate.app/Contents/Developer/Platforms/AppleTVOS.platform/Developer/SDKs/AppleTVOS27.0.sdk/System/Library/Frameworks/UIKit.framework/Headers/UIRefreshControl.h:16:12: note: 'UIRefreshControl' has been explicitly marked unavailable here
14 |
15 | UIKIT_EXTERN API_AVAILABLE(ios(6.0)) API_UNAVAILABLE(tvos, watchos) NS_SWIFT_UI_ACTOR
16 | @interface UIRefreshControl : UIControl
| `- note: 'UIRefreshControl' has been explicitly marked unavailable here
17 |
18 | /* The designated initializer
/Users/admin/builder/spi-builder-workspace/Sources/KarrotListKit/Adapter/CollectionViewAdapter.swift:90:22: error: 'refreshControl' is unavailable in tvOS
88 |
89 | if configuration.refreshControl.isEnabled {
90 | collectionView.refreshControl = pullToRefreshControl
| `- error: 'refreshControl' is unavailable in tvOS
91 | }
92 | }
/Applications/Xcode-27.0.0-Release.Candidate.app/Contents/Developer/Platforms/AppleTVOS.platform/Developer/SDKs/AppleTVOS27.0.sdk/System/Library/Frameworks/UIKit.framework/Headers/UIScrollView.h:286:59: note: 'refreshControl' has been explicitly marked unavailable here
284 | @property(nonatomic) UIScrollViewKeyboardDismissMode keyboardDismissMode API_AVAILABLE(ios(7.0)) API_UNAVAILABLE(visionos); // default is UIScrollViewKeyboardDismissModeNone
285 |
286 | @property (nonatomic, strong, nullable) UIRefreshControl *refreshControl API_AVAILABLE(ios(10.0)) API_UNAVAILABLE(tvos, watchos);
| `- note: 'refreshControl' has been explicitly marked unavailable here
287 |
288 | /// Set this to YES to make the scroll view animate its content offset in response to keys like Page Up/Down, Home/End, and the arrow keys.
Failed frontend command:
SwiftCompile normal arm64 /Users/admin/builder/spi-builder-workspace/Sources/KarrotListKit/Adapter/CollectionViewAdapter.swift (in target 'KarrotListKit' from project 'KarrotListKit')
cd /Users/admin/builder/spi-builder-workspace/.swiftpm/xcode
builtin-SwiftPerFileCompile CollectionViewAdapter.swift
SwiftCompile normal arm64 /Users/admin/builder/spi-builder-workspace/Sources/KarrotListKit/Adapter/CollectionViewAdapterConfiguration.swift (in target 'KarrotListKit' from project 'KarrotListKit')
cd /Users/admin/builder/spi-builder-workspace/.swiftpm/xcode
builtin-SwiftPerFileCompile CollectionViewAdapterConfiguration.swift
/Applications/Xcode-27.0.0-Release.Candidate.app/Contents/Developer/Toolchains/XcodeDefault.xctoolchain/usr/bin/swift-frontend -frontend -c -primary-file /Users/admin/builder/spi-builder-workspace/Sources/KarrotListKit/Adapter/CollectionViewAdapter.swift -primary-file /Users/admin/builder/spi-builder-workspace/Sources/KarrotListKit/Adapter/CollectionViewAdapterConfiguration.swift /Users/admin/builder/spi-builder-workspace/Sources/KarrotListKit/Adapter/CollectionViewAdapterUpdateStrategy.swift /Users/admin/builder/spi-builder-workspace/Sources/KarrotListKit/Adapter/CollectionViewLayoutAdaptable.swift /Users/admin/builder/spi-builder-workspace/Sources/KarrotListKit/Adapter/ComponentSizeStorage.swift /Users/admin/builder/spi-builder-workspace/Sources/KarrotListKit/Builder/CellsBuilder.swift /Users/admin/builder/spi-builder-workspace/Sources/KarrotListKit/Builder/SectionsBuilder.swift /Users/admin/builder/spi-builder-workspace/Sources/KarrotListKit/Cell.swift /Users/admin/builder/spi-builder-workspace/Sources/KarrotListKit/Component/AnyComponent.swift /Users/admin/builder/spi-builder-workspace/Sources/KarrotListKit/Component/Component.swift /Users/admin/builder/spi-builder-workspace/Sources/KarrotListKit/Component/ContentLayoutMode.swift /Users/admin/builder/spi-builder-workspace/Sources/KarrotListKit/Component/IdentifiableComponent.swift /Users/admin/builder/spi-builder-workspace/Sources/KarrotListKit/Event/Cell/DidSelectEvent.swift /Users/admin/builder/spi-builder-workspace/Sources/KarrotListKit/Event/Cell/HighlightEvent.swift /Users/admin/builder/spi-builder-workspace/Sources/KarrotListKit/Event/Cell/UnhighlightEvent.swift /Users/admin/builder/spi-builder-workspace/Sources/KarrotListKit/Event/Common/DidEndDisplayingEvent.swift /Users/admin/builder/spi-builder-workspace/Sources/KarrotListKit/Event/Common/WillDisplayEvent.swift /Users/admin/builder/spi-builder-workspace/Sources/KarrotListKit/Event/List/DidEndDeceleratingEvent.swift /Users/admin/builder/spi-builder-workspace/Sources/KarrotListKit/Event/List/DidEndDraggingEvent.swift /Users/admin/builder/spi-builder-workspace/Sources/KarrotListKit/Event/List/DidScrollEvent.swift /Users/admin/builder/spi-builder-workspace/Sources/KarrotListKit/Event/List/DidScrollToTopEvent.swift /Users/admin/builder/spi-builder-workspace/Sources/KarrotListKit/Event/List/PullToRefreshEvent.swift /Users/admin/builder/spi-builder-workspace/Sources/KarrotListKit/Event/List/ReachedEndEvent.swift /Users/admin/builder/spi-builder-workspace/Sources/KarrotListKit/Event/List/ShouldScrollToTopEvent.swift /Users/admin/builder/spi-builder-workspace/Sources/KarrotListKit/Event/List/WillBeginDeceleratingEvent.swift /Users/admin/builder/spi-builder-workspace/Sources/KarrotListKit/Event/List/WillBeginDraggingEvent.swift /Users/admin/builder/spi-builder-workspace/Sources/KarrotListKit/Event/List/WillEndDraggingEvent.swift /Users/admin/builder/spi-builder-workspace/Sources/KarrotListKit/Event/ListingViewEvent.swift /Users/admin/builder/spi-builder-workspace/Sources/KarrotListKit/Event/ListingViewEventHandler.swift /Users/admin/builder/spi-builder-workspace/Sources/KarrotListKit/Event/ListingViewEventStorage.swift /Users/admin/builder/spi-builder-workspace/Sources/KarrotListKit/Extension/UICollectionView+Difference.swift /Users/admin/builder/spi-builder-workspace/Sources/KarrotListKit/Extension/UICollectionView+Init.swift /Users/admin/builder/spi-builder-workspace/Sources/KarrotListKit/Extension/UIView+TraitCollection.swift\ .swift /Users/admin/builder/spi-builder-workspace/Sources/KarrotListKit/FeatureFlag/DefaultFeatureFlagProvider.swift /Users/admin/builder/spi-builder-workspace/Sources/KarrotListKit/FeatureFlag/FeatureFlagItem.swift /Users/admin/builder/spi-builder-workspace/Sources/KarrotListKit/FeatureFlag/FeatureFlagProviding.swift /Users/admin/builder/spi-builder-workspace/Sources/KarrotListKit/FeatureFlag/FeatureFlagType.swift /Users/admin/builder/spi-builder-workspace/Sources/KarrotListKit/FeatureFlag/KarrotListKitFeatureFlag.swift /Users/admin/builder/spi-builder-workspace/Sources/KarrotListKit/Layout/CompositionalLayoutSectionFactory.swift /Users/admin/builder/spi-builder-workspace/Sources/KarrotListKit/Layout/DefaultCompositionalLayoutSectionFactory.swift /Users/admin/builder/spi-builder-workspace/Sources/KarrotListKit/Layout/HorizontalLayout.swift /Users/admin/builder/spi-builder-workspace/Sources/KarrotListKit/Layout/VerticalGridLayout.swift /Users/admin/builder/spi-builder-workspace/Sources/KarrotListKit/Layout/VerticalLayout.swift /Users/admin/builder/spi-builder-workspace/Sources/KarrotListKit/List.swift /Users/admin/builder/spi-builder-workspace/Sources/KarrotListKit/MacroInterface/AddComponentModifier.swift /Users/admin/builder/spi-builder-workspace/Sources/KarrotListKit/Prefetching/Plugins/CollectionViewPrefetchingPlugin.swift /Users/admin/builder/spi-builder-workspace/Sources/KarrotListKit/Prefetching/Plugins/RemoteImagePrefetchingPlugin.swift /Users/admin/builder/spi-builder-workspace/Sources/KarrotListKit/Prefetching/PrefetchableComponent.swift /Users/admin/builder/spi-builder-workspace/Sources/KarrotListKit/Prefetching/RemoteImagePrefetching.swift /Users/admin/builder/spi-builder-workspace/Sources/KarrotListKit/Section.swift /Users/admin/builder/spi-builder-workspace/Sources/KarrotListKit/SupplementaryView.swift /Users/admin/builder/spi-builder-workspace/Sources/KarrotListKit/SwiftUISupport/ComponentRepresented.swift /Users/admin/builder/spi-builder-workspace/Sources/KarrotListKit/Utils/Any+Equatable.swift /Users/admin/builder/spi-builder-workspace/Sources/KarrotListKit/Utils/Chunked.swift /Users/admin/builder/spi-builder-workspace/Sources/KarrotListKit/Utils/Collection+SafeIndex.swift /Users/admin/builder/spi-builder-workspace/Sources/KarrotListKit/View/ComponentRenderable.swift /Users/admin/builder/spi-builder-workspace/Sources/KarrotListKit/View/UICollectionComponentReusableView.swift /Users/admin/builder/spi-builder-workspace/Sources/KarrotListKit/View/UICollectionViewComponentCell.swift -emit-dependencies-path /Users/admin/builder/spi-builder-workspace/.derivedData/Build/Intermediates.noindex/KarrotListKit.build/Debug-appletvos/KarrotListKit-t.build/Objects-normal/arm64/CollectionViewAdapter.d -emit-const-values-path /Users/admin/builder/spi-builder-workspace/.derivedData/Build/Intermediates.noindex/KarrotListKit.build/Debug-appletvos/KarrotListKit-t.build/Objects-normal/arm64/CollectionViewAdapter.swiftconstvalues -emit-reference-dependencies-path /Users/admin/builder/spi-builder-workspace/.derivedData/Build/Intermediates.noindex/KarrotListKit.build/Debug-appletvos/KarrotListKit-t.build/Objects-normal/arm64/CollectionViewAdapter.swiftdeps -serialize-diagnostics-path /Users/admin/builder/spi-builder-workspace/.derivedData/Build/Intermediates.noindex/KarrotListKit.build/Debug-appletvos/KarrotListKit-t.build/Objects-normal/arm64/CollectionViewAdapter.dia -emit-dependencies-path /Users/admin/builder/spi-builder-workspace/.derivedData/Build/Intermediates.noindex/KarrotListKit.build/Debug-appletvos/KarrotListKit-t.build/Objects-normal/arm64/CollectionViewAdapterConfiguration.d -emit-const-values-path /Users/admin/builder/spi-builder-workspace/.derivedData/Build/Intermediates.noindex/KarrotListKit.build/Debug-appletvos/KarrotListKit-t.build/Objects-normal/arm64/CollectionViewAdapterConfiguration.swiftconstvalues -emit-reference-dependencies-path /Users/admin/builder/spi-builder-workspace/.derivedData/Build/Intermediates.noindex/KarrotListKit.build/Debug-appletvos/KarrotListKit-t.build/Objects-normal/arm64/CollectionViewAdapterConfiguration.swiftdeps -serialize-diagnostics-path /Users/admin/builder/spi-builder-workspace/.derivedData/Build/Intermediates.noindex/KarrotListKit.build/Debug-appletvos/KarrotListKit-t.build/Objects-normal/arm64/CollectionViewAdapterConfiguration.dia -target arm64-apple-tvos15.0 -module-can-import-version SwiftUI 8.0.84 8.0.84 -module-can-import-version UIKit 9127.0.84.1 9127.0.84 -disable-cross-import-overlay-search -load-resolved-plugin /Applications/Xcode-27.0.0-Release.Candidate.app/Contents/Developer/Platforms/AppleTVOS.platform/Developer/usr/lib/swift/host/plugins/libFoundationMacros.dylib\#/Applications/Xcode-27.0.0-Release.Candidate.app/Contents/Developer/Platforms/AppleTVOS.platform/Developer/usr/bin/swift-plugin-server\#FoundationMacros -load-resolved-plugin \#/Users/admin/builder/spi-builder-workspace/.derivedData/Build/Products/Debug/KarrotListKitMacros\#KarrotListKitMacros -load-resolved-plugin /Applications/Xcode-27.0.0-Release.Candidate.app/Contents/Developer/Platforms/AppleTVOS.platform/Developer/usr/lib/swift/host/plugins/libObservationMacros.dylib\#/Applications/Xcode-27.0.0-Release.Candidate.app/Contents/Developer/Platforms/AppleTVOS.platform/Developer/usr/bin/swift-plugin-server\#ObservationMacros -load-resolved-plugin /Applications/Xcode-27.0.0-Release.Candidate.app/Contents/Developer/Platforms/AppleTVOS.platform/Developer/usr/lib/swift/host/plugins/libPreviewsMacros.dylib\#/Applications/Xcode-27.0.0-Release.Candidate.app/Contents/Developer/Platforms/AppleTVOS.platform/Developer/usr/bin/swift-plugin-server\#PreviewsMacros -load-resolved-plugin /Applications/Xcode-27.0.0-Release.Candidate.app/Contents/Developer/Platforms/AppleTVOS.platform/Developer/usr/lib/swift/host/plugins/libSwiftMacros.dylib\#/Applications/Xcode-27.0.0-Release.Candidate.app/Contents/Developer/Platforms/AppleTVOS.platform/Developer/usr/bin/swift-plugin-server\#SwiftMacros -load-resolved-plugin /Applications/Xcode-27.0.0-Release.Candidate.app/Contents/Developer/Platforms/AppleTVOS.platform/Developer/usr/lib/swift/host/plugins/libSwiftUIMacros.dylib\#/Applications/Xcode-27.0.0-Release.Candidate.app/Contents/Developer/Platforms/AppleTVOS.platform/Developer/usr/bin/swift-plugin-server\#SwiftUIMacros -disable-implicit-swift-modules -Xcc -fno-implicit-modules -Xcc -fno-implicit-module-maps -explicit-swift-module-map-file /Users/admin/builder/spi-builder-workspace/.derivedData/Build/Intermediates.noindex/KarrotListKit.build/Debug-appletvos/KarrotListKit-t.build/Objects-normal/arm64/KarrotListKit-dependencies-1.json -Xllvm -aarch64-use-tbi -enable-objc-interop -stack-check -sdk /Applications/Xcode-27.0.0-Release.Candidate.app/Contents/Developer/Platforms/AppleTVOS.platform/Developer/SDKs/AppleTVOS27.0.sdk -I /Users/admin/builder/spi-builder-workspace/.derivedData/Build/Products/Debug-appletvos -Isystem /Applications/Xcode-27.0.0-Release.Candidate.app/Contents/Developer/Platforms/AppleTVOS.platform/Developer/usr/lib -F /Users/admin/builder/spi-builder-workspace/.derivedData/Build/Products/Debug-appletvos/PackageFrameworks -F /Users/admin/builder/spi-builder-workspace/.derivedData/Build/Products/Debug-appletvos -F /Applications/Xcode-27.0.0-Release.Candidate.app/Contents/Developer/Platforms/AppleTVOS.platform/Developer/Library/Frameworks -F /Applications/Xcode-27.0.0-Release.Candidate.app/Contents/Developer/Platforms/AppleTVOS.platform/Developer/SDKs/AppleTVOS27.0.sdk/Developer/Library/Frameworks -module-cache-path /Users/admin/builder/spi-builder-workspace/.derivedData/Build/Intermediates.noindex/SwiftExplicitPrecompiledModules -no-color-diagnostics -Xcc -fno-color-diagnostics -enable-testing -g -debug-info-format\=dwarf -dwarf-version\=4 -profile-generate -profile-coverage-mapping -swift-version 5 -Onone -D SWIFT_PACKAGE -D DEBUG -D SWIFT_MODULE_RESOURCE_BUNDLE_UNAVAILABLE -D Xcode -serialize-debugging-options -load-plugin-executable /Users/admin/builder/spi-builder-workspace/.derivedData/Build/Products/Debug/KarrotListKitMacros\#KarrotListKitMacros -enable-experimental-feature DebugDescriptionMacro -empty-abi-descriptor -validate-clang-modules-once -clang-build-session-file /Users/admin/builder/spi-builder-workspace/.derivedData/ModuleCache.noindex/Session.modulevalidation -Xcc -working-directory -Xcc /Users/admin/builder/spi-builder-workspace/.swiftpm/xcode -enable-anonymous-context-mangled-names -file-compilation-dir /Users/admin/builder/spi-builder-workspace/.swiftpm/xcode -Xcc -D_LIBCPP_HARDENING_MODE\=_LIBCPP_HARDENING_MODE_DEBUG -Xcc -ivfsstatcache -Xcc /Users/admin/builder/spi-builder-workspace/.derivedData/SDKStatCaches.noindex/appletvos27.0-24J360-e829b21a6f8c9b70876ba0858053c044b32bfd8d43560033f8d89884cdb90028.sdkstatcache -Xcc -fmodules-prune-interval\=86400 -Xcc -fmodules-prune-after\=345600 -Xcc -I/Users/admin/builder/spi-builder-workspace/.derivedData/Build/Products/Debug-appletvos/include -Xcc -I/Users/admin/builder/spi-builder-workspace/.derivedData/Build/Intermediates.noindex/KarrotListKit.build/Debug-appletvos/KarrotListKit-t.build/DerivedSources-normal/arm64 -Xcc -I/Users/admin/builder/spi-builder-workspace/.derivedData/Build/Intermediates.noindex/KarrotListKit.build/Debug-appletvos/KarrotListKit-t.build/DerivedSources/arm64 -Xcc -I/Users/admin/builder/spi-builder-workspace/.derivedData/Build/Intermediates.noindex/KarrotListKit.build/Debug-appletvos/KarrotListKit-t.build/DerivedSources -Xcc -DSWIFT_PACKAGE -Xcc -DDEBUG\=1 -no-auto-bridging-header-chaining -module-name KarrotListKit -package-name spi_builder_workspace -const-gather-protocols-file /Users/admin/builder/spi-builder-workspace/.derivedData/Build/Intermediates.noindex/KarrotListKit.build/Debug-appletvos/KarrotListKit-t.build/Objects-normal/arm64/KarrotListKit_const_extract_protocols.json -disable-clang-spi -clang-target arm64-apple-tvos27.0 -target-sdk-version 27.0 -target-sdk-name appletvos27.0 -in-process-plugin-server-path /Applications/Xcode-27.0.0-Release.Candidate.app/Contents/Developer/Toolchains/XcodeDefault.xctoolchain/usr/lib/swift/host/libSwiftInProcPluginServer.dylib -parse-as-library -o /Users/admin/builder/spi-builder-workspace/.derivedData/Build/Intermediates.noindex/KarrotListKit.build/Debug-appletvos/KarrotListKit-t.build/Objects-normal/arm64/CollectionViewAdapter.o -o /Users/admin/builder/spi-builder-workspace/.derivedData/Build/Intermediates.noindex/KarrotListKit.build/Debug-appletvos/KarrotListKit-t.build/Objects-normal/arm64/CollectionViewAdapterConfiguration.o -debug-module-path /Users/admin/builder/spi-builder-workspace/.derivedData/Build/Intermediates.noindex/KarrotListKit.build/Debug-appletvos/KarrotListKit-t.build/Objects-normal/arm64/KarrotListKit.swiftmodule -index-unit-output-path /KarrotListKit.build/Debug-appletvos/KarrotListKit-t.build/Objects-normal/arm64/CollectionViewAdapter.o -index-unit-output-path /KarrotListKit.build/Debug-appletvos/KarrotListKit-t.build/Objects-normal/arm64/CollectionViewAdapterConfiguration.o -index-store-path /Users/admin/builder/spi-builder-workspace/.derivedData/Index.noindex/DataStore -index-system-modules
SwiftCompile normal arm64 Compiling\ Any+Equatable.swift /Users/admin/builder/spi-builder-workspace/Sources/KarrotListKit/Utils/Any+Equatable.swift (in target 'KarrotListKit' from project 'KarrotListKit')
SwiftCompile normal arm64 /Users/admin/builder/spi-builder-workspace/Sources/KarrotListKit/Utils/Any+Equatable.swift (in target 'KarrotListKit' from project 'KarrotListKit')
cd /Users/admin/builder/spi-builder-workspace/.swiftpm/xcode
builtin-SwiftPerFileCompile Any+Equatable.swift
SwiftCompile normal arm64 Compiling\ SupplementaryView.swift /Users/admin/builder/spi-builder-workspace/Sources/KarrotListKit/SupplementaryView.swift (in target 'KarrotListKit' from project 'KarrotListKit')
SwiftCompile normal arm64 /Users/admin/builder/spi-builder-workspace/Sources/KarrotListKit/SupplementaryView.swift (in target 'KarrotListKit' from project 'KarrotListKit')
cd /Users/admin/builder/spi-builder-workspace/.swiftpm/xcode
builtin-SwiftPerFileCompile SupplementaryView.swift
SwiftCompile normal arm64 Compiling\ RemoteImagePrefetchingPlugin.swift,\ PrefetchableComponent.swift /Users/admin/builder/spi-builder-workspace/Sources/KarrotListKit/Prefetching/Plugins/RemoteImagePrefetchingPlugin.swift /Users/admin/builder/spi-builder-workspace/Sources/KarrotListKit/Prefetching/PrefetchableComponent.swift (in target 'KarrotListKit' from project 'KarrotListKit')
SwiftCompile normal arm64 /Users/admin/builder/spi-builder-workspace/Sources/KarrotListKit/Prefetching/Plugins/RemoteImagePrefetchingPlugin.swift (in target 'KarrotListKit' from project 'KarrotListKit')
cd /Users/admin/builder/spi-builder-workspace/.swiftpm/xcode
builtin-SwiftPerFileCompile RemoteImagePrefetchingPlugin.swift
SwiftCompile normal arm64 /Users/admin/builder/spi-builder-workspace/Sources/KarrotListKit/Prefetching/PrefetchableComponent.swift (in target 'KarrotListKit' from project 'KarrotListKit')
cd /Users/admin/builder/spi-builder-workspace/.swiftpm/xcode
builtin-SwiftPerFileCompile PrefetchableComponent.swift
SwiftCompile normal arm64 Compiling\ ComponentRepresented.swift /Users/admin/builder/spi-builder-workspace/Sources/KarrotListKit/SwiftUISupport/ComponentRepresented.swift (in target 'KarrotListKit' from project 'KarrotListKit')
SwiftCompile normal arm64 /Users/admin/builder/spi-builder-workspace/Sources/KarrotListKit/SwiftUISupport/ComponentRepresented.swift (in target 'KarrotListKit' from project 'KarrotListKit')
cd /Users/admin/builder/spi-builder-workspace/.swiftpm/xcode
builtin-SwiftPerFileCompile ComponentRepresented.swift
SwiftEmitModule normal arm64 Emitting\ module\ for\ KarrotListKit (in target 'KarrotListKit' from project 'KarrotListKit')
/Users/admin/builder/spi-builder-workspace/Sources/KarrotListKit/Adapter/CollectionViewAdapter.swift:49:42: error: 'UIRefreshControl' is unavailable in tvOS
47 | var list: List?
48 |
49 | private lazy var pullToRefreshControl: UIRefreshControl = {
| `- error: 'UIRefreshControl' is unavailable in tvOS
50 | let refreshControl = UIRefreshControl()
51 | refreshControl.tintColor = configuration.refreshControl.tintColor
/Applications/Xcode-27.0.0-Release.Candidate.app/Contents/Developer/Platforms/AppleTVOS.platform/Developer/SDKs/AppleTVOS27.0.sdk/System/Library/Frameworks/UIKit.framework/Headers/UIRefreshControl.h:16:12: note: 'UIRefreshControl' has been explicitly marked unavailable here
14 |
15 | UIKIT_EXTERN API_AVAILABLE(ios(6.0)) API_UNAVAILABLE(tvos, watchos) NS_SWIFT_UI_ACTOR
16 | @interface UIRefreshControl : UIControl
| `- note: 'UIRefreshControl' has been explicitly marked unavailable here
17 |
18 | /* The designated initializer
SwiftCompile normal arm64 (in target 'KarrotListKit' from project 'KarrotListKit')
cd /Users/admin/builder/spi-builder-workspace/.swiftpm/xcode
SwiftCompile normal arm64 Compiling\ ComponentSizeStorage.swift,\ CellsBuilder.swift /Users/admin/builder/spi-builder-workspace/Sources/KarrotListKit/Adapter/ComponentSizeStorage.swift /Users/admin/builder/spi-builder-workspace/Sources/KarrotListKit/Builder/CellsBuilder.swift (in target 'KarrotListKit' from project 'KarrotListKit')
SwiftCompile normal arm64 /Users/admin/builder/spi-builder-workspace/Sources/KarrotListKit/Adapter/ComponentSizeStorage.swift (in target 'KarrotListKit' from project 'KarrotListKit')
cd /Users/admin/builder/spi-builder-workspace/.swiftpm/xcode
builtin-SwiftPerFileCompile ComponentSizeStorage.swift
SwiftCompile normal arm64 /Users/admin/builder/spi-builder-workspace/Sources/KarrotListKit/Builder/CellsBuilder.swift (in target 'KarrotListKit' from project 'KarrotListKit')
cd /Users/admin/builder/spi-builder-workspace/.swiftpm/xcode
builtin-SwiftPerFileCompile CellsBuilder.swift
SwiftCompile normal arm64 Compiling\ RemoteImagePrefetching.swift,\ Section.swift /Users/admin/builder/spi-builder-workspace/Sources/KarrotListKit/Prefetching/RemoteImagePrefetching.swift /Users/admin/builder/spi-builder-workspace/Sources/KarrotListKit/Section.swift (in target 'KarrotListKit' from project 'KarrotListKit')
SwiftCompile normal arm64 /Users/admin/builder/spi-builder-workspace/Sources/KarrotListKit/Prefetching/RemoteImagePrefetching.swift (in target 'KarrotListKit' from project 'KarrotListKit')
cd /Users/admin/builder/spi-builder-workspace/.swiftpm/xcode
builtin-SwiftPerFileCompile RemoteImagePrefetching.swift
SwiftCompile normal arm64 /Users/admin/builder/spi-builder-workspace/Sources/KarrotListKit/Section.swift (in target 'KarrotListKit' from project 'KarrotListKit')
cd /Users/admin/builder/spi-builder-workspace/.swiftpm/xcode
builtin-SwiftPerFileCompile Section.swift
SwiftCompile normal arm64 Compiling\ AddComponentModifier.swift,\ CollectionViewPrefetchingPlugin.swift /Users/admin/builder/spi-builder-workspace/Sources/KarrotListKit/MacroInterface/AddComponentModifier.swift /Users/admin/builder/spi-builder-workspace/Sources/KarrotListKit/Prefetching/Plugins/CollectionViewPrefetchingPlugin.swift (in target 'KarrotListKit' from project 'KarrotListKit')
SwiftCompile normal arm64 /Users/admin/builder/spi-builder-workspace/Sources/KarrotListKit/MacroInterface/AddComponentModifier.swift (in target 'KarrotListKit' from project 'KarrotListKit')
cd /Users/admin/builder/spi-builder-workspace/.swiftpm/xcode
builtin-SwiftPerFileCompile AddComponentModifier.swift
SwiftCompile normal arm64 /Users/admin/builder/spi-builder-workspace/Sources/KarrotListKit/Prefetching/Plugins/CollectionViewPrefetchingPlugin.swift (in target 'KarrotListKit' from project 'KarrotListKit')
cd /Users/admin/builder/spi-builder-workspace/.swiftpm/xcode
builtin-SwiftPerFileCompile CollectionViewPrefetchingPlugin.swift
SwiftCompile normal arm64 Compiling\ CollectionViewAdapterUpdateStrategy.swift,\ CollectionViewLayoutAdaptable.swift /Users/admin/builder/spi-builder-workspace/Sources/KarrotListKit/Adapter/CollectionViewAdapterUpdateStrategy.swift /Users/admin/builder/spi-builder-workspace/Sources/KarrotListKit/Adapter/CollectionViewLayoutAdaptable.swift (in target 'KarrotListKit' from project 'KarrotListKit')
SwiftCompile normal arm64 /Users/admin/builder/spi-builder-workspace/Sources/KarrotListKit/Adapter/CollectionViewAdapterUpdateStrategy.swift (in target 'KarrotListKit' from project 'KarrotListKit')
cd /Users/admin/builder/spi-builder-workspace/.swiftpm/xcode
builtin-SwiftPerFileCompile CollectionViewAdapterUpdateStrategy.swift
SwiftCompile normal arm64 /Users/admin/builder/spi-builder-workspace/Sources/KarrotListKit/Adapter/CollectionViewLayoutAdaptable.swift (in target 'KarrotListKit' from project 'KarrotListKit')
cd /Users/admin/builder/spi-builder-workspace/.swiftpm/xcode
builtin-SwiftPerFileCompile CollectionViewLayoutAdaptable.swift
SwiftDriverJobDiscovery normal arm64 Compiling Any+Equatable.swift (in target 'KarrotListKit' from project 'KarrotListKit')
SwiftDriverJobDiscovery normal arm64 Compiling RemoteImagePrefetchingPlugin.swift, PrefetchableComponent.swift (in target 'KarrotListKit' from project 'KarrotListKit')
SwiftDriverJobDiscovery normal arm64 Compiling AddComponentModifier.swift, CollectionViewPrefetchingPlugin.swift (in target 'KarrotListKit' from project 'KarrotListKit')
SwiftCompile normal arm64 Compiling\ WillEndDraggingEvent.swift,\ ListingViewEvent.swift,\ ListingViewEventHandler.swift /Users/admin/builder/spi-builder-workspace/Sources/KarrotListKit/Event/List/WillEndDraggingEvent.swift /Users/admin/builder/spi-builder-workspace/Sources/KarrotListKit/Event/ListingViewEvent.swift /Users/admin/builder/spi-builder-workspace/Sources/KarrotListKit/Event/ListingViewEventHandler.swift (in target 'KarrotListKit' from project 'KarrotListKit')
SwiftCompile normal arm64 /Users/admin/builder/spi-builder-workspace/Sources/KarrotListKit/Event/List/WillEndDraggingEvent.swift (in target 'KarrotListKit' from project 'KarrotListKit')
cd /Users/admin/builder/spi-builder-workspace/.swiftpm/xcode
builtin-SwiftPerFileCompile WillEndDraggingEvent.swift
SwiftCompile normal arm64 /Users/admin/builder/spi-builder-workspace/Sources/KarrotListKit/Event/ListingViewEvent.swift (in target 'KarrotListKit' from project 'KarrotListKit')
cd /Users/admin/builder/spi-builder-workspace/.swiftpm/xcode
builtin-SwiftPerFileCompile ListingViewEvent.swift
SwiftCompile normal arm64 /Users/admin/builder/spi-builder-workspace/Sources/KarrotListKit/Event/ListingViewEventHandler.swift (in target 'KarrotListKit' from project 'KarrotListKit')
cd /Users/admin/builder/spi-builder-workspace/.swiftpm/xcode
builtin-SwiftPerFileCompile ListingViewEventHandler.swift
SwiftCompile normal arm64 Compiling\ DidEndDraggingEvent.swift,\ ReachedEndEvent.swift,\ WillBeginDeceleratingEvent.swift /Users/admin/builder/spi-builder-workspace/Sources/KarrotListKit/Event/List/DidEndDraggingEvent.swift /Users/admin/builder/spi-builder-workspace/Sources/KarrotListKit/Event/List/ReachedEndEvent.swift /Users/admin/builder/spi-builder-workspace/Sources/KarrotListKit/Event/List/WillBeginDeceleratingEvent.swift (in target 'KarrotListKit' from project 'KarrotListKit')
SwiftCompile normal arm64 /Users/admin/builder/spi-builder-workspace/Sources/KarrotListKit/Event/List/DidEndDraggingEvent.swift (in target 'KarrotListKit' from project 'KarrotListKit')
cd /Users/admin/builder/spi-builder-workspace/.swiftpm/xcode
builtin-SwiftPerFileCompile DidEndDraggingEvent.swift
SwiftCompile normal arm64 /Users/admin/builder/spi-builder-workspace/Sources/KarrotListKit/Event/List/ReachedEndEvent.swift (in target 'KarrotListKit' from project 'KarrotListKit')
cd /Users/admin/builder/spi-builder-workspace/.swiftpm/xcode
builtin-SwiftPerFileCompile ReachedEndEvent.swift
SwiftCompile normal arm64 /Users/admin/builder/spi-builder-workspace/Sources/KarrotListKit/Event/List/WillBeginDeceleratingEvent.swift (in target 'KarrotListKit' from project 'KarrotListKit')
cd /Users/admin/builder/spi-builder-workspace/.swiftpm/xcode
builtin-SwiftPerFileCompile WillBeginDeceleratingEvent.swift
SwiftCompile normal arm64 Compiling\ SectionsBuilder.swift,\ Cell.swift,\ AnyComponent.swift /Users/admin/builder/spi-builder-workspace/Sources/KarrotListKit/Builder/SectionsBuilder.swift /Users/admin/builder/spi-builder-workspace/Sources/KarrotListKit/Cell.swift /Users/admin/builder/spi-builder-workspace/Sources/KarrotListKit/Component/AnyComponent.swift (in target 'KarrotListKit' from project 'KarrotListKit')
SwiftCompile normal arm64 /Users/admin/builder/spi-builder-workspace/Sources/KarrotListKit/Builder/SectionsBuilder.swift (in target 'KarrotListKit' from project 'KarrotListKit')
cd /Users/admin/builder/spi-builder-workspace/.swiftpm/xcode
builtin-SwiftPerFileCompile SectionsBuilder.swift
SwiftCompile normal arm64 /Users/admin/builder/spi-builder-workspace/Sources/KarrotListKit/Cell.swift (in target 'KarrotListKit' from project 'KarrotListKit')
cd /Users/admin/builder/spi-builder-workspace/.swiftpm/xcode
builtin-SwiftPerFileCompile Cell.swift
SwiftCompile normal arm64 /Users/admin/builder/spi-builder-workspace/Sources/KarrotListKit/Component/AnyComponent.swift (in target 'KarrotListKit' from project 'KarrotListKit')
cd /Users/admin/builder/spi-builder-workspace/.swiftpm/xcode
builtin-SwiftPerFileCompile AnyComponent.swift
SwiftDriverJobDiscovery normal arm64 Compiling SupplementaryView.swift (in target 'KarrotListKit' from project 'KarrotListKit')
SwiftCompile normal arm64 Compiling\ HorizontalLayout.swift,\ VerticalGridLayout.swift,\ Chunked.swift /Users/admin/builder/spi-builder-workspace/Sources/KarrotListKit/Layout/HorizontalLayout.swift /Users/admin/builder/spi-builder-workspace/Sources/KarrotListKit/Layout/VerticalGridLayout.swift /Users/admin/builder/spi-builder-workspace/Sources/KarrotListKit/Utils/Chunked.swift (in target 'KarrotListKit' from project 'KarrotListKit')
SwiftCompile normal arm64 /Users/admin/builder/spi-builder-workspace/Sources/KarrotListKit/Layout/HorizontalLayout.swift (in target 'KarrotListKit' from project 'KarrotListKit')
cd /Users/admin/builder/spi-builder-workspace/.swiftpm/xcode
builtin-SwiftPerFileCompile HorizontalLayout.swift
SwiftCompile normal arm64 /Users/admin/builder/spi-builder-workspace/Sources/KarrotListKit/Layout/VerticalGridLayout.swift (in target 'KarrotListKit' from project 'KarrotListKit')
cd /Users/admin/builder/spi-builder-workspace/.swiftpm/xcode
builtin-SwiftPerFileCompile VerticalGridLayout.swift
SwiftCompile normal arm64 /Users/admin/builder/spi-builder-workspace/Sources/KarrotListKit/Utils/Chunked.swift (in target 'KarrotListKit' from project 'KarrotListKit')
cd /Users/admin/builder/spi-builder-workspace/.swiftpm/xcode
builtin-SwiftPerFileCompile Chunked.swift
SwiftDriverJobDiscovery normal arm64 Compiling ComponentSizeStorage.swift, CellsBuilder.swift (in target 'KarrotListKit' from project 'KarrotListKit')
SwiftCompile normal arm64 Compiling\ ListingViewEventStorage.swift,\ UICollectionView+Difference.swift,\ UICollectionView+Init.swift /Users/admin/builder/spi-builder-workspace/Sources/KarrotListKit/Event/ListingViewEventStorage.swift /Users/admin/builder/spi-builder-workspace/Sources/KarrotListKit/Extension/UICollectionView+Difference.swift /Users/admin/builder/spi-builder-workspace/Sources/KarrotListKit/Extension/UICollectionView+Init.swift (in target 'KarrotListKit' from project 'KarrotListKit')
SwiftCompile normal arm64 /Users/admin/builder/spi-builder-workspace/Sources/KarrotListKit/Event/ListingViewEventStorage.swift (in target 'KarrotListKit' from project 'KarrotListKit')
cd /Users/admin/builder/spi-builder-workspace/.swiftpm/xcode
builtin-SwiftPerFileCompile ListingViewEventStorage.swift
SwiftCompile normal arm64 /Users/admin/builder/spi-builder-workspace/Sources/KarrotListKit/Extension/UICollectionView+Difference.swift (in target 'KarrotListKit' from project 'KarrotListKit')
cd /Users/admin/builder/spi-builder-workspace/.swiftpm/xcode
builtin-SwiftPerFileCompile UICollectionView+Difference.swift
SwiftCompile normal arm64 /Users/admin/builder/spi-builder-workspace/Sources/KarrotListKit/Extension/UICollectionView+Init.swift (in target 'KarrotListKit' from project 'KarrotListKit')
cd /Users/admin/builder/spi-builder-workspace/.swiftpm/xcode
builtin-SwiftPerFileCompile UICollectionView+Init.swift
SwiftDriverJobDiscovery normal arm64 Compiling VerticalLayout.swift, List.swift (in target 'KarrotListKit' from project 'KarrotListKit')
SwiftCompile normal arm64 Compiling\ ComponentRenderable.swift,\ UICollectionComponentReusableView.swift,\ UICollectionViewComponentCell.swift /Users/admin/builder/spi-builder-workspace/Sources/KarrotListKit/View/ComponentRenderable.swift /Users/admin/builder/spi-builder-workspace/Sources/KarrotListKit/View/UICollectionComponentReusableView.swift /Users/admin/builder/spi-builder-workspace/Sources/KarrotListKit/View/UICollectionViewComponentCell.swift (in target 'KarrotListKit' from project 'KarrotListKit')
SwiftCompile normal arm64 /Users/admin/builder/spi-builder-workspace/Sources/KarrotListKit/View/ComponentRenderable.swift (in target 'KarrotListKit' from project 'KarrotListKit')
cd /Users/admin/builder/spi-builder-workspace/.swiftpm/xcode
builtin-SwiftPerFileCompile ComponentRenderable.swift
SwiftCompile normal arm64 /Users/admin/builder/spi-builder-workspace/Sources/KarrotListKit/View/UICollectionComponentReusableView.swift (in target 'KarrotListKit' from project 'KarrotListKit')
cd /Users/admin/builder/spi-builder-workspace/.swiftpm/xcode
builtin-SwiftPerFileCompile UICollectionComponentReusableView.swift
SwiftCompile normal arm64 /Users/admin/builder/spi-builder-workspace/Sources/KarrotListKit/View/UICollectionViewComponentCell.swift (in target 'KarrotListKit' from project 'KarrotListKit')
cd /Users/admin/builder/spi-builder-workspace/.swiftpm/xcode
builtin-SwiftPerFileCompile UICollectionViewComponentCell.swift
SwiftDriverJobDiscovery normal arm64 Compiling RemoteImagePrefetching.swift, Section.swift (in target 'KarrotListKit' from project 'KarrotListKit')
SwiftCompile normal arm64 Compiling\ DidSelectEvent.swift,\ HighlightEvent.swift,\ DidEndDeceleratingEvent.swift /Users/admin/builder/spi-builder-workspace/Sources/KarrotListKit/Event/Cell/DidSelectEvent.swift /Users/admin/builder/spi-builder-workspace/Sources/KarrotListKit/Event/Cell/HighlightEvent.swift /Users/admin/builder/spi-builder-workspace/Sources/KarrotListKit/Event/List/DidEndDeceleratingEvent.swift (in target 'KarrotListKit' from project 'KarrotListKit')
SwiftCompile normal arm64 /Users/admin/builder/spi-builder-workspace/Sources/KarrotListKit/Event/Cell/DidSelectEvent.swift (in target 'KarrotListKit' from project 'KarrotListKit')
cd /Users/admin/builder/spi-builder-workspace/.swiftpm/xcode
builtin-SwiftPerFileCompile DidSelectEvent.swift
SwiftCompile normal arm64 /Users/admin/builder/spi-builder-workspace/Sources/KarrotListKit/Event/Cell/HighlightEvent.swift (in target 'KarrotListKit' from project 'KarrotListKit')
cd /Users/admin/builder/spi-builder-workspace/.swiftpm/xcode
builtin-SwiftPerFileCompile HighlightEvent.swift
SwiftCompile normal arm64 /Users/admin/builder/spi-builder-workspace/Sources/KarrotListKit/Event/List/DidEndDeceleratingEvent.swift (in target 'KarrotListKit' from project 'KarrotListKit')
cd /Users/admin/builder/spi-builder-workspace/.swiftpm/xcode
builtin-SwiftPerFileCompile DidEndDeceleratingEvent.swift
PruneExplicitPrecompiledModules /Users/admin/builder/spi-builder-workspace/.derivedData/Build/Intermediates.noindex/SwiftExplicitPrecompiledModules
PruneExplicitPrecompiledModules /Users/admin/builder/spi-builder-workspace/.derivedData/Build/Intermediates.noindex/ExplicitPrecompiledModules
PruneExplicitPrecompiledModules /Users/admin/builder/spi-builder-workspace/.derivedData/SDKExplicitPrecompiledModules
2026-09-22 21:39:10.193 xcodebuild[929:5398] [MT] IDERunDestination: Supported platforms for the buildables in the current scheme is empty.
** BUILD FAILED **
The following build commands failed:
SwiftCompile normal arm64 /Users/admin/builder/spi-builder-workspace/Sources/KarrotListKit/Adapter/CollectionViewAdapter.swift (in target 'KarrotListKit' from project 'KarrotListKit')
SwiftCompile normal arm64 Compiling\ CollectionViewAdapter.swift,\ CollectionViewAdapterConfiguration.swift /Users/admin/builder/spi-builder-workspace/Sources/KarrotListKit/Adapter/CollectionViewAdapter.swift /Users/admin/builder/spi-builder-workspace/Sources/KarrotListKit/Adapter/CollectionViewAdapterConfiguration.swift (in target 'KarrotListKit' from project 'KarrotListKit')
Building workspace KarrotListKit with scheme KarrotListKit
(3 failures)
BUILD FAILURE 6.4 tvOS