Build Information
Failed to build FocusNode, reference 2.0.2 (bfff75), with Swift 6.4 for macOS (Xcode) using Xcode 27.0 on 16 Sep 2026 05:05:32 UTC.
Build Command
env DEVELOPER_DIR=/Applications/Xcode-27.0.0-Release.Candidate.app xcrun xcodebuild -IDEClonedSourcePackagesDirPathOverride=$PWD/.dependencies -skipMacroValidation -skipPackagePluginValidation -derivedDataPath $PWD/.derivedData build -scheme FocusNode -destination platform=macOS,arch=arm64Build Log
========================================
RunAll
========================================
Builder version: 5.1.0
Interrupt handler set up.
========================================
Checkout
========================================
Clone URL: https://github.com/maxxfrazer/ARKit-FocusNode.git
Reference: 2.0.2
Initialized empty Git repository in /Users/admin/builder/spi-builder-workspace/.git/
From https://github.com/maxxfrazer/ARKit-FocusNode
* tag 2.0.2 -> FETCH_HEAD
HEAD is now at bfff754 v2.0.2, fix in podspec
Cloned https://github.com/maxxfrazer/ARKit-FocusNode.git
Revision (git rev-parse @):
bfff754f2940edba94d1e9734124dab6a03f819d
SUCCESS checkout https://github.com/maxxfrazer/ARKit-FocusNode.git at 2.0.2
========================================
Build
========================================
Selected platform: macosXcodebuild
Swift version: 6.4
Building package at path: $PWD
https://github.com/maxxfrazer/ARKit-FocusNode.git
Command line invocation:
/Applications/Xcode-27.0.0-Release.Candidate.app/Contents/Developer/usr/bin/xcodebuild -IDEClonedSourcePackagesDirPathOverride=/Users/admin/builder/spi-builder-workspace/.dependencies -resolvePackageDependencies
Resolve Package Graph
Fetching from https://github.com/maxxfrazer/ARKit-SmartHitTest
Creating working copy of package ‘ARKit-SmartHitTest’
Checking out 2.0.0 of package ‘ARKit-SmartHitTest’
Resolve Package Graph
Resolved source packages:
SmartHitTest: https://github.com/maxxfrazer/ARKit-SmartHitTest @ 2.0.0
FocusNode: /Users/admin/builder/spi-builder-workspace
resolved source packages: SmartHitTest, FocusNode
2026-09-16 01:04:37.162 xcodebuild[529:3050] [MT] IDERunDestination: Supported platforms for the buildables in the current scheme is empty.
{
"dependencies" : [
{
"identity" : "arkit-smarthittest",
"requirement" : {
"range" : [
{
"lower_bound" : "2.0.0",
"upper_bound" : "3.0.0"
}
]
},
"type" : "sourceControl",
"url" : "https://github.com/maxxfrazer/ARKit-SmartHitTest"
}
],
"manifest_display_name" : "FocusNode",
"name" : "FocusNode",
"path" : "/Users/admin/builder/spi-builder-workspace",
"platforms" : [
{
"name" : "ios",
"version" : "11.3"
}
],
"products" : [
{
"name" : "FocusNode",
"targets" : [
"FocusNode"
],
"type" : {
"library" : [
"automatic"
]
}
}
],
"swift_languages_versions" : [
"5"
],
"targets" : [
{
"c99name" : "FocusNode",
"module_type" : "SwiftTarget",
"name" : "FocusNode",
"path" : "Sources/FocusNode",
"product_dependencies" : [
"SmartHitTest"
],
"product_memberships" : [
"FocusNode"
],
"sources" : [
"FocusNode.swift",
"FocusPlane.swift",
"FocusSquare+Segment.swift",
"FocusSquare.swift",
"float4x4+Extension.swift"
],
"type" : "library"
}
],
"tools_version" : "5.0"
}
{
"workspace" : {
"name" : "FocusNode",
"schemes" : [
"FocusNode"
]
}
}
2026-09-16 01:05:18.351 xcodebuild[692:4364] [MT] IDERunDestination: Supported platforms for the buildables in the current scheme is empty.
Running build ...
env DEVELOPER_DIR=/Applications/Xcode-27.0.0-Release.Candidate.app xcrun xcodebuild -IDEClonedSourcePackagesDirPathOverride=$PWD/.dependencies -skipMacroValidation -skipPackagePluginValidation -derivedDataPath $PWD/.derivedData build -scheme FocusNode -destination platform=macOS,arch=arm64
Command line invocation:
/Applications/Xcode-27.0.0-Release.Candidate.app/Contents/Developer/usr/bin/xcodebuild -IDEClonedSourcePackagesDirPathOverride=/Users/admin/builder/spi-builder-workspace/.dependencies -skipMacroValidation -skipPackagePluginValidation -derivedDataPath /Users/admin/builder/spi-builder-workspace/.derivedData build -scheme FocusNode -destination platform=macOS,arch=arm64
Resolve Package Graph
Resolve Package Graph
Resolved source packages:
FocusNode: /Users/admin/builder/spi-builder-workspace
SmartHitTest: https://github.com/maxxfrazer/ARKit-SmartHitTest @ 2.0.0
ComputePackagePrebuildTargetDependencyGraph
Prepare packages
CreateBuildRequest
SendProjectDescription
CreateBuildOperation
ComputeTargetDependencyGraph
note: Building targets in dependency order
note: Target dependency graph (4 targets)
Target 'FocusNode-product' in project 'FocusNode'
➜ Explicit dependency on target 'FocusNode' in project 'FocusNode'
➜ Explicit dependency on target 'SmartHitTest-product' in project 'SmartHitTest'
Target 'FocusNode' in project 'FocusNode'
➜ Explicit dependency on target 'SmartHitTest-product' in project 'SmartHitTest'
Target 'SmartHitTest-product' in project 'SmartHitTest'
➜ Explicit dependency on target 'SmartHitTest' in project 'SmartHitTest'
Target 'SmartHitTest' in project 'SmartHitTest' (no dependencies)
GatherProvisioningInputs
CreateBuildDescription
ExecuteExternalTool /Applications/Xcode-27.0.0-Release.Candidate.app/Contents/Developer/Toolchains/XcodeDefault.xctoolchain/usr/bin/clang -v -E -dM -isysroot /Applications/Xcode-27.0.0-Release.Candidate.app/Contents/Developer/Platforms/MacOSX.platform/Developer/SDKs/MacOSX27.0.sdk -x c -c /dev/null
ExecuteExternalTool /Applications/Xcode-27.0.0-Release.Candidate.app/Contents/Developer/Toolchains/XcodeDefault.xctoolchain/usr/bin/swiftc --version
ExecuteExternalTool /Applications/Xcode-27.0.0-Release.Candidate.app/Contents/Developer/Toolchains/XcodeDefault.xctoolchain/usr/bin/ld -version_details
Build description signature: dba3f90029956259badadf32e6400f5f
Build description path: /Users/admin/builder/spi-builder-workspace/.derivedData/Build/Intermediates.noindex/XCBuildData/dba3f90029956259badadf32e6400f5f.xcbuilddata
CreateBuildDirectory /Users/admin/builder/spi-builder-workspace/.derivedData/ModuleCache.noindex
cd /Users/admin/builder/spi-builder-workspace/.swiftpm/xcode
builtin-create-build-directory /Users/admin/builder/spi-builder-workspace/.derivedData/ModuleCache.noindex
CreateBuildDirectory /Users/admin/builder/spi-builder-workspace/.derivedData/SDKExplicitPrecompiledModules
cd /Users/admin/builder/spi-builder-workspace/.swiftpm/xcode
builtin-create-build-directory /Users/admin/builder/spi-builder-workspace/.derivedData/SDKExplicitPrecompiledModules
CreateBuildDirectory /Users/admin/builder/spi-builder-workspace/.derivedData/CompilationCache.noindex
cd /Users/admin/builder/spi-builder-workspace/.swiftpm/xcode
builtin-create-build-directory /Users/admin/builder/spi-builder-workspace/.derivedData/CompilationCache.noindex
CreateBuildDirectory /Users/admin/builder/spi-builder-workspace/.derivedData/Build/Intermediates.noindex
cd /Users/admin/builder/spi-builder-workspace/.swiftpm/xcode
builtin-create-build-directory /Users/admin/builder/spi-builder-workspace/.derivedData/Build/Intermediates.noindex
CreateBuildDirectory /Users/admin/builder/spi-builder-workspace/.derivedData/Build/Products
cd /Users/admin/builder/spi-builder-workspace/.swiftpm/xcode
builtin-create-build-directory /Users/admin/builder/spi-builder-workspace/.derivedData/Build/Products
ClangStatCache /Applications/Xcode-27.0.0-Release.Candidate.app/Contents/Developer/Toolchains/XcodeDefault.xctoolchain/usr/bin/clang-stat-cache /Applications/Xcode-27.0.0-Release.Candidate.app/Contents/Developer/Platforms/MacOSX.platform/Developer/SDKs/MacOSX27.0.sdk /Users/admin/builder/spi-builder-workspace/.derivedData/SDKStatCaches.noindex/macosx27.0-26A425-e829b21a6f8c9b70876ba0858053c0446a22442a12e9d48fe1a705f55a1adfc4.sdkstatcache
cd /Users/admin/builder/spi-builder-workspace/.swiftpm/xcode
/Applications/Xcode-27.0.0-Release.Candidate.app/Contents/Developer/Toolchains/XcodeDefault.xctoolchain/usr/bin/clang-stat-cache /Applications/Xcode-27.0.0-Release.Candidate.app/Contents/Developer/Platforms/MacOSX.platform/Developer/SDKs/MacOSX27.0.sdk -o /Users/admin/builder/spi-builder-workspace/.derivedData/SDKStatCaches.noindex/macosx27.0-26A425-e829b21a6f8c9b70876ba0858053c0446a22442a12e9d48fe1a705f55a1adfc4.sdkstatcache
CreateBuildDirectory /Users/admin/builder/spi-builder-workspace/.derivedData/Build/Intermediates.noindex/SwiftExplicitPrecompiledModules
cd /Users/admin/builder/spi-builder-workspace/.swiftpm/xcode
builtin-create-build-directory /Users/admin/builder/spi-builder-workspace/.derivedData/Build/Intermediates.noindex/SwiftExplicitPrecompiledModules
CreateBuildDirectory /Users/admin/builder/spi-builder-workspace/.derivedData/Build/Intermediates.noindex/PrecompiledHeaders
cd /Users/admin/builder/spi-builder-workspace/.swiftpm/xcode
builtin-create-build-directory /Users/admin/builder/spi-builder-workspace/.derivedData/Build/Intermediates.noindex/PrecompiledHeaders
CreateBuildDirectory /Users/admin/builder/spi-builder-workspace/.derivedData/Build/Intermediates.noindex/ExplicitPrecompiledModules
cd /Users/admin/builder/spi-builder-workspace/.swiftpm/xcode
builtin-create-build-directory /Users/admin/builder/spi-builder-workspace/.derivedData/Build/Intermediates.noindex/ExplicitPrecompiledModules
CreateBuildDirectory /Users/admin/builder/spi-builder-workspace/.derivedData/Build/Intermediates.noindex/EagerLinkingTBDs/Debug
cd /Users/admin/builder/spi-builder-workspace/.swiftpm/xcode
builtin-create-build-directory /Users/admin/builder/spi-builder-workspace/.derivedData/Build/Intermediates.noindex/EagerLinkingTBDs/Debug
CreateBuildDirectory /Users/admin/builder/spi-builder-workspace/.derivedData/Build/Products/Debug
cd /Users/admin/builder/spi-builder-workspace/.swiftpm/xcode
builtin-create-build-directory /Users/admin/builder/spi-builder-workspace/.derivedData/Build/Products/Debug
CreateBuildDirectory /Users/admin/builder/spi-builder-workspace/.derivedData/Build/Products/Debug/PackageFrameworks
cd /Users/admin/builder/spi-builder-workspace/.swiftpm/xcode
builtin-create-build-directory /Users/admin/builder/spi-builder-workspace/.derivedData/Build/Products/Debug/PackageFrameworks
WriteAuxiliaryFile /Users/admin/builder/spi-builder-workspace/.derivedData/Build/Intermediates.noindex/SmartHitTest.build/Debug/SmartHitTest-t.build/SmartHitTest.modulemap (in target 'SmartHitTest' from project 'SmartHitTest')
cd /Users/admin/builder/spi-builder-workspace/.dependencies/checkouts/ARKit-SmartHitTest
write-file /Users/admin/builder/spi-builder-workspace/.derivedData/Build/Intermediates.noindex/SmartHitTest.build/Debug/SmartHitTest-t.build/SmartHitTest.modulemap
WriteAuxiliaryFile /Users/admin/builder/spi-builder-workspace/.derivedData/Build/Intermediates.noindex/SmartHitTest.build/Debug/SmartHitTest-t.build/SmartHitTest.DependencyStaticMetadataFileList (in target 'SmartHitTest' from project 'SmartHitTest')
cd /Users/admin/builder/spi-builder-workspace/.dependencies/checkouts/ARKit-SmartHitTest
write-file /Users/admin/builder/spi-builder-workspace/.derivedData/Build/Intermediates.noindex/SmartHitTest.build/Debug/SmartHitTest-t.build/SmartHitTest.DependencyStaticMetadataFileList
WriteAuxiliaryFile /Users/admin/builder/spi-builder-workspace/.derivedData/Build/Intermediates.noindex/SmartHitTest.build/Debug/SmartHitTest-t.build/SmartHitTest.DependencyMetadataFileList (in target 'SmartHitTest' from project 'SmartHitTest')
cd /Users/admin/builder/spi-builder-workspace/.dependencies/checkouts/ARKit-SmartHitTest
write-file /Users/admin/builder/spi-builder-workspace/.derivedData/Build/Intermediates.noindex/SmartHitTest.build/Debug/SmartHitTest-t.build/SmartHitTest.DependencyMetadataFileList
WriteAuxiliaryFile /Users/admin/builder/spi-builder-workspace/.derivedData/Build/Intermediates.noindex/SmartHitTest.build/Debug/SmartHitTest-t.build/Objects-normal/arm64/SmartHitTest-OutputFileMap.json (in target 'SmartHitTest' from project 'SmartHitTest')
cd /Users/admin/builder/spi-builder-workspace/.dependencies/checkouts/ARKit-SmartHitTest
write-file /Users/admin/builder/spi-builder-workspace/.derivedData/Build/Intermediates.noindex/SmartHitTest.build/Debug/SmartHitTest-t.build/Objects-normal/arm64/SmartHitTest-OutputFileMap.json
WriteAuxiliaryFile /Users/admin/builder/spi-builder-workspace/.derivedData/Build/Intermediates.noindex/SmartHitTest.build/Debug/SmartHitTest-t.build/Objects-normal/arm64/SmartHitTest_const_extract_protocols.json (in target 'SmartHitTest' from project 'SmartHitTest')
cd /Users/admin/builder/spi-builder-workspace/.dependencies/checkouts/ARKit-SmartHitTest
write-file /Users/admin/builder/spi-builder-workspace/.derivedData/Build/Intermediates.noindex/SmartHitTest.build/Debug/SmartHitTest-t.build/Objects-normal/arm64/SmartHitTest_const_extract_protocols.json
WriteAuxiliaryFile /Users/admin/builder/spi-builder-workspace/.derivedData/Build/Intermediates.noindex/SmartHitTest.build/Debug/SmartHitTest-t.build/Objects-normal/arm64/SmartHitTest.SwiftFileList (in target 'SmartHitTest' from project 'SmartHitTest')
cd /Users/admin/builder/spi-builder-workspace/.dependencies/checkouts/ARKit-SmartHitTest
write-file /Users/admin/builder/spi-builder-workspace/.derivedData/Build/Intermediates.noindex/SmartHitTest.build/Debug/SmartHitTest-t.build/Objects-normal/arm64/SmartHitTest.SwiftFileList
WriteAuxiliaryFile /Users/admin/builder/spi-builder-workspace/.derivedData/Build/Intermediates.noindex/SmartHitTest.build/Debug/SmartHitTest-t.build/Objects-normal/arm64/SmartHitTest.LinkFileList (in target 'SmartHitTest' from project 'SmartHitTest')
cd /Users/admin/builder/spi-builder-workspace/.dependencies/checkouts/ARKit-SmartHitTest
write-file /Users/admin/builder/spi-builder-workspace/.derivedData/Build/Intermediates.noindex/SmartHitTest.build/Debug/SmartHitTest-t.build/Objects-normal/arm64/SmartHitTest.LinkFileList
WriteAuxiliaryFile /Users/admin/builder/spi-builder-workspace/.derivedData/Build/Intermediates.noindex/SmartHitTest.build/Debug/SmartHitTest-t.build/Objects-normal/arm64/SmartHitTest.SwiftConstValuesFileList (in target 'SmartHitTest' from project 'SmartHitTest')
cd /Users/admin/builder/spi-builder-workspace/.dependencies/checkouts/ARKit-SmartHitTest
write-file /Users/admin/builder/spi-builder-workspace/.derivedData/Build/Intermediates.noindex/SmartHitTest.build/Debug/SmartHitTest-t.build/Objects-normal/arm64/SmartHitTest.SwiftConstValuesFileList
WriteAuxiliaryFile /Users/admin/builder/spi-builder-workspace/.derivedData/Build/Intermediates.noindex/FocusNode.build/Debug/FocusNode-t.build/Objects-normal/arm64/FocusNode.SwiftFileList (in target 'FocusNode' from project 'FocusNode')
cd /Users/admin/builder/spi-builder-workspace
write-file /Users/admin/builder/spi-builder-workspace/.derivedData/Build/Intermediates.noindex/FocusNode.build/Debug/FocusNode-t.build/Objects-normal/arm64/FocusNode.SwiftFileList
WriteAuxiliaryFile /Users/admin/builder/spi-builder-workspace/.derivedData/Build/Intermediates.noindex/FocusNode.build/Debug/FocusNode-t.build/Objects-normal/arm64/FocusNode_const_extract_protocols.json (in target 'FocusNode' from project 'FocusNode')
cd /Users/admin/builder/spi-builder-workspace
write-file /Users/admin/builder/spi-builder-workspace/.derivedData/Build/Intermediates.noindex/FocusNode.build/Debug/FocusNode-t.build/Objects-normal/arm64/FocusNode_const_extract_protocols.json
WriteAuxiliaryFile /Users/admin/builder/spi-builder-workspace/.derivedData/Build/Intermediates.noindex/FocusNode.build/Debug/FocusNode-t.build/Objects-normal/arm64/FocusNode.SwiftConstValuesFileList (in target 'FocusNode' from project 'FocusNode')
cd /Users/admin/builder/spi-builder-workspace
write-file /Users/admin/builder/spi-builder-workspace/.derivedData/Build/Intermediates.noindex/FocusNode.build/Debug/FocusNode-t.build/Objects-normal/arm64/FocusNode.SwiftConstValuesFileList
WriteAuxiliaryFile /Users/admin/builder/spi-builder-workspace/.derivedData/Build/Intermediates.noindex/FocusNode.build/Debug/FocusNode-t.build/Objects-normal/arm64/FocusNode.LinkFileList (in target 'FocusNode' from project 'FocusNode')
cd /Users/admin/builder/spi-builder-workspace
write-file /Users/admin/builder/spi-builder-workspace/.derivedData/Build/Intermediates.noindex/FocusNode.build/Debug/FocusNode-t.build/Objects-normal/arm64/FocusNode.LinkFileList
WriteAuxiliaryFile /Users/admin/builder/spi-builder-workspace/.derivedData/Build/Intermediates.noindex/FocusNode.build/Debug/FocusNode-t.build/Objects-normal/arm64/FocusNode-OutputFileMap.json (in target 'FocusNode' from project 'FocusNode')
cd /Users/admin/builder/spi-builder-workspace
write-file /Users/admin/builder/spi-builder-workspace/.derivedData/Build/Intermediates.noindex/FocusNode.build/Debug/FocusNode-t.build/Objects-normal/arm64/FocusNode-OutputFileMap.json
Copy /Users/admin/builder/spi-builder-workspace/.derivedData/Build/Intermediates.noindex/GeneratedModuleMaps/SmartHitTest.modulemap /Users/admin/builder/spi-builder-workspace/.derivedData/Build/Intermediates.noindex/SmartHitTest.build/Debug/SmartHitTest-t.build/SmartHitTest.modulemap (in target 'SmartHitTest' from project 'SmartHitTest')
cd /Users/admin/builder/spi-builder-workspace/.dependencies/checkouts/ARKit-SmartHitTest
builtin-copy -exclude .DS_Store -exclude CVS -exclude .svn -exclude .git -exclude .hg -resolve-src-symlinks /Users/admin/builder/spi-builder-workspace/.derivedData/Build/Intermediates.noindex/SmartHitTest.build/Debug/SmartHitTest-t.build/SmartHitTest.modulemap /Users/admin/builder/spi-builder-workspace/.derivedData/Build/Intermediates.noindex/GeneratedModuleMaps
WriteAuxiliaryFile /Users/admin/builder/spi-builder-workspace/.derivedData/Build/Intermediates.noindex/FocusNode.build/Debug/FocusNode-t.build/FocusNode.modulemap (in target 'FocusNode' from project 'FocusNode')
cd /Users/admin/builder/spi-builder-workspace
write-file /Users/admin/builder/spi-builder-workspace/.derivedData/Build/Intermediates.noindex/FocusNode.build/Debug/FocusNode-t.build/FocusNode.modulemap
WriteAuxiliaryFile /Users/admin/builder/spi-builder-workspace/.derivedData/Build/Intermediates.noindex/FocusNode.build/Debug/FocusNode-t.build/FocusNode.DependencyStaticMetadataFileList (in target 'FocusNode' from project 'FocusNode')
cd /Users/admin/builder/spi-builder-workspace
write-file /Users/admin/builder/spi-builder-workspace/.derivedData/Build/Intermediates.noindex/FocusNode.build/Debug/FocusNode-t.build/FocusNode.DependencyStaticMetadataFileList
WriteAuxiliaryFile /Users/admin/builder/spi-builder-workspace/.derivedData/Build/Intermediates.noindex/FocusNode.build/Debug/FocusNode-t.build/FocusNode.DependencyMetadataFileList (in target 'FocusNode' from project 'FocusNode')
cd /Users/admin/builder/spi-builder-workspace
write-file /Users/admin/builder/spi-builder-workspace/.derivedData/Build/Intermediates.noindex/FocusNode.build/Debug/FocusNode-t.build/FocusNode.DependencyMetadataFileList
Copy /Users/admin/builder/spi-builder-workspace/.derivedData/Build/Intermediates.noindex/GeneratedModuleMaps/FocusNode.modulemap /Users/admin/builder/spi-builder-workspace/.derivedData/Build/Intermediates.noindex/FocusNode.build/Debug/FocusNode-t.build/FocusNode.modulemap (in target 'FocusNode' from project 'FocusNode')
cd /Users/admin/builder/spi-builder-workspace
builtin-copy -exclude .DS_Store -exclude CVS -exclude .svn -exclude .git -exclude .hg -resolve-src-symlinks /Users/admin/builder/spi-builder-workspace/.derivedData/Build/Intermediates.noindex/FocusNode.build/Debug/FocusNode-t.build/FocusNode.modulemap /Users/admin/builder/spi-builder-workspace/.derivedData/Build/Intermediates.noindex/GeneratedModuleMaps
SwiftDriver SmartHitTest normal arm64 com.apple.xcode.tools.swift.compiler (in target 'SmartHitTest' from project 'SmartHitTest')
cd /Users/admin/builder/spi-builder-workspace/.swiftpm/xcode
builtin-SwiftDriver -- /Applications/Xcode-27.0.0-Release.Candidate.app/Contents/Developer/Toolchains/XcodeDefault.xctoolchain/usr/bin/swiftc -parse-as-library -module-name SmartHitTest -Onone @/Users/admin/builder/spi-builder-workspace/.derivedData/Build/Intermediates.noindex/SmartHitTest.build/Debug/SmartHitTest-t.build/Objects-normal/arm64/SmartHitTest.SwiftFileList -DSWIFT_PACKAGE -DDEBUG -DSWIFT_MODULE_RESOURCE_BUNDLE_UNAVAILABLE -DXcode -plugin-path /Applications/Xcode-27.0.0-Release.Candidate.app/Contents/Developer/Toolchains/XcodeDefault.xctoolchain/usr/lib/swift/host/plugins/testing -enable-experimental-feature DebugDescriptionMacro -sdk /Applications/Xcode-27.0.0-Release.Candidate.app/Contents/Developer/Platforms/MacOSX.platform/Developer/SDKs/MacOSX27.0.sdk -target arm64-apple-macos12.0 -g -module-cache-path /Users/admin/builder/spi-builder-workspace/.derivedData/ModuleCache.noindex -Xfrontend -serialize-debugging-options -enable-testing -suppress-warnings -index-store-path /Users/admin/builder/spi-builder-workspace/.derivedData/Index.noindex/DataStore -Xcc -D_LIBCPP_HARDENING_MODE\=_LIBCPP_HARDENING_MODE_DEBUG -swift-version 5 -I /Users/admin/builder/spi-builder-workspace/.derivedData/Build/Products/Debug -Isystem /Applications/Xcode-27.0.0-Release.Candidate.app/Contents/Developer/Platforms/MacOSX.platform/Developer/usr/lib -F /Users/admin/builder/spi-builder-workspace/.derivedData/Build/Products/Debug -F /Applications/Xcode-27.0.0-Release.Candidate.app/Contents/Developer/Platforms/MacOSX.platform/Developer/Library/Frameworks -c -j10 -enable-batch-mode -incremental -Xcc -ivfsstatcache -Xcc /Users/admin/builder/spi-builder-workspace/.derivedData/SDKStatCaches.noindex/macosx27.0-26A425-e829b21a6f8c9b70876ba0858053c0446a22442a12e9d48fe1a705f55a1adfc4.sdkstatcache -output-file-map /Users/admin/builder/spi-builder-workspace/.derivedData/Build/Intermediates.noindex/SmartHitTest.build/Debug/SmartHitTest-t.build/Objects-normal/arm64/SmartHitTest-OutputFileMap.json -save-temps -no-color-diagnostics -explicit-module-build -module-cache-path /Users/admin/builder/spi-builder-workspace/.derivedData/Build/Intermediates.noindex/SwiftExplicitPrecompiledModules -clang-scanner-module-cache-path /Users/admin/builder/spi-builder-workspace/.derivedData/ModuleCache.noindex -sdk-module-cache-path /Users/admin/builder/spi-builder-workspace/.derivedData/SDKExplicitPrecompiledModules -emit-dependencies -emit-module -emit-module-path /Users/admin/builder/spi-builder-workspace/.derivedData/Build/Intermediates.noindex/SmartHitTest.build/Debug/SmartHitTest-t.build/Objects-normal/arm64/SmartHitTest.swiftmodule -serialize-diagnostics -dependency-scan-serialize-diagnostics-path /Users/admin/builder/spi-builder-workspace/.derivedData/Build/Intermediates.noindex/SmartHitTest.build/Debug/SmartHitTest-t.build/Objects-normal/arm64/SmartHitTest-dependency-scan.dia -validate-clang-modules-once -clang-build-session-file /Users/admin/builder/spi-builder-workspace/.derivedData/ModuleCache.noindex/Session.modulevalidation -Xcc -fmodules-prune-interval\=86400 -Xcc -fmodules-prune-after\=345600 -emit-const-values -const-gather-protocols-list /Users/admin/builder/spi-builder-workspace/.derivedData/Build/Intermediates.noindex/SmartHitTest.build/Debug/SmartHitTest-t.build/Objects-normal/arm64/SmartHitTest_const_extract_protocols.json -Xcc -I/Users/admin/builder/spi-builder-workspace/.derivedData/Build/Products/Debug/include -Xcc -I/Users/admin/builder/spi-builder-workspace/.derivedData/Build/Intermediates.noindex/SmartHitTest.build/Debug/SmartHitTest-t.build/DerivedSources-normal/arm64 -Xcc -I/Users/admin/builder/spi-builder-workspace/.derivedData/Build/Intermediates.noindex/SmartHitTest.build/Debug/SmartHitTest-t.build/DerivedSources/arm64 -Xcc -I/Users/admin/builder/spi-builder-workspace/.derivedData/Build/Intermediates.noindex/SmartHitTest.build/Debug/SmartHitTest-t.build/DerivedSources -Xcc -DSWIFT_PACKAGE -Xcc -DDEBUG\=1 -emit-objc-header -emit-objc-header-path /Users/admin/builder/spi-builder-workspace/.derivedData/Build/Intermediates.noindex/SmartHitTest.build/Debug/SmartHitTest-t.build/Objects-normal/arm64/SmartHitTest-Swift.h -working-directory /Users/admin/builder/spi-builder-workspace/.swiftpm/xcode -experimental-emit-module-separately -disable-cmo
SwiftExplicitDependencyGeneratePcm arm64 /Users/admin/builder/spi-builder-workspace/.derivedData/SDKExplicitPrecompiledModules/_Builtin_stdbool-KYV2HKP8IKLKMKQS9DGA2GUQ.pcm
SwiftExplicitDependencyGeneratePcm arm64 /Users/admin/builder/spi-builder-workspace/.derivedData/SDKExplicitPrecompiledModules/_Builtin_stddef-3GI9GOKXSW3QCTFOI1USFLDZO.pcm
SwiftExplicitDependencyGeneratePcm arm64 /Users/admin/builder/spi-builder-workspace/.derivedData/SDKExplicitPrecompiledModules/DeveloperToolsSupport-13SNQ6N57G3DOS3KQA7V91OE7.pcm
SwiftExplicitDependencyGeneratePcm arm64 /Users/admin/builder/spi-builder-workspace/.derivedData/SDKExplicitPrecompiledModules/ptrauth-2W92ZJRLNJU99RJUQGGJG3OC3.pcm
SwiftExplicitDependencyGeneratePcm arm64 /Users/admin/builder/spi-builder-workspace/.derivedData/SDKExplicitPrecompiledModules/_SwiftConcurrencyShims-BLUUWKI6AGMD7TJ4RGYS7DP6T.pcm
SwiftExplicitDependencyGeneratePcm arm64 /Users/admin/builder/spi-builder-workspace/.derivedData/SDKExplicitPrecompiledModules/_AvailabilityInternal-CJTV5E7EL3MWRA437DUFPBVN2.pcm
SwiftExplicitDependencyGeneratePcm arm64 /Users/admin/builder/spi-builder-workspace/.derivedData/SDKExplicitPrecompiledModules/_Builtin_stdarg-7CFWA9OSW5N24E7PG4ZOCF1VH.pcm
SwiftExplicitDependencyGeneratePcm arm64 /Users/admin/builder/spi-builder-workspace/.derivedData/SDKExplicitPrecompiledModules/_Builtin_float-105CRCDRP90FQCQO5ZX1LHV7H.pcm
SwiftExplicitDependencyGeneratePcm arm64 /Users/admin/builder/spi-builder-workspace/.derivedData/SDKExplicitPrecompiledModules/ptrcheck-DHLCBWKPNUZOYTPJ1J3QVTCXK.pcm
SwiftExplicitDependencyGeneratePcm arm64 /Users/admin/builder/spi-builder-workspace/.derivedData/SDKExplicitPrecompiledModules/SwiftShims-C4V0DQ62WSTCYBYGILXXGQNO3.pcm
SwiftExplicitDependencyGeneratePcm arm64 /Users/admin/builder/spi-builder-workspace/.derivedData/SDKExplicitPrecompiledModules/_DarwinFoundation1-7PRJIG163YE9KSKYA3BS35ZZP.pcm
SwiftExplicitDependencyGeneratePcm arm64 /Users/admin/builder/spi-builder-workspace/.derivedData/SDKExplicitPrecompiledModules/_DarwinFoundation2-94WUUGE4H5R03OWXE0QFZX1DN.pcm
SwiftExplicitDependencyGeneratePcm arm64 /Users/admin/builder/spi-builder-workspace/.derivedData/SDKExplicitPrecompiledModules/_Builtin_limits-AXGUGXBFPC0I7QDLJFB0K341Y.pcm
SwiftExplicitDependencyGeneratePcm arm64 /Users/admin/builder/spi-builder-workspace/.derivedData/SDKExplicitPrecompiledModules/string_h-10WPXBF3YFYMX5HUAW06LSABR.pcm
SwiftExplicitDependencyGeneratePcm arm64 /Users/admin/builder/spi-builder-workspace/.derivedData/SDKExplicitPrecompiledModules/_Builtin_tgmath-52XE6HC8DWOG6S7B5QAI046D1.pcm
SwiftExplicitDependencyGeneratePcm arm64 /Users/admin/builder/spi-builder-workspace/.derivedData/SDKExplicitPrecompiledModules/_Builtin_stdint-22CBBOK8BNSF0UELDCAXSHGB.pcm
SwiftExplicitDependencyGeneratePcm arm64 /Users/admin/builder/spi-builder-workspace/.derivedData/SDKExplicitPrecompiledModules/sys_types-F4RNCN6UR5R5OWTLTOUM7TN3E.pcm
SwiftExplicitDependencyGeneratePcm arm64 /Users/admin/builder/spi-builder-workspace/.derivedData/SDKExplicitPrecompiledModules/_Builtin_stdatomic-8LN7S35C6I48KJOCW7VPXX04X.pcm
SwiftExplicitDependencyGeneratePcm arm64 /Users/admin/builder/spi-builder-workspace/.derivedData/SDKExplicitPrecompiledModules/_Builtin_intrinsics-4O6R03GTH5FLWSHEUBP0Z3GZ2.pcm
SwiftExplicitDependencyGeneratePcm arm64 /Users/admin/builder/spi-builder-workspace/.derivedData/SDKExplicitPrecompiledModules/_DarwinFoundation3-32PO5Q4RCB6WXH5VFO3HA3AVS.pcm
SwiftExplicitDependencyGeneratePcm arm64 /Users/admin/builder/spi-builder-workspace/.derivedData/SDKExplicitPrecompiledModules/libDER-5RCYOD0PCUUY2UGMBNE9LI8N9.pcm
SwiftExplicitDependencyGeneratePcm arm64 /Users/admin/builder/spi-builder-workspace/.derivedData/SDKExplicitPrecompiledModules/_Builtin_inttypes-1U6AP9A8AJ4G9WD98E9RHLGTJ.pcm
SwiftExplicitDependencyGeneratePcm arm64 /Users/admin/builder/spi-builder-workspace/.derivedData/SDKExplicitPrecompiledModules/Darwin-1RAAWNGKQM8YGHV0YJNNN5YDY.pcm
SwiftExplicitDependencyGeneratePcm arm64 /Users/admin/builder/spi-builder-workspace/.derivedData/SDKExplicitPrecompiledModules/simd-A9TKR8OE9APRJ1RNS7F0OBY4Q.pcm
SwiftExplicitDependencyGeneratePcm arm64 /Users/admin/builder/spi-builder-workspace/.derivedData/SDKExplicitPrecompiledModules/MachO-AWTJ65TFR7TMST2NUE6ZCC1SL.pcm
SwiftExplicitDependencyGeneratePcm arm64 /Users/admin/builder/spi-builder-workspace/.derivedData/SDKExplicitPrecompiledModules/launch-2XAORMJNLLVS0OVKC1M0752GY.pcm
SwiftExplicitDependencyGeneratePcm arm64 /Users/admin/builder/spi-builder-workspace/.derivedData/SDKExplicitPrecompiledModules/libkern-22MDXN9G35RPO3OLKX9B2PN16.pcm
SwiftExplicitDependencyGeneratePcm arm64 /Users/admin/builder/spi-builder-workspace/.derivedData/SDKExplicitPrecompiledModules/CUPS-45MNISAOHSEBD6VQA5G0MXN9H.pcm
SwiftExplicitDependencyGeneratePcm arm64 /Users/admin/builder/spi-builder-workspace/.derivedData/SDKExplicitPrecompiledModules/ObjectiveC-B89IQP2TC4CFSWOUMTUZRI1VZ.pcm
SwiftExplicitDependencyGeneratePcm arm64 /Users/admin/builder/spi-builder-workspace/.derivedData/SDKExplicitPrecompiledModules/Spatial-2JNOU2HNJ0Q174XCFCD0GCOUQ.pcm
SwiftExplicitDependencyGeneratePcm arm64 /Users/admin/builder/spi-builder-workspace/.derivedData/SDKExplicitPrecompiledModules/os_object-3KLCCI03OX6OQTLJ92KQH2KIO.pcm
SwiftExplicitDependencyGeneratePcm arm64 /Users/admin/builder/spi-builder-workspace/.derivedData/SDKExplicitPrecompiledModules/os_workgroup-10SJ5M8R2OB4BG1TPFL9SZMKV.pcm
SwiftExplicitDependencyGeneratePcm arm64 /Users/admin/builder/spi-builder-workspace/.derivedData/SDKExplicitPrecompiledModules/Dispatch-NAMWF9KN29KC7Z5OS3TTTAE8.pcm
SwiftExplicitDependencyGeneratePcm arm64 /Users/admin/builder/spi-builder-workspace/.derivedData/SDKExplicitPrecompiledModules/CoreFoundation-4ZIITQ30SOGUQE8KJAB99ZV0Q.pcm
SwiftExplicitDependencyGeneratePcm arm64 /Users/admin/builder/spi-builder-workspace/.derivedData/SDKExplicitPrecompiledModules/dnssd-5V92N9LLMCLZ0RRCJ1W0WH553.pcm
SwiftExplicitDependencyGeneratePcm arm64 /Users/admin/builder/spi-builder-workspace/.derivedData/SDKExplicitPrecompiledModules/XPC-E1MSAZG4ZNL24S2WK6K6Y7GWW.pcm
SwiftExplicitDependencyGeneratePcm arm64 /Users/admin/builder/spi-builder-workspace/.derivedData/SDKExplicitPrecompiledModules/os-BYOEVK2GEMB4Q8WWHGZGREA00.pcm
SwiftExplicitDependencyGeneratePcm arm64 /Users/admin/builder/spi-builder-workspace/.derivedData/SDKExplicitPrecompiledModules/ColorSync-BBCIZDDQ6O3QECFAWJQ6RU4ZJ.pcm
SwiftExplicitDependencyGeneratePcm arm64 /Users/admin/builder/spi-builder-workspace/.derivedData/SDKExplicitPrecompiledModules/IOKit-6H3X691EDBH124EYTC2PEOP5T.pcm
SwiftExplicitDependencyGeneratePcm arm64 /Users/admin/builder/spi-builder-workspace/.derivedData/SDKExplicitPrecompiledModules/Security-ESPJ7FP0YAY1EL3VXBGY9MCZ8.pcm
SwiftExplicitDependencyGeneratePcm arm64 /Users/admin/builder/spi-builder-workspace/.derivedData/SDKExplicitPrecompiledModules/CFNetwork-CVHS5CT20191MFYXQIEDWSRGJ.pcm
SwiftExplicitDependencyGeneratePcm arm64 /Users/admin/builder/spi-builder-workspace/.derivedData/SDKExplicitPrecompiledModules/DiskArbitration-ZNZZU7T0SYELB0DAR56WQF0R.pcm
SwiftExplicitDependencyGeneratePcm arm64 /Users/admin/builder/spi-builder-workspace/.derivedData/SDKExplicitPrecompiledModules/CoreGraphics-5TRMNDB7ZP6FFMRNSZCWEOZMD.pcm
SwiftExplicitDependencyGeneratePcm arm64 /Users/admin/builder/spi-builder-workspace/.derivedData/SDKExplicitPrecompiledModules/CoreServices-CGCGY0FOMEQGSNMO3HQSC09XU.pcm
SwiftExplicitDependencyGeneratePcm arm64 /Users/admin/builder/spi-builder-workspace/.derivedData/SDKExplicitPrecompiledModules/CoreText-C1WSF2HWGIKVJ2XHWBKXQBSEY.pcm
SwiftExplicitDependencyGeneratePcm arm64 /Users/admin/builder/spi-builder-workspace/.derivedData/SDKExplicitPrecompiledModules/ImageIO-88YNP2EU498GB5YXIFJ9ANNYW.pcm
SwiftExplicitDependencyGeneratePcm arm64 /Users/admin/builder/spi-builder-workspace/.derivedData/SDKExplicitPrecompiledModules/Foundation-44WR0NU86C67CV5BW8W1MGKNG.pcm
SwiftExplicitDependencyGeneratePcm arm64 /Users/admin/builder/spi-builder-workspace/.derivedData/SDKExplicitPrecompiledModules/Accessibility-6F38G4T85MOHD9AA2EH4U2PJS.pcm
SwiftExplicitDependencyGeneratePcm arm64 /Users/admin/builder/spi-builder-workspace/.derivedData/SDKExplicitPrecompiledModules/ApplicationServices-ALXSS633FQY42UMJSLR6MNLSK.pcm
SwiftExplicitDependencyGeneratePcm arm64 /Users/admin/builder/spi-builder-workspace/.derivedData/SDKExplicitPrecompiledModules/OSLog-1GSRGGGEESVJH9OULZA91RAA3.pcm
SwiftExplicitDependencyGeneratePcm arm64 /Users/admin/builder/spi-builder-workspace/.derivedData/SDKExplicitPrecompiledModules/Symbols-2NFSQR6R0R96WH1KKGBXW1J.pcm
SwiftExplicitDependencyGeneratePcm arm64 /Users/admin/builder/spi-builder-workspace/.derivedData/SDKExplicitPrecompiledModules/CoreTransferable-2HJ1Z8HJBPECRD89AVJ0X7S63.pcm
SwiftExplicitDependencyGeneratePcm arm64 /Users/admin/builder/spi-builder-workspace/.derivedData/SDKExplicitPrecompiledModules/Network-DNJ6CH9B8OJ51G462QPX58B5X.pcm
SwiftExplicitDependencyGeneratePcm arm64 /Users/admin/builder/spi-builder-workspace/.derivedData/SDKExplicitPrecompiledModules/CoreData-4EPJ39F9L3QQ9486B5AMG5G6J.pcm
SwiftExplicitDependencyGeneratePcm arm64 /Users/admin/builder/spi-builder-workspace/.derivedData/SDKExplicitPrecompiledModules/IOSurface-1TUG4NQVIPJF59WSUNATZ447F.pcm
SwiftExplicitDependencyGeneratePcm arm64 /Users/admin/builder/spi-builder-workspace/.derivedData/SDKExplicitPrecompiledModules/UniformTypeIdentifiers-5LG8RE3Q01MBLZVRR3FFHHL5H.pcm
SwiftExplicitDependencyGeneratePcm arm64 /Users/admin/builder/spi-builder-workspace/.derivedData/SDKExplicitPrecompiledModules/DataDetection-5GDUUWT6YIA10PE5D9A8SXWZ9.pcm
SwiftExplicitDependencyGeneratePcm arm64 /Users/admin/builder/spi-builder-workspace/.derivedData/SDKExplicitPrecompiledModules/Metal-KM8CI04R5X5OUWMGRMNZE4KP.pcm
SwiftExplicitDependencyGeneratePcm arm64 /Users/admin/builder/spi-builder-workspace/.derivedData/SDKExplicitPrecompiledModules/OpenGL-FXV81CD8YS42YTVJKJH1VLGA.pcm
SwiftExplicitDependencyGeneratePcm arm64 /Users/admin/builder/spi-builder-workspace/.derivedData/SDKExplicitPrecompiledModules/CoreVideo-11TKSDKW0L2K02H4B9ZHWLM3B.pcm
SwiftExplicitDependencyGeneratePcm arm64 /Users/admin/builder/spi-builder-workspace/.derivedData/SDKExplicitPrecompiledModules/CoreImage-AKYY8VSFWQ6KIIXG3EQJ7PW5T.pcm
SwiftExplicitDependencyGeneratePcm arm64 /Users/admin/builder/spi-builder-workspace/.derivedData/SDKExplicitPrecompiledModules/ARKitCore-3YKSQ4CCFXZ8A2ZW15N4CNIGZ.pcm
SwiftExplicitDependencyGeneratePcm arm64 /Users/admin/builder/spi-builder-workspace/.derivedData/SDKExplicitPrecompiledModules/QuartzCore-AP21NXF3BYPWOG416U3DI6QME.pcm
SwiftExplicitDependencyGeneratePcm arm64 /Users/admin/builder/spi-builder-workspace/.derivedData/SDKExplicitPrecompiledModules/SwiftUICore-ESLJM4CVIQEQNCRTK6KPAF1I7.pcm
SwiftExplicitDependencyGeneratePcm arm64 /Users/admin/builder/spi-builder-workspace/.derivedData/SDKExplicitPrecompiledModules/ARKit-3UWYGIG8TC9ANFAYXP1JPJ5L3.pcm
SwiftExplicitDependencyGeneratePcm arm64 /Users/admin/builder/spi-builder-workspace/.derivedData/SDKExplicitPrecompiledModules/AppKit-C2WRQ26QXORUMMNQB0M8H4QYD.pcm
SwiftExplicitDependencyGeneratePcm arm64 /Users/admin/builder/spi-builder-workspace/.derivedData/SDKExplicitPrecompiledModules/GameController-E0DUYP067ZB6S721ZCOW2XBCS.pcm
SwiftEmitModule normal arm64 Emitting\ module\ for\ SmartHitTest (in target 'SmartHitTest' from project 'SmartHitTest')
/Users/admin/builder/spi-builder-workspace/.dependencies/checkouts/ARKit-SmartHitTest/Sources/SmartHitTest/SmartHitTest.swift:12:44: error: cannot find type 'UIView' in scope
10 |
11 | /// It's recommended to use either ARSCNView or ARView when using this protocol
12 | public protocol ARSmartHitTest where Self: UIView {
| `- error: cannot find type 'UIView' in scope
13 |
14 | /// This hitTest function deifnition is provided with both ARSCNView (SceneKit) and ARView (RealityKit)
/Users/admin/builder/spi-builder-workspace/.dependencies/checkouts/ARKit-SmartHitTest/Sources/SmartHitTest/SmartHitTest.swift:17:73: error: cannot find type 'ARHitTestResult' in scope
15 | /// - Parameter point: A point in the view’s coordinate system.
16 | /// - Parameter types: The hit test search type to look for.
17 | func hitTest(_ point: CGPoint, types: ARHitTestResult.ResultType) -> [ARHitTestResult]
| `- error: cannot find type 'ARHitTestResult' in scope
18 | }
19 |
/Users/admin/builder/spi-builder-workspace/.dependencies/checkouts/ARKit-SmartHitTest/Sources/SmartHitTest/SmartHitTest.swift:17:41: error: cannot find type 'ARHitTestResult' in scope
15 | /// - Parameter point: A point in the view’s coordinate system.
16 | /// - Parameter types: The hit test search type to look for.
17 | func hitTest(_ point: CGPoint, types: ARHitTestResult.ResultType) -> [ARHitTestResult]
| `- error: cannot find type 'ARHitTestResult' in scope
18 | }
19 |
/Users/admin/builder/spi-builder-workspace/.dependencies/checkouts/ARKit-SmartHitTest/Sources/SmartHitTest/SmartHitTest.swift:33:10: error: cannot find type 'ARHitTestResult' in scope
31 | _ point: CGPoint? = nil, infinitePlane: Bool = false, objectPosition: SIMD3<Float>? = nil,
32 | allowedAlignments: [ARPlaneAnchor.Alignment] = []
33 | ) -> ARHitTestResult? {
| `- error: cannot find type 'ARHitTestResult' in scope
34 | var alignments = allowedAlignments
35 | var resultTypes: ARHitTestResult.ResultType = []
/Users/admin/builder/spi-builder-workspace/.dependencies/checkouts/ARKit-SmartHitTest/Sources/SmartHitTest/SmartHitTest.swift:32:25: error: cannot find type 'ARPlaneAnchor' in scope
30 | func smartHitTest(
31 | _ point: CGPoint? = nil, infinitePlane: Bool = false, objectPosition: SIMD3<Float>? = nil,
32 | allowedAlignments: [ARPlaneAnchor.Alignment] = []
| `- error: cannot find type 'ARPlaneAnchor' in scope
33 | ) -> ARHitTestResult? {
34 | var alignments = allowedAlignments
/Users/admin/builder/spi-builder-workspace/.dependencies/checkouts/ARKit-SmartHitTest/Sources/SmartHitTest/SmartHitTest.swift:95:10: error: cannot find type 'ARHitTestResult' in scope
93 | allowedAlignments: [ARPlaneAnchor.Alignment],
94 | results: [ARHitTestResult]
95 | ) -> ARHitTestResult? {
| `- error: cannot find type 'ARHitTestResult' in scope
96 | // 3. As a final fallback, check for a result on estimated planes.
97 | var vResult: ARHitTestResult? = nil
/Users/admin/builder/spi-builder-workspace/.dependencies/checkouts/ARKit-SmartHitTest/Sources/SmartHitTest/SmartHitTest.swift:93:25: error: cannot find type 'ARPlaneAnchor' in scope
91 |
92 | func smartHitTestFallback(
93 | allowedAlignments: [ARPlaneAnchor.Alignment],
| `- error: cannot find type 'ARPlaneAnchor' in scope
94 | results: [ARHitTestResult]
95 | ) -> ARHitTestResult? {
/Users/admin/builder/spi-builder-workspace/.dependencies/checkouts/ARKit-SmartHitTest/Sources/SmartHitTest/SmartHitTest.swift:94:15: error: cannot find type 'ARHitTestResult' in scope
92 | func smartHitTestFallback(
93 | allowedAlignments: [ARPlaneAnchor.Alignment],
94 | results: [ARHitTestResult]
| `- error: cannot find type 'ARHitTestResult' in scope
95 | ) -> ARHitTestResult? {
96 | // 3. As a final fallback, check for a result on estimated planes.
Failed frontend command:
SwiftCompile normal arm64 (in target 'SmartHitTest' from project 'SmartHitTest')
cd /Users/admin/builder/spi-builder-workspace/.swiftpm/xcode
/Applications/Xcode-27.0.0-Release.Candidate.app/Contents/Developer/Toolchains/XcodeDefault.xctoolchain/usr/bin/swift-frontend -frontend -emit-module -experimental-skip-non-inlinable-function-bodies-without-types /Users/admin/builder/spi-builder-workspace/.dependencies/checkouts/ARKit-SmartHitTest/Sources/SmartHitTest/SmartHitTest.swift -target arm64-apple-macos12.0 -disable-cross-import-overlay-search -swift-module-cross-import ARKit /Applications/Xcode-27.0.0-Release.Candidate.app/Contents/Developer/Platforms/MacOSX.platform/Developer/SDKs/MacOSX.sdk/System/Library/Frameworks/ARKit.framework/Modules/ARKit.swiftcrossimport/SwiftUI.swiftoverlay -load-resolved-plugin /Applications/Xcode-27.0.0-Release.Candidate.app/Contents/Developer/Platforms/MacOSX.platform/Developer/usr/lib/swift/host/plugins/libFoundationMacros.dylib\#/Applications/Xcode-27.0.0-Release.Candidate.app/Contents/Developer/Platforms/MacOSX.platform/Developer/usr/bin/swift-plugin-server\#FoundationMacros -load-resolved-plugin /Applications/Xcode-27.0.0-Release.Candidate.app/Contents/Developer/Platforms/MacOSX.platform/Developer/usr/lib/swift/host/plugins/libObservationMacros.dylib\#/Applications/Xcode-27.0.0-Release.Candidate.app/Contents/Developer/Platforms/MacOSX.platform/Developer/usr/bin/swift-plugin-server\#ObservationMacros -load-resolved-plugin /Applications/Xcode-27.0.0-Release.Candidate.app/Contents/Developer/Platforms/MacOSX.platform/Developer/usr/lib/swift/host/plugins/libPreviewsMacros.dylib\#/Applications/Xcode-27.0.0-Release.Candidate.app/Contents/Developer/Platforms/MacOSX.platform/Developer/usr/bin/swift-plugin-server\#PreviewsMacros -load-resolved-plugin /Applications/Xcode-27.0.0-Release.Candidate.app/Contents/Developer/Platforms/MacOSX.platform/Developer/usr/lib/swift/host/plugins/libSwiftMacros.dylib\#/Applications/Xcode-27.0.0-Release.Candidate.app/Contents/Developer/Platforms/MacOSX.platform/Developer/usr/bin/swift-plugin-server\#SwiftMacros -load-resolved-plugin /Applications/Xcode-27.0.0-Release.Candidate.app/Contents/Developer/Platforms/MacOSX.platform/Developer/usr/lib/swift/host/plugins/libSwiftUIMacros.dylib\#/Applications/Xcode-27.0.0-Release.Candidate.app/Contents/Developer/Platforms/MacOSX.platform/Developer/usr/bin/swift-plugin-server\#SwiftUIMacros -disable-implicit-swift-modules -Xcc -fno-implicit-modules -Xcc -fno-implicit-module-maps -explicit-swift-module-map-file /Users/admin/builder/spi-builder-workspace/.derivedData/Build/Intermediates.noindex/SmartHitTest.build/Debug/SmartHitTest-t.build/Objects-normal/arm64/SmartHitTest-dependencies-1.json -Xllvm -aarch64-use-tbi -enable-objc-interop -stack-check -sdk /Applications/Xcode-27.0.0-Release.Candidate.app/Contents/Developer/Platforms/MacOSX.platform/Developer/SDKs/MacOSX27.0.sdk -I /Users/admin/builder/spi-builder-workspace/.derivedData/Build/Products/Debug -Isystem /Applications/Xcode-27.0.0-Release.Candidate.app/Contents/Developer/Platforms/MacOSX.platform/Developer/usr/lib -F /Users/admin/builder/spi-builder-workspace/.derivedData/Build/Products/Debug -F /Applications/Xcode-27.0.0-Release.Candidate.app/Contents/Developer/Platforms/MacOSX.platform/Developer/Library/Frameworks -module-cache-path /Users/admin/builder/spi-builder-workspace/.derivedData/Build/Intermediates.noindex/SwiftExplicitPrecompiledModules -no-color-diagnostics -Xcc -fno-color-diagnostics -enable-testing -g -debug-info-format\=dwarf -dwarf-version\=4 -suppress-warnings -swift-version 5 -Onone -D SWIFT_PACKAGE -D DEBUG -D SWIFT_MODULE_RESOURCE_BUNDLE_UNAVAILABLE -D Xcode -serialize-debugging-options -enable-experimental-feature DebugDescriptionMacro -empty-abi-descriptor -validate-clang-modules-once -clang-build-session-file /Users/admin/builder/spi-builder-workspace/.derivedData/ModuleCache.noindex/Session.modulevalidation -Xcc -working-directory -Xcc /Users/admin/builder/spi-builder-workspace/.swiftpm/xcode -enable-anonymous-context-mangled-names -file-compilation-dir /Users/admin/builder/spi-builder-workspace/.swiftpm/xcode -Xcc -D_LIBCPP_HARDENING_MODE\=_LIBCPP_HARDENING_MODE_DEBUG -Xcc -ivfsstatcache -Xcc /Users/admin/builder/spi-builder-workspace/.derivedData/SDKStatCaches.noindex/macosx27.0-26A425-e829b21a6f8c9b70876ba0858053c0446a22442a12e9d48fe1a705f55a1adfc4.sdkstatcache -Xcc -fmodules-prune-interval\=86400 -Xcc -fmodules-prune-after\=345600 -Xcc -I/Users/admin/builder/spi-builder-workspace/.derivedData/Build/Products/Debug/include -Xcc -I/Users/admin/builder/spi-builder-workspace/.derivedData/Build/Intermediates.noindex/SmartHitTest.build/Debug/SmartHitTest-t.build/DerivedSources-normal/arm64 -Xcc -I/Users/admin/builder/spi-builder-workspace/.derivedData/Build/Intermediates.noindex/SmartHitTest.build/Debug/SmartHitTest-t.build/DerivedSources/arm64 -Xcc -I/Users/admin/builder/spi-builder-workspace/.derivedData/Build/Intermediates.noindex/SmartHitTest.build/Debug/SmartHitTest-t.build/DerivedSources -Xcc -DSWIFT_PACKAGE -Xcc -DDEBUG\=1 -no-auto-bridging-header-chaining -module-name SmartHitTest -const-gather-protocols-file /Users/admin/builder/spi-builder-workspace/.derivedData/Build/Intermediates.noindex/SmartHitTest.build/Debug/SmartHitTest-t.build/Objects-normal/arm64/SmartHitTest_const_extract_protocols.json -disable-clang-spi -clang-target arm64-apple-macos27.0 -target-sdk-version 27.0 -target-sdk-name macosx27.0 -in-process-plugin-server-path /Applications/Xcode-27.0.0-Release.Candidate.app/Contents/Developer/Toolchains/XcodeDefault.xctoolchain/usr/lib/swift/host/libSwiftInProcPluginServer.dylib -emit-module-doc-path /Users/admin/builder/spi-builder-workspace/.derivedData/Build/Intermediates.noindex/SmartHitTest.build/Debug/SmartHitTest-t.build/Objects-normal/arm64/SmartHitTest.swiftdoc -emit-module-source-info-path /Users/admin/builder/spi-builder-workspace/.derivedData/Build/Intermediates.noindex/SmartHitTest.build/Debug/SmartHitTest-t.build/Objects-normal/arm64/SmartHitTest.swiftsourceinfo -emit-objc-header-path /Users/admin/builder/spi-builder-workspace/.derivedData/Build/Intermediates.noindex/SmartHitTest.build/Debug/SmartHitTest-t.build/Objects-normal/arm64/SmartHitTest-Swift.h -serialize-diagnostics-path /Users/admin/builder/spi-builder-workspace/.derivedData/Build/Intermediates.noindex/SmartHitTest.build/Debug/SmartHitTest-t.build/Objects-normal/arm64/SmartHitTest-primary-emit-module.dia -emit-dependencies-path /Users/admin/builder/spi-builder-workspace/.derivedData/Build/Intermediates.noindex/SmartHitTest.build/Debug/SmartHitTest-t.build/Objects-normal/arm64/SmartHitTest-primary-emit-module.d -parse-as-library -o /Users/admin/builder/spi-builder-workspace/.derivedData/Build/Intermediates.noindex/SmartHitTest.build/Debug/SmartHitTest-t.build/Objects-normal/arm64/SmartHitTest.swiftmodule -emit-abi-descriptor-path /Users/admin/builder/spi-builder-workspace/.derivedData/Build/Intermediates.noindex/SmartHitTest.build/Debug/SmartHitTest-t.build/Objects-normal/arm64/SmartHitTest.abi.json
SwiftCompile normal arm64 Compiling\ SmartHitTest.swift /Users/admin/builder/spi-builder-workspace/.dependencies/checkouts/ARKit-SmartHitTest/Sources/SmartHitTest/SmartHitTest.swift (in target 'SmartHitTest' from project 'SmartHitTest')
SwiftCompile normal arm64 /Users/admin/builder/spi-builder-workspace/.dependencies/checkouts/ARKit-SmartHitTest/Sources/SmartHitTest/SmartHitTest.swift (in target 'SmartHitTest' from project 'SmartHitTest')
cd /Users/admin/builder/spi-builder-workspace/.swiftpm/xcode
builtin-SwiftPerFileCompile SmartHitTest.swift
/Users/admin/builder/spi-builder-workspace/.dependencies/checkouts/ARKit-SmartHitTest/Sources/SmartHitTest/SmartHitTest.swift:12:44: error: cannot find type 'UIView' in scope
10 |
11 | /// It's recommended to use either ARSCNView or ARView when using this protocol
12 | public protocol ARSmartHitTest where Self: UIView {
| `- error: cannot find type 'UIView' in scope
13 |
14 | /// This hitTest function deifnition is provided with both ARSCNView (SceneKit) and ARView (RealityKit)
/Users/admin/builder/spi-builder-workspace/.dependencies/checkouts/ARKit-SmartHitTest/Sources/SmartHitTest/SmartHitTest.swift:17:73: error: cannot find type 'ARHitTestResult' in scope
15 | /// - Parameter point: A point in the view’s coordinate system.
16 | /// - Parameter types: The hit test search type to look for.
17 | func hitTest(_ point: CGPoint, types: ARHitTestResult.ResultType) -> [ARHitTestResult]
| `- error: cannot find type 'ARHitTestResult' in scope
18 | }
19 |
/Users/admin/builder/spi-builder-workspace/.dependencies/checkouts/ARKit-SmartHitTest/Sources/SmartHitTest/SmartHitTest.swift:17:41: error: cannot find type 'ARHitTestResult' in scope
15 | /// - Parameter point: A point in the view’s coordinate system.
16 | /// - Parameter types: The hit test search type to look for.
17 | func hitTest(_ point: CGPoint, types: ARHitTestResult.ResultType) -> [ARHitTestResult]
| `- error: cannot find type 'ARHitTestResult' in scope
18 | }
19 |
/Users/admin/builder/spi-builder-workspace/.dependencies/checkouts/ARKit-SmartHitTest/Sources/SmartHitTest/SmartHitTest.swift:33:10: error: cannot find type 'ARHitTestResult' in scope
31 | _ point: CGPoint? = nil, infinitePlane: Bool = false, objectPosition: SIMD3<Float>? = nil,
32 | allowedAlignments: [ARPlaneAnchor.Alignment] = []
33 | ) -> ARHitTestResult? {
| `- error: cannot find type 'ARHitTestResult' in scope
34 | var alignments = allowedAlignments
35 | var resultTypes: ARHitTestResult.ResultType = []
/Users/admin/builder/spi-builder-workspace/.dependencies/checkouts/ARKit-SmartHitTest/Sources/SmartHitTest/SmartHitTest.swift:32:25: error: cannot find type 'ARPlaneAnchor' in scope
30 | func smartHitTest(
31 | _ point: CGPoint? = nil, infinitePlane: Bool = false, objectPosition: SIMD3<Float>? = nil,
32 | allowedAlignments: [ARPlaneAnchor.Alignment] = []
| `- error: cannot find type 'ARPlaneAnchor' in scope
33 | ) -> ARHitTestResult? {
34 | var alignments = allowedAlignments
/Users/admin/builder/spi-builder-workspace/.dependencies/checkouts/ARKit-SmartHitTest/Sources/SmartHitTest/SmartHitTest.swift:95:10: error: cannot find type 'ARHitTestResult' in scope
93 | allowedAlignments: [ARPlaneAnchor.Alignment],
94 | results: [ARHitTestResult]
95 | ) -> ARHitTestResult? {
| `- error: cannot find type 'ARHitTestResult' in scope
96 | // 3. As a final fallback, check for a result on estimated planes.
97 | var vResult: ARHitTestResult? = nil
/Users/admin/builder/spi-builder-workspace/.dependencies/checkouts/ARKit-SmartHitTest/Sources/SmartHitTest/SmartHitTest.swift:93:25: error: cannot find type 'ARPlaneAnchor' in scope
91 |
92 | func smartHitTestFallback(
93 | allowedAlignments: [ARPlaneAnchor.Alignment],
| `- error: cannot find type 'ARPlaneAnchor' in scope
94 | results: [ARHitTestResult]
95 | ) -> ARHitTestResult? {
/Users/admin/builder/spi-builder-workspace/.dependencies/checkouts/ARKit-SmartHitTest/Sources/SmartHitTest/SmartHitTest.swift:94:15: error: cannot find type 'ARHitTestResult' in scope
92 | func smartHitTestFallback(
93 | allowedAlignments: [ARPlaneAnchor.Alignment],
94 | results: [ARHitTestResult]
| `- error: cannot find type 'ARHitTestResult' in scope
95 | ) -> ARHitTestResult? {
96 | // 3. As a final fallback, check for a result on estimated planes.
/Users/admin/builder/spi-builder-workspace/.dependencies/checkouts/ARKit-SmartHitTest/Sources/SmartHitTest/SmartHitTest.swift:35:22: error: cannot find type 'ARHitTestResult' in scope
33 | ) -> ARHitTestResult? {
34 | var alignments = allowedAlignments
35 | var resultTypes: ARHitTestResult.ResultType = []
| `- error: cannot find type 'ARHitTestResult' in scope
36 | if alignments.isEmpty {
37 | if #available(iOS 11.3, *) {
/Users/admin/builder/spi-builder-workspace/.dependencies/checkouts/ARKit-SmartHitTest/Sources/SmartHitTest/SmartHitTest.swift:38:24: error: reference to member 'horizontal' cannot be resolved without a contextual type
36 | if alignments.isEmpty {
37 | if #available(iOS 11.3, *) {
38 | alignments = [.horizontal, .vertical]
| `- error: reference to member 'horizontal' cannot be resolved without a contextual type
39 | resultTypes = [.existingPlaneUsingGeometry, .estimatedVerticalPlane, .estimatedHorizontalPlane]
40 | } else {
/Users/admin/builder/spi-builder-workspace/.dependencies/checkouts/ARKit-SmartHitTest/Sources/SmartHitTest/SmartHitTest.swift:38:37: error: reference to member 'vertical' cannot be resolved without a contextual type
36 | if alignments.isEmpty {
37 | if #available(iOS 11.3, *) {
38 | alignments = [.horizontal, .vertical]
| `- error: reference to member 'vertical' cannot be resolved without a contextual type
39 | resultTypes = [.existingPlaneUsingGeometry, .estimatedVerticalPlane, .estimatedHorizontalPlane]
40 | } else {
/Users/admin/builder/spi-builder-workspace/.dependencies/checkouts/ARKit-SmartHitTest/Sources/SmartHitTest/SmartHitTest.swift:39:25: error: reference to member 'existingPlaneUsingGeometry' cannot be resolved without a contextual type
37 | if #available(iOS 11.3, *) {
38 | alignments = [.horizontal, .vertical]
39 | resultTypes = [.existingPlaneUsingGeometry, .estimatedVerticalPlane, .estimatedHorizontalPlane]
| `- error: reference to member 'existingPlaneUsingGeometry' cannot be resolved without a contextual type
40 | } else {
41 | alignments = [.horizontal]
/Users/admin/builder/spi-builder-workspace/.dependencies/checkouts/ARKit-SmartHitTest/Sources/SmartHitTest/SmartHitTest.swift:39:54: error: reference to member 'estimatedVerticalPlane' cannot be resolved without a contextual type
37 | if #available(iOS 11.3, *) {
38 | alignments = [.horizontal, .vertical]
39 | resultTypes = [.existingPlaneUsingGeometry, .estimatedVerticalPlane, .estimatedHorizontalPlane]
| `- error: reference to member 'estimatedVerticalPlane' cannot be resolved without a contextual type
40 | } else {
41 | alignments = [.horizontal]
/Users/admin/builder/spi-builder-workspace/.dependencies/checkouts/ARKit-SmartHitTest/Sources/SmartHitTest/SmartHitTest.swift:39:79: error: reference to member 'estimatedHorizontalPlane' cannot be resolved without a contextual type
37 | if #available(iOS 11.3, *) {
38 | alignments = [.horizontal, .vertical]
39 | resultTypes = [.existingPlaneUsingGeometry, .estimatedVerticalPlane, .estimatedHorizontalPlane]
| `- error: reference to member 'estimatedHorizontalPlane' cannot be resolved without a contextual type
40 | } else {
41 | alignments = [.horizontal]
/Users/admin/builder/spi-builder-workspace/.dependencies/checkouts/ARKit-SmartHitTest/Sources/SmartHitTest/SmartHitTest.swift:41:24: error: reference to member 'horizontal' cannot be resolved without a contextual type
39 | resultTypes = [.existingPlaneUsingGeometry, .estimatedVerticalPlane, .estimatedHorizontalPlane]
40 | } else {
41 | alignments = [.horizontal]
| `- error: reference to member 'horizontal' cannot be resolved without a contextual type
42 | resultTypes = [.estimatedHorizontalPlane]
43 | }
/Users/admin/builder/spi-builder-workspace/.dependencies/checkouts/ARKit-SmartHitTest/Sources/SmartHitTest/SmartHitTest.swift:42:25: error: reference to member 'estimatedHorizontalPlane' cannot be resolved without a contextual type
40 | } else {
41 | alignments = [.horizontal]
42 | resultTypes = [.estimatedHorizontalPlane]
| `- error: reference to member 'estimatedHorizontalPlane' cannot be resolved without a contextual type
43 | }
44 | }
/Users/admin/builder/spi-builder-workspace/.dependencies/checkouts/ARKit-SmartHitTest/Sources/SmartHitTest/SmartHitTest.swift:46:42: error: value of type 'Self' has no member 'bounds'
44 | }
45 |
46 | let point = point ?? CGPoint(x: self.bounds.midX, y: self.bounds.midY)
| `- error: value of type 'Self' has no member 'bounds'
47 |
48 | // Perform the hit test.
PruneExplicitPrecompiledModules /Users/admin/builder/spi-builder-workspace/.derivedData/Build/Intermediates.noindex/ExplicitPrecompiledModules
PruneExplicitPrecompiledModules /Users/admin/builder/spi-builder-workspace/.derivedData/Build/Intermediates.noindex/SwiftExplicitPrecompiledModules
PruneExplicitPrecompiledModules /Users/admin/builder/spi-builder-workspace/.derivedData/SDKExplicitPrecompiledModules
2026-09-16 01:05:20.523 xcodebuild[693:4412] [MT] IDERunDestination: Supported platforms for the buildables in the current scheme is empty.
--- xcodebuild: WARNING: Using the first of multiple matching destinations:
{ platform:macOS, arch:arm64, id:4e6d84fa100ae1fb89081ad9f416eadb739a93fe, name:My Mac }
{ platform:macOS, arch:arm64, variant:Mac Catalyst, id:4e6d84fa100ae1fb89081ad9f416eadb739a93fe, name:My Mac }
{ platform:macOS, arch:arm64, variant:DriverKit, id:4e6d84fa100ae1fb89081ad9f416eadb739a93fe, name:My Mac }
{ platform:macOS, arch:arm64, variant:Designed for [iPad,iPhone], id:4e6d84fa100ae1fb89081ad9f416eadb739a93fe, name:My Mac }
** BUILD FAILED **
The following build commands failed:
SwiftCompile normal arm64 (in target 'SmartHitTest' from project 'SmartHitTest')
SwiftEmitModule normal arm64 Emitting\ module\ for\ SmartHitTest (in target 'SmartHitTest' from project 'SmartHitTest')
Building workspace FocusNode with scheme FocusNode
(3 failures)
Command line invocation:
/Applications/Xcode-27.0.0-Release.Candidate.app/Contents/Developer/usr/bin/xcodebuild -IDEClonedSourcePackagesDirPathOverride=/Users/admin/builder/spi-builder-workspace/.dependencies -resolvePackageDependencies
Resolve Package Graph
Resolved source packages:
FocusNode: /Users/admin/builder/spi-builder-workspace
SmartHitTest: https://github.com/maxxfrazer/ARKit-SmartHitTest @ 2.0.0
resolved source packages: FocusNode, SmartHitTest
2026-09-16 01:05:29.162 xcodebuild[785:4815] [MT] IDERunDestination: Supported platforms for the buildables in the current scheme is empty.
{
"dependencies" : [
{
"identity" : "arkit-smarthittest",
"requirement" : {
"range" : [
{
"lower_bound" : "2.0.0",
"upper_bound" : "3.0.0"
}
]
},
"type" : "sourceControl",
"url" : "https://github.com/maxxfrazer/ARKit-SmartHitTest"
}
],
"manifest_display_name" : "FocusNode",
"name" : "FocusNode",
"path" : "/Users/admin/builder/spi-builder-workspace",
"platforms" : [
{
"name" : "ios",
"version" : "11.3"
}
],
"products" : [
{
"name" : "FocusNode",
"targets" : [
"FocusNode"
],
"type" : {
"library" : [
"automatic"
]
}
}
],
"swift_languages_versions" : [
"5"
],
"targets" : [
{
"c99name" : "FocusNode",
"module_type" : "SwiftTarget",
"name" : "FocusNode",
"path" : "Sources/FocusNode",
"product_dependencies" : [
"SmartHitTest"
],
"product_memberships" : [
"FocusNode"
],
"sources" : [
"FocusNode.swift",
"FocusPlane.swift",
"FocusSquare+Segment.swift",
"FocusSquare.swift",
"float4x4+Extension.swift"
],
"type" : "library"
}
],
"tools_version" : "5.0"
}
{
"workspace" : {
"name" : "FocusNode",
"schemes" : [
"FocusNode"
]
}
}
2026-09-16 01:05:30.435 xcodebuild[793:4885] [MT] IDERunDestination: Supported platforms for the buildables in the current scheme is empty.
Running build ...
env DEVELOPER_DIR=/Applications/Xcode-27.0.0-Release.Candidate.app xcrun xcodebuild -IDEClonedSourcePackagesDirPathOverride=$PWD/.dependencies -skipMacroValidation -skipPackagePluginValidation -derivedDataPath $PWD/.derivedData build -scheme FocusNode -destination platform=macOS,arch=arm64
Command line invocation:
/Applications/Xcode-27.0.0-Release.Candidate.app/Contents/Developer/usr/bin/xcodebuild -IDEClonedSourcePackagesDirPathOverride=/Users/admin/builder/spi-builder-workspace/.dependencies -skipMacroValidation -skipPackagePluginValidation -derivedDataPath /Users/admin/builder/spi-builder-workspace/.derivedData build -scheme FocusNode -destination platform=macOS,arch=arm64
Resolve Package Graph
Resolved source packages:
FocusNode: /Users/admin/builder/spi-builder-workspace
SmartHitTest: https://github.com/maxxfrazer/ARKit-SmartHitTest @ 2.0.0
ComputePackagePrebuildTargetDependencyGraph
Prepare packages
CreateBuildRequest
SendProjectDescription
CreateBuildOperation
ComputeTargetDependencyGraph
note: Building targets in dependency order
note: Target dependency graph (4 targets)
Target 'FocusNode-product' in project 'FocusNode'
➜ Explicit dependency on target 'FocusNode' in project 'FocusNode'
➜ Explicit dependency on target 'SmartHitTest-product' in project 'SmartHitTest'
Target 'FocusNode' in project 'FocusNode'
➜ Explicit dependency on target 'SmartHitTest-product' in project 'SmartHitTest'
Target 'SmartHitTest-product' in project 'SmartHitTest'
➜ Explicit dependency on target 'SmartHitTest' in project 'SmartHitTest'
Target 'SmartHitTest' in project 'SmartHitTest' (no dependencies)
GatherProvisioningInputs
CreateBuildDescription
ClangStatCache /Applications/Xcode-27.0.0-Release.Candidate.app/Contents/Developer/Toolchains/XcodeDefault.xctoolchain/usr/bin/clang-stat-cache /Applications/Xcode-27.0.0-Release.Candidate.app/Contents/Developer/Platforms/MacOSX.platform/Developer/SDKs/MacOSX27.0.sdk /Users/admin/builder/spi-builder-workspace/.derivedData/SDKStatCaches.noindex/macosx27.0-26A425-e829b21a6f8c9b70876ba0858053c0446a22442a12e9d48fe1a705f55a1adfc4.sdkstatcache
cd /Users/admin/builder/spi-builder-workspace/.swiftpm/xcode
/Applications/Xcode-27.0.0-Release.Candidate.app/Contents/Developer/Toolchains/XcodeDefault.xctoolchain/usr/bin/clang-stat-cache /Applications/Xcode-27.0.0-Release.Candidate.app/Contents/Developer/Platforms/MacOSX.platform/Developer/SDKs/MacOSX27.0.sdk -o /Users/admin/builder/spi-builder-workspace/.derivedData/SDKStatCaches.noindex/macosx27.0-26A425-e829b21a6f8c9b70876ba0858053c0446a22442a12e9d48fe1a705f55a1adfc4.sdkstatcache
SwiftDriver SmartHitTest normal arm64 com.apple.xcode.tools.swift.compiler (in target 'SmartHitTest' from project 'SmartHitTest')
cd /Users/admin/builder/spi-builder-workspace/.swiftpm/xcode
builtin-SwiftDriver -- /Applications/Xcode-27.0.0-Release.Candidate.app/Contents/Developer/Toolchains/XcodeDefault.xctoolchain/usr/bin/swiftc -parse-as-library -module-name SmartHitTest -Onone @/Users/admin/builder/spi-builder-workspace/.derivedData/Build/Intermediates.noindex/SmartHitTest.build/Debug/SmartHitTest-t.build/Objects-normal/arm64/SmartHitTest.SwiftFileList -DSWIFT_PACKAGE -DDEBUG -DSWIFT_MODULE_RESOURCE_BUNDLE_UNAVAILABLE -DXcode -plugin-path /Applications/Xcode-27.0.0-Release.Candidate.app/Contents/Developer/Toolchains/XcodeDefault.xctoolchain/usr/lib/swift/host/plugins/testing -enable-experimental-feature DebugDescriptionMacro -sdk /Applications/Xcode-27.0.0-Release.Candidate.app/Contents/Developer/Platforms/MacOSX.platform/Developer/SDKs/MacOSX27.0.sdk -target arm64-apple-macos12.0 -g -module-cache-path /Users/admin/builder/spi-builder-workspace/.derivedData/ModuleCache.noindex -Xfrontend -serialize-debugging-options -enable-testing -suppress-warnings -index-store-path /Users/admin/builder/spi-builder-workspace/.derivedData/Index.noindex/DataStore -Xcc -D_LIBCPP_HARDENING_MODE\=_LIBCPP_HARDENING_MODE_DEBUG -swift-version 5 -I /Users/admin/builder/spi-builder-workspace/.derivedData/Build/Products/Debug -Isystem /Applications/Xcode-27.0.0-Release.Candidate.app/Contents/Developer/Platforms/MacOSX.platform/Developer/usr/lib -F /Users/admin/builder/spi-builder-workspace/.derivedData/Build/Products/Debug -F /Applications/Xcode-27.0.0-Release.Candidate.app/Contents/Developer/Platforms/MacOSX.platform/Developer/Library/Frameworks -c -j10 -enable-batch-mode -incremental -Xcc -ivfsstatcache -Xcc /Users/admin/builder/spi-builder-workspace/.derivedData/SDKStatCaches.noindex/macosx27.0-26A425-e829b21a6f8c9b70876ba0858053c0446a22442a12e9d48fe1a705f55a1adfc4.sdkstatcache -output-file-map /Users/admin/builder/spi-builder-workspace/.derivedData/Build/Intermediates.noindex/SmartHitTest.build/Debug/SmartHitTest-t.build/Objects-normal/arm64/SmartHitTest-OutputFileMap.json -save-temps -no-color-diagnostics -explicit-module-build -module-cache-path /Users/admin/builder/spi-builder-workspace/.derivedData/Build/Intermediates.noindex/SwiftExplicitPrecompiledModules -clang-scanner-module-cache-path /Users/admin/builder/spi-builder-workspace/.derivedData/ModuleCache.noindex -sdk-module-cache-path /Users/admin/builder/spi-builder-workspace/.derivedData/SDKExplicitPrecompiledModules -emit-dependencies -emit-module -emit-module-path /Users/admin/builder/spi-builder-workspace/.derivedData/Build/Intermediates.noindex/SmartHitTest.build/Debug/SmartHitTest-t.build/Objects-normal/arm64/SmartHitTest.swiftmodule -serialize-diagnostics -dependency-scan-serialize-diagnostics-path /Users/admin/builder/spi-builder-workspace/.derivedData/Build/Intermediates.noindex/SmartHitTest.build/Debug/SmartHitTest-t.build/Objects-normal/arm64/SmartHitTest-dependency-scan.dia -validate-clang-modules-once -clang-build-session-file /Users/admin/builder/spi-builder-workspace/.derivedData/ModuleCache.noindex/Session.modulevalidation -Xcc -fmodules-prune-interval\=86400 -Xcc -fmodules-prune-after\=345600 -emit-const-values -const-gather-protocols-list /Users/admin/builder/spi-builder-workspace/.derivedData/Build/Intermediates.noindex/SmartHitTest.build/Debug/SmartHitTest-t.build/Objects-normal/arm64/SmartHitTest_const_extract_protocols.json -Xcc -I/Users/admin/builder/spi-builder-workspace/.derivedData/Build/Products/Debug/include -Xcc -I/Users/admin/builder/spi-builder-workspace/.derivedData/Build/Intermediates.noindex/SmartHitTest.build/Debug/SmartHitTest-t.build/DerivedSources-normal/arm64 -Xcc -I/Users/admin/builder/spi-builder-workspace/.derivedData/Build/Intermediates.noindex/SmartHitTest.build/Debug/SmartHitTest-t.build/DerivedSources/arm64 -Xcc -I/Users/admin/builder/spi-builder-workspace/.derivedData/Build/Intermediates.noindex/SmartHitTest.build/Debug/SmartHitTest-t.build/DerivedSources -Xcc -DSWIFT_PACKAGE -Xcc -DDEBUG\=1 -emit-objc-header -emit-objc-header-path /Users/admin/builder/spi-builder-workspace/.derivedData/Build/Intermediates.noindex/SmartHitTest.build/Debug/SmartHitTest-t.build/Objects-normal/arm64/SmartHitTest-Swift.h -working-directory /Users/admin/builder/spi-builder-workspace/.swiftpm/xcode -experimental-emit-module-separately -disable-cmo
SwiftCompile normal arm64 Compiling\ SmartHitTest.swift /Users/admin/builder/spi-builder-workspace/.dependencies/checkouts/ARKit-SmartHitTest/Sources/SmartHitTest/SmartHitTest.swift (in target 'SmartHitTest' from project 'SmartHitTest')
SwiftCompile normal arm64 /Users/admin/builder/spi-builder-workspace/.dependencies/checkouts/ARKit-SmartHitTest/Sources/SmartHitTest/SmartHitTest.swift (in target 'SmartHitTest' from project 'SmartHitTest')
cd /Users/admin/builder/spi-builder-workspace/.swiftpm/xcode
builtin-SwiftPerFileCompile SmartHitTest.swift
/Users/admin/builder/spi-builder-workspace/.dependencies/checkouts/ARKit-SmartHitTest/Sources/SmartHitTest/SmartHitTest.swift:12:44: error: cannot find type 'UIView' in scope
10 |
11 | /// It's recommended to use either ARSCNView or ARView when using this protocol
12 | public protocol ARSmartHitTest where Self: UIView {
| `- error: cannot find type 'UIView' in scope
13 |
14 | /// This hitTest function deifnition is provided with both ARSCNView (SceneKit) and ARView (RealityKit)
/Users/admin/builder/spi-builder-workspace/.dependencies/checkouts/ARKit-SmartHitTest/Sources/SmartHitTest/SmartHitTest.swift:17:73: error: cannot find type 'ARHitTestResult' in scope
15 | /// - Parameter point: A point in the view’s coordinate system.
16 | /// - Parameter types: The hit test search type to look for.
17 | func hitTest(_ point: CGPoint, types: ARHitTestResult.ResultType) -> [ARHitTestResult]
| `- error: cannot find type 'ARHitTestResult' in scope
18 | }
19 |
/Users/admin/builder/spi-builder-workspace/.dependencies/checkouts/ARKit-SmartHitTest/Sources/SmartHitTest/SmartHitTest.swift:17:41: error: cannot find type 'ARHitTestResult' in scope
15 | /// - Parameter point: A point in the view’s coordinate system.
16 | /// - Parameter types: The hit test search type to look for.
17 | func hitTest(_ point: CGPoint, types: ARHitTestResult.ResultType) -> [ARHitTestResult]
| `- error: cannot find type 'ARHitTestResult' in scope
18 | }
19 |
/Users/admin/builder/spi-builder-workspace/.dependencies/checkouts/ARKit-SmartHitTest/Sources/SmartHitTest/SmartHitTest.swift:33:10: error: cannot find type 'ARHitTestResult' in scope
31 | _ point: CGPoint? = nil, infinitePlane: Bool = false, objectPosition: SIMD3<Float>? = nil,
32 | allowedAlignments: [ARPlaneAnchor.Alignment] = []
33 | ) -> ARHitTestResult? {
| `- error: cannot find type 'ARHitTestResult' in scope
34 | var alignments = allowedAlignments
35 | var resultTypes: ARHitTestResult.ResultType = []
/Users/admin/builder/spi-builder-workspace/.dependencies/checkouts/ARKit-SmartHitTest/Sources/SmartHitTest/SmartHitTest.swift:32:25: error: cannot find type 'ARPlaneAnchor' in scope
30 | func smartHitTest(
31 | _ point: CGPoint? = nil, infinitePlane: Bool = false, objectPosition: SIMD3<Float>? = nil,
32 | allowedAlignments: [ARPlaneAnchor.Alignment] = []
| `- error: cannot find type 'ARPlaneAnchor' in scope
33 | ) -> ARHitTestResult? {
34 | var alignments = allowedAlignments
/Users/admin/builder/spi-builder-workspace/.dependencies/checkouts/ARKit-SmartHitTest/Sources/SmartHitTest/SmartHitTest.swift:95:10: error: cannot find type 'ARHitTestResult' in scope
93 | allowedAlignments: [ARPlaneAnchor.Alignment],
94 | results: [ARHitTestResult]
95 | ) -> ARHitTestResult? {
| `- error: cannot find type 'ARHitTestResult' in scope
96 | // 3. As a final fallback, check for a result on estimated planes.
97 | var vResult: ARHitTestResult? = nil
/Users/admin/builder/spi-builder-workspace/.dependencies/checkouts/ARKit-SmartHitTest/Sources/SmartHitTest/SmartHitTest.swift:93:25: error: cannot find type 'ARPlaneAnchor' in scope
91 |
92 | func smartHitTestFallback(
93 | allowedAlignments: [ARPlaneAnchor.Alignment],
| `- error: cannot find type 'ARPlaneAnchor' in scope
94 | results: [ARHitTestResult]
95 | ) -> ARHitTestResult? {
/Users/admin/builder/spi-builder-workspace/.dependencies/checkouts/ARKit-SmartHitTest/Sources/SmartHitTest/SmartHitTest.swift:94:15: error: cannot find type 'ARHitTestResult' in scope
92 | func smartHitTestFallback(
93 | allowedAlignments: [ARPlaneAnchor.Alignment],
94 | results: [ARHitTestResult]
| `- error: cannot find type 'ARHitTestResult' in scope
95 | ) -> ARHitTestResult? {
96 | // 3. As a final fallback, check for a result on estimated planes.
/Users/admin/builder/spi-builder-workspace/.dependencies/checkouts/ARKit-SmartHitTest/Sources/SmartHitTest/SmartHitTest.swift:35:22: error: cannot find type 'ARHitTestResult' in scope
33 | ) -> ARHitTestResult? {
34 | var alignments = allowedAlignments
35 | var resultTypes: ARHitTestResult.ResultType = []
| `- error: cannot find type 'ARHitTestResult' in scope
36 | if alignments.isEmpty {
37 | if #available(iOS 11.3, *) {
/Users/admin/builder/spi-builder-workspace/.dependencies/checkouts/ARKit-SmartHitTest/Sources/SmartHitTest/SmartHitTest.swift:38:24: error: reference to member 'horizontal' cannot be resolved without a contextual type
36 | if alignments.isEmpty {
37 | if #available(iOS 11.3, *) {
38 | alignments = [.horizontal, .vertical]
| `- error: reference to member 'horizontal' cannot be resolved without a contextual type
39 | resultTypes = [.existingPlaneUsingGeometry, .estimatedVerticalPlane, .estimatedHorizontalPlane]
40 | } else {
/Users/admin/builder/spi-builder-workspace/.dependencies/checkouts/ARKit-SmartHitTest/Sources/SmartHitTest/SmartHitTest.swift:38:37: error: reference to member 'vertical' cannot be resolved without a contextual type
36 | if alignments.isEmpty {
37 | if #available(iOS 11.3, *) {
38 | alignments = [.horizontal, .vertical]
| `- error: reference to member 'vertical' cannot be resolved without a contextual type
39 | resultTypes = [.existingPlaneUsingGeometry, .estimatedVerticalPlane, .estimatedHorizontalPlane]
40 | } else {
/Users/admin/builder/spi-builder-workspace/.dependencies/checkouts/ARKit-SmartHitTest/Sources/SmartHitTest/SmartHitTest.swift:39:25: error: reference to member 'existingPlaneUsingGeometry' cannot be resolved without a contextual type
37 | if #available(iOS 11.3, *) {
38 | alignments = [.horizontal, .vertical]
39 | resultTypes = [.existingPlaneUsingGeometry, .estimatedVerticalPlane, .estimatedHorizontalPlane]
| `- error: reference to member 'existingPlaneUsingGeometry' cannot be resolved without a contextual type
40 | } else {
41 | alignments = [.horizontal]
/Users/admin/builder/spi-builder-workspace/.dependencies/checkouts/ARKit-SmartHitTest/Sources/SmartHitTest/SmartHitTest.swift:39:54: error: reference to member 'estimatedVerticalPlane' cannot be resolved without a contextual type
37 | if #available(iOS 11.3, *) {
38 | alignments = [.horizontal, .vertical]
39 | resultTypes = [.existingPlaneUsingGeometry, .estimatedVerticalPlane, .estimatedHorizontalPlane]
| `- error: reference to member 'estimatedVerticalPlane' cannot be resolved without a contextual type
40 | } else {
41 | alignments = [.horizontal]
/Users/admin/builder/spi-builder-workspace/.dependencies/checkouts/ARKit-SmartHitTest/Sources/SmartHitTest/SmartHitTest.swift:39:79: error: reference to member 'estimatedHorizontalPlane' cannot be resolved without a contextual type
37 | if #available(iOS 11.3, *) {
38 | alignments = [.horizontal, .vertical]
39 | resultTypes = [.existingPlaneUsingGeometry, .estimatedVerticalPlane, .estimatedHorizontalPlane]
| `- error: reference to member 'estimatedHorizontalPlane' cannot be resolved without a contextual type
40 | } else {
41 | alignments = [.horizontal]
/Users/admin/builder/spi-builder-workspace/.dependencies/checkouts/ARKit-SmartHitTest/Sources/SmartHitTest/SmartHitTest.swift:41:24: error: reference to member 'horizontal' cannot be resolved without a contextual type
39 | resultTypes = [.existingPlaneUsingGeometry, .estimatedVerticalPlane, .estimatedHorizontalPlane]
40 | } else {
41 | alignments = [.horizontal]
| `- error: reference to member 'horizontal' cannot be resolved without a contextual type
42 | resultTypes = [.estimatedHorizontalPlane]
43 | }
/Users/admin/builder/spi-builder-workspace/.dependencies/checkouts/ARKit-SmartHitTest/Sources/SmartHitTest/SmartHitTest.swift:42:25: error: reference to member 'estimatedHorizontalPlane' cannot be resolved without a contextual type
40 | } else {
41 | alignments = [.horizontal]
42 | resultTypes = [.estimatedHorizontalPlane]
| `- error: reference to member 'estimatedHorizontalPlane' cannot be resolved without a contextual type
43 | }
44 | }
/Users/admin/builder/spi-builder-workspace/.dependencies/checkouts/ARKit-SmartHitTest/Sources/SmartHitTest/SmartHitTest.swift:46:42: error: value of type 'Self' has no member 'bounds'
44 | }
45 |
46 | let point = point ?? CGPoint(x: self.bounds.midX, y: self.bounds.midY)
| `- error: value of type 'Self' has no member 'bounds'
47 |
48 | // Perform the hit test.
SwiftEmitModule normal arm64 Emitting\ module\ for\ SmartHitTest (in target 'SmartHitTest' from project 'SmartHitTest')
/Users/admin/builder/spi-builder-workspace/.dependencies/checkouts/ARKit-SmartHitTest/Sources/SmartHitTest/SmartHitTest.swift:12:44: error: cannot find type 'UIView' in scope
10 |
11 | /// It's recommended to use either ARSCNView or ARView when using this protocol
12 | public protocol ARSmartHitTest where Self: UIView {
| `- error: cannot find type 'UIView' in scope
13 |
14 | /// This hitTest function deifnition is provided with both ARSCNView (SceneKit) and ARView (RealityKit)
/Users/admin/builder/spi-builder-workspace/.dependencies/checkouts/ARKit-SmartHitTest/Sources/SmartHitTest/SmartHitTest.swift:17:73: error: cannot find type 'ARHitTestResult' in scope
15 | /// - Parameter point: A point in the view’s coordinate system.
16 | /// - Parameter types: The hit test search type to look for.
17 | func hitTest(_ point: CGPoint, types: ARHitTestResult.ResultType) -> [ARHitTestResult]
| `- error: cannot find type 'ARHitTestResult' in scope
18 | }
19 |
/Users/admin/builder/spi-builder-workspace/.dependencies/checkouts/ARKit-SmartHitTest/Sources/SmartHitTest/SmartHitTest.swift:17:41: error: cannot find type 'ARHitTestResult' in scope
15 | /// - Parameter point: A point in the view’s coordinate system.
16 | /// - Parameter types: The hit test search type to look for.
17 | func hitTest(_ point: CGPoint, types: ARHitTestResult.ResultType) -> [ARHitTestResult]
| `- error: cannot find type 'ARHitTestResult' in scope
18 | }
19 |
/Users/admin/builder/spi-builder-workspace/.dependencies/checkouts/ARKit-SmartHitTest/Sources/SmartHitTest/SmartHitTest.swift:33:10: error: cannot find type 'ARHitTestResult' in scope
31 | _ point: CGPoint? = nil, infinitePlane: Bool = false, objectPosition: SIMD3<Float>? = nil,
32 | allowedAlignments: [ARPlaneAnchor.Alignment] = []
33 | ) -> ARHitTestResult? {
| `- error: cannot find type 'ARHitTestResult' in scope
34 | var alignments = allowedAlignments
35 | var resultTypes: ARHitTestResult.ResultType = []
/Users/admin/builder/spi-builder-workspace/.dependencies/checkouts/ARKit-SmartHitTest/Sources/SmartHitTest/SmartHitTest.swift:32:25: error: cannot find type 'ARPlaneAnchor' in scope
30 | func smartHitTest(
31 | _ point: CGPoint? = nil, infinitePlane: Bool = false, objectPosition: SIMD3<Float>? = nil,
32 | allowedAlignments: [ARPlaneAnchor.Alignment] = []
| `- error: cannot find type 'ARPlaneAnchor' in scope
33 | ) -> ARHitTestResult? {
34 | var alignments = allowedAlignments
/Users/admin/builder/spi-builder-workspace/.dependencies/checkouts/ARKit-SmartHitTest/Sources/SmartHitTest/SmartHitTest.swift:95:10: error: cannot find type 'ARHitTestResult' in scope
93 | allowedAlignments: [ARPlaneAnchor.Alignment],
94 | results: [ARHitTestResult]
95 | ) -> ARHitTestResult? {
| `- error: cannot find type 'ARHitTestResult' in scope
96 | // 3. As a final fallback, check for a result on estimated planes.
97 | var vResult: ARHitTestResult? = nil
/Users/admin/builder/spi-builder-workspace/.dependencies/checkouts/ARKit-SmartHitTest/Sources/SmartHitTest/SmartHitTest.swift:93:25: error: cannot find type 'ARPlaneAnchor' in scope
91 |
92 | func smartHitTestFallback(
93 | allowedAlignments: [ARPlaneAnchor.Alignment],
| `- error: cannot find type 'ARPlaneAnchor' in scope
94 | results: [ARHitTestResult]
95 | ) -> ARHitTestResult? {
/Users/admin/builder/spi-builder-workspace/.dependencies/checkouts/ARKit-SmartHitTest/Sources/SmartHitTest/SmartHitTest.swift:94:15: error: cannot find type 'ARHitTestResult' in scope
92 | func smartHitTestFallback(
93 | allowedAlignments: [ARPlaneAnchor.Alignment],
94 | results: [ARHitTestResult]
| `- error: cannot find type 'ARHitTestResult' in scope
95 | ) -> ARHitTestResult? {
96 | // 3. As a final fallback, check for a result on estimated planes.
Failed frontend command:
/Applications/Xcode-27.0.0-Release.Candidate.app/Contents/Developer/Toolchains/XcodeDefault.xctoolchain/usr/bin/swift-frontend -frontend -emit-module -experimental-skip-non-inlinable-function-bodies-without-types /Users/admin/builder/spi-builder-workspace/.dependencies/checkouts/ARKit-SmartHitTest/Sources/SmartHitTest/SmartHitTest.swift -target arm64-apple-macos12.0 -disable-cross-import-overlay-search -swift-module-cross-import ARKit /Applications/Xcode-27.0.0-Release.Candidate.app/Contents/Developer/Platforms/MacOSX.platform/Developer/SDKs/MacOSX.sdk/System/Library/Frameworks/ARKit.framework/Modules/ARKit.swiftcrossimport/SwiftUI.swiftoverlay -load-resolved-plugin /Applications/Xcode-27.0.0-Release.Candidate.app/Contents/Developer/Platforms/MacOSX.platform/Developer/usr/lib/swift/host/plugins/libFoundationMacros.dylib\#/Applications/Xcode-27.0.0-Release.Candidate.app/Contents/Developer/Platforms/MacOSX.platform/Developer/usr/bin/swift-plugin-server\#FoundationMacros -load-resolved-plugin /Applications/Xcode-27.0.0-Release.Candidate.app/Contents/Developer/Platforms/MacOSX.platform/Developer/usr/lib/swift/host/plugins/libObservationMacros.dylib\#/Applications/Xcode-27.0.0-Release.Candidate.app/Contents/Developer/Platforms/MacOSX.platform/Developer/usr/bin/swift-plugin-server\#ObservationMacros -load-resolved-plugin /Applications/Xcode-27.0.0-Release.Candidate.app/Contents/Developer/Platforms/MacOSX.platform/Developer/usr/lib/swift/host/plugins/libPreviewsMacros.dylib\#/Applications/Xcode-27.0.0-Release.Candidate.app/Contents/Developer/Platforms/MacOSX.platform/Developer/usr/bin/swift-plugin-server\#PreviewsMacros -load-resolved-plugin /Applications/Xcode-27.0.0-Release.Candidate.app/Contents/Developer/Platforms/MacOSX.platform/Developer/usr/lib/swift/host/plugins/libSwiftMacros.dylib\#/Applications/Xcode-27.0.0-Release.Candidate.app/Contents/Developer/Platforms/MacOSX.platform/Developer/usr/bin/swift-plugin-server\#SwiftMacros -load-resolved-plugin /Applications/Xcode-27.0.0-Release.Candidate.app/Contents/Developer/Platforms/MacOSX.platform/Developer/usr/lib/swift/host/plugins/libSwiftUIMacros.dylib\#/Applications/Xcode-27.0.0-Release.Candidate.app/Contents/Developer/Platforms/MacOSX.platform/Developer/usr/bin/swift-plugin-server\#SwiftUIMacros -disable-implicit-swift-modules -Xcc -fno-implicit-modules -Xcc -fno-implicit-module-maps -explicit-swift-module-map-file /Users/admin/builder/spi-builder-workspace/.derivedData/Build/Intermediates.noindex/SmartHitTest.build/Debug/SmartHitTest-t.build/Objects-normal/arm64/SmartHitTest-dependencies-1.json -Xllvm -aarch64-use-tbi -enable-objc-interop -stack-check -sdk /Applications/Xcode-27.0.0-Release.Candidate.app/Contents/Developer/Platforms/MacOSX.platform/Developer/SDKs/MacOSX27.0.sdk -I /Users/admin/builder/spi-builder-workspace/.derivedData/Build/Products/Debug -Isystem /Applications/Xcode-27.0.0-Release.Candidate.app/Contents/Developer/Platforms/MacOSX.platform/Developer/usr/lib -F /Users/admin/builder/spi-builder-workspace/.derivedData/Build/Products/Debug -F /Applications/Xcode-27.0.0-Release.Candidate.app/Contents/Developer/Platforms/MacOSX.platform/Developer/Library/Frameworks -module-cache-path /Users/admin/builder/spi-builder-workspace/.derivedData/Build/Intermediates.noindex/SwiftExplicitPrecompiledModules -no-color-diagnostics -Xcc -fno-color-diagnostics -enable-testing -g -debug-info-format\=dwarf -dwarf-version\=4 -suppress-warnings -swift-version 5 -Onone -D SWIFT_PACKAGE -D DEBUG -D SWIFT_MODULE_RESOURCE_BUNDLE_UNAVAILABLE -D Xcode -serialize-debugging-options -enable-experimental-feature DebugDescriptionMacro -empty-abi-descriptor -validate-clang-modules-once -clang-build-session-file /Users/admin/builder/spi-builder-workspace/.derivedData/ModuleCache.noindex/Session.modulevalidation -Xcc -working-directory -Xcc /Users/admin/builder/spi-builder-workspace/.swiftpm/xcode -enable-anonymous-context-mangled-names -file-compilation-dir /Users/admin/builder/spi-builder-workspace/.swiftpm/xcode -Xcc -D_LIBCPP_HARDENING_MODE\=_LIBCPP_HARDENING_MODE_DEBUG -Xcc -ivfsstatcache -Xcc /Users/admin/builder/spi-builder-workspace/.derivedData/SDKStatCaches.noindex/macosx27.0-26A425-e829b21a6f8c9b70876ba0858053c0446a22442a12e9d48fe1a705f55a1adfc4.sdkstatcache -Xcc -fmodules-prune-interval\=86400 -Xcc -fmodules-prune-after\=345600 -Xcc -I/Users/admin/builder/spi-builder-workspace/.derivedData/Build/Products/Debug/include -Xcc -I/Users/admin/builder/spi-builder-workspace/.derivedData/Build/Intermediates.noindex/SmartHitTest.build/Debug/SmartHitTest-t.build/DerivedSources-normal/arm64 -Xcc -I/Users/admin/builder/spi-builder-workspace/.derivedData/Build/Intermediates.noindex/SmartHitTest.build/Debug/SmartHitTest-t.build/DerivedSources/arm64 -Xcc -I/Users/admin/builder/spi-builder-workspace/.derivedData/Build/Intermediates.noindex/SmartHitTest.build/Debug/SmartHitTest-t.build/DerivedSources -Xcc -DSWIFT_PACKAGE -Xcc -DDEBUG\=1 -no-auto-bridging-header-chaining -module-name SmartHitTest -const-gather-protocols-file /Users/admin/builder/spi-builder-workspace/.derivedData/Build/Intermediates.noindex/SmartHitTest.build/Debug/SmartHitTest-t.build/Objects-normal/arm64/SmartHitTest_const_extract_protocols.json -disable-clang-spi -clang-target arm64-apple-macos27.0 -target-sdk-version 27.0 -target-sdk-name macosx27.0 -in-process-plugin-server-path /Applications/Xcode-27.0.0-Release.Candidate.app/Contents/Developer/Toolchains/XcodeDefault.xctoolchain/usr/lib/swift/host/libSwiftInProcPluginServer.dylib -emit-module-doc-path /Users/admin/builder/spi-builder-workspace/.derivedData/Build/Intermediates.noindex/SmartHitTest.build/Debug/SmartHitTest-t.build/Objects-normal/arm64/SmartHitTest.swiftdoc -emit-module-source-info-path /Users/admin/builder/spi-builder-workspace/.derivedData/Build/Intermediates.noindex/SmartHitTest.build/Debug/SmartHitTest-t.build/Objects-normal/arm64/SmartHitTest.swiftsourceinfo -emit-objc-header-path /Users/admin/builder/spi-builder-workspace/.derivedData/Build/Intermediates.noindex/SmartHitTest.build/Debug/SmartHitTest-t.build/Objects-normal/arm64/SmartHitTest-Swift.h -serialize-diagnostics-path /Users/admin/builder/spi-builder-workspace/.derivedData/Build/Intermediates.noindex/SmartHitTest.build/Debug/SmartHitTest-t.build/Objects-normal/arm64/SmartHitTest-primary-emit-module.dia -emit-dependencies-path /Users/admin/builder/spi-builder-workspace/.derivedData/Build/Intermediates.noindex/SmartHitTest.build/Debug/SmartHitTest-t.build/Objects-normal/arm64/SmartHitTest-primary-emit-module.d -parse-as-library -o /Users/admin/builder/spi-builder-workspace/.derivedData/Build/Intermediates.noindex/SmartHitTest.build/Debug/SmartHitTest-t.build/Objects-normal/arm64/SmartHitTest.swiftmodule -emit-abi-descriptor-path /Users/admin/builder/spi-builder-workspace/.derivedData/Build/Intermediates.noindex/SmartHitTest.build/Debug/SmartHitTest-t.build/Objects-normal/arm64/SmartHitTest.abi.json
SwiftCompile normal arm64 (in target 'SmartHitTest' from project 'SmartHitTest')
cd /Users/admin/builder/spi-builder-workspace/.swiftpm/xcode
PruneExplicitPrecompiledModules /Users/admin/builder/spi-builder-workspace/.derivedData/Build/Intermediates.noindex/ExplicitPrecompiledModules
PruneExplicitPrecompiledModules /Users/admin/builder/spi-builder-workspace/.derivedData/Build/Intermediates.noindex/SwiftExplicitPrecompiledModules
PruneExplicitPrecompiledModules /Users/admin/builder/spi-builder-workspace/.derivedData/SDKExplicitPrecompiledModules
2026-09-16 01:05:31.397 xcodebuild[794:4909] [MT] IDERunDestination: Supported platforms for the buildables in the current scheme is empty.
--- xcodebuild: WARNING: Using the first of multiple matching destinations:
{ platform:macOS, arch:arm64, id:4e6d84fa100ae1fb89081ad9f416eadb739a93fe, name:My Mac }
{ platform:macOS, arch:arm64, variant:Mac Catalyst, id:4e6d84fa100ae1fb89081ad9f416eadb739a93fe, name:My Mac }
{ platform:macOS, arch:arm64, variant:DriverKit, id:4e6d84fa100ae1fb89081ad9f416eadb739a93fe, name:My Mac }
{ platform:macOS, arch:arm64, variant:Designed for [iPad,iPhone], id:4e6d84fa100ae1fb89081ad9f416eadb739a93fe, name:My Mac }
** BUILD FAILED **
The following build commands failed:
SwiftEmitModule normal arm64 Emitting\ module\ for\ SmartHitTest (in target 'SmartHitTest' from project 'SmartHitTest')
SwiftCompile normal arm64 (in target 'SmartHitTest' from project 'SmartHitTest')
Building workspace FocusNode with scheme FocusNode
(3 failures)
BUILD FAILURE 6.4 macosXcodebuild