The Swift Package Index logo.Swift Package Index

Build Information

Failed to build AppUIKit, reference main (7f8c6b), with Swift 6.2 for watchOS using Xcode 26.3 on 22 Sep 2026 18:23:50 UTC.

Build Command

env DEVELOPER_DIR=/Applications/Xcode-26.3.0.app xcrun xcodebuild -IDEClonedSourcePackagesDirPathOverride=$PWD/.dependencies -skipMacroValidation -skipPackagePluginValidation -derivedDataPath $PWD/.derivedData build -scheme AppUIKit -destination generic/platform=watchOS

Build Log

SwiftDriver AppUIKit normal arm64_32 com.apple.xcode.tools.swift.compiler (in target 'AppUIKit' from project 'AppUIKit')
    cd /Users/admin/builder/spi-builder-workspace/.swiftpm/xcode
    builtin-SwiftDriver -- /Applications/Xcode-26.3.0.app/Contents/Developer/Toolchains/XcodeDefault.xctoolchain/usr/bin/swiftc -module-name AppUIKit -Onone -enforce-exclusivity\=checked @/Users/admin/builder/spi-builder-workspace/.derivedData/Build/Intermediates.noindex/AppUIKit.build/Debug-watchos/AppUIKit.build/Objects-normal/arm64_32/AppUIKit.SwiftFileList -DSWIFT_PACKAGE -DDEBUG -DSWIFT_MODULE_RESOURCE_BUNDLE_UNAVAILABLE -DXcode -plugin-path /Applications/Xcode-26.3.0.app/Contents/Developer/Toolchains/XcodeDefault.xctoolchain/usr/lib/swift/host/plugins/testing -enable-experimental-feature DebugDescriptionMacro -sdk /Applications/Xcode-26.3.0.app/Contents/Developer/Platforms/WatchOS.platform/Developer/SDKs/WatchOS26.2.sdk -target arm64_32-apple-watchos10.0 -g -module-cache-path /Users/admin/builder/spi-builder-workspace/.derivedData/ModuleCache.noindex -Xfrontend -serialize-debugging-options -profile-coverage-mapping -profile-generate -enable-testing -index-store-path /Users/admin/builder/spi-builder-workspace/.derivedData/Index.noindex/DataStore -Xcc -D_LIBCPP_HARDENING_MODE\=_LIBCPP_HARDENING_MODE_DEBUG -swift-version 6 -I /Users/admin/builder/spi-builder-workspace/.derivedData/Build/Products/Debug-watchos -Isystem /Applications/Xcode-26.3.0.app/Contents/Developer/Platforms/WatchOS.platform/Developer/usr/lib -F /Users/admin/builder/spi-builder-workspace/.derivedData/Build/Products/Debug-watchos -F /Applications/Xcode-26.3.0.app/Contents/Developer/Platforms/WatchOS.platform/Developer/Library/Frameworks -F /Applications/Xcode-26.3.0.app/Contents/Developer/Platforms/WatchOS.platform/Developer/SDKs/WatchOS26.2.sdk/Developer/Library/Frameworks -c -j10 -enable-batch-mode -incremental -Xcc -ivfsstatcache -Xcc /Users/admin/builder/spi-builder-workspace/.derivedData/SDKStatCaches.noindex/watchos26.2-23S303-dc75598d0054f22ec865fa860f139d721753b489057de6bda919edfa1c59a62b.sdkstatcache -output-file-map /Users/admin/builder/spi-builder-workspace/.derivedData/Build/Intermediates.noindex/AppUIKit.build/Debug-watchos/AppUIKit.build/Objects-normal/arm64_32/AppUIKit-OutputFileMap.json -use-frontend-parseable-output -save-temps -no-color-diagnostics -explicit-module-build -module-cache-path /Users/admin/builder/spi-builder-workspace/.derivedData/Build/Intermediates.noindex/SwiftExplicitPrecompiledModules -clang-scanner-module-cache-path /Users/admin/builder/spi-builder-workspace/.derivedData/ModuleCache.noindex -sdk-module-cache-path /Users/admin/builder/spi-builder-workspace/.derivedData/ModuleCache.noindex -serialize-diagnostics -emit-dependencies -emit-module -emit-module-path /Users/admin/builder/spi-builder-workspace/.derivedData/Build/Intermediates.noindex/AppUIKit.build/Debug-watchos/AppUIKit.build/Objects-normal/arm64_32/AppUIKit.swiftmodule -validate-clang-modules-once -clang-build-session-file /Users/admin/builder/spi-builder-workspace/.derivedData/ModuleCache.noindex/Session.modulevalidation -package-name spi_builder_workspace -Xcc -I/Users/admin/builder/spi-builder-workspace/.derivedData/Build/Intermediates.noindex/AppUIKit.build/Debug-watchos/AppUIKit.build/swift-overrides.hmap -emit-const-values -Xfrontend -const-gather-protocols-file -Xfrontend /Users/admin/builder/spi-builder-workspace/.derivedData/Build/Intermediates.noindex/AppUIKit.build/Debug-watchos/AppUIKit.build/Objects-normal/arm64_32/AppUIKit_const_extract_protocols.json -Xcc -I/Users/admin/builder/spi-builder-workspace/.derivedData/Build/Products/Debug-watchos/include -Xcc -I/Users/admin/builder/spi-builder-workspace/.derivedData/Build/Intermediates.noindex/AppUIKit.build/Debug-watchos/AppUIKit.build/DerivedSources-normal/arm64_32 -Xcc -I/Users/admin/builder/spi-builder-workspace/.derivedData/Build/Intermediates.noindex/AppUIKit.build/Debug-watchos/AppUIKit.build/DerivedSources/arm64_32 -Xcc -I/Users/admin/builder/spi-builder-workspace/.derivedData/Build/Intermediates.noindex/AppUIKit.build/Debug-watchos/AppUIKit.build/DerivedSources -Xcc -DSWIFT_PACKAGE -Xcc -DDEBUG\=1 -emit-objc-header -emit-objc-header-path /Users/admin/builder/spi-builder-workspace/.derivedData/Build/Intermediates.noindex/AppUIKit.build/Debug-watchos/AppUIKit.build/Objects-normal/arm64_32/AppUIKit-Swift.h -working-directory /Users/admin/builder/spi-builder-workspace/.swiftpm/xcode -experimental-emit-module-separately -disable-cmo
SwiftExplicitDependencyGeneratePcm arm64_32 /Users/admin/builder/spi-builder-workspace/.derivedData/ModuleCache.noindex/DeveloperToolsSupport-5Q1NLQJRRPLABYGN6NVKFXWY0.pcm
SwiftExplicitDependencyGeneratePcm arm64_32 /Users/admin/builder/spi-builder-workspace/.derivedData/ModuleCache.noindex/ptrcheck-9AZUY5IS5PCZJH0IGF6KZ1CS4.pcm
SwiftExplicitDependencyGeneratePcm arm64_32 /Users/admin/builder/spi-builder-workspace/.derivedData/ModuleCache.noindex/_Builtin_stddef-CVMDFD2LRC6J8Y1G2VDJIK5XT.pcm
SwiftExplicitDependencyGeneratePcm arm64_32 /Users/admin/builder/spi-builder-workspace/.derivedData/ModuleCache.noindex/_AvailabilityInternal-2P7I2A0IHHWZTWSQ7YWZKAXBX.pcm
SwiftExplicitDependencyGeneratePcm arm64_32 /Users/admin/builder/spi-builder-workspace/.derivedData/ModuleCache.noindex/SwiftShims-1KDDRF0T4GF3KEVBC8BQQ0CZ5.pcm
SwiftExplicitDependencyGeneratePcm arm64_32 /Users/admin/builder/spi-builder-workspace/.derivedData/ModuleCache.noindex/_Builtin_stdbool-5P7XRQ5AQ02CJZQOFJGPCI3TD.pcm
SwiftExplicitDependencyGeneratePcm arm64_32 /Users/admin/builder/spi-builder-workspace/.derivedData/ModuleCache.noindex/_Builtin_float-57NF6Z0LMY2BSAMQJ9NJ49CVA.pcm
SwiftExplicitDependencyGeneratePcm arm64_32 /Users/admin/builder/spi-builder-workspace/.derivedData/ModuleCache.noindex/ptrauth-625I4K1NIQYS1FZEGD4TBZD97.pcm
SwiftExplicitDependencyGeneratePcm arm64_32 /Users/admin/builder/spi-builder-workspace/.derivedData/ModuleCache.noindex/_Builtin_stdarg-D40VS4Q2KALO38V4FLA1GBDYO.pcm
SwiftExplicitDependencyGeneratePcm arm64_32 /Users/admin/builder/spi-builder-workspace/.derivedData/ModuleCache.noindex/_SwiftConcurrencyShims-BE6OCM46C4HZFNWL8BR101QWH.pcm
SwiftExplicitDependencyGeneratePcm arm64 /Users/admin/builder/spi-builder-workspace/.derivedData/ModuleCache.noindex/DeveloperToolsSupport-4T92GXF0UX8LAOR19MDAZQ5FJ.pcm
SwiftExplicitDependencyGeneratePcm arm64 /Users/admin/builder/spi-builder-workspace/.derivedData/ModuleCache.noindex/SwiftShims-7I20DMCTK17Q8T32LA04FWAMX.pcm
SwiftExplicitDependencyGeneratePcm arm64 /Users/admin/builder/spi-builder-workspace/.derivedData/ModuleCache.noindex/_SwiftConcurrencyShims-6I3LH2ITNOZQ7GZSIWV3YFHI2.pcm
SwiftExplicitDependencyGeneratePcm arm64 /Users/admin/builder/spi-builder-workspace/.derivedData/ModuleCache.noindex/_Builtin_stdbool-6XT6P5XUZWCFLZBIHXXS8S9EV.pcm
SwiftExplicitDependencyGeneratePcm arm64 /Users/admin/builder/spi-builder-workspace/.derivedData/ModuleCache.noindex/_AvailabilityInternal-2O3RFBUGA1RPVNII2XIZ3QNC3.pcm
SwiftExplicitDependencyGeneratePcm arm64 /Users/admin/builder/spi-builder-workspace/.derivedData/ModuleCache.noindex/_Builtin_float-5QRDZB35Y522CLCFL7NT2LPUF.pcm
SwiftExplicitDependencyGeneratePcm arm64 /Users/admin/builder/spi-builder-workspace/.derivedData/ModuleCache.noindex/ptrauth-23V973HP08H1G8HHZ6OAJWG6Z.pcm
SwiftExplicitDependencyGeneratePcm arm64 /Users/admin/builder/spi-builder-workspace/.derivedData/ModuleCache.noindex/_Builtin_stddef-85JH2ZGWLM4WGGJWD7P19JNV6.pcm
SwiftExplicitDependencyGeneratePcm arm64 /Users/admin/builder/spi-builder-workspace/.derivedData/ModuleCache.noindex/_Builtin_stdarg-RZPX1L7HC0FE24QDJB88HMGH.pcm
SwiftExplicitDependencyGeneratePcm arm64 /Users/admin/builder/spi-builder-workspace/.derivedData/ModuleCache.noindex/ptrcheck-4YU0IIP3FXMEGKRFTVKLD8FLA.pcm
SwiftExplicitDependencyGeneratePcm arm64_32 /Users/admin/builder/spi-builder-workspace/.derivedData/ModuleCache.noindex/_DarwinFoundation1-B5IP3NLVAB98PUH6026E7IU3Z.pcm
SwiftExplicitDependencyGeneratePcm arm64 /Users/admin/builder/spi-builder-workspace/.derivedData/ModuleCache.noindex/_DarwinFoundation1-9CHGZVG6Q11ZVI9VKIOS0DH8R.pcm
SwiftExplicitDependencyGeneratePcm arm64_32 /Users/admin/builder/spi-builder-workspace/.derivedData/ModuleCache.noindex/_DarwinFoundation2-BE53KZ13PGS3ADMTR162NWOT8.pcm
SwiftExplicitDependencyGeneratePcm arm64_32 /Users/admin/builder/spi-builder-workspace/.derivedData/ModuleCache.noindex/_Builtin_limits-85C3GEXRWK1KZJSJYR1SLAHJZ.pcm
SwiftExplicitDependencyGeneratePcm arm64 /Users/admin/builder/spi-builder-workspace/.derivedData/ModuleCache.noindex/_Builtin_limits-DDBVG65V69EW9COVSML9AW08G.pcm
SwiftExplicitDependencyGeneratePcm arm64 /Users/admin/builder/spi-builder-workspace/.derivedData/ModuleCache.noindex/_DarwinFoundation2-91AUNY1B00JVZZS04EHZ5P78E.pcm
SwiftExplicitDependencyGeneratePcm arm64_32 /Users/admin/builder/spi-builder-workspace/.derivedData/ModuleCache.noindex/sys_types-5220JAOP6QAKP1ZZSQXQIGT3N.pcm
SwiftExplicitDependencyGeneratePcm arm64_32 /Users/admin/builder/spi-builder-workspace/.derivedData/ModuleCache.noindex/_Builtin_tgmath-9MAKYXN5PH90P2SVS3Q0JFOEL.pcm
SwiftExplicitDependencyGeneratePcm arm64_32 /Users/admin/builder/spi-builder-workspace/.derivedData/ModuleCache.noindex/_Builtin_stdint-DHK9W4154W1VADFICW26EF51A.pcm
SwiftExplicitDependencyGeneratePcm arm64 /Users/admin/builder/spi-builder-workspace/.derivedData/ModuleCache.noindex/_Builtin_tgmath-DI47CTKNA1DVO6XMQAP3NHIQ0.pcm
SwiftExplicitDependencyGeneratePcm arm64 /Users/admin/builder/spi-builder-workspace/.derivedData/ModuleCache.noindex/sys_types-3UK4M66LJG7B93KMPGCYXJLGJ.pcm
SwiftExplicitDependencyGeneratePcm arm64 /Users/admin/builder/spi-builder-workspace/.derivedData/ModuleCache.noindex/_Builtin_stdint-BFTPAV7DTJR0UZMVITWJ89G3Z.pcm
SwiftExplicitDependencyGeneratePcm arm64_32 /Users/admin/builder/spi-builder-workspace/.derivedData/ModuleCache.noindex/_Builtin_stdatomic-PGCTE6MX7UMTDPK5E7L1WO9G.pcm
SwiftExplicitDependencyGeneratePcm arm64_32 /Users/admin/builder/spi-builder-workspace/.derivedData/ModuleCache.noindex/_Builtin_intrinsics-8BDARAQ01UZD6W014LHVKHINQ.pcm
SwiftExplicitDependencyGeneratePcm arm64_32 /Users/admin/builder/spi-builder-workspace/.derivedData/ModuleCache.noindex/_DarwinFoundation3-ECPZQXPEKKE17FVBYD1POXRMU.pcm
SwiftExplicitDependencyGeneratePcm arm64 /Users/admin/builder/spi-builder-workspace/.derivedData/ModuleCache.noindex/_Builtin_intrinsics-58ND084GSLXVJ19XXOLY3EGKI.pcm
SwiftExplicitDependencyGeneratePcm arm64 /Users/admin/builder/spi-builder-workspace/.derivedData/ModuleCache.noindex/_Builtin_stdatomic-54VXVKINWJDUKUF1QQV7ZSY2R.pcm
SwiftExplicitDependencyGeneratePcm arm64 /Users/admin/builder/spi-builder-workspace/.derivedData/ModuleCache.noindex/_DarwinFoundation3-5VMZVD9RI030DGKFFW74MIHMQ.pcm
SwiftExplicitDependencyGeneratePcm arm64_32 /Users/admin/builder/spi-builder-workspace/.derivedData/ModuleCache.noindex/_Builtin_inttypes-DVW4DAGN9X56OUK4E1BD9DBZ7.pcm
SwiftExplicitDependencyGeneratePcm arm64 /Users/admin/builder/spi-builder-workspace/.derivedData/ModuleCache.noindex/_Builtin_inttypes-EAYG1OYRDQ7HO6J9WI6WA5Y2M.pcm
SwiftExplicitDependencyGeneratePcm arm64_32 /Users/admin/builder/spi-builder-workspace/.derivedData/ModuleCache.noindex/Darwin-C8WYVRDE1BASWGOHXGC15GM9F.pcm
SwiftExplicitDependencyGeneratePcm arm64 /Users/admin/builder/spi-builder-workspace/.derivedData/ModuleCache.noindex/Darwin-E1ZCMHXYOAUQKSA4QO0SMGPXA.pcm
SwiftExplicitDependencyGeneratePcm arm64_32 /Users/admin/builder/spi-builder-workspace/.derivedData/ModuleCache.noindex/simd-9BYVQEJ0MLQ40IRA0VT385G31.pcm
SwiftExplicitDependencyGeneratePcm arm64 /Users/admin/builder/spi-builder-workspace/.derivedData/ModuleCache.noindex/simd-6UCUA2BKEI2K1ED9QH6DE7VZF.pcm
SwiftExplicitDependencyGeneratePcm arm64_32 /Users/admin/builder/spi-builder-workspace/.derivedData/ModuleCache.noindex/MachO-7QHSINQMXX9UYJSOISDF3NS24.pcm
SwiftExplicitDependencyGeneratePcm arm64_32 /Users/admin/builder/spi-builder-workspace/.derivedData/ModuleCache.noindex/ObjectiveC-AVYBQYXS0QCLOEQGWXNFUFJ0V.pcm
SwiftExplicitDependencyGeneratePcm arm64 /Users/admin/builder/spi-builder-workspace/.derivedData/ModuleCache.noindex/ObjectiveC-2PU9OT47G6RBOHSXQR2STMWWR.pcm
SwiftExplicitDependencyGeneratePcm arm64 /Users/admin/builder/spi-builder-workspace/.derivedData/ModuleCache.noindex/MachO-CBB7CDJCGLJ1KAOBMESQJ6HN0.pcm
SwiftExplicitDependencyGeneratePcm arm64_32 /Users/admin/builder/spi-builder-workspace/.derivedData/ModuleCache.noindex/os_object-8N6RR4J5VVS62U9VXHR1297AW.pcm
SwiftExplicitDependencyGeneratePcm arm64 /Users/admin/builder/spi-builder-workspace/.derivedData/ModuleCache.noindex/os_object-CIUJ5N1V1HWSGEK024IV96R1M.pcm
SwiftExplicitDependencyGeneratePcm arm64_32 /Users/admin/builder/spi-builder-workspace/.derivedData/ModuleCache.noindex/os_workgroup-EGGSTWNSSUGG124AQRBUF2J85.pcm
SwiftExplicitDependencyGeneratePcm arm64 /Users/admin/builder/spi-builder-workspace/.derivedData/ModuleCache.noindex/os_workgroup-5S02ISLSMHO6BA5HLY5UNJ6A3.pcm
SwiftExplicitDependencyGeneratePcm arm64_32 /Users/admin/builder/spi-builder-workspace/.derivedData/ModuleCache.noindex/Spatial-DGQ1Z61Q5HV0ERQQK6QDL9GGR.pcm
SwiftExplicitDependencyGeneratePcm arm64_32 /Users/admin/builder/spi-builder-workspace/.derivedData/ModuleCache.noindex/os-1GWCV6O27DHF8WQFPLJNCFKK4.pcm
SwiftExplicitDependencyGeneratePcm arm64_32 /Users/admin/builder/spi-builder-workspace/.derivedData/ModuleCache.noindex/Dispatch-DV1SP0JEXVJ6MTIWZ3XCJTXSW.pcm
SwiftExplicitDependencyGeneratePcm arm64 /Users/admin/builder/spi-builder-workspace/.derivedData/ModuleCache.noindex/Spatial-P3M6DE6INE5TFFPGQXB74VLJ.pcm
SwiftExplicitDependencyGeneratePcm arm64 /Users/admin/builder/spi-builder-workspace/.derivedData/ModuleCache.noindex/Dispatch-4KQN7RRX0L9C07MGTWHYRJGYM.pcm
SwiftExplicitDependencyGeneratePcm arm64 /Users/admin/builder/spi-builder-workspace/.derivedData/ModuleCache.noindex/os-AOK4LQ23MW2NBBUH2N8QOP52R.pcm
SwiftExplicitDependencyGeneratePcm arm64_32 /Users/admin/builder/spi-builder-workspace/.derivedData/ModuleCache.noindex/CoreFoundation-EN8GNA4ERP0UOK1XPZ1YRZKGF.pcm
SwiftExplicitDependencyGeneratePcm arm64 /Users/admin/builder/spi-builder-workspace/.derivedData/ModuleCache.noindex/CoreFoundation-C0JIKJUNM7J0IFUIZ8S5RWP5A.pcm
SwiftExplicitDependencyGeneratePcm arm64_32 /Users/admin/builder/spi-builder-workspace/.derivedData/ModuleCache.noindex/CoreGraphics-54WAF0IQ8H82D87XJZCFRIVTY.pcm
SwiftExplicitDependencyGeneratePcm arm64_32 /Users/admin/builder/spi-builder-workspace/.derivedData/ModuleCache.noindex/Security-8KJEGVX0ECINJU374GLCNITFA.pcm
SwiftExplicitDependencyGeneratePcm arm64 /Users/admin/builder/spi-builder-workspace/.derivedData/ModuleCache.noindex/Security-8WXKZYCC8N3IYZ7GEEYK1LTTC.pcm
SwiftExplicitDependencyGeneratePcm arm64 /Users/admin/builder/spi-builder-workspace/.derivedData/ModuleCache.noindex/CoreGraphics-2FMIK8L6NJMCE0PUQH3KNMGI3.pcm
SwiftExplicitDependencyGeneratePcm arm64_32 /Users/admin/builder/spi-builder-workspace/.derivedData/ModuleCache.noindex/Foundation-1ZQJQ54U4TUPUQFY2U9YK0983.pcm
SwiftExplicitDependencyGeneratePcm arm64_32 /Users/admin/builder/spi-builder-workspace/.derivedData/ModuleCache.noindex/CoreText-69WFEC62YDTCXQEGLBFA7KKF1.pcm
SwiftExplicitDependencyGeneratePcm arm64_32 /Users/admin/builder/spi-builder-workspace/.derivedData/ModuleCache.noindex/CoreVideo-DAFM97GFIP18A85P7GYKWGVKF.pcm
SwiftExplicitDependencyGeneratePcm arm64 /Users/admin/builder/spi-builder-workspace/.derivedData/ModuleCache.noindex/Foundation-188QGUU7PNEMS0JL2JNA4L9D.pcm
SwiftExplicitDependencyGeneratePcm arm64 /Users/admin/builder/spi-builder-workspace/.derivedData/ModuleCache.noindex/CoreVideo-15AO69LNM8QYOGDN9W7HMBMTS.pcm
SwiftExplicitDependencyGeneratePcm arm64 /Users/admin/builder/spi-builder-workspace/.derivedData/ModuleCache.noindex/CoreText-2GN9EZ4ZQV3RJTZAUM2RAP0C5.pcm
SwiftExplicitDependencyGeneratePcm arm64_32 /Users/admin/builder/spi-builder-workspace/.derivedData/ModuleCache.noindex/UserNotifications-CY8CZNOA4HZ4NXF0NT757OY1I.pcm
SwiftExplicitDependencyGeneratePcm arm64_32 /Users/admin/builder/spi-builder-workspace/.derivedData/ModuleCache.noindex/Symbols-A1BAQZRA0IPQ1BAQPBXB0XLK.pcm
SwiftExplicitDependencyGeneratePcm arm64_32 /Users/admin/builder/spi-builder-workspace/.derivedData/ModuleCache.noindex/UniformTypeIdentifiers-6VZH7JUQRBGXCIXRY267O4LKC.pcm
SwiftExplicitDependencyGeneratePcm arm64_32 /Users/admin/builder/spi-builder-workspace/.derivedData/ModuleCache.noindex/Accessibility-869BJBZ6Y0GHCSU4LZ2MMOG62.pcm
SwiftExplicitDependencyGeneratePcm arm64_32 /Users/admin/builder/spi-builder-workspace/.derivedData/ModuleCache.noindex/UIUtilities-CPB7RV7T2CQM4IT41KNK8WEPF.pcm
SwiftExplicitDependencyGeneratePcm arm64_32 /Users/admin/builder/spi-builder-workspace/.derivedData/ModuleCache.noindex/_LocationEssentials-4AVGDYZWJ1Z1EFYUB10MHWTSY.pcm
SwiftExplicitDependencyGeneratePcm arm64_32 /Users/admin/builder/spi-builder-workspace/.derivedData/ModuleCache.noindex/CoreData-F2DL2NECK2F0P1OBHCU46MF3Q.pcm
SwiftExplicitDependencyGeneratePcm arm64_32 /Users/admin/builder/spi-builder-workspace/.derivedData/ModuleCache.noindex/OSLog-BBMJB65CZBEAD54GKEVKN32T5.pcm
SwiftExplicitDependencyGeneratePcm arm64_32 /Users/admin/builder/spi-builder-workspace/.derivedData/ModuleCache.noindex/SceneKit-6MBHR3E1L3RXHLA4E857VB005.pcm
SwiftExplicitDependencyGeneratePcm arm64_32 /Users/admin/builder/spi-builder-workspace/.derivedData/ModuleCache.noindex/DataDetection-9RZALVH3Q8QWPGVOXLJMRIMNJ.pcm
SwiftExplicitDependencyGeneratePcm arm64 /Users/admin/builder/spi-builder-workspace/.derivedData/ModuleCache.noindex/CoreData-2R09KN2ITB4YCFZYE0RKJ42SX.pcm
SwiftExplicitDependencyGeneratePcm arm64 /Users/admin/builder/spi-builder-workspace/.derivedData/ModuleCache.noindex/QuartzCore-4KHS4Y6YPAFSDDCY9RNZPJHA3.pcm
SwiftExplicitDependencyGeneratePcm arm64 /Users/admin/builder/spi-builder-workspace/.derivedData/ModuleCache.noindex/DataDetection-DGEIPFEY2NNDNAFGCE7B6ZZG5.pcm
SwiftExplicitDependencyGeneratePcm arm64_32 /Users/admin/builder/spi-builder-workspace/.derivedData/ModuleCache.noindex/CoreLocation-9RQ68E4O3PRRR7M1U83RT5KKA.pcm
SwiftExplicitDependencyGeneratePcm arm64 /Users/admin/builder/spi-builder-workspace/.derivedData/ModuleCache.noindex/_LocationEssentials-89SR6PJ8VGRNDNOJCJUJKQDF.pcm
SwiftExplicitDependencyGeneratePcm arm64 /Users/admin/builder/spi-builder-workspace/.derivedData/ModuleCache.noindex/UIUtilities-2AT70EV9YA6Z5O1GGD8GO52CG.pcm
SwiftExplicitDependencyGeneratePcm arm64 /Users/admin/builder/spi-builder-workspace/.derivedData/ModuleCache.noindex/Symbols-2U9Y3ZW48EA4WDS5V00VYWP77.pcm
SwiftExplicitDependencyGeneratePcm arm64 /Users/admin/builder/spi-builder-workspace/.derivedData/ModuleCache.noindex/SceneKit-3DCFJMYMG1AW8U9GLQQCC1TM9.pcm
SwiftExplicitDependencyGeneratePcm arm64 /Users/admin/builder/spi-builder-workspace/.derivedData/ModuleCache.noindex/Accessibility-4HTSNVYGF3VC9YDCPC2MNOPN4.pcm
SwiftExplicitDependencyGeneratePcm arm64 /Users/admin/builder/spi-builder-workspace/.derivedData/ModuleCache.noindex/CoreTransferable-8REPBA8E7O6DTYSXERNLF5EVF.pcm
SwiftExplicitDependencyGeneratePcm arm64_32 /Users/admin/builder/spi-builder-workspace/.derivedData/ModuleCache.noindex/QuartzCore-5EU9GG539SM7NV65MHB043EPG.pcm
SwiftExplicitDependencyGeneratePcm arm64 /Users/admin/builder/spi-builder-workspace/.derivedData/ModuleCache.noindex/UserNotifications-57VYXICVMN3EV36XAB1WHJZ2C.pcm
SwiftExplicitDependencyGeneratePcm arm64 /Users/admin/builder/spi-builder-workspace/.derivedData/ModuleCache.noindex/OSLog-15I59UMBV6CMH7II4GT8R5JED.pcm
SwiftExplicitDependencyGeneratePcm arm64 /Users/admin/builder/spi-builder-workspace/.derivedData/ModuleCache.noindex/CoreLocation-BOG5PV0G1GSHHPJXU4ZBJCZRH.pcm
SwiftExplicitDependencyGeneratePcm arm64 /Users/admin/builder/spi-builder-workspace/.derivedData/ModuleCache.noindex/UniformTypeIdentifiers-458KAXK374TXBBN52PBPJYRSJ.pcm
SwiftExplicitDependencyGeneratePcm arm64_32 /Users/admin/builder/spi-builder-workspace/.derivedData/ModuleCache.noindex/CoreTransferable-2CVORFL3L1ZOPK3KZBFUQTSQZ.pcm
SwiftExplicitDependencyGeneratePcm arm64 /Users/admin/builder/spi-builder-workspace/.derivedData/ModuleCache.noindex/SwiftUICore-21H2UE8E2AZCB7ZNBBCK88V6B.pcm
SwiftExplicitDependencyGeneratePcm arm64 /Users/admin/builder/spi-builder-workspace/.derivedData/ModuleCache.noindex/UIKit-8SKRF6O0G9HZH553M3C9EWWAU.pcm
SwiftExplicitDependencyGeneratePcm arm64_32 /Users/admin/builder/spi-builder-workspace/.derivedData/ModuleCache.noindex/SwiftUICore-8ANRRAIL34VOSEU0OQX19CRW1.pcm
SwiftExplicitDependencyGeneratePcm arm64_32 /Users/admin/builder/spi-builder-workspace/.derivedData/ModuleCache.noindex/UIKit-1I38H26G25LVQJZB353WOWH6.pcm
SwiftExplicitDependencyGeneratePcm arm64 /Users/admin/builder/spi-builder-workspace/.derivedData/ModuleCache.noindex/HomeKit-4C69268JUH909JW8MKMI4ZHZD.pcm
SwiftExplicitDependencyGeneratePcm arm64 /Users/admin/builder/spi-builder-workspace/.derivedData/ModuleCache.noindex/MapKit-6Q8OOAF8BXB6AQCDERMACVNOQ.pcm
SwiftExplicitDependencyGeneratePcm arm64_32 /Users/admin/builder/spi-builder-workspace/.derivedData/ModuleCache.noindex/MapKit-61MX8NTUJI5M2YAB13WWU24YK.pcm
SwiftExplicitDependencyGeneratePcm arm64_32 /Users/admin/builder/spi-builder-workspace/.derivedData/ModuleCache.noindex/HomeKit-AHC3ILHKUO82Z75TFKF5V50CX.pcm
SwiftExplicitDependencyGeneratePcm arm64 /Users/admin/builder/spi-builder-workspace/.derivedData/ModuleCache.noindex/WatchKit-5T2K1B24G8E6J6KMDU2M6UZPN.pcm
SwiftExplicitDependencyGeneratePcm arm64_32 /Users/admin/builder/spi-builder-workspace/.derivedData/ModuleCache.noindex/WatchKit-CAD4AK8HX5FUC7GD3OEVCTMHI.pcm
SwiftExplicitDependencyGeneratePcm arm64 /Users/admin/builder/spi-builder-workspace/.derivedData/ModuleCache.noindex/SwiftUI-4OC0A8HWPDEBIVB0BVWDDC788.pcm
SwiftExplicitDependencyGeneratePcm arm64_32 /Users/admin/builder/spi-builder-workspace/.derivedData/ModuleCache.noindex/SwiftUI-CTJZPDH0D73K21479D8OGT6Y3.pcm
SwiftCompile normal arm64 Compiling\ AppUIKit.KeyboardShortcuts.swift,\ AppUIKit.LayoutDirection.swift /Users/admin/builder/spi-builder-workspace/Sources/AppUIKit/AppUIKit.KeyboardShortcuts.swift /Users/admin/builder/spi-builder-workspace/Sources/AppUIKit/AppUIKit.LayoutDirection.swift (in target 'AppUIKit' from project 'AppUIKit')
SwiftCompile normal arm64 /Users/admin/builder/spi-builder-workspace/Sources/AppUIKit/AppUIKit.KeyboardShortcuts.swift (in target 'AppUIKit' from project 'AppUIKit')
    cd /Users/admin/builder/spi-builder-workspace/.swiftpm/xcode

SwiftCompile normal arm64 /Users/admin/builder/spi-builder-workspace/Sources/AppUIKit/AppUIKit.LayoutDirection.swift (in target 'AppUIKit' from project 'AppUIKit')
    cd /Users/admin/builder/spi-builder-workspace/.swiftpm/xcode

SwiftCompile normal arm64 Compiling\ AppUIKit.Pasteboard.swift,\ AppUIKit.Sharing.swift /Users/admin/builder/spi-builder-workspace/Sources/AppUIKit/AppUIKit.Pasteboard.swift /Users/admin/builder/spi-builder-workspace/Sources/AppUIKit/AppUIKit.Sharing.swift (in target 'AppUIKit' from project 'AppUIKit')
SwiftCompile normal arm64 /Users/admin/builder/spi-builder-workspace/Sources/AppUIKit/AppUIKit.Pasteboard.swift (in target 'AppUIKit' from project 'AppUIKit')
    cd /Users/admin/builder/spi-builder-workspace/.swiftpm/xcode

SwiftCompile normal arm64 /Users/admin/builder/spi-builder-workspace/Sources/AppUIKit/AppUIKit.Sharing.swift (in target 'AppUIKit' from project 'AppUIKit')
    cd /Users/admin/builder/spi-builder-workspace/.swiftpm/xcode

SwiftCompile normal arm64 Compiling\ AppUIKit.VisualEffects.swift,\ AppUIKit.swift /Users/admin/builder/spi-builder-workspace/Sources/AppUIKit/AppUIKit.VisualEffects.swift /Users/admin/builder/spi-builder-workspace/Sources/AppUIKit/AppUIKit.swift (in target 'AppUIKit' from project 'AppUIKit')
SwiftCompile normal arm64 /Users/admin/builder/spi-builder-workspace/Sources/AppUIKit/AppUIKit.VisualEffects.swift (in target 'AppUIKit' from project 'AppUIKit')
    cd /Users/admin/builder/spi-builder-workspace/.swiftpm/xcode

SwiftCompile normal arm64 /Users/admin/builder/spi-builder-workspace/Sources/AppUIKit/AppUIKit.swift (in target 'AppUIKit' from project 'AppUIKit')
    cd /Users/admin/builder/spi-builder-workspace/.swiftpm/xcode

SwiftCompile normal arm64 Compiling\ AppUIKit.TooltipHelper.swift,\ AppUIKit.ViewFactory.swift /Users/admin/builder/spi-builder-workspace/Sources/AppUIKit/AppUIKit.TooltipHelper.swift /Users/admin/builder/spi-builder-workspace/Sources/AppUIKit/AppUIKit.ViewFactory.swift (in target 'AppUIKit' from project 'AppUIKit')
SwiftCompile normal arm64 /Users/admin/builder/spi-builder-workspace/Sources/AppUIKit/AppUIKit.TooltipHelper.swift (in target 'AppUIKit' from project 'AppUIKit')
    cd /Users/admin/builder/spi-builder-workspace/.swiftpm/xcode

SwiftCompile normal arm64 /Users/admin/builder/spi-builder-workspace/Sources/AppUIKit/AppUIKit.ViewFactory.swift (in target 'AppUIKit' from project 'AppUIKit')
    cd /Users/admin/builder/spi-builder-workspace/.swiftpm/xcode

SwiftEmitModule normal arm64 Emitting\ module\ for\ AppUIKit (in target 'AppUIKit' from project 'AppUIKit')
Failed frontend command:
/Applications/Xcode-26.3.0.app/Contents/Developer/Toolchains/XcodeDefault.xctoolchain/usr/bin/swift-frontend -frontend -emit-module -experimental-skip-non-inlinable-function-bodies-without-types /Users/admin/builder/spi-builder-workspace/Sources/AppUIKit/AppUICursor.swift /Users/admin/builder/spi-builder-workspace/Sources/AppUIKit/AppUIInteractiveView.swift /Users/admin/builder/spi-builder-workspace/Sources/AppUIKit/AppUIKit.AccessibilityIdentifier.swift /Users/admin/builder/spi-builder-workspace/Sources/AppUIKit/AppUIKit.AnimationValue.swift /Users/admin/builder/spi-builder-workspace/Sources/AppUIKit/AppUIKit.Colors.swift /Users/admin/builder/spi-builder-workspace/Sources/AppUIKit/AppUIKit.DisplayLink.swift /Users/admin/builder/spi-builder-workspace/Sources/AppUIKit/AppUIKit.EventMonitoring.swift /Users/admin/builder/spi-builder-workspace/Sources/AppUIKit/AppUIKit.Extensions.swift /Users/admin/builder/spi-builder-workspace/Sources/AppUIKit/AppUIKit.Fonts.swift /Users/admin/builder/spi-builder-workspace/Sources/AppUIKit/AppUIKit.KeyboardShortcuts.swift /Users/admin/builder/spi-builder-workspace/Sources/AppUIKit/AppUIKit.LayoutDirection.swift /Users/admin/builder/spi-builder-workspace/Sources/AppUIKit/AppUIKit.Pasteboard.swift /Users/admin/builder/spi-builder-workspace/Sources/AppUIKit/AppUIKit.Sharing.swift /Users/admin/builder/spi-builder-workspace/Sources/AppUIKit/AppUIKit.TooltipHelper.swift /Users/admin/builder/spi-builder-workspace/Sources/AppUIKit/AppUIKit.ViewFactory.swift /Users/admin/builder/spi-builder-workspace/Sources/AppUIKit/AppUIKit.VisualEffects.swift /Users/admin/builder/spi-builder-workspace/Sources/AppUIKit/AppUIKit.swift /Users/admin/builder/spi-builder-workspace/Sources/AppUIKit/AppUITopLeftView.swift /Users/admin/builder/spi-builder-workspace/Sources/AppUIKit/ConnectionPointCalculator.swift /Users/admin/builder/spi-builder-workspace/Sources/AppUIKit/DirectionalSymbols.swift /Users/admin/builder/spi-builder-workspace/Sources/AppUIKit/LayoutDirectionManager.swift -target arm64-apple-watchos10.0 -module-can-import-version SwiftUI 7.2.5.1 7.2.5 -module-can-import-version UIKit 9126.2.4 9126.2.4 -load-resolved-plugin /Applications/Xcode-26.3.0.app/Contents/Developer/Platforms/WatchOS.platform/Developer/usr/lib/swift/host/plugins/libFoundationMacros.dylib\#/Applications/Xcode-26.3.0.app/Contents/Developer/Platforms/WatchOS.platform/Developer/usr/bin/swift-plugin-server\#FoundationMacros -load-resolved-plugin /Applications/Xcode-26.3.0.app/Contents/Developer/Platforms/WatchOS.platform/Developer/usr/lib/swift/host/plugins/libObservationMacros.dylib\#/Applications/Xcode-26.3.0.app/Contents/Developer/Platforms/WatchOS.platform/Developer/usr/bin/swift-plugin-server\#ObservationMacros -load-resolved-plugin /Applications/Xcode-26.3.0.app/Contents/Developer/Platforms/WatchOS.platform/Developer/usr/lib/swift/host/plugins/libPreviewsMacros.dylib\#/Applications/Xcode-26.3.0.app/Contents/Developer/Platforms/WatchOS.platform/Developer/usr/bin/swift-plugin-server\#PreviewsMacros -load-resolved-plugin /Applications/Xcode-26.3.0.app/Contents/Developer/Platforms/WatchOS.platform/Developer/usr/lib/swift/host/plugins/libSwiftMacros.dylib\#/Applications/Xcode-26.3.0.app/Contents/Developer/Platforms/WatchOS.platform/Developer/usr/bin/swift-plugin-server\#SwiftMacros -load-resolved-plugin /Applications/Xcode-26.3.0.app/Contents/Developer/Platforms/WatchOS.platform/Developer/usr/lib/swift/host/plugins/libSwiftUIMacros.dylib\#/Applications/Xcode-26.3.0.app/Contents/Developer/Platforms/WatchOS.platform/Developer/usr/bin/swift-plugin-server\#SwiftUIMacros -disable-implicit-swift-modules -Xcc -fno-implicit-modules -Xcc -fno-implicit-module-maps -explicit-swift-module-map-file /Users/admin/builder/spi-builder-workspace/.derivedData/Build/Intermediates.noindex/AppUIKit.build/Debug-watchos/AppUIKit.build/Objects-normal/arm64/AppUIKit-dependencies-2.json -Xllvm -aarch64-use-tbi -enable-objc-interop -stack-check -sdk /Applications/Xcode-26.3.0.app/Contents/Developer/Platforms/WatchOS.platform/Developer/SDKs/WatchOS26.2.sdk -I /Users/admin/builder/spi-builder-workspace/.derivedData/Build/Products/Debug-watchos -Isystem /Applications/Xcode-26.3.0.app/Contents/Developer/Platforms/WatchOS.platform/Developer/usr/lib -F /Users/admin/builder/spi-builder-workspace/.derivedData/Build/Products/Debug-watchos -F /Applications/Xcode-26.3.0.app/Contents/Developer/Platforms/WatchOS.platform/Developer/Library/Frameworks -F /Applications/Xcode-26.3.0.app/Contents/Developer/Platforms/WatchOS.platform/Developer/SDKs/WatchOS26.2.sdk/Developer/Library/Frameworks -no-color-diagnostics -Xcc -fno-color-diagnostics -enable-testing -g -debug-info-format\=dwarf -dwarf-version\=4 -module-cache-path /Users/admin/builder/spi-builder-workspace/.derivedData/Build/Intermediates.noindex/SwiftExplicitPrecompiledModules -profile-generate -profile-coverage-mapping -swift-version 6 -enforce-exclusivity\=checked -Onone -D SWIFT_PACKAGE -D DEBUG -D SWIFT_MODULE_RESOURCE_BUNDLE_UNAVAILABLE -D Xcode -serialize-debugging-options -const-gather-protocols-file /Users/admin/builder/spi-builder-workspace/.derivedData/Build/Intermediates.noindex/AppUIKit.build/Debug-watchos/AppUIKit.build/Objects-normal/arm64/AppUIKit_const_extract_protocols.json -enable-experimental-feature DebugDescriptionMacro -empty-abi-descriptor -validate-clang-modules-once -clang-build-session-file /Users/admin/builder/spi-builder-workspace/.derivedData/ModuleCache.noindex/Session.modulevalidation -Xcc -working-directory -Xcc /Users/admin/builder/spi-builder-workspace/.swiftpm/xcode -enable-anonymous-context-mangled-names -file-compilation-dir /Users/admin/builder/spi-builder-workspace/.swiftpm/xcode -Xcc -D_LIBCPP_HARDENING_MODE\=_LIBCPP_HARDENING_MODE_DEBUG -Xcc -ivfsstatcache -Xcc /Users/admin/builder/spi-builder-workspace/.derivedData/SDKStatCaches.noindex/watchos26.2-23S303-dc75598d0054f22ec865fa860f139d721753b489057de6bda919edfa1c59a62b.sdkstatcache -Xcc -I/Users/admin/builder/spi-builder-workspace/.derivedData/Build/Intermediates.noindex/AppUIKit.build/Debug-watchos/AppUIKit.build/swift-overrides.hmap -Xcc -I/Users/admin/builder/spi-builder-workspace/.derivedData/Build/Products/Debug-watchos/include -Xcc -I/Users/admin/builder/spi-builder-workspace/.derivedData/Build/Intermediates.noindex/AppUIKit.build/Debug-watchos/AppUIKit.build/DerivedSources-normal/arm64 -Xcc -I/Users/admin/builder/spi-builder-workspace/.derivedData/Build/Intermediates.noindex/AppUIKit.build/Debug-watchos/AppUIKit.build/DerivedSources/arm64 -Xcc -I/Users/admin/builder/spi-builder-workspace/.derivedData/Build/Intermediates.noindex/AppUIKit.build/Debug-watchos/AppUIKit.build/DerivedSources -Xcc -DSWIFT_PACKAGE -Xcc -DDEBUG\=1 -no-auto-bridging-header-chaining -module-name AppUIKit -package-name spi_builder_workspace -frontend-parseable-output -disable-clang-spi -target-sdk-version 26.2 -target-sdk-name watchos26.2 -clang-target arm64-apple-watchos26.2 -in-process-plugin-server-path /Applications/Xcode-26.3.0.app/Contents/Developer/Toolchains/XcodeDefault.xctoolchain/usr/lib/swift/host/libSwiftInProcPluginServer.dylib -emit-module-doc-path /Users/admin/builder/spi-builder-workspace/.derivedData/Build/Intermediates.noindex/AppUIKit.build/Debug-watchos/AppUIKit.build/Objects-normal/arm64/AppUIKit.swiftdoc -emit-module-source-info-path /Users/admin/builder/spi-builder-workspace/.derivedData/Build/Intermediates.noindex/AppUIKit.build/Debug-watchos/AppUIKit.build/Objects-normal/arm64/AppUIKit.swiftsourceinfo -emit-objc-header-path /Users/admin/builder/spi-builder-workspace/.derivedData/Build/Intermediates.noindex/AppUIKit.build/Debug-watchos/AppUIKit.build/Objects-normal/arm64/AppUIKit-Swift.h -serialize-diagnostics-path /Users/admin/builder/spi-builder-workspace/.derivedData/Build/Intermediates.noindex/AppUIKit.build/Debug-watchos/AppUIKit.build/Objects-normal/arm64/AppUIKit-primary-emit-module.dia -emit-dependencies-path /Users/admin/builder/spi-builder-workspace/.derivedData/Build/Intermediates.noindex/AppUIKit.build/Debug-watchos/AppUIKit.build/Objects-normal/arm64/AppUIKit-primary-emit-module.d -o /Users/admin/builder/spi-builder-workspace/.derivedData/Build/Intermediates.noindex/AppUIKit.build/Debug-watchos/AppUIKit.build/Objects-normal/arm64/AppUIKit.swiftmodule -emit-abi-descriptor-path /Users/admin/builder/spi-builder-workspace/.derivedData/Build/Intermediates.noindex/AppUIKit.build/Debug-watchos/AppUIKit.build/Objects-normal/arm64/AppUIKit.abi.json
EmitSwiftModule normal arm64 (in target 'AppUIKit' from project 'AppUIKit')
    cd /Users/admin/builder/spi-builder-workspace/.swiftpm/xcode

/Users/admin/builder/spi-builder-workspace/Sources/AppUIKit/AppUIInteractiveView.swift:78:56: error: 'UITouch' is unavailable in watchOS
        override open func touchesBegan(_ touches: Set<UITouch>, with _: UIEvent?) {
                                                       ^~~~~~~
/Applications/Xcode-26.3.0.app/Contents/Developer/Platforms/WatchOS.platform/Developer/SDKs/WatchOS26.2.sdk/System/Library/Frameworks/UIKit.framework/Headers/UITouch.h:51:12: note: 'UITouch' has been explicitly marked unavailable here
@interface UITouch : NSObject
           ^
/Users/admin/builder/spi-builder-workspace/Sources/AppUIKit/AppUIInteractiveView.swift:78:74: error: 'UIEvent' is unavailable in watchOS
        override open func touchesBegan(_ touches: Set<UITouch>, with _: UIEvent?) {
                                                                         ^~~~~~~
/Applications/Xcode-26.3.0.app/Contents/Developer/Platforms/WatchOS.platform/Developer/SDKs/WatchOS26.2.sdk/System/Library/Frameworks/UIKit.framework/Headers/UIEvent.h:62:12: note: 'UIEvent' has been explicitly marked unavailable here
@interface UIEvent : NSObject
           ^
/Users/admin/builder/spi-builder-workspace/Sources/AppUIKit/AppUIInteractiveView.swift:84:56: error: 'UITouch' is unavailable in watchOS
        override open func touchesMoved(_ touches: Set<UITouch>, with _: UIEvent?) {
                                                       ^~~~~~~
/Applications/Xcode-26.3.0.app/Contents/Developer/Platforms/WatchOS.platform/Developer/SDKs/WatchOS26.2.sdk/System/Library/Frameworks/UIKit.framework/Headers/UITouch.h:51:12: note: 'UITouch' has been explicitly marked unavailable here
@interface UITouch : NSObject
           ^
/Users/admin/builder/spi-builder-workspace/Sources/AppUIKit/AppUIInteractiveView.swift:84:74: error: 'UIEvent' is unavailable in watchOS
        override open func touchesMoved(_ touches: Set<UITouch>, with _: UIEvent?) {
                                                                         ^~~~~~~
/Applications/Xcode-26.3.0.app/Contents/Developer/Platforms/WatchOS.platform/Developer/SDKs/WatchOS26.2.sdk/System/Library/Frameworks/UIKit.framework/Headers/UIEvent.h:62:12: note: 'UIEvent' has been explicitly marked unavailable here
@interface UIEvent : NSObject
           ^
/Users/admin/builder/spi-builder-workspace/Sources/AppUIKit/AppUIInteractiveView.swift:90:56: error: 'UITouch' is unavailable in watchOS
        override open func touchesEnded(_ touches: Set<UITouch>, with _: UIEvent?) {
                                                       ^~~~~~~
/Applications/Xcode-26.3.0.app/Contents/Developer/Platforms/WatchOS.platform/Developer/SDKs/WatchOS26.2.sdk/System/Library/Frameworks/UIKit.framework/Headers/UITouch.h:51:12: note: 'UITouch' has been explicitly marked unavailable here
@interface UITouch : NSObject
           ^
/Users/admin/builder/spi-builder-workspace/Sources/AppUIKit/AppUIInteractiveView.swift:90:74: error: 'UIEvent' is unavailable in watchOS
        override open func touchesEnded(_ touches: Set<UITouch>, with _: UIEvent?) {
                                                                         ^~~~~~~
/Applications/Xcode-26.3.0.app/Contents/Developer/Platforms/WatchOS.platform/Developer/SDKs/WatchOS26.2.sdk/System/Library/Frameworks/UIKit.framework/Headers/UIEvent.h:62:12: note: 'UIEvent' has been explicitly marked unavailable here
@interface UIEvent : NSObject
           ^
/Users/admin/builder/spi-builder-workspace/Sources/AppUIKit/AppUITopLeftView.swift:82:28: error: cannot override 'traitCollectionDidChange' which has been marked unavailable
        override open func traitCollectionDidChange(_ previousTraitCollection: UITraitCollection?) {
                           ^
UIKit.UIView.traitCollectionDidChange:3:13: note: 'traitCollectionDidChange' has been explicitly marked unavailable here
  open func traitCollectionDidChange(_ previousTraitCollection: UITraitCollection?)}
            ^
/Users/admin/builder/spi-builder-workspace/Sources/AppUIKit/AppUITopLeftView.swift:82:28: note: remove 'override' modifier to declare a new 'traitCollectionDidChange'
        override open func traitCollectionDidChange(_ previousTraitCollection: UITraitCollection?) {
        ~~~~~~~~~          ^

/Users/admin/builder/spi-builder-workspace/Sources/AppUIKit/AppUIKit.DisplayLink.swift:22:62: error: 'CADisplayLink' is unavailable in watchOS
    func makeDisplayLink(target: Any, selector: Selector) -> CADisplayLink {
                                                             ^~~~~~~~~~~~~
/Applications/Xcode-26.3.0.app/Contents/Developer/Platforms/WatchOS.platform/Developer/SDKs/WatchOS26.2.sdk/System/Library/Frameworks/QuartzCore.framework/Headers/CADisplayLink.h:21:12: note: 'CADisplayLink' has been explicitly marked unavailable here
@interface CADisplayLink : NSObject
           ^
/Users/admin/builder/spi-builder-workspace/Sources/AppUIKit/AppUIKit.Extensions.swift:189:38: error: 'UIView' is unavailable in watchOS
        func appuiAddSubview(_ view: UIView) {
                                     ^~~~~~
/Applications/Xcode-26.3.0.app/Contents/Developer/Platforms/WatchOS.platform/Developer/SDKs/WatchOS26.2.sdk/System/Library/Frameworks/UIKit.framework/Headers/UIView.h:148:12: note: 'UIView' has been explicitly marked unavailable here
@interface UIView : UIResponder <NSCoding, UIAppearance, UIAppearanceContainer, UIDynamicItem, UITraitEnvironment, UICoordinateSpace, UIFocusItem, UIFocusItemContainer, CALayerDelegate>
           ^
/Users/admin/builder/spi-builder-workspace/Sources/AppUIKit/AppUIKit.Extensions.swift:151:22: error: 'UIView' is unavailable in watchOS
    public extension UIView {
                     ^~~~~~
/Applications/Xcode-26.3.0.app/Contents/Developer/Platforms/WatchOS.platform/Developer/SDKs/WatchOS26.2.sdk/System/Library/Frameworks/UIKit.framework/Headers/UIView.h:148:12: note: 'UIView' has been explicitly marked unavailable here
@interface UIView : UIResponder <NSCoding, UIAppearance, UIAppearanceContainer, UIDynamicItem, UITraitEnvironment, UICoordinateSpace, UIFocusItem, UIFocusItemContainer, CALayerDelegate>
           ^
/Users/admin/builder/spi-builder-workspace/Sources/AppUIKit/AppUIKit.Extensions.swift:237:49: error: 'UILabel' is unavailable in watchOS
        static func appuiLabel(text: String) -> UILabel {
                                                ^~~~~~~
/Applications/Xcode-26.3.0.app/Contents/Developer/Platforms/WatchOS.platform/Developer/SDKs/WatchOS26.2.sdk/System/Library/Frameworks/UIKit.framework/Headers/UILabel.h:33:12: note: 'UILabel' has been explicitly marked unavailable here
@interface UILabel : UIView <NSCoding, UIContentSizeCategoryAdjusting, UILetterformAwareAdjusting>
           ^
/Users/admin/builder/spi-builder-workspace/Sources/AppUIKit/AppUIKit.Extensions.swift:236:22: error: 'UILabel' is unavailable in watchOS
    public extension UILabel {
                     ^~~~~~~
/Applications/Xcode-26.3.0.app/Contents/Developer/Platforms/WatchOS.platform/Developer/SDKs/WatchOS26.2.sdk/System/Library/Frameworks/UIKit.framework/Headers/UILabel.h:33:12: note: 'UILabel' has been explicitly marked unavailable here
@interface UILabel : UIView <NSCoding, UIContentSizeCategoryAdjusting, UILetterformAwareAdjusting>
           ^
/Users/admin/builder/spi-builder-workspace/Sources/AppUIKit/AppUIKit.KeyboardShortcuts.swift:239:42: error: 'UIKeyModifierFlags' is unavailable in watchOS
            public static let modifiers: UIKeyModifierFlags = [.alternate]
                                         ^~~~~~~~~~~~~~~~~~
/Applications/Xcode-26.3.0.app/Contents/Developer/Platforms/WatchOS.platform/Developer/SDKs/WatchOS26.2.sdk/System/Library/Frameworks/UIKit.framework/Headers/UICommand.h:15:31: note: 'UIKeyModifierFlags' has been explicitly marked unavailable here
typedef NS_OPTIONS(NSInteger, UIKeyModifierFlags) {
                              ^
/Users/admin/builder/spi-builder-workspace/Sources/AppUIKit/AppUIKit.KeyboardShortcuts.swift:248:47: error: 'UIKeyModifierFlags' is unavailable in watchOS
            public static let resetModifiers: UIKeyModifierFlags = [.shift]
                                              ^~~~~~~~~~~~~~~~~~
/Applications/Xcode-26.3.0.app/Contents/Developer/Platforms/WatchOS.platform/Developer/SDKs/WatchOS26.2.sdk/System/Library/Frameworks/UIKit.framework/Headers/UICommand.h:15:31: note: 'UIKeyModifierFlags' has been explicitly marked unavailable here
typedef NS_OPTIONS(NSInteger, UIKeyModifierFlags) {
                              ^
/Users/admin/builder/spi-builder-workspace/Sources/AppUIKit/AppUIKit.LayoutDirection.swift:70:22: error: 'UIView' is unavailable in watchOS
    public extension UIView {
                     ^~~~~~
/Applications/Xcode-26.3.0.app/Contents/Developer/Platforms/WatchOS.platform/Developer/SDKs/WatchOS26.2.sdk/System/Library/Frameworks/UIKit.framework/Headers/UIView.h:148:12: note: 'UIView' has been explicitly marked unavailable here
@interface UIView : UIResponder <NSCoding, UIAppearance, UIAppearanceContainer, UIDynamicItem, UITraitEnvironment, UICoordinateSpace, UIFocusItem, UIFocusItemContainer, CALayerDelegate>
           ^
/Users/admin/builder/spi-builder-workspace/Sources/AppUIKit/AppUIKit.LayoutDirection.swift:105:22: error: 'UIViewController' is unavailable in watchOS
    public extension UIViewController {
                     ^~~~~~~~~~~~~~~~
/Applications/Xcode-26.3.0.app/Contents/Developer/Platforms/WatchOS.platform/Developer/SDKs/WatchOS26.2.sdk/System/Library/Frameworks/UIKit.framework/Headers/UIViewController.h:102:12: note: 'UIViewController' has been explicitly marked unavailable here
@interface UIViewController : UIResponder <NSCoding, UIAppearanceContainer, UITraitEnvironment, UIContentContainer, UIFocusEnvironment>
           ^
/Users/admin/builder/spi-builder-workspace/Sources/AppUIKit/AppUIKit.LayoutDirection.swift:122:22: error: 'UIStackView' is unavailable in watchOS
    public extension UIStackView {
                     ^~~~~~~~~~~
/Applications/Xcode-26.3.0.app/Contents/Developer/Platforms/WatchOS.platform/Developer/SDKs/WatchOS26.2.sdk/System/Library/Frameworks/UIKit.framework/Headers/UIStackView.h:124:12: note: 'UIStackView' has been explicitly marked unavailable here
@interface UIStackView : UIView
           ^
/Users/admin/builder/spi-builder-workspace/Sources/AppUIKit/AppUIKit.Sharing.swift:44:67: error: 'UIViewController' is unavailable in watchOS
            private static func presenter(for view: AppUIView) -> UIViewController? {
                                                                  ^~~~~~~~~~~~~~~~
/Applications/Xcode-26.3.0.app/Contents/Developer/Platforms/WatchOS.platform/Developer/SDKs/WatchOS26.2.sdk/System/Library/Frameworks/UIKit.framework/Headers/UIViewController.h:102:12: note: 'UIViewController' has been explicitly marked unavailable here
@interface UIViewController : UIResponder <NSCoding, UIAppearanceContainer, UITraitEnvironment, UIContentContainer, UIFocusEnvironment>
           ^
/Users/admin/builder/spi-builder-workspace/Sources/AppUIKit/AppUIKit.TooltipHelper.swift:182:66: error: 'UIView' is unavailable in watchOS
            public static func apply(_ tooltip: String, to view: UIView) {
                                                                 ^~~~~~
/Applications/Xcode-26.3.0.app/Contents/Developer/Platforms/WatchOS.platform/Developer/SDKs/WatchOS26.2.sdk/System/Library/Frameworks/UIKit.framework/Headers/UIView.h:148:12: note: 'UIView' has been explicitly marked unavailable here
@interface UIView : UIResponder <NSCoding, UIAppearance, UIAppearanceContainer, UIDynamicItem, UITraitEnvironment, UICoordinateSpace, UIFocusItem, UIFocusItemContainer, CALayerDelegate>
           ^
/Users/admin/builder/spi-builder-workspace/Sources/AppUIKit/AppUIKit.TooltipHelper.swift:190:68: error: 'UIButton' is unavailable in watchOS
            public static func apply(_ tooltip: String, to button: UIButton) {
                                                                   ^~~~~~~~
/Applications/Xcode-26.3.0.app/Contents/Developer/Platforms/WatchOS.platform/Developer/SDKs/WatchOS26.2.sdk/System/Library/Frameworks/UIKit.framework/Headers/UIButton.h:49:12: note: 'UIButton' has been explicitly marked unavailable here
@interface UIButton : UIControl <NSCoding>
           ^
/Users/admin/builder/spi-builder-workspace/Sources/AppUIKit/AppUIKit.TooltipHelper.swift:202:69: error: 'UIControl' is unavailable in watchOS
            public static func apply(_ tooltip: String, to control: UIControl) {
                                                                    ^~~~~~~~~
/Applications/Xcode-26.3.0.app/Contents/Developer/Platforms/WatchOS.platform/Developer/SDKs/WatchOS26.2.sdk/System/Library/Frameworks/UIKit.framework/Headers/UIControl.h:76:12: note: 'UIControl' has been explicitly marked unavailable here
@interface UIControl : UIView
           ^
/Users/admin/builder/spi-builder-workspace/Sources/AppUIKit/AppUIKit.TooltipHelper.swift:210:66: error: 'UIBarButtonItem' is unavailable in watchOS
            public static func apply(_ tooltip: String, to item: UIBarButtonItem) {
                                                                 ^~~~~~~~~~~~~~~
/Applications/Xcode-26.3.0.app/Contents/Developer/Platforms/WatchOS.platform/Developer/SDKs/WatchOS26.2.sdk/System/Library/Frameworks/UIKit.framework/Headers/UIBarButtonItem.h:69:12: note: 'UIBarButtonItem' has been explicitly marked unavailable here
@interface UIBarButtonItem : UIBarItem <NSCoding>
           ^
/Users/admin/builder/spi-builder-workspace/Sources/AppUIKit/AppUIKit.TooltipHelper.swift:228:22: error: 'UIView' is unavailable in watchOS
    public extension UIView {
                     ^~~~~~
/Applications/Xcode-26.3.0.app/Contents/Developer/Platforms/WatchOS.platform/Developer/SDKs/WatchOS26.2.sdk/System/Library/Frameworks/UIKit.framework/Headers/UIView.h:148:12: note: 'UIView' has been explicitly marked unavailable here
@interface UIView : UIResponder <NSCoding, UIAppearance, UIAppearanceContainer, UIDynamicItem, UITraitEnvironment, UICoordinateSpace, UIFocusItem, UIFocusItemContainer, CALayerDelegate>
           ^
/Users/admin/builder/spi-builder-workspace/Sources/AppUIKit/AppUIKit.TooltipHelper.swift:257:22: error: 'UIButton' is unavailable in watchOS
    public extension UIButton {
                     ^~~~~~~~
/Applications/Xcode-26.3.0.app/Contents/Developer/Platforms/WatchOS.platform/Developer/SDKs/WatchOS26.2.sdk/System/Library/Frameworks/UIKit.framework/Headers/UIButton.h:49:12: note: 'UIButton' has been explicitly marked unavailable here
@interface UIButton : UIControl <NSCoding>
           ^
/Users/admin/builder/spi-builder-workspace/Sources/AppUIKit/AppUIKit.TooltipHelper.swift:287:22: error: 'UIBarButtonItem' is unavailable in watchOS
    public extension UIBarButtonItem {
                     ^~~~~~~~~~~~~~~
/Applications/Xcode-26.3.0.app/Contents/Developer/Platforms/WatchOS.platform/Developer/SDKs/WatchOS26.2.sdk/System/Library/Frameworks/UIKit.framework/Headers/UIBarButtonItem.h:69:12: note: 'UIBarButtonItem' has been explicitly marked unavailable here
@interface UIBarButtonItem : UIBarItem <NSCoding>
           ^
/Users/admin/builder/spi-builder-workspace/Sources/AppUIKit/AppUIKit.TooltipHelper.swift:317:16: error: 'UIContextMenuInteraction' is unavailable in watchOS
            _: UIContextMenuInteraction,
               ^~~~~~~~~~~~~~~~~~~~~~~~
/Applications/Xcode-26.3.0.app/Contents/Developer/Platforms/WatchOS.platform/Developer/SDKs/WatchOS26.2.sdk/System/Library/Frameworks/UIKit.framework/Headers/UIContextMenuInteraction.h:32:12: note: 'UIContextMenuInteraction' has been explicitly marked unavailable here
@interface UIContextMenuInteraction : NSObject <UIInteraction>
           ^
/Users/admin/builder/spi-builder-workspace/Sources/AppUIKit/AppUIKit.TooltipHelper.swift:319:14: error: 'UIContextMenuConfiguration' is unavailable in watchOS
        ) -> UIContextMenuConfiguration? {
             ^~~~~~~~~~~~~~~~~~~~~~~~~~
/Applications/Xcode-26.3.0.app/Contents/Developer/Platforms/WatchOS.platform/Developer/SDKs/WatchOS26.2.sdk/System/Library/Frameworks/UIKit.framework/Headers/UIContextMenuConfiguration.h:39:12: note: 'UIContextMenuConfiguration' has been explicitly marked unavailable here
@interface UIContextMenuConfiguration : NSObject
           ^
/Users/admin/builder/spi-builder-workspace/Sources/AppUIKit/AppUIKit.TooltipHelper.swift:327:16: error: 'UIContextMenuInteraction' is unavailable in watchOS
            _: UIContextMenuInteraction,
               ^~~~~~~~~~~~~~~~~~~~~~~~
/Applications/Xcode-26.3.0.app/Contents/Developer/Platforms/WatchOS.platform/Developer/SDKs/WatchOS26.2.sdk/System/Library/Frameworks/UIKit.framework/Headers/UIContextMenuInteraction.h:32:12: note: 'UIContextMenuInteraction' has been explicitly marked unavailable here
@interface UIContextMenuInteraction : NSObject <UIInteraction>
           ^
/Users/admin/builder/spi-builder-workspace/Sources/AppUIKit/AppUIKit.TooltipHelper.swift:328:60: error: 'UIContextMenuConfiguration' is unavailable in watchOS
            previewForHighlightingMenuWithConfiguration _: UIContextMenuConfiguration
                                                           ^~~~~~~~~~~~~~~~~~~~~~~~~~
/Applications/Xcode-26.3.0.app/Contents/Developer/Platforms/WatchOS.platform/Developer/SDKs/WatchOS26.2.sdk/System/Library/Frameworks/UIKit.framework/Headers/UIContextMenuConfiguration.h:39:12: note: 'UIContextMenuConfiguration' has been explicitly marked unavailable here
@interface UIContextMenuConfiguration : NSObject
           ^
/Users/admin/builder/spi-builder-workspace/Sources/AppUIKit/AppUIKit.TooltipHelper.swift:329:14: error: 'UITargetedPreview' is unavailable in watchOS
        ) -> UITargetedPreview? {
             ^~~~~~~~~~~~~~~~~
/Applications/Xcode-26.3.0.app/Contents/Developer/Platforms/WatchOS.platform/Developer/SDKs/WatchOS26.2.sdk/System/Library/Frameworks/UIKit.framework/Headers/UITargetedPreview.h:45:12: note: 'UITargetedPreview' has been explicitly marked unavailable here
@interface UITargetedPreview : NSObject <NSCopying>
           ^
/Users/admin/builder/spi-builder-workspace/Sources/AppUIKit/AppUIKit.TooltipHelper.swift:308:57: error: 'UIContextMenuInteractionDelegate' is unavailable in watchOS
    private class TooltipContextMenuDelegate: NSObject, UIContextMenuInteractionDelegate {
                                                        ^~~~~~~~~~~~~~~~~~~~~~~~~~~~~~~~
/Applications/Xcode-26.3.0.app/Contents/Developer/Platforms/WatchOS.platform/Developer/SDKs/WatchOS26.2.sdk/System/Library/Frameworks/UIKit.framework/Headers/UIContextMenuInteraction.h:99:11: note: 'UIContextMenuInteractionDelegate' has been explicitly marked unavailable here
@protocol UIContextMenuInteractionDelegate <NSObject>
          ^
/Users/admin/builder/spi-builder-workspace/Sources/AppUIKit/AppUIKit.swift:204:34: error: 'UIView' is unavailable in watchOS
    public typealias AppUIView = UIView
                                 ^~~~~~
/Applications/Xcode-26.3.0.app/Contents/Developer/Platforms/WatchOS.platform/Developer/SDKs/WatchOS26.2.sdk/System/Library/Frameworks/UIKit.framework/Headers/UIView.h:148:12: note: 'UIView' has been explicitly marked unavailable here
@interface UIView : UIResponder <NSCoding, UIAppearance, UIAppearanceContainer, UIDynamicItem, UITraitEnvironment, UICoordinateSpace, UIFocusItem, UIFocusItemContainer, CALayerDelegate>
           ^
/Users/admin/builder/spi-builder-workspace/Sources/AppUIKit/AppUIKit.swift:205:44: error: 'UIViewController' is unavailable in watchOS
    public typealias AppUIViewController = UIViewController
                                           ^~~~~~~~~~~~~~~~
/Applications/Xcode-26.3.0.app/Contents/Developer/Platforms/WatchOS.platform/Developer/SDKs/WatchOS26.2.sdk/System/Library/Frameworks/UIKit.framework/Headers/UIViewController.h:102:12: note: 'UIViewController' has been explicitly marked unavailable here
@interface UIViewController : UIResponder <NSCoding, UIAppearanceContainer, UITraitEnvironment, UIContentContainer, UIFocusEnvironment>
           ^
/Users/admin/builder/spi-builder-workspace/Sources/AppUIKit/AppUIKit.swift:206:36: error: 'UIWindow' is unavailable in watchOS
    public typealias AppUIWindow = UIWindow
                                   ^~~~~~~~
/Applications/Xcode-26.3.0.app/Contents/Developer/Platforms/WatchOS.platform/Developer/SDKs/WatchOS26.2.sdk/System/Library/Frameworks/UIKit.framework/Headers/UIWindow.h:22:12: note: 'UIWindow' has been explicitly marked unavailable here
@interface UIWindow : UIView
           ^
/Users/admin/builder/spi-builder-workspace/Sources/AppUIKit/AppUIKit.swift:207:41: error: 'UIWindowScene' is unavailable in watchOS
    public typealias AppUIWindowScene = UIWindowScene
                                        ^~~~~~~~~~~~~
/Applications/Xcode-26.3.0.app/Contents/Developer/Platforms/WatchOS.platform/Developer/SDKs/WatchOS26.2.sdk/System/Library/Frameworks/UIKit.framework/Headers/UIWindowScene.h:21:12: note: 'UIWindowScene' has been explicitly marked unavailable here
@interface UIWindowScene : UIScene
           ^
/Users/admin/builder/spi-builder-workspace/Sources/AppUIKit/AppUIKit.swift:208:41: error: 'UIApplication' is unavailable in watchOS
    public typealias AppUIApplication = UIApplication
                                        ^~~~~~~~~~~~~
/Applications/Xcode-26.3.0.app/Contents/Developer/Platforms/WatchOS.platform/Developer/SDKs/WatchOS26.2.sdk/System/Library/Frameworks/UIKit.framework/Headers/UIApplication.h:85:12: note: 'UIApplication' has been explicitly marked unavailable here
@interface UIApplication : UIResponder
           ^
/Users/admin/builder/spi-builder-workspace/Sources/AppUIKit/AppUIKit.swift:209:36: error: 'UIScreen' is unavailable in watchOS
    public typealias AppUIScreen = UIScreen
                                   ^~~~~~~~
/Applications/Xcode-26.3.0.app/Contents/Developer/Platforms/WatchOS.platform/Developer/SDKs/WatchOS26.2.sdk/System/Library/Frameworks/UIKit.framework/Headers/UIScreen.h:54:12: note: 'UIScreen' has been explicitly marked unavailable here
@interface UIScreen : NSObject <UITraitEnvironment>
           ^
/Users/admin/builder/spi-builder-workspace/Sources/AppUIKit/AppUIKit.swift:210:39: error: 'UIResponder' is unavailable in watchOS
    public typealias AppUIResponder = UIResponder
                                      ^~~~~~~~~~~
/Applications/Xcode-26.3.0.app/Contents/Developer/Platforms/WatchOS.platform/Developer/SDKs/WatchOS26.2.sdk/System/Library/Frameworks/UIKit.framework/Headers/UIResponder.h:82:12: note: 'UIResponder' has been explicitly marked unavailable here
@interface UIResponder : NSObject <UIResponderStandardEditActions>
           ^
/Users/admin/builder/spi-builder-workspace/Sources/AppUIKit/AppUIKit.swift:213:37: error: 'UIControl' is unavailable in watchOS
    public typealias AppUIControl = UIControl
                                    ^~~~~~~~~
/Applications/Xcode-26.3.0.app/Contents/Developer/Platforms/WatchOS.platform/Developer/SDKs/WatchOS26.2.sdk/System/Library/Frameworks/UIKit.framework/Headers/UIControl.h:76:12: note: 'UIControl' has been explicitly marked unavailable here
@interface UIControl : UIView
           ^
/Users/admin/builder/spi-builder-workspace/Sources/AppUIKit/AppUIKit.swift:214:36: error: 'UIButton' is unavailable in watchOS
    public typealias AppUIButton = UIButton
                                   ^~~~~~~~
/Applications/Xcode-26.3.0.app/Contents/Developer/Platforms/WatchOS.platform/Developer/SDKs/WatchOS26.2.sdk/System/Library/Frameworks/UIKit.framework/Headers/UIButton.h:49:12: note: 'UIButton' has been explicitly marked unavailable here
@interface UIButton : UIControl <NSCoding>
           ^
/Users/admin/builder/spi-builder-workspace/Sources/AppUIKit/AppUIKit.swift:215:35: error: 'UILabel' is unavailable in watchOS
    public typealias AppUILabel = UILabel
                                  ^~~~~~~
/Applications/Xcode-26.3.0.app/Contents/Developer/Platforms/WatchOS.platform/Developer/SDKs/WatchOS26.2.sdk/System/Library/Frameworks/UIKit.framework/Headers/UILabel.h:33:12: note: 'UILabel' has been explicitly marked unavailable here
@interface UILabel : UIView <NSCoding, UIContentSizeCategoryAdjusting, UILetterformAwareAdjusting>
           ^
/Users/admin/builder/spi-builder-workspace/Sources/AppUIKit/AppUIKit.swift:216:39: error: 'UITextField' is unavailable in watchOS
    public typealias AppUITextField = UITextField
                                      ^~~~~~~~~~~
/Applications/Xcode-26.3.0.app/Contents/Developer/Platforms/WatchOS.platform/Developer/SDKs/WatchOS26.2.sdk/System/Library/Frameworks/UIKit.framework/Headers/UITextField.h:53:12: note: 'UITextField' has been explicitly marked unavailable here
@interface UITextField : UIControl <UITextInput, NSCoding, UIContentSizeCategoryAdjusting, UILetterformAwareAdjusting>
           ^
/Users/admin/builder/spi-builder-workspace/Sources/AppUIKit/AppUIKit.swift:217:38: error: 'UITextView' is unavailable in watchOS
    public typealias AppUITextView = UITextView
                                     ^~~~~~~~~~
/Applications/Xcode-26.3.0.app/Contents/Developer/Platforms/WatchOS.platform/Developer/SDKs/WatchOS26.2.sdk/System/Library/Frameworks/UIKit.framework/Headers/UITextView.h:219:12: note: 'UITextView' has been explicitly marked unavailable here
@interface UITextView : UIScrollView <UITextInput, UIContentSizeCategoryAdjusting, UILetterformAwareAdjusting>
           ^
/Users/admin/builder/spi-builder-workspace/Sources/AppUIKit/AppUIKit.swift:218:39: error: 'UISearchBar' is unavailable in watchOS
    public typealias AppUISearchBar = UISearchBar
                                      ^~~~~~~~~~~
/Applications/Xcode-26.3.0.app/Contents/Developer/Platforms/WatchOS.platform/Developer/SDKs/WatchOS26.2.sdk/System/Library/Frameworks/UIKit.framework/Headers/UISearchBar.h:46:12: note: 'UISearchBar' has been explicitly marked unavailable here
@interface UISearchBar : UIView <UIBarPositioning, UITextInputTraits, UILookToDictateCapable>
           ^
/Users/admin/builder/spi-builder-workspace/Sources/AppUIKit/AppUIKit.swift:219:46: error: 'UISearchController' is unavailable in watchOS
    public typealias AppUISearchController = UISearchController
                                             ^~~~~~~~~~~~~~~~~~
/Applications/Xcode-26.3.0.app/Contents/Developer/Platforms/WatchOS.platform/Developer/SDKs/WatchOS26.2.sdk/System/Library/Frameworks/UIKit.framework/Headers/UISearchController.h:59:12: note: 'UISearchController' has been explicitly marked unavailable here
@interface UISearchController : UIViewController <UIViewControllerTransitioningDelegate, UIViewControllerAnimatedTransitioning>
           ^
/Users/admin/builder/spi-builder-workspace/Sources/AppUIKit/AppUIKit.swift:220:46: error: 'UISegmentedControl' is unavailable in watchOS
    public typealias AppUISegmentedControl = UISegmentedControl
                                             ^~~~~~~~~~~~~~~~~~
/Applications/Xcode-26.3.0.app/Contents/Developer/Platforms/WatchOS.platform/Developer/SDKs/WatchOS26.2.sdk/System/Library/Frameworks/UIKit.framework/Headers/UISegmentedControl.h:43:12: note: 'UISegmentedControl' has been explicitly marked unavailable here
@interface UISegmentedControl : UIControl <NSCoding>
           ^
/Users/admin/builder/spi-builder-workspace/Sources/AppUIKit/AppUIKit.swift:221:36: error: 'UISwitch' is unavailable in watchOS
    public typealias AppUISwitch = UISwitch
                                   ^~~~~~~~
/Applications/Xcode-26.3.0.app/Contents/Developer/Platforms/WatchOS.platform/Developer/SDKs/WatchOS26.2.sdk/System/Library/Frameworks/UIKit.framework/Headers/UISwitch.h:23:12: note: 'UISwitch' has been explicitly marked unavailable here
@interface UISwitch : UIControl <NSCoding>
           ^
/Users/admin/builder/spi-builder-workspace/Sources/AppUIKit/AppUIKit.swift:222:36: error: 'UISlider' is unavailable in watchOS
    public typealias AppUISlider = UISlider
                                   ^~~~~~~~
/Applications/Xcode-26.3.0.app/Contents/Developer/Platforms/WatchOS.platform/Developer/SDKs/WatchOS26.2.sdk/System/Library/Frameworks/UIKit.framework/Headers/UISlider.h:26:12: note: 'UISlider' has been explicitly marked unavailable here
@interface UISlider : UIControl <NSCoding>
           ^
/Users/admin/builder/spi-builder-workspace/Sources/AppUIKit/AppUIKit.swift:223:39: error: 'UIColorWell' is unavailable in watchOS
    public typealias AppUIColorWell = UIColorWell
                                      ^~~~~~~~~~~
/Applications/Xcode-26.3.0.app/Contents/Developer/Platforms/WatchOS.platform/Developer/SDKs/WatchOS26.2.sdk/System/Library/Frameworks/UIKit.framework/Headers/UIColorWell.h:15:12: note: 'UIColorWell' has been explicitly marked unavailable here
@interface UIColorWell : UIControl
           ^
/Users/admin/builder/spi-builder-workspace/Sources/AppUIKit/AppUIKit.swift:226:40: error: 'UIScrollView' is unavailable in watchOS
    public typealias AppUIScrollView = UIScrollView
                                       ^~~~~~~~~~~~
/Applications/Xcode-26.3.0.app/Contents/Developer/Platforms/WatchOS.platform/Developer/SDKs/WatchOS26.2.sdk/System/Library/Frameworks/UIKit.framework/Headers/UIScrollView.h:87:12: note: 'UIScrollView' has been explicitly marked unavailable here
@interface UIScrollView : UIView <NSCoding, UIFocusItemScrollableContainer>
           ^
/Users/admin/builder/spi-builder-workspace/Sources/AppUIKit/AppUIKit.swift:227:39: error: 'UIStackView' is unavailable in watchOS
    public typealias AppUIStackView = UIStackView
                                      ^~~~~~~~~~~
/Applications/Xcode-26.3.0.app/Contents/Developer/Platforms/WatchOS.platform/Developer/SDKs/WatchOS26.2.sdk/System/Library/Frameworks/UIKit.framework/Headers/UIStackView.h:124:12: note: 'UIStackView' has been explicitly marked unavailable here
@interface UIStackView : UIView
           ^
/Users/admin/builder/spi-builder-workspace/Sources/AppUIKit/AppUIKit.swift:228:39: error: 'UISplitViewController' is unavailable in watchOS
    public typealias AppUISplitView = UISplitViewController
                                      ^~~~~~~~~~~~~~~~~~~~~
/Applications/Xcode-26.3.0.app/Contents/Developer/Platforms/WatchOS.platform/Developer/SDKs/WatchOS26.2.sdk/System/Library/Frameworks/UIKit.framework/Headers/UISplitViewController.h:78:12: note: 'UISplitViewController' has been explicitly marked unavailable here
@interface UISplitViewController : UIViewController
           ^
/Users/admin/builder/spi-builder-workspace/Sources/AppUIKit/AppUIKit.swift:229:49: error: 'UISplitViewController' is unavailable in watchOS
    public typealias AppUISplitViewController = UISplitViewController
                                                ^~~~~~~~~~~~~~~~~~~~~
/Applications/Xcode-26.3.0.app/Contents/Developer/Platforms/WatchOS.platform/Developer/SDKs/WatchOS26.2.sdk/System/Library/Frameworks/UIKit.framework/Headers/UISplitViewController.h:78:12: note: 'UISplitViewController' has been explicitly marked unavailable here
@interface UISplitViewController : UIViewController
           ^
/Users/admin/builder/spi-builder-workspace/Sources/AppUIKit/AppUIKit.swift:230:46: error: 'UITabBarController' is unavailable in watchOS
    public typealias AppUITabBarController = UITabBarController
                                             ^~~~~~~~~~~~~~~~~~
/Applications/Xcode-26.3.0.app/Contents/Developer/Platforms/WatchOS.platform/Developer/SDKs/WatchOS26.2.sdk/System/Library/Frameworks/UIKit.framework/Headers/UITabBarController.h:64:12: note: 'UITabBarController' has been explicitly marked unavailable here
@interface UITabBarController : UIViewController <UITabBarDelegate, NSCoding>
           ^
/Users/admin/builder/spi-builder-workspace/Sources/AppUIKit/AppUIKit.swift:233:39: error: 'UITableView' is unavailable in watchOS
    public typealias AppUITableView = UITableView
                                      ^~~~~~~~~~~
/Applications/Xcode-26.3.0.app/Contents/Developer/Platforms/WatchOS.platform/Developer/SDKs/WatchOS26.2.sdk/System/Library/Frameworks/UIKit.framework/Headers/UITableView.h:347:12: note: 'UITableView' has been explicitly marked unavailable here
@interface UITableView : UIScrollView <NSCoding, UIDataSourceTranslating>
           ^
/Users/admin/builder/spi-builder-workspace/Sources/AppUIKit/AppUIKit.swift:234:43: error: 'UITableViewCell' is unavailable in watchOS
    public typealias AppUITableViewCell = UITableViewCell
                                          ^~~~~~~~~~~~~~~
/Applications/Xcode-26.3.0.app/Contents/Developer/Platforms/WatchOS.platform/Developer/SDKs/WatchOS26.2.sdk/System/Library/Frameworks/UIKit.framework/Headers/UITableViewCell.h:81:12: note: 'UITableViewCell' has been explicitly marked unavailable here
@interface UITableViewCell : UIView <NSCoding, UIGestureRecognizerDelegate>
           ^
/Users/admin/builder/spi-builder-workspace/Sources/AppUIKit/AppUIKit.swift:235:49: error: 'UITableViewController' is unavailable in watchOS
    public typealias AppUITableViewController = UITableViewController
                                                ^~~~~~~~~~~~~~~~~~~~~
/Applications/Xcode-26.3.0.app/Contents/Developer/Platforms/WatchOS.platform/Developer/SDKs/WatchOS26.2.sdk/System/Library/Frameworks/UIKit.framework/Headers/UITableViewController.h:21:12: note: 'UITableViewController' has been explicitly marked unavailable here
@interface UITableViewController : UIViewController <UITableViewDelegate, UITableViewDataSource>
           ^
/Users/admin/builder/spi-builder-workspace/Sources/AppUIKit/AppUIKit.swift:236:44: error: 'UICollectionView' is unavailable in watchOS
    public typealias AppUICollectionView = UICollectionView
                                           ^~~~~~~~~~~~~~~~
/Applications/Xcode-26.3.0.app/Contents/Developer/Platforms/WatchOS.platform/Developer/SDKs/WatchOS26.2.sdk/System/Library/Frameworks/UIKit.framework/Headers/UICollectionView.h:362:12: note: 'UICollectionView' has been explicitly marked unavailable here
@interface UICollectionView : UIScrollView <UIDataSourceTranslating>
           ^
/Users/admin/builder/spi-builder-workspace/Sources/AppUIKit/AppUIKit.swift:237:48: error: 'UICollectionViewCell' is unavailable in watchOS
    public typealias AppUICollectionViewCell = UICollectionViewCell
                                               ^~~~~~~~~~~~~~~~~~~~
/Applications/Xcode-26.3.0.app/Contents/Developer/Platforms/WatchOS.platform/Developer/SDKs/WatchOS26.2.sdk/System/Library/Frameworks/UIKit.framework/Headers/UICollectionViewCell.h:65:12: note: 'UICollectionViewCell' has been explicitly marked unavailable here
@interface UICollectionViewCell : UICollectionReusableView
           ^
/Users/admin/builder/spi-builder-workspace/Sources/AppUIKit/AppUIKit.swift:241:39: error: 'UIImageView' is unavailable in watchOS
    public typealias AppUIImageView = UIImageView
                                      ^~~~~~~~~~~
/Applications/Xcode-26.3.0.app/Contents/Developer/Platforms/WatchOS.platform/Developer/SDKs/WatchOS26.2.sdk/System/Library/Frameworks/UIKit.framework/Headers/UIImageView.h:21:12: note: 'UIImageView' has been explicitly marked unavailable here
@interface UIImageView : UIView
           ^
/Users/admin/builder/spi-builder-workspace/Sources/AppUIKit/AppUIKit.swift:245:45: error: 'UIGraphicsImageRenderer' is unavailable in watchOS
    public typealias AppUIGraphicsContext = UIGraphicsImageRenderer
                                            ^~~~~~~~~~~~~~~~~~~~~~~
/Applications/Xcode-26.3.0.app/Contents/Developer/Platforms/WatchOS.platform/Developer/SDKs/WatchOS26.2.sdk/System/Library/Frameworks/UIKit.framework/Headers/UIGraphicsImageRenderer.h:47:12: note: 'UIGraphicsImageRenderer' has been explicitly marked unavailable here
@interface UIGraphicsImageRenderer : UIGraphicsRenderer
           ^
/Users/admin/builder/spi-builder-workspace/Sources/AppUIKit/AppUIKit.swift:248:45: error: 'UIAlertController' is unavailable in watchOS
    public typealias AppUIAlertController = UIAlertController
                                            ^~~~~~~~~~~~~~~~~
/Applications/Xcode-26.3.0.app/Contents/Developer/Platforms/WatchOS.platform/Developer/SDKs/WatchOS26.2.sdk/System/Library/Frameworks/UIKit.framework/Headers/UIAlertController.h:43:12: note: 'UIAlertController' has been explicitly marked unavailable here
@interface UIAlertController : UIViewController
           ^
/Users/admin/builder/spi-builder-workspace/Sources/AppUIKit/AppUIKit.swift:249:41: error: 'UIAlertAction' is unavailable in watchOS
    public typealias AppUIAlertAction = UIAlertAction
                                        ^~~~~~~~~~~~~
/Applications/Xcode-26.3.0.app/Contents/Developer/Platforms/WatchOS.platform/Developer/SDKs/WatchOS26.2.sdk/System/Library/Frameworks/UIKit.framework/Headers/UIAlertController.h:32:12: note: 'UIAlertAction' has been explicitly marked unavailable here
@interface UIAlertAction : NSObject <NSCopying>
           ^
/Users/admin/builder/spi-builder-workspace/Sources/AppUIKit/AppUIKit.swift:252:35: error: 'UIEvent' is unavailable in watchOS
    public typealias AppUIEvent = UIEvent
                                  ^~~~~~~
/Applications/Xcode-26.3.0.app/Contents/Developer/Platforms/WatchOS.platform/Developer/SDKs/WatchOS26.2.sdk/System/Library/Frameworks/UIKit.framework/Headers/UIEvent.h:62:12: note: 'UIEvent' has been explicitly marked unavailable here
@interface UIEvent : NSObject
           ^
/Users/admin/builder/spi-builder-workspace/Sources/AppUIKit/AppUIKit.swift:253:47: error: 'UIGestureRecognizer' is unavailable in watchOS
    public typealias AppUIGestureRecognizer = UIGestureRecognizer
                                              ^~~~~~~~~~~~~~~~~~~
/Applications/Xcode-26.3.0.app/Contents/Developer/Platforms/WatchOS.platform/Developer/SDKs/WatchOS26.2.sdk/System/Library/Frameworks/UIKit.framework/Headers/UIGestureRecognizer.h:35:12: note: 'UIGestureRecognizer' has been explicitly marked unavailable here
@interface UIGestureRecognizer : NSObject
           ^
/Users/admin/builder/spi-builder-workspace/Sources/AppUIKit/AppUIKit.swift:254:50: error: 'UIPanGestureRecognizer' is unavailable in watchOS
    public typealias AppUIPanGestureRecognizer = UIPanGestureRecognizer
                                                 ^~~~~~~~~~~~~~~~~~~~~~
/Applications/Xcode-26.3.0.app/Contents/Developer/Platforms/WatchOS.platform/Developer/SDKs/WatchOS26.2.sdk/System/Library/Frameworks/UIKit.framework/Headers/UIPanGestureRecognizer.h:31:12: note: 'UIPanGestureRecognizer' has been explicitly marked unavailable here
@interface UIPanGestureRecognizer : UIGestureRecognizer
           ^
/Users/admin/builder/spi-builder-workspace/Sources/AppUIKit/AppUIKit.swift:255:50: error: 'UITapGestureRecognizer' is unavailable in watchOS
    public typealias AppUITapGestureRecognizer = UITapGestureRecognizer
                                                 ^~~~~~~~~~~~~~~~~~~~~~
/Applications/Xcode-26.3.0.app/Contents/Developer/Platforms/WatchOS.platform/Developer/SDKs/WatchOS26.2.sdk/System/Library/Frameworks/UIKit.framework/Headers/UITapGestureRecognizer.h:23:12: note: 'UITapGestureRecognizer' has been explicitly marked unavailable here
@interface UITapGestureRecognizer : UIGestureRecognizer
           ^
/Users/admin/builder/spi-builder-workspace/Sources/AppUIKit/AppUIKit.swift:256:56: error: 'UILongPressGestureRecognizer' is unavailable in watchOS
    public typealias AppUILongPressGestureRecognizer = UILongPressGestureRecognizer
                                                       ^~~~~~~~~~~~~~~~~~~~~~~~~~~~
/Applications/Xcode-26.3.0.app/Contents/Developer/Platforms/WatchOS.platform/Developer/SDKs/WatchOS26.2.sdk/System/Library/Frameworks/UIKit.framework/Headers/UILongPressGestureRecognizer.h:22:12: note: 'UILongPressGestureRecognizer' has been explicitly marked unavailable here
@interface UILongPressGestureRecognizer : UIGestureRecognizer
           ^
/Users/admin/builder/spi-builder-workspace/Sources/AppUIKit/AppUIKit.swift:257:52: error: 'UIPinchGestureRecognizer' is unavailable in watchOS
    public typealias AppUIPinchGestureRecognizer = UIPinchGestureRecognizer
                                                   ^~~~~~~~~~~~~~~~~~~~~~~~
/Applications/Xcode-26.3.0.app/Contents/Developer/Platforms/WatchOS.platform/Developer/SDKs/WatchOS26.2.sdk/System/Library/Frameworks/UIKit.framework/Headers/UIPinchGestureRecognizer.h:20:12: note: 'UIPinchGestureRecognizer' has been explicitly marked unavailable here
@interface UIPinchGestureRecognizer : UIGestureRecognizer
           ^
/Users/admin/builder/spi-builder-workspace/Sources/AppUIKit/AppUIKit.swift:260:45: error: 'UIDragInteraction' is unavailable in watchOS
    public typealias AppUIDragInteraction = UIDragInteraction
                                            ^~~~~~~~~~~~~~~~~
/Applications/Xcode-26.3.0.app/Contents/Developer/Platforms/WatchOS.platform/Developer/SDKs/WatchOS26.2.sdk/System/Library/Frameworks/UIKit.framework/Headers/UIDragInteraction.h:36:12: note: 'UIDragInteraction' has been explicitly marked unavailable here
@interface UIDragInteraction : NSObject <UIInteraction>
           ^
/Users/admin/builder/spi-builder-workspace/Sources/AppUIKit/AppUIKit.swift:261:45: error: 'UIDropInteraction' is unavailable in watchOS
    public typealias AppUIDropInteraction = UIDropInteraction
                                            ^~~~~~~~~~~~~~~~~
/Applications/Xcode-26.3.0.app/Contents/Developer/Platforms/WatchOS.platform/Developer/SDKs/WatchOS26.2.sdk/System/Library/Frameworks/UIKit.framework/Headers/UIDropInteraction.h:19:12: note: 'UIDropInteraction' has been explicitly marked unavailable here
@interface UIDropInteraction : NSObject <UIInteraction>
           ^
/Users/admin/builder/spi-builder-workspace/Sources/AppUIKit/AppUIKit.swift:262:53: error: 'UIDropInteractionDelegate' is unavailable in watchOS
    public typealias AppUIDropInteractionDelegate = UIDropInteractionDelegate
                                                    ^~~~~~~~~~~~~~~~~~~~~~~~~
/Applications/Xcode-26.3.0.app/Contents/Developer/Platforms/WatchOS.platform/Developer/SDKs/WatchOS26.2.sdk/System/Library/Frameworks/UIKit.framework/Headers/UIDropInteraction.h:115:11: note: 'UIDropInteractionDelegate' has been explicitly marked unavailable here
@protocol UIDropInteractionDelegate <NSObject>
          ^
/Users/admin/builder/spi-builder-workspace/Sources/AppUIKit/AppUIKit.swift:263:41: error: 'UIDropSession' is unavailable in watchOS
    public typealias AppUIDropSession = UIDropSession
                                        ^~~~~~~~~~~~~
/Applications/Xcode-26.3.0.app/Contents/Developer/Platforms/WatchOS.platform/Developer/SDKs/WatchOS26.2.sdk/System/Library/Frameworks/UIKit.framework/Headers/UIDragSession.h:86:11: note: 'UIDropSession' has been explicitly marked unavailable here
@protocol UIDropSession <UIDragDropSession, NSProgressReporting>
          ^
/Users/admin/builder/spi-builder-workspace/Sources/AppUIKit/AppUIKit.swift:264:42: error: 'UIDropProposal' is unavailable in watchOS
    public typealias AppUIDropProposal = UIDropProposal
                                         ^~~~~~~~~~~~~~
/Applications/Xcode-26.3.0.app/Contents/Developer/Platforms/WatchOS.platform/Developer/SDKs/WatchOS26.2.sdk/System/Library/Frameworks/UIKit.framework/Headers/UIDropInteraction.h:87:12: note: 'UIDropProposal' has been explicitly marked unavailable here
@interface UIDropProposal : NSObject <NSCopying>
           ^
/Users/admin/builder/spi-builder-workspace/Sources/AppUIKit/AppUIKit.swift:267:34: error: 'UIMenu' is unavailable in watchOS
    public typealias AppUIMenu = UIMenu
                                 ^~~~~~
/Applications/Xcode-26.3.0.app/Contents/Developer/Platforms/WatchOS.platform/Developer/SDKs/WatchOS26.2.sdk/System/Library/Frameworks/UIKit.framework/Headers/UIMenu.h:43:12: note: 'UIMenu' has been explicitly marked unavailable here
@interface UIMenu : UIMenuElement
           ^
/Users/admin/builder/spi-builder-workspace/Sources/AppUIKit/AppUIKit.swift:268:36: error: 'UIAction' is unavailable in watchOS
    public typealias AppUIAction = UIAction
                                   ^~~~~~~~
/Applications/Xcode-26.3.0.app/Contents/Developer/Platforms/WatchOS.platform/Developer/SDKs/WatchOS26.2.sdk/System/Library/Frameworks/UIKit.framework/Headers/UIAction.h:29:12: note: 'UIAction' has been explicitly marked unavailable here
@interface UIAction : UIMenuElement <UIMenuLeaf>
           ^
/Users/admin/builder/spi-builder-workspace/Sources/AppUIKit/AppUIKit.swift:269:52: error: 'UIContextMenuInteraction' is unavailable in watchOS
    public typealias AppUIContextMenuInteraction = UIContextMenuInteraction
                                                   ^~~~~~~~~~~~~~~~~~~~~~~~
/Applications/Xcode-26.3.0.app/Contents/Developer/Platforms/WatchOS.platform/Developer/SDKs/WatchOS26.2.sdk/System/Library/Frameworks/UIKit.framework/Headers/UIContextMenuInteraction.h:32:12: note: 'UIContextMenuInteraction' has been explicitly marked unavailable here
@interface UIContextMenuInteraction : NSObject <UIInteraction>
           ^
/Users/admin/builder/spi-builder-workspace/Sources/AppUIKit/AppUIKit.swift:270:54: error: 'UIContextMenuConfiguration' is unavailable in watchOS
    public typealias AppUIContextMenuConfiguration = UIContextMenuConfiguration
                                                     ^~~~~~~~~~~~~~~~~~~~~~~~~~
/Applications/Xcode-26.3.0.app/Contents/Developer/Platforms/WatchOS.platform/Developer/SDKs/WatchOS26.2.sdk/System/Library/Frameworks/UIKit.framework/Headers/UIContextMenuConfiguration.h:39:12: note: 'UIContextMenuConfiguration' has been explicitly marked unavailable here
@interface UIContextMenuConfiguration : NSObject
           ^
/Users/admin/builder/spi-builder-workspace/Sources/AppUIKit/AppUIKit.swift:273:50: error: 'UINavigationController' is unavailable in watchOS
    public typealias AppUINavigationController = UINavigationController
                                                 ^~~~~~~~~~~~~~~~~~~~~~
/Applications/Xcode-26.3.0.app/Contents/Developer/Platforms/WatchOS.platform/Developer/SDKs/WatchOS26.2.sdk/System/Library/Frameworks/UIKit.framework/Headers/UINavigationController.h:46:12: note: 'UINavigationController' has been explicitly marked unavailable here
@interface UINavigationController : UIViewController
           ^
/Users/admin/builder/spi-builder-workspace/Sources/AppUIKit/AppUIKit.swift:274:43: error: 'UIBarButtonItem' is unavailable in watchOS
    public typealias AppUIBarButtonItem = UIBarButtonItem
                                          ^~~~~~~~~~~~~~~
/Applications/Xcode-26.3.0.app/Contents/Developer/Platforms/WatchOS.platform/Developer/SDKs/WatchOS26.2.sdk/System/Library/Frameworks/UIKit.framework/Headers/UIBarButtonItem.h:69:12: note: 'UIBarButtonItem' has been explicitly marked unavailable here
@interface UIBarButtonItem : UIBarItem <NSCoding>
           ^
/Users/admin/builder/spi-builder-workspace/Sources/AppUIKit/AppUIKit.swift:278:46: error: 'NSLayoutConstraint' is unavailable in watchOS
    public typealias AppUILayoutConstraint = NSLayoutConstraint
                                             ^~~~~~~~~~~~~~~~~~
/Applications/Xcode-26.3.0.app/Contents/Developer/Platforms/WatchOS.platform/Developer/SDKs/WatchOS26.2.sdk/System/Library/Frameworks/UIKit.framework/Headers/NSLayoutConstraint.h:126:12: note: 'NSLayoutConstraint' has been explicitly marked unavailable here
@interface NSLayoutConstraint : NSObject
           ^
/Users/admin/builder/spi-builder-workspace/Sources/AppUIKit/AppUIKit.swift:281:40: error: 'UIPasteboard' is unavailable in watchOS
    public typealias AppUIPasteboard = UIPasteboard
                                       ^~~~~~~~~~~~
/Applications/Xcode-26.3.0.app/Contents/Developer/Platforms/WatchOS.platform/Developer/SDKs/WatchOS26.2.sdk/System/Library/Frameworks/UIKit.framework/Headers/UIPasteboard.h:50:12: note: 'UIPasteboard' has been explicitly marked unavailable here
@interface UIPasteboard : NSObject
           ^
/Users/admin/builder/spi-builder-workspace/Sources/AppUIKit/AppUIKit.swift:284:46: error: 'UIVisualEffectView' is unavailable in watchOS
    public typealias AppUIVisualEffectView = UIVisualEffectView
                                             ^~~~~~~~~~~~~~~~~~
/Applications/Xcode-26.3.0.app/Contents/Developer/Platforms/WatchOS.platform/Developer/SDKs/WatchOS26.2.sdk/System/Library/Frameworks/UIKit.framework/Headers/UIVisualEffectView.h:28:12: note: 'UIVisualEffectView' has been explicitly marked unavailable here
@interface UIVisualEffectView : UIView <NSSecureCoding>
           ^
/Users/admin/builder/spi-builder-workspace/Sources/AppUIKit/AppUIKit.swift:285:40: error: 'UIBlurEffect' is unavailable in watchOS
    public typealias AppUIBlurEffect = UIBlurEffect
                                       ^~~~~~~~~~~~
/Applications/Xcode-26.3.0.app/Contents/Developer/Platforms/WatchOS.platform/Developer/SDKs/WatchOS26.2.sdk/System/Library/Frameworks/UIKit.framework/Headers/UIBlurEffect.h:61:12: note: 'UIBlurEffect' has been explicitly marked unavailable here
@interface UIBlurEffect : UIVisualEffect
           ^
/Users/admin/builder/spi-builder-workspace/Sources/AppUIKit/AppUIKit.swift:288:48: error: 'UIUserInterfaceStyle' is unavailable in watchOS
    public typealias AppUIUserInterfaceStyle = UIUserInterfaceStyle
                                               ^~~~~~~~~~~~~~~~~~~~
/Applications/Xcode-26.3.0.app/Contents/Developer/Platforms/WatchOS.platform/Developer/SDKs/WatchOS26.2.sdk/System/Library/Frameworks/UIKit.framework/Headers/UIInterface.h:32:28: note: 'UIUserInterfaceStyle' has been explicitly marked unavailable here
typedef NS_ENUM(NSInteger, UIUserInterfaceStyle) {
                           ^
/Users/admin/builder/spi-builder-workspace/Sources/AppUIKit/AppUIKit.swift:289:45: error: 'UITraitCollection' is unavailable in watchOS
    public typealias AppUITraitCollection = UITraitCollection
                                            ^~~~~~~~~~~~~~~~~
/Applications/Xcode-26.3.0.app/Contents/Developer/Platforms/WatchOS.platform/Developer/SDKs/WatchOS26.2.sdk/System/Library/Frameworks/UIKit.framework/Headers/UITraitCollection.h:23:12: note: 'UITraitCollection' has been explicitly marked unavailable here
@interface UITraitCollection : NSObject <NSCopying, NSSecureCoding>
           ^
/Users/admin/builder/spi-builder-workspace/Sources/AppUIKit/AppUIKit.swift:292:40: error: 'UITabBarItem' is unavailable in watchOS
    public typealias AppUITabBarItem = UITabBarItem
                                       ^~~~~~~~~~~~
/Applications/Xcode-26.3.0.app/Contents/Developer/Platforms/WatchOS.platform/Developer/SDKs/WatchOS26.2.sdk/System/Library/Frameworks/UIKit.framework/Headers/UITabBarItem.h:35:12: note: 'UITabBarItem' has been explicitly marked unavailable here
@interface UITabBarItem : UIBarItem
           ^
/Users/admin/builder/spi-builder-workspace/Sources/AppUIKit/AppUIKit.swift:295:49: error: 'UITableViewDataSource' is unavailable in watchOS
    public typealias AppUITableViewDataSource = UITableViewDataSource
                                                ^~~~~~~~~~~~~~~~~~~~~
/Applications/Xcode-26.3.0.app/Contents/Developer/Platforms/WatchOS.platform/Developer/SDKs/WatchOS26.2.sdk/System/Library/Frameworks/UIKit.framework/Headers/UITableView.h:539:11: note: 'UITableViewDataSource' has been explicitly marked unavailable here
@protocol UITableViewDataSource<NSObject>
          ^
/Users/admin/builder/spi-builder-workspace/Sources/AppUIKit/AppUIKit.swift:296:47: error: 'UITableViewDelegate' is unavailable in watchOS
    public typealias AppUITableViewDelegate = UITableViewDelegate
                                              ^~~~~~~~~~~~~~~~~~~
/Applications/Xcode-26.3.0.app/Contents/Developer/Platforms/WatchOS.platform/Developer/SDKs/WatchOS26.2.sdk/System/Library/Frameworks/UIKit.framework/Headers/UITableView.h:100:11: note: 'UITableViewDelegate' has been explicitly marked unavailable here
@protocol UITableViewDelegate<NSObject, UIScrollViewDelegate>
          ^
/Users/admin/builder/spi-builder-workspace/Sources/AppUIKit/AppUIKit.swift:297:46: error: 'UITextViewDelegate' is unavailable in watchOS
    public typealias AppUITextViewDelegate = UITextViewDelegate
                                             ^~~~~~~~~~~~~~~~~~
/Applications/Xcode-26.3.0.app/Contents/Developer/Platforms/WatchOS.platform/Developer/SDKs/WatchOS26.2.sdk/System/Library/Frameworks/UIKit.framework/Headers/UITextView.h:32:11: note: 'UITextViewDelegate' has been explicitly marked unavailable here
@protocol UITextViewDelegate <NSObject, UIScrollViewDelegate>
          ^
/Users/admin/builder/spi-builder-workspace/Sources/AppUIKit/AppUIKit.swift:298:47: error: 'UITextFieldDelegate' is unavailable in watchOS
    public typealias AppUITextFieldDelegate = UITextFieldDelegate
                                              ^~~~~~~~~~~~~~~~~~~
/Applications/Xcode-26.3.0.app/Contents/Developer/Platforms/WatchOS.platform/Developer/SDKs/WatchOS26.2.sdk/System/Library/Frameworks/UIKit.framework/Headers/UITextField.h:140:11: note: 'UITextFieldDelegate' has been explicitly marked unavailable here
@protocol UITextFieldDelegate <NSObject>
          ^
/Users/admin/builder/spi-builder-workspace/Sources/AppUIKit/AppUIKit.swift:299:47: error: 'UISearchBarDelegate' is unavailable in watchOS
    public typealias AppUISearchBarDelegate = UISearchBarDelegate
                                              ^~~~~~~~~~~~~~~~~~~
/Applications/Xcode-26.3.0.app/Contents/Developer/Platforms/WatchOS.platform/Developer/SDKs/WatchOS26.2.sdk/System/Library/Frameworks/UIKit.framework/Headers/UISearchBar.h:176:11: note: 'UISearchBarDelegate' has been explicitly marked unavailable here
@protocol UISearchBarDelegate <UIBarPositioningDelegate>
          ^
/Users/admin/builder/spi-builder-workspace/Sources/AppUIKit/AppUIKit.swift:300:51: error: 'UISearchResultsUpdating' is unavailable in watchOS
    public typealias AppUISearchResultsUpdating = UISearchResultsUpdating
                                                  ^~~~~~~~~~~~~~~~~~~~~~~
/Applications/Xcode-26.3.0.app/Contents/Developer/Platforms/WatchOS.platform/Developer/SDKs/WatchOS26.2.sdk/System/Library/Frameworks/UIKit.framework/Headers/UISearchController.h:49:11: note: 'UISearchResultsUpdating' has been explicitly marked unavailable here
@protocol UISearchResultsUpdating <NSObject>
          ^
/Users/admin/builder/spi-builder-workspace/Sources/AppUIKit/AppUIKit.swift:301:52: error: 'UIDocumentPickerDelegate' is unavailable in watchOS
    public typealias AppUIDocumentPickerDelegate = UIDocumentPickerDelegate
                                                   ^~~~~~~~~~~~~~~~~~~~~~~~
/Applications/Xcode-26.3.0.app/Contents/Developer/Platforms/WatchOS.platform/Developer/SDKs/WatchOS26.2.sdk/System/Library/Frameworks/UIKit.framework/Headers/UIDocumentPickerViewController.h:18:11: note: 'UIDocumentPickerDelegate' has been explicitly marked unavailable here
@protocol UIDocumentPickerDelegate <NSObject>
          ^
/Users/admin/builder/spi-builder-workspace/Sources/AppUIKit/AppUIKit.swift:304:58: error: 'UIDocumentPickerViewController' is unavailable in watchOS
    public typealias AppUIDocumentPickerViewController = UIDocumentPickerViewController
                                                         ^~~~~~~~~~~~~~~~~~~~~~~~~~~~~~
/Applications/Xcode-26.3.0.app/Contents/Developer/Platforms/WatchOS.platform/Developer/SDKs/WatchOS26.2.sdk/System/Library/Frameworks/UIKit.framework/Headers/UIDocumentPickerViewController.h:38:12: note: 'UIDocumentPickerViewController' has been explicitly marked unavailable here
@interface UIDocumentPickerViewController : UIViewController
           ^
/Users/admin/builder/spi-builder-workspace/Sources/AppUIKit/AppUIKit.swift:317:37: error: 'UIStepper' is unavailable in watchOS
    public typealias AppUIStepper = UIStepper
                                    ^~~~~~~~~
/Applications/Xcode-26.3.0.app/Contents/Developer/Platforms/WatchOS.platform/Developer/SDKs/WatchOS26.2.sdk/System/Library/Frameworks/UIKit.framework/Headers/UIStepper.h:18:12: note: 'UIStepper' has been explicitly marked unavailable here
@interface UIStepper : UIControl
           ^
/Users/admin/builder/spi-builder-workspace/Sources/AppUIKit/AppUIKit.swift:318:40: error: 'UIDatePicker' is unavailable in watchOS
    public typealias AppUIDatePicker = UIDatePicker
                                       ^~~~~~~~~~~~
/Applications/Xcode-26.3.0.app/Contents/Developer/Platforms/WatchOS.platform/Developer/SDKs/WatchOS26.2.sdk/System/Library/Frameworks/UIKit.framework/Headers/UIDatePicker.h:40:12: note: 'UIDatePicker' has been explicitly marked unavailable here
@interface UIDatePicker : UIControl <NSCoding>
           ^
/Users/admin/builder/spi-builder-workspace/Sources/AppUIKit/AppUIKit.swift:319:47: error: 'UIProgressView' is unavailable in watchOS
    public typealias AppUIProgressIndicator = UIProgressView
                                              ^~~~~~~~~~~~~~
/Applications/Xcode-26.3.0.app/Contents/Developer/Platforms/WatchOS.platform/Developer/SDKs/WatchOS26.2.sdk/System/Library/Frameworks/UIKit.framework/Headers/UIProgressView.h:23:12: note: 'UIProgressView' has been explicitly marked unavailable here
@interface UIProgressView : UIView <NSCoding>
           ^
/Users/admin/builder/spi-builder-workspace/Sources/AppUIKit/AppUIKit.swift:320:52: error: 'UICollectionViewDelegate' is unavailable in watchOS
    public typealias AppUICollectionViewDelegate = UICollectionViewDelegate
                                                   ^~~~~~~~~~~~~~~~~~~~~~~~
/Applications/Xcode-26.3.0.app/Contents/Developer/Platforms/WatchOS.platform/Developer/SDKs/WatchOS26.2.sdk/System/Library/Frameworks/UIKit.framework/Headers/UICollectionView.h:114:11: note: 'UICollectionViewDelegate' has been explicitly marked unavailable here
@protocol UICollectionViewDelegate <UIScrollViewDelegate>
          ^
/Users/admin/builder/spi-builder-workspace/Sources/AppUIKit/AppUIKit.swift:321:54: error: 'UICollectionViewDataSource' is unavailable in watchOS
    public typealias AppUICollectionViewDataSource = UICollectionViewDataSource
                                                     ^~~~~~~~~~~~~~~~~~~~~~~~~~
/Applications/Xcode-26.3.0.app/Contents/Developer/Platforms/WatchOS.platform/Developer/SDKs/WatchOS26.2.sdk/System/Library/Frameworks/UIKit.framework/Headers/UICollectionView.h:73:11: note: 'UICollectionViewDataSource' has been explicitly marked unavailable here
@protocol UICollectionViewDataSource <NSObject>
          ^
/Users/admin/builder/spi-builder-workspace/Sources/AppUIKit/AppUIKit.swift:323:55: error: 'UIGestureRecognizerDelegate' is unavailable in watchOS
    public typealias AppUIGestureRecognizerDelegate = UIGestureRecognizerDelegate
                                                      ^~~~~~~~~~~~~~~~~~~~~~~~~~~
/Applications/Xcode-26.3.0.app/Contents/Developer/Platforms/WatchOS.platform/Developer/SDKs/WatchOS26.2.sdk/System/Library/Frameworks/UIKit.framework/Headers/UIGestureRecognizer.h:91:11: note: 'UIGestureRecognizerDelegate' has been explicitly marked unavailable here
@protocol UIGestureRecognizerDelegate <NSObject>
          ^
/Users/admin/builder/spi-builder-workspace/Sources/AppUIKit/AppUIKit.swift:324:55: error: 'UIRotationGestureRecognizer' is unavailable in watchOS
    public typealias AppUIRotationGestureRecognizer = UIRotationGestureRecognizer
                                                      ^~~~~~~~~~~~~~~~~~~~~~~~~~~
/Applications/Xcode-26.3.0.app/Contents/Developer/Platforms/WatchOS.platform/Developer/SDKs/WatchOS26.2.sdk/System/Library/Frameworks/UIKit.framework/Headers/UIRotationGestureRecognizer.h:20:12: note: 'UIRotationGestureRecognizer' has been explicitly marked unavailable here
@interface UIRotationGestureRecognizer : UIGestureRecognizer
           ^
/Users/admin/builder/spi-builder-workspace/Sources/AppUIKit/AppUIKit.swift:325:40: error: 'UIStoryboard' is unavailable in watchOS
    public typealias AppUIStoryboard = UIStoryboard
                                       ^~~~~~~~~~~~
/Applications/Xcode-26.3.0.app/Contents/Developer/Platforms/WatchOS.platform/Developer/SDKs/WatchOS26.2.sdk/System/Library/Frameworks/UIKit.framework/Headers/UIStoryboard.h:19:12: note: 'UIStoryboard' has been explicitly marked unavailable here
@interface UIStoryboard : NSObject {
           ^
/Users/admin/builder/spi-builder-workspace/Sources/AppUIKit/AppUIKit.swift:326:33: error: 'UINib' is unavailable in watchOS
    public typealias AppUINib = UINib
                                ^~~~~
/Applications/Xcode-26.3.0.app/Contents/Developer/Platforms/WatchOS.platform/Developer/SDKs/WatchOS26.2.sdk/System/Library/Frameworks/UIKit.framework/Headers/UINib.h:16:12: note: 'UINib' has been explicitly marked unavailable here
@interface UINib : NSObject
           ^
/Users/admin/builder/spi-builder-workspace/Sources/AppUIKit/AppUIKit.swift:327:41: error: 'UILayoutGuide' is unavailable in watchOS
    public typealias AppUILayoutGuide = UILayoutGuide
                                        ^~~~~~~~~~~~~
/Applications/Xcode-26.3.0.app/Contents/Developer/Platforms/WatchOS.platform/Developer/SDKs/WatchOS26.2.sdk/System/Library/Frameworks/UIKit.framework/Headers/UILayoutGuide.h:24:12: note: 'UILayoutGuide' has been explicitly marked unavailable here
@interface UILayoutGuide : NSObject <NSCoding>
           ^
/Users/admin/builder/spi-builder-workspace/Sources/AppUIKit/AppUIKit.swift:328:50: error: 'UIAccessibilityElement' is unavailable in watchOS
    public typealias AppUIAccessibilityElement = UIAccessibilityElement
                                                 ^~~~~~~~~~~~~~~~~~~~~~
/Applications/Xcode-26.3.0.app/Contents/Developer/Platforms/WatchOS.platform/Developer/SDKs/WatchOS26.2.sdk/System/Library/Frameworks/UIKit.framework/Headers/UIAccessibilityElement.h:26:12: note: 'UIAccessibilityElement' has been explicitly marked unavailable here
@interface UIAccessibilityElement : UIResponder<UIAccessibilityIdentification>
           ^
/Users/admin/builder/spi-builder-workspace/Sources/AppUIKit/AppUIKit.swift:330:51: error: cannot find type 'UIViewRepresentable' in scope
        public typealias AppUIViewRepresentable = UIViewRepresentable
                                                  ^~~~~~~~~~~~~~~~~~~
/Users/admin/builder/spi-builder-workspace/Sources/AppUIKit/AppUITopLeftView.swift:82:80: error: 'UITraitCollection' is unavailable in watchOS
        override open func traitCollectionDidChange(_ previousTraitCollection: UITraitCollection?) {
                                                                               ^~~~~~~~~~~~~~~~~
/Applications/Xcode-26.3.0.app/Contents/Developer/Platforms/WatchOS.platform/Developer/SDKs/WatchOS26.2.sdk/System/Library/Frameworks/UIKit.framework/Headers/UITraitCollection.h:23:12: note: 'UITraitCollection' has been explicitly marked unavailable here
@interface UITraitCollection : NSObject <NSCopying, NSSecureCoding>
           ^
/Users/admin/builder/spi-builder-workspace/Sources/AppUIKit/AppUITopLeftView.swift:100:32: error: 'CALayer' is unavailable in watchOS
        open var backingLayer: CALayer {
                               ^~~~~~~
/Applications/Xcode-26.3.0.app/Contents/Developer/Platforms/WatchOS.platform/Developer/SDKs/WatchOS26.2.sdk/System/Library/Frameworks/QuartzCore.framework/Headers/CALayer.h:117:12: note: 'CALayer' has been explicitly marked unavailable here
@interface CALayer : NSObject <NSSecureCoding, CAMediaTiming>
           ^
/Users/admin/builder/spi-builder-workspace/Sources/AppUIKit/AppUITopLeftView.swift:76:34: error: 'UIView' is unavailable in watchOS
    open class AppUITopLeftView: UIView {
                                 ^~~~~~
/Applications/Xcode-26.3.0.app/Contents/Developer/Platforms/WatchOS.platform/Developer/SDKs/WatchOS26.2.sdk/System/Library/Frameworks/UIKit.framework/Headers/UIView.h:148:12: note: 'UIView' has been explicitly marked unavailable here
@interface UIView : UIResponder <NSCoding, UIAppearance, UIAppearanceContainer, UIDynamicItem, UITraitEnvironment, UICoordinateSpace, UIFocusItem, UIFocusItemContainer, CALayerDelegate>
           ^
/Users/admin/builder/spi-builder-workspace/Sources/AppUIKit/LayoutDirectionManager.swift:38:48: error: 'UIView' is unavailable in watchOS
        public static func direction(for view: UIView) -> LayoutDirection {
                                               ^~~~~~
/Applications/Xcode-26.3.0.app/Contents/Developer/Platforms/WatchOS.platform/Developer/SDKs/WatchOS26.2.sdk/System/Library/Frameworks/UIKit.framework/Headers/UIView.h:148:12: note: 'UIView' has been explicitly marked unavailable here
@interface UIView : UIResponder <NSCoding, UIAppearance, UIAppearanceContainer, UIDynamicItem, UITraitEnvironment, UICoordinateSpace, UIFocusItem, UIFocusItemContainer, CALayerDelegate>
           ^
SwiftCompile normal arm64 Compiling\ AppUIKit.DisplayLink.swift,\ AppUIKit.EventMonitoring.swift /Users/admin/builder/spi-builder-workspace/Sources/AppUIKit/AppUIKit.DisplayLink.swift /Users/admin/builder/spi-builder-workspace/Sources/AppUIKit/AppUIKit.EventMonitoring.swift (in target 'AppUIKit' from project 'AppUIKit')
SwiftCompile normal arm64 /Users/admin/builder/spi-builder-workspace/Sources/AppUIKit/AppUIKit.DisplayLink.swift (in target 'AppUIKit' from project 'AppUIKit')
    cd /Users/admin/builder/spi-builder-workspace/.swiftpm/xcode

SwiftCompile normal arm64 /Users/admin/builder/spi-builder-workspace/Sources/AppUIKit/AppUIKit.EventMonitoring.swift (in target 'AppUIKit' from project 'AppUIKit')
    cd /Users/admin/builder/spi-builder-workspace/.swiftpm/xcode

SwiftCompile normal arm64 Compiling\ AppUIKit.AnimationValue.swift,\ AppUIKit.Colors.swift /Users/admin/builder/spi-builder-workspace/Sources/AppUIKit/AppUIKit.AnimationValue.swift /Users/admin/builder/spi-builder-workspace/Sources/AppUIKit/AppUIKit.Colors.swift (in target 'AppUIKit' from project 'AppUIKit')
SwiftCompile normal arm64 /Users/admin/builder/spi-builder-workspace/Sources/AppUIKit/AppUIKit.AnimationValue.swift (in target 'AppUIKit' from project 'AppUIKit')
    cd /Users/admin/builder/spi-builder-workspace/.swiftpm/xcode

SwiftCompile normal arm64 /Users/admin/builder/spi-builder-workspace/Sources/AppUIKit/AppUIKit.Colors.swift (in target 'AppUIKit' from project 'AppUIKit')
    cd /Users/admin/builder/spi-builder-workspace/.swiftpm/xcode

SwiftCompile normal arm64 Compiling\ AppUICursor.swift,\ AppUIInteractiveView.swift,\ AppUIKit.AccessibilityIdentifier.swift /Users/admin/builder/spi-builder-workspace/Sources/AppUIKit/AppUICursor.swift /Users/admin/builder/spi-builder-workspace/Sources/AppUIKit/AppUIInteractiveView.swift /Users/admin/builder/spi-builder-workspace/Sources/AppUIKit/AppUIKit.AccessibilityIdentifier.swift (in target 'AppUIKit' from project 'AppUIKit')
SwiftCompile normal arm64 /Users/admin/builder/spi-builder-workspace/Sources/AppUIKit/AppUICursor.swift (in target 'AppUIKit' from project 'AppUIKit')
    cd /Users/admin/builder/spi-builder-workspace/.swiftpm/xcode

SwiftCompile normal arm64 /Users/admin/builder/spi-builder-workspace/Sources/AppUIKit/AppUIInteractiveView.swift (in target 'AppUIKit' from project 'AppUIKit')
    cd /Users/admin/builder/spi-builder-workspace/.swiftpm/xcode

SwiftCompile normal arm64 /Users/admin/builder/spi-builder-workspace/Sources/AppUIKit/AppUIKit.AccessibilityIdentifier.swift (in target 'AppUIKit' from project 'AppUIKit')
    cd /Users/admin/builder/spi-builder-workspace/.swiftpm/xcode

SwiftCompile normal arm64 Compiling\ AppUIKit.Extensions.swift,\ AppUIKit.Fonts.swift /Users/admin/builder/spi-builder-workspace/Sources/AppUIKit/AppUIKit.Extensions.swift /Users/admin/builder/spi-builder-workspace/Sources/AppUIKit/AppUIKit.Fonts.swift (in target 'AppUIKit' from project 'AppUIKit')
SwiftCompile normal arm64 /Users/admin/builder/spi-builder-workspace/Sources/AppUIKit/AppUIKit.Extensions.swift (in target 'AppUIKit' from project 'AppUIKit')
    cd /Users/admin/builder/spi-builder-workspace/.swiftpm/xcode

SwiftCompile normal arm64 /Users/admin/builder/spi-builder-workspace/Sources/AppUIKit/AppUIKit.Fonts.swift (in target 'AppUIKit' from project 'AppUIKit')
    cd /Users/admin/builder/spi-builder-workspace/.swiftpm/xcode

SwiftCompile normal arm64 Compiling\ DirectionalSymbols.swift,\ LayoutDirectionManager.swift /Users/admin/builder/spi-builder-workspace/Sources/AppUIKit/DirectionalSymbols.swift /Users/admin/builder/spi-builder-workspace/Sources/AppUIKit/LayoutDirectionManager.swift (in target 'AppUIKit' from project 'AppUIKit')
SwiftCompile normal arm64 /Users/admin/builder/spi-builder-workspace/Sources/AppUIKit/DirectionalSymbols.swift (in target 'AppUIKit' from project 'AppUIKit')
    cd /Users/admin/builder/spi-builder-workspace/.swiftpm/xcode

SwiftCompile normal arm64 /Users/admin/builder/spi-builder-workspace/Sources/AppUIKit/LayoutDirectionManager.swift (in target 'AppUIKit' from project 'AppUIKit')
    cd /Users/admin/builder/spi-builder-workspace/.swiftpm/xcode

SwiftEmitModule normal arm64_32 Emitting\ module\ for\ AppUIKit (in target 'AppUIKit' from project 'AppUIKit')
2026-09-22 14:23:18.180 xcodebuild[906:5583] [MT] IDERunDestination: Supported platforms for the buildables in the current scheme is empty.
** BUILD FAILED **
The following build commands failed:
	SwiftEmitModule normal arm64 Emitting\ module\ for\ AppUIKit (in target 'AppUIKit' from project 'AppUIKit')
	EmitSwiftModule normal arm64 (in target 'AppUIKit' from project 'AppUIKit')
	Building workspace spi-builder-workspace with scheme AppUIKit
(3 failures)
Command line invocation:
    /Applications/Xcode-26.3.0.app/Contents/Developer/usr/bin/xcodebuild -IDEClonedSourcePackagesDirPathOverride=/Users/admin/builder/spi-builder-workspace/.dependencies -resolvePackageDependencies
Resolve Package Graph
Resolved source packages:
  AppUIKit: /Users/admin/builder/spi-builder-workspace
  SwiftDocCPlugin: https://github.com/swiftlang/swift-docc-plugin @ 1.5.0
  SymbolKit: https://github.com/swiftlang/swift-docc-symbolkit @ 1.0.0
resolved source packages: AppUIKit, SwiftDocCPlugin, SymbolKit
2026-09-22 14:23:36.326 xcodebuild[1168:6865] [MT] IDERunDestination: Supported platforms for the buildables in the current scheme is empty.
{
  "dependencies" : [
    {
      "identity" : "swift-docc-plugin",
      "requirement" : {
        "range" : [
          {
            "lower_bound" : "1.4.3",
            "upper_bound" : "2.0.0"
          }
        ]
      },
      "type" : "sourceControl",
      "url" : "https://github.com/swiftlang/swift-docc-plugin"
    }
  ],
  "manifest_display_name" : "AppUIKit",
  "name" : "AppUIKit",
  "path" : "/Users/admin/builder/spi-builder-workspace",
  "platforms" : [
    {
      "name" : "macos",
      "version" : "14.0"
    },
    {
      "name" : "ios",
      "version" : "17.0"
    }
  ],
  "products" : [
    {
      "name" : "AppUIKit",
      "targets" : [
        "AppUIKit"
      ],
      "type" : {
        "library" : [
          "automatic"
        ]
      }
    }
  ],
  "targets" : [
    {
      "c99name" : "AppUIKitTests",
      "module_type" : "SwiftTarget",
      "name" : "AppUIKitTests",
      "path" : "Tests/AppUIKitTests",
      "sources" : [
        "AppUIKitTests.swift"
      ],
      "target_dependencies" : [
        "AppUIKit"
      ],
      "type" : "test"
    },
    {
      "c99name" : "AppUIKit",
      "module_type" : "SwiftTarget",
      "name" : "AppUIKit",
      "path" : "Sources/AppUIKit",
      "product_memberships" : [
        "AppUIKit"
      ],
      "sources" : [
        "AppUICursor.swift",
        "AppUIInteractiveView.swift",
        "AppUIKit.AccessibilityIdentifier.swift",
        "AppUIKit.AnimationValue.swift",
        "AppUIKit.Colors.swift",
        "AppUIKit.DisplayLink.swift",
        "AppUIKit.EventMonitoring.swift",
        "AppUIKit.Extensions.swift",
        "AppUIKit.Fonts.swift",
        "AppUIKit.KeyboardShortcuts.swift",
        "AppUIKit.LayoutDirection.swift",
        "AppUIKit.Pasteboard.swift",
        "AppUIKit.Sharing.swift",
        "AppUIKit.TooltipHelper.swift",
        "AppUIKit.ViewFactory.swift",
        "AppUIKit.VisualEffects.swift",
        "AppUIKit.swift",
        "AppUITopLeftView.swift",
        "ConnectionPointCalculator.swift",
        "DirectionalSymbols.swift",
        "LayoutDirectionManager.swift"
      ],
      "type" : "library"
    }
  ],
  "tools_version" : "6.2"
}
{
  "workspace" : {
    "name" : "spi-builder-workspace",
    "schemes" : [
      "AppUIKit"
    ]
  }
}
2026-09-22 14:23:42.763 xcodebuild[1232:7285] [MT] IDERunDestination: Supported platforms for the buildables in the current scheme is empty.
Running build ...
env DEVELOPER_DIR=/Applications/Xcode-26.3.0.app xcrun xcodebuild -IDEClonedSourcePackagesDirPathOverride=$PWD/.dependencies -skipMacroValidation -skipPackagePluginValidation -derivedDataPath $PWD/.derivedData build -scheme AppUIKit -destination generic/platform=watchOS
Command line invocation:
    /Applications/Xcode-26.3.0.app/Contents/Developer/usr/bin/xcodebuild -IDEClonedSourcePackagesDirPathOverride=/Users/admin/builder/spi-builder-workspace/.dependencies -skipMacroValidation -skipPackagePluginValidation -derivedDataPath /Users/admin/builder/spi-builder-workspace/.derivedData build -scheme AppUIKit -destination generic/platform=watchOS
Resolve Package Graph
Resolved source packages:
  SymbolKit: https://github.com/swiftlang/swift-docc-symbolkit @ 1.0.0
  SwiftDocCPlugin: https://github.com/swiftlang/swift-docc-plugin @ 1.5.0
  AppUIKit: /Users/admin/builder/spi-builder-workspace
ComputePackagePrebuildTargetDependencyGraph
Prepare packages
CreateBuildRequest
SendProjectDescription
CreateBuildOperation
ComputeTargetDependencyGraph
note: Building targets in dependency order
note: Target dependency graph (2 targets)
    Target 'AppUIKit' in project 'AppUIKit'
        ➜ Explicit dependency on target 'AppUIKit' in project 'AppUIKit'
    Target 'AppUIKit' in project 'AppUIKit' (no dependencies)
GatherProvisioningInputs
CreateBuildDescription
ClangStatCache /Applications/Xcode-26.3.0.app/Contents/Developer/Toolchains/XcodeDefault.xctoolchain/usr/bin/clang-stat-cache /Applications/Xcode-26.3.0.app/Contents/Developer/Platforms/WatchOS.platform/Developer/SDKs/WatchOS26.2.sdk /Users/admin/builder/spi-builder-workspace/.derivedData/SDKStatCaches.noindex/watchos26.2-23S303-dc75598d0054f22ec865fa860f139d721753b489057de6bda919edfa1c59a62b.sdkstatcache
    cd /Users/admin/builder/spi-builder-workspace/.swiftpm/xcode
    /Applications/Xcode-26.3.0.app/Contents/Developer/Toolchains/XcodeDefault.xctoolchain/usr/bin/clang-stat-cache /Applications/Xcode-26.3.0.app/Contents/Developer/Platforms/WatchOS.platform/Developer/SDKs/WatchOS26.2.sdk -o /Users/admin/builder/spi-builder-workspace/.derivedData/SDKStatCaches.noindex/watchos26.2-23S303-dc75598d0054f22ec865fa860f139d721753b489057de6bda919edfa1c59a62b.sdkstatcache
SwiftDriver AppUIKit normal arm64 com.apple.xcode.tools.swift.compiler (in target 'AppUIKit' from project 'AppUIKit')
    cd /Users/admin/builder/spi-builder-workspace/.swiftpm/xcode
    builtin-SwiftDriver -- /Applications/Xcode-26.3.0.app/Contents/Developer/Toolchains/XcodeDefault.xctoolchain/usr/bin/swiftc -module-name AppUIKit -Onone -enforce-exclusivity\=checked @/Users/admin/builder/spi-builder-workspace/.derivedData/Build/Intermediates.noindex/AppUIKit.build/Debug-watchos/AppUIKit.build/Objects-normal/arm64/AppUIKit.SwiftFileList -DSWIFT_PACKAGE -DDEBUG -DSWIFT_MODULE_RESOURCE_BUNDLE_UNAVAILABLE -DXcode -plugin-path /Applications/Xcode-26.3.0.app/Contents/Developer/Toolchains/XcodeDefault.xctoolchain/usr/lib/swift/host/plugins/testing -enable-experimental-feature DebugDescriptionMacro -sdk /Applications/Xcode-26.3.0.app/Contents/Developer/Platforms/WatchOS.platform/Developer/SDKs/WatchOS26.2.sdk -target arm64-apple-watchos10.0 -g -module-cache-path /Users/admin/builder/spi-builder-workspace/.derivedData/ModuleCache.noindex -Xfrontend -serialize-debugging-options -profile-coverage-mapping -profile-generate -enable-testing -index-store-path /Users/admin/builder/spi-builder-workspace/.derivedData/Index.noindex/DataStore -Xcc -D_LIBCPP_HARDENING_MODE\=_LIBCPP_HARDENING_MODE_DEBUG -swift-version 6 -I /Users/admin/builder/spi-builder-workspace/.derivedData/Build/Products/Debug-watchos -Isystem /Applications/Xcode-26.3.0.app/Contents/Developer/Platforms/WatchOS.platform/Developer/usr/lib -F /Users/admin/builder/spi-builder-workspace/.derivedData/Build/Products/Debug-watchos -F /Applications/Xcode-26.3.0.app/Contents/Developer/Platforms/WatchOS.platform/Developer/Library/Frameworks -F /Applications/Xcode-26.3.0.app/Contents/Developer/Platforms/WatchOS.platform/Developer/SDKs/WatchOS26.2.sdk/Developer/Library/Frameworks -c -j10 -enable-batch-mode -incremental -Xcc -ivfsstatcache -Xcc /Users/admin/builder/spi-builder-workspace/.derivedData/SDKStatCaches.noindex/watchos26.2-23S303-dc75598d0054f22ec865fa860f139d721753b489057de6bda919edfa1c59a62b.sdkstatcache -output-file-map /Users/admin/builder/spi-builder-workspace/.derivedData/Build/Intermediates.noindex/AppUIKit.build/Debug-watchos/AppUIKit.build/Objects-normal/arm64/AppUIKit-OutputFileMap.json -use-frontend-parseable-output -save-temps -no-color-diagnostics -explicit-module-build -module-cache-path /Users/admin/builder/spi-builder-workspace/.derivedData/Build/Intermediates.noindex/SwiftExplicitPrecompiledModules -clang-scanner-module-cache-path /Users/admin/builder/spi-builder-workspace/.derivedData/ModuleCache.noindex -sdk-module-cache-path /Users/admin/builder/spi-builder-workspace/.derivedData/ModuleCache.noindex -serialize-diagnostics -emit-dependencies -emit-module -emit-module-path /Users/admin/builder/spi-builder-workspace/.derivedData/Build/Intermediates.noindex/AppUIKit.build/Debug-watchos/AppUIKit.build/Objects-normal/arm64/AppUIKit.swiftmodule -validate-clang-modules-once -clang-build-session-file /Users/admin/builder/spi-builder-workspace/.derivedData/ModuleCache.noindex/Session.modulevalidation -package-name spi_builder_workspace -Xcc -I/Users/admin/builder/spi-builder-workspace/.derivedData/Build/Intermediates.noindex/AppUIKit.build/Debug-watchos/AppUIKit.build/swift-overrides.hmap -emit-const-values -Xfrontend -const-gather-protocols-file -Xfrontend /Users/admin/builder/spi-builder-workspace/.derivedData/Build/Intermediates.noindex/AppUIKit.build/Debug-watchos/AppUIKit.build/Objects-normal/arm64/AppUIKit_const_extract_protocols.json -Xcc -I/Users/admin/builder/spi-builder-workspace/.derivedData/Build/Products/Debug-watchos/include -Xcc -I/Users/admin/builder/spi-builder-workspace/.derivedData/Build/Intermediates.noindex/AppUIKit.build/Debug-watchos/AppUIKit.build/DerivedSources-normal/arm64 -Xcc -I/Users/admin/builder/spi-builder-workspace/.derivedData/Build/Intermediates.noindex/AppUIKit.build/Debug-watchos/AppUIKit.build/DerivedSources/arm64 -Xcc -I/Users/admin/builder/spi-builder-workspace/.derivedData/Build/Intermediates.noindex/AppUIKit.build/Debug-watchos/AppUIKit.build/DerivedSources -Xcc -DSWIFT_PACKAGE -Xcc -DDEBUG\=1 -emit-objc-header -emit-objc-header-path /Users/admin/builder/spi-builder-workspace/.derivedData/Build/Intermediates.noindex/AppUIKit.build/Debug-watchos/AppUIKit.build/Objects-normal/arm64/AppUIKit-Swift.h -working-directory /Users/admin/builder/spi-builder-workspace/.swiftpm/xcode -experimental-emit-module-separately -disable-cmo
SwiftDriver AppUIKit normal arm64_32 com.apple.xcode.tools.swift.compiler (in target 'AppUIKit' from project 'AppUIKit')
    cd /Users/admin/builder/spi-builder-workspace/.swiftpm/xcode
    builtin-SwiftDriver -- /Applications/Xcode-26.3.0.app/Contents/Developer/Toolchains/XcodeDefault.xctoolchain/usr/bin/swiftc -module-name AppUIKit -Onone -enforce-exclusivity\=checked @/Users/admin/builder/spi-builder-workspace/.derivedData/Build/Intermediates.noindex/AppUIKit.build/Debug-watchos/AppUIKit.build/Objects-normal/arm64_32/AppUIKit.SwiftFileList -DSWIFT_PACKAGE -DDEBUG -DSWIFT_MODULE_RESOURCE_BUNDLE_UNAVAILABLE -DXcode -plugin-path /Applications/Xcode-26.3.0.app/Contents/Developer/Toolchains/XcodeDefault.xctoolchain/usr/lib/swift/host/plugins/testing -enable-experimental-feature DebugDescriptionMacro -sdk /Applications/Xcode-26.3.0.app/Contents/Developer/Platforms/WatchOS.platform/Developer/SDKs/WatchOS26.2.sdk -target arm64_32-apple-watchos10.0 -g -module-cache-path /Users/admin/builder/spi-builder-workspace/.derivedData/ModuleCache.noindex -Xfrontend -serialize-debugging-options -profile-coverage-mapping -profile-generate -enable-testing -index-store-path /Users/admin/builder/spi-builder-workspace/.derivedData/Index.noindex/DataStore -Xcc -D_LIBCPP_HARDENING_MODE\=_LIBCPP_HARDENING_MODE_DEBUG -swift-version 6 -I /Users/admin/builder/spi-builder-workspace/.derivedData/Build/Products/Debug-watchos -Isystem /Applications/Xcode-26.3.0.app/Contents/Developer/Platforms/WatchOS.platform/Developer/usr/lib -F /Users/admin/builder/spi-builder-workspace/.derivedData/Build/Products/Debug-watchos -F /Applications/Xcode-26.3.0.app/Contents/Developer/Platforms/WatchOS.platform/Developer/Library/Frameworks -F /Applications/Xcode-26.3.0.app/Contents/Developer/Platforms/WatchOS.platform/Developer/SDKs/WatchOS26.2.sdk/Developer/Library/Frameworks -c -j10 -enable-batch-mode -incremental -Xcc -ivfsstatcache -Xcc /Users/admin/builder/spi-builder-workspace/.derivedData/SDKStatCaches.noindex/watchos26.2-23S303-dc75598d0054f22ec865fa860f139d721753b489057de6bda919edfa1c59a62b.sdkstatcache -output-file-map /Users/admin/builder/spi-builder-workspace/.derivedData/Build/Intermediates.noindex/AppUIKit.build/Debug-watchos/AppUIKit.build/Objects-normal/arm64_32/AppUIKit-OutputFileMap.json -use-frontend-parseable-output -save-temps -no-color-diagnostics -explicit-module-build -module-cache-path /Users/admin/builder/spi-builder-workspace/.derivedData/Build/Intermediates.noindex/SwiftExplicitPrecompiledModules -clang-scanner-module-cache-path /Users/admin/builder/spi-builder-workspace/.derivedData/ModuleCache.noindex -sdk-module-cache-path /Users/admin/builder/spi-builder-workspace/.derivedData/ModuleCache.noindex -serialize-diagnostics -emit-dependencies -emit-module -emit-module-path /Users/admin/builder/spi-builder-workspace/.derivedData/Build/Intermediates.noindex/AppUIKit.build/Debug-watchos/AppUIKit.build/Objects-normal/arm64_32/AppUIKit.swiftmodule -validate-clang-modules-once -clang-build-session-file /Users/admin/builder/spi-builder-workspace/.derivedData/ModuleCache.noindex/Session.modulevalidation -package-name spi_builder_workspace -Xcc -I/Users/admin/builder/spi-builder-workspace/.derivedData/Build/Intermediates.noindex/AppUIKit.build/Debug-watchos/AppUIKit.build/swift-overrides.hmap -emit-const-values -Xfrontend -const-gather-protocols-file -Xfrontend /Users/admin/builder/spi-builder-workspace/.derivedData/Build/Intermediates.noindex/AppUIKit.build/Debug-watchos/AppUIKit.build/Objects-normal/arm64_32/AppUIKit_const_extract_protocols.json -Xcc -I/Users/admin/builder/spi-builder-workspace/.derivedData/Build/Products/Debug-watchos/include -Xcc -I/Users/admin/builder/spi-builder-workspace/.derivedData/Build/Intermediates.noindex/AppUIKit.build/Debug-watchos/AppUIKit.build/DerivedSources-normal/arm64_32 -Xcc -I/Users/admin/builder/spi-builder-workspace/.derivedData/Build/Intermediates.noindex/AppUIKit.build/Debug-watchos/AppUIKit.build/DerivedSources/arm64_32 -Xcc -I/Users/admin/builder/spi-builder-workspace/.derivedData/Build/Intermediates.noindex/AppUIKit.build/Debug-watchos/AppUIKit.build/DerivedSources -Xcc -DSWIFT_PACKAGE -Xcc -DDEBUG\=1 -emit-objc-header -emit-objc-header-path /Users/admin/builder/spi-builder-workspace/.derivedData/Build/Intermediates.noindex/AppUIKit.build/Debug-watchos/AppUIKit.build/Objects-normal/arm64_32/AppUIKit-Swift.h -working-directory /Users/admin/builder/spi-builder-workspace/.swiftpm/xcode -experimental-emit-module-separately -disable-cmo
SwiftCompile normal arm64_32 Compiling\ AppUIKit.AnimationValue.swift,\ AppUIKit.Colors.swift /Users/admin/builder/spi-builder-workspace/Sources/AppUIKit/AppUIKit.AnimationValue.swift /Users/admin/builder/spi-builder-workspace/Sources/AppUIKit/AppUIKit.Colors.swift (in target 'AppUIKit' from project 'AppUIKit')
SwiftCompile normal arm64_32 /Users/admin/builder/spi-builder-workspace/Sources/AppUIKit/AppUIKit.AnimationValue.swift (in target 'AppUIKit' from project 'AppUIKit')
    cd /Users/admin/builder/spi-builder-workspace/.swiftpm/xcode

SwiftCompile normal arm64_32 /Users/admin/builder/spi-builder-workspace/Sources/AppUIKit/AppUIKit.Colors.swift (in target 'AppUIKit' from project 'AppUIKit')
    cd /Users/admin/builder/spi-builder-workspace/.swiftpm/xcode

SwiftCompile normal arm64_32 Compiling\ AppUIKit.Extensions.swift,\ AppUIKit.Fonts.swift /Users/admin/builder/spi-builder-workspace/Sources/AppUIKit/AppUIKit.Extensions.swift /Users/admin/builder/spi-builder-workspace/Sources/AppUIKit/AppUIKit.Fonts.swift (in target 'AppUIKit' from project 'AppUIKit')
SwiftCompile normal arm64_32 /Users/admin/builder/spi-builder-workspace/Sources/AppUIKit/AppUIKit.Extensions.swift (in target 'AppUIKit' from project 'AppUIKit')
    cd /Users/admin/builder/spi-builder-workspace/.swiftpm/xcode

SwiftCompile normal arm64_32 /Users/admin/builder/spi-builder-workspace/Sources/AppUIKit/AppUIKit.Fonts.swift (in target 'AppUIKit' from project 'AppUIKit')
    cd /Users/admin/builder/spi-builder-workspace/.swiftpm/xcode

SwiftCompile normal arm64_32 Compiling\ AppUIKit.Pasteboard.swift,\ AppUIKit.Sharing.swift /Users/admin/builder/spi-builder-workspace/Sources/AppUIKit/AppUIKit.Pasteboard.swift /Users/admin/builder/spi-builder-workspace/Sources/AppUIKit/AppUIKit.Sharing.swift (in target 'AppUIKit' from project 'AppUIKit')
SwiftCompile normal arm64_32 /Users/admin/builder/spi-builder-workspace/Sources/AppUIKit/AppUIKit.Pasteboard.swift (in target 'AppUIKit' from project 'AppUIKit')
    cd /Users/admin/builder/spi-builder-workspace/.swiftpm/xcode

SwiftCompile normal arm64_32 /Users/admin/builder/spi-builder-workspace/Sources/AppUIKit/AppUIKit.Sharing.swift (in target 'AppUIKit' from project 'AppUIKit')
    cd /Users/admin/builder/spi-builder-workspace/.swiftpm/xcode

SwiftCompile normal arm64_32 Compiling\ AppUICursor.swift,\ AppUIInteractiveView.swift,\ AppUIKit.AccessibilityIdentifier.swift /Users/admin/builder/spi-builder-workspace/Sources/AppUIKit/AppUICursor.swift /Users/admin/builder/spi-builder-workspace/Sources/AppUIKit/AppUIInteractiveView.swift /Users/admin/builder/spi-builder-workspace/Sources/AppUIKit/AppUIKit.AccessibilityIdentifier.swift (in target 'AppUIKit' from project 'AppUIKit')
SwiftCompile normal arm64_32 /Users/admin/builder/spi-builder-workspace/Sources/AppUIKit/AppUICursor.swift (in target 'AppUIKit' from project 'AppUIKit')
    cd /Users/admin/builder/spi-builder-workspace/.swiftpm/xcode

SwiftCompile normal arm64_32 /Users/admin/builder/spi-builder-workspace/Sources/AppUIKit/AppUIInteractiveView.swift (in target 'AppUIKit' from project 'AppUIKit')
    cd /Users/admin/builder/spi-builder-workspace/.swiftpm/xcode

SwiftCompile normal arm64_32 /Users/admin/builder/spi-builder-workspace/Sources/AppUIKit/AppUIKit.AccessibilityIdentifier.swift (in target 'AppUIKit' from project 'AppUIKit')
    cd /Users/admin/builder/spi-builder-workspace/.swiftpm/xcode

SwiftEmitModule normal arm64_32 Emitting\ module\ for\ AppUIKit (in target 'AppUIKit' from project 'AppUIKit')
Failed frontend command:
/Applications/Xcode-26.3.0.app/Contents/Developer/Toolchains/XcodeDefault.xctoolchain/usr/bin/swift-frontend -frontend -emit-module -experimental-skip-non-inlinable-function-bodies-without-types /Users/admin/builder/spi-builder-workspace/Sources/AppUIKit/AppUICursor.swift /Users/admin/builder/spi-builder-workspace/Sources/AppUIKit/AppUIInteractiveView.swift /Users/admin/builder/spi-builder-workspace/Sources/AppUIKit/AppUIKit.AccessibilityIdentifier.swift /Users/admin/builder/spi-builder-workspace/Sources/AppUIKit/AppUIKit.AnimationValue.swift /Users/admin/builder/spi-builder-workspace/Sources/AppUIKit/AppUIKit.Colors.swift /Users/admin/builder/spi-builder-workspace/Sources/AppUIKit/AppUIKit.DisplayLink.swift /Users/admin/builder/spi-builder-workspace/Sources/AppUIKit/AppUIKit.EventMonitoring.swift /Users/admin/builder/spi-builder-workspace/Sources/AppUIKit/AppUIKit.Extensions.swift /Users/admin/builder/spi-builder-workspace/Sources/AppUIKit/AppUIKit.Fonts.swift /Users/admin/builder/spi-builder-workspace/Sources/AppUIKit/AppUIKit.KeyboardShortcuts.swift /Users/admin/builder/spi-builder-workspace/Sources/AppUIKit/AppUIKit.LayoutDirection.swift /Users/admin/builder/spi-builder-workspace/Sources/AppUIKit/AppUIKit.Pasteboard.swift /Users/admin/builder/spi-builder-workspace/Sources/AppUIKit/AppUIKit.Sharing.swift /Users/admin/builder/spi-builder-workspace/Sources/AppUIKit/AppUIKit.TooltipHelper.swift /Users/admin/builder/spi-builder-workspace/Sources/AppUIKit/AppUIKit.ViewFactory.swift /Users/admin/builder/spi-builder-workspace/Sources/AppUIKit/AppUIKit.VisualEffects.swift /Users/admin/builder/spi-builder-workspace/Sources/AppUIKit/AppUIKit.swift /Users/admin/builder/spi-builder-workspace/Sources/AppUIKit/AppUITopLeftView.swift /Users/admin/builder/spi-builder-workspace/Sources/AppUIKit/ConnectionPointCalculator.swift /Users/admin/builder/spi-builder-workspace/Sources/AppUIKit/DirectionalSymbols.swift /Users/admin/builder/spi-builder-workspace/Sources/AppUIKit/LayoutDirectionManager.swift -target arm64_32-apple-watchos10.0 -module-can-import-version SwiftUI 7.2.5.1 7.2.5 -module-can-import-version UIKit 9126.2.4 9126.2.4 -load-resolved-plugin /Applications/Xcode-26.3.0.app/Contents/Developer/Platforms/WatchOS.platform/Developer/usr/lib/swift/host/plugins/libFoundationMacros.dylib\#/Applications/Xcode-26.3.0.app/Contents/Developer/Platforms/WatchOS.platform/Developer/usr/bin/swift-plugin-server\#FoundationMacros -load-resolved-plugin /Applications/Xcode-26.3.0.app/Contents/Developer/Platforms/WatchOS.platform/Developer/usr/lib/swift/host/plugins/libObservationMacros.dylib\#/Applications/Xcode-26.3.0.app/Contents/Developer/Platforms/WatchOS.platform/Developer/usr/bin/swift-plugin-server\#ObservationMacros -load-resolved-plugin /Applications/Xcode-26.3.0.app/Contents/Developer/Platforms/WatchOS.platform/Developer/usr/lib/swift/host/plugins/libPreviewsMacros.dylib\#/Applications/Xcode-26.3.0.app/Contents/Developer/Platforms/WatchOS.platform/Developer/usr/bin/swift-plugin-server\#PreviewsMacros -load-resolved-plugin /Applications/Xcode-26.3.0.app/Contents/Developer/Platforms/WatchOS.platform/Developer/usr/lib/swift/host/plugins/libSwiftMacros.dylib\#/Applications/Xcode-26.3.0.app/Contents/Developer/Platforms/WatchOS.platform/Developer/usr/bin/swift-plugin-server\#SwiftMacros -load-resolved-plugin /Applications/Xcode-26.3.0.app/Contents/Developer/Platforms/WatchOS.platform/Developer/usr/lib/swift/host/plugins/libSwiftUIMacros.dylib\#/Applications/Xcode-26.3.0.app/Contents/Developer/Platforms/WatchOS.platform/Developer/usr/bin/swift-plugin-server\#SwiftUIMacros -disable-implicit-swift-modules -Xcc -fno-implicit-modules -Xcc -fno-implicit-module-maps -explicit-swift-module-map-file /Users/admin/builder/spi-builder-workspace/.derivedData/Build/Intermediates.noindex/AppUIKit.build/Debug-watchos/AppUIKit.build/Objects-normal/arm64_32/AppUIKit-dependencies-2.json -enable-objc-interop -sdk /Applications/Xcode-26.3.0.app/Contents/Developer/Platforms/WatchOS.platform/Developer/SDKs/WatchOS26.2.sdk -I /Users/admin/builder/spi-builder-workspace/.derivedData/Build/Products/Debug-watchos -Isystem /Applications/Xcode-26.3.0.app/Contents/Developer/Platforms/WatchOS.platform/Developer/usr/lib -F /Users/admin/builder/spi-builder-workspace/.derivedData/Build/Products/Debug-watchos -F /Applications/Xcode-26.3.0.app/Contents/Developer/Platforms/WatchOS.platform/Developer/Library/Frameworks -F /Applications/Xcode-26.3.0.app/Contents/Developer/Platforms/WatchOS.platform/Developer/SDKs/WatchOS26.2.sdk/Developer/Library/Frameworks -no-color-diagnostics -Xcc -fno-color-diagnostics -enable-testing -g -debug-info-format\=dwarf -dwarf-version\=4 -module-cache-path /Users/admin/builder/spi-builder-workspace/.derivedData/Build/Intermediates.noindex/SwiftExplicitPrecompiledModules -profile-generate -profile-coverage-mapping -swift-version 6 -enforce-exclusivity\=checked -Onone -D SWIFT_PACKAGE -D DEBUG -D SWIFT_MODULE_RESOURCE_BUNDLE_UNAVAILABLE -D Xcode -serialize-debugging-options -const-gather-protocols-file /Users/admin/builder/spi-builder-workspace/.derivedData/Build/Intermediates.noindex/AppUIKit.build/Debug-watchos/AppUIKit.build/Objects-normal/arm64_32/AppUIKit_const_extract_protocols.json -enable-experimental-feature DebugDescriptionMacro -empty-abi-descriptor -validate-clang-modules-once -clang-build-session-file /Users/admin/builder/spi-builder-workspace/.derivedData/ModuleCache.noindex/Session.modulevalidation -Xcc -working-directory -Xcc /Users/admin/builder/spi-builder-workspace/.swiftpm/xcode -enable-anonymous-context-mangled-names -file-compilation-dir /Users/admin/builder/spi-builder-workspace/.swiftpm/xcode -Xcc -D_LIBCPP_HARDENING_MODE\=_LIBCPP_HARDENING_MODE_DEBUG -Xcc -ivfsstatcache -Xcc /Users/admin/builder/spi-builder-workspace/.derivedData/SDKStatCaches.noindex/watchos26.2-23S303-dc75598d0054f22ec865fa860f139d721753b489057de6bda919edfa1c59a62b.sdkstatcache -Xcc -I/Users/admin/builder/spi-builder-workspace/.derivedData/Build/Intermediates.noindex/AppUIKit.build/Debug-watchos/AppUIKit.build/swift-overrides.hmap -Xcc -I/Users/admin/builder/spi-builder-workspace/.derivedData/Build/Products/Debug-watchos/include -Xcc -I/Users/admin/builder/spi-builder-workspace/.derivedData/Build/Intermediates.noindex/AppUIKit.build/Debug-watchos/AppUIKit.build/DerivedSources-normal/arm64_32 -Xcc -I/Users/admin/builder/spi-builder-workspace/.derivedData/Build/Intermediates.noindex/AppUIKit.build/Debug-watchos/AppUIKit.build/DerivedSources/arm64_32 -Xcc -I/Users/admin/builder/spi-builder-workspace/.derivedData/Build/Intermediates.noindex/AppUIKit.build/Debug-watchos/AppUIKit.build/DerivedSources -Xcc -DSWIFT_PACKAGE -Xcc -DDEBUG\=1 -no-auto-bridging-header-chaining -module-name AppUIKit -package-name spi_builder_workspace -frontend-parseable-output -disable-clang-spi -target-sdk-version 26.2 -target-sdk-name watchos26.2 -clang-target arm64_32-apple-watchos26.2 -in-process-plugin-server-path /Applications/Xcode-26.3.0.app/Contents/Developer/Toolchains/XcodeDefault.xctoolchain/usr/lib/swift/host/libSwiftInProcPluginServer.dylib -emit-module-doc-path /Users/admin/builder/spi-builder-workspace/.derivedData/Build/Intermediates.noindex/AppUIKit.build/Debug-watchos/AppUIKit.build/Objects-normal/arm64_32/AppUIKit.swiftdoc -emit-module-source-info-path /Users/admin/builder/spi-builder-workspace/.derivedData/Build/Intermediates.noindex/AppUIKit.build/Debug-watchos/AppUIKit.build/Objects-normal/arm64_32/AppUIKit.swiftsourceinfo -emit-objc-header-path /Users/admin/builder/spi-builder-workspace/.derivedData/Build/Intermediates.noindex/AppUIKit.build/Debug-watchos/AppUIKit.build/Objects-normal/arm64_32/AppUIKit-Swift.h -serialize-diagnostics-path /Users/admin/builder/spi-builder-workspace/.derivedData/Build/Intermediates.noindex/AppUIKit.build/Debug-watchos/AppUIKit.build/Objects-normal/arm64_32/AppUIKit-primary-emit-module.dia -emit-dependencies-path /Users/admin/builder/spi-builder-workspace/.derivedData/Build/Intermediates.noindex/AppUIKit.build/Debug-watchos/AppUIKit.build/Objects-normal/arm64_32/AppUIKit-primary-emit-module.d -o /Users/admin/builder/spi-builder-workspace/.derivedData/Build/Intermediates.noindex/AppUIKit.build/Debug-watchos/AppUIKit.build/Objects-normal/arm64_32/AppUIKit.swiftmodule -emit-abi-descriptor-path /Users/admin/builder/spi-builder-workspace/.derivedData/Build/Intermediates.noindex/AppUIKit.build/Debug-watchos/AppUIKit.build/Objects-normal/arm64_32/AppUIKit.abi.json
EmitSwiftModule normal arm64_32 (in target 'AppUIKit' from project 'AppUIKit')
    cd /Users/admin/builder/spi-builder-workspace/.swiftpm/xcode

/Users/admin/builder/spi-builder-workspace/Sources/AppUIKit/AppUIInteractiveView.swift:78:56: error: 'UITouch' is unavailable in watchOS
        override open func touchesBegan(_ touches: Set<UITouch>, with _: UIEvent?) {
                                                       ^~~~~~~
/Applications/Xcode-26.3.0.app/Contents/Developer/Platforms/WatchOS.platform/Developer/SDKs/WatchOS26.2.sdk/System/Library/Frameworks/UIKit.framework/Headers/UITouch.h:51:12: note: 'UITouch' has been explicitly marked unavailable here
@interface UITouch : NSObject
           ^
/Users/admin/builder/spi-builder-workspace/Sources/AppUIKit/AppUIInteractiveView.swift:78:74: error: 'UIEvent' is unavailable in watchOS
        override open func touchesBegan(_ touches: Set<UITouch>, with _: UIEvent?) {
                                                                         ^~~~~~~
/Applications/Xcode-26.3.0.app/Contents/Developer/Platforms/WatchOS.platform/Developer/SDKs/WatchOS26.2.sdk/System/Library/Frameworks/UIKit.framework/Headers/UIEvent.h:62:12: note: 'UIEvent' has been explicitly marked unavailable here
@interface UIEvent : NSObject
           ^
/Users/admin/builder/spi-builder-workspace/Sources/AppUIKit/AppUIInteractiveView.swift:84:56: error: 'UITouch' is unavailable in watchOS
        override open func touchesMoved(_ touches: Set<UITouch>, with _: UIEvent?) {
                                                       ^~~~~~~
/Applications/Xcode-26.3.0.app/Contents/Developer/Platforms/WatchOS.platform/Developer/SDKs/WatchOS26.2.sdk/System/Library/Frameworks/UIKit.framework/Headers/UITouch.h:51:12: note: 'UITouch' has been explicitly marked unavailable here
@interface UITouch : NSObject
           ^
/Users/admin/builder/spi-builder-workspace/Sources/AppUIKit/AppUIInteractiveView.swift:84:74: error: 'UIEvent' is unavailable in watchOS
        override open func touchesMoved(_ touches: Set<UITouch>, with _: UIEvent?) {
                                                                         ^~~~~~~
/Applications/Xcode-26.3.0.app/Contents/Developer/Platforms/WatchOS.platform/Developer/SDKs/WatchOS26.2.sdk/System/Library/Frameworks/UIKit.framework/Headers/UIEvent.h:62:12: note: 'UIEvent' has been explicitly marked unavailable here
@interface UIEvent : NSObject
           ^
/Users/admin/builder/spi-builder-workspace/Sources/AppUIKit/AppUIInteractiveView.swift:90:56: error: 'UITouch' is unavailable in watchOS
        override open func touchesEnded(_ touches: Set<UITouch>, with _: UIEvent?) {
                                                       ^~~~~~~
/Applications/Xcode-26.3.0.app/Contents/Developer/Platforms/WatchOS.platform/Developer/SDKs/WatchOS26.2.sdk/System/Library/Frameworks/UIKit.framework/Headers/UITouch.h:51:12: note: 'UITouch' has been explicitly marked unavailable here
@interface UITouch : NSObject
           ^
/Users/admin/builder/spi-builder-workspace/Sources/AppUIKit/AppUIInteractiveView.swift:90:74: error: 'UIEvent' is unavailable in watchOS
        override open func touchesEnded(_ touches: Set<UITouch>, with _: UIEvent?) {
                                                                         ^~~~~~~
/Applications/Xcode-26.3.0.app/Contents/Developer/Platforms/WatchOS.platform/Developer/SDKs/WatchOS26.2.sdk/System/Library/Frameworks/UIKit.framework/Headers/UIEvent.h:62:12: note: 'UIEvent' has been explicitly marked unavailable here
@interface UIEvent : NSObject
           ^
/Users/admin/builder/spi-builder-workspace/Sources/AppUIKit/AppUITopLeftView.swift:82:28: error: cannot override 'traitCollectionDidChange' which has been marked unavailable
        override open func traitCollectionDidChange(_ previousTraitCollection: UITraitCollection?) {
                           ^
UIKit.UIView.traitCollectionDidChange:3:13: note: 'traitCollectionDidChange' has been explicitly marked unavailable here
  open func traitCollectionDidChange(_ previousTraitCollection: UITraitCollection?)}
            ^
/Users/admin/builder/spi-builder-workspace/Sources/AppUIKit/AppUITopLeftView.swift:82:28: note: remove 'override' modifier to declare a new 'traitCollectionDidChange'
        override open func traitCollectionDidChange(_ previousTraitCollection: UITraitCollection?) {
        ~~~~~~~~~          ^

/Users/admin/builder/spi-builder-workspace/Sources/AppUIKit/AppUIKit.DisplayLink.swift:22:62: error: 'CADisplayLink' is unavailable in watchOS
    func makeDisplayLink(target: Any, selector: Selector) -> CADisplayLink {
                                                             ^~~~~~~~~~~~~
/Applications/Xcode-26.3.0.app/Contents/Developer/Platforms/WatchOS.platform/Developer/SDKs/WatchOS26.2.sdk/System/Library/Frameworks/QuartzCore.framework/Headers/CADisplayLink.h:21:12: note: 'CADisplayLink' has been explicitly marked unavailable here
@interface CADisplayLink : NSObject
           ^
/Users/admin/builder/spi-builder-workspace/Sources/AppUIKit/AppUIKit.Extensions.swift:189:38: error: 'UIView' is unavailable in watchOS
        func appuiAddSubview(_ view: UIView) {
                                     ^~~~~~
/Applications/Xcode-26.3.0.app/Contents/Developer/Platforms/WatchOS.platform/Developer/SDKs/WatchOS26.2.sdk/System/Library/Frameworks/UIKit.framework/Headers/UIView.h:148:12: note: 'UIView' has been explicitly marked unavailable here
@interface UIView : UIResponder <NSCoding, UIAppearance, UIAppearanceContainer, UIDynamicItem, UITraitEnvironment, UICoordinateSpace, UIFocusItem, UIFocusItemContainer, CALayerDelegate>
           ^
/Users/admin/builder/spi-builder-workspace/Sources/AppUIKit/AppUIKit.Extensions.swift:151:22: error: 'UIView' is unavailable in watchOS
    public extension UIView {
                     ^~~~~~
/Applications/Xcode-26.3.0.app/Contents/Developer/Platforms/WatchOS.platform/Developer/SDKs/WatchOS26.2.sdk/System/Library/Frameworks/UIKit.framework/Headers/UIView.h:148:12: note: 'UIView' has been explicitly marked unavailable here
@interface UIView : UIResponder <NSCoding, UIAppearance, UIAppearanceContainer, UIDynamicItem, UITraitEnvironment, UICoordinateSpace, UIFocusItem, UIFocusItemContainer, CALayerDelegate>
           ^
/Users/admin/builder/spi-builder-workspace/Sources/AppUIKit/AppUIKit.Extensions.swift:237:49: error: 'UILabel' is unavailable in watchOS
        static func appuiLabel(text: String) -> UILabel {
                                                ^~~~~~~
/Applications/Xcode-26.3.0.app/Contents/Developer/Platforms/WatchOS.platform/Developer/SDKs/WatchOS26.2.sdk/System/Library/Frameworks/UIKit.framework/Headers/UILabel.h:33:12: note: 'UILabel' has been explicitly marked unavailable here
@interface UILabel : UIView <NSCoding, UIContentSizeCategoryAdjusting, UILetterformAwareAdjusting>
           ^
/Users/admin/builder/spi-builder-workspace/Sources/AppUIKit/AppUIKit.Extensions.swift:236:22: error: 'UILabel' is unavailable in watchOS
    public extension UILabel {
                     ^~~~~~~
/Applications/Xcode-26.3.0.app/Contents/Developer/Platforms/WatchOS.platform/Developer/SDKs/WatchOS26.2.sdk/System/Library/Frameworks/UIKit.framework/Headers/UILabel.h:33:12: note: 'UILabel' has been explicitly marked unavailable here
@interface UILabel : UIView <NSCoding, UIContentSizeCategoryAdjusting, UILetterformAwareAdjusting>
           ^
/Users/admin/builder/spi-builder-workspace/Sources/AppUIKit/AppUIKit.KeyboardShortcuts.swift:239:42: error: 'UIKeyModifierFlags' is unavailable in watchOS
            public static let modifiers: UIKeyModifierFlags = [.alternate]
                                         ^~~~~~~~~~~~~~~~~~
/Applications/Xcode-26.3.0.app/Contents/Developer/Platforms/WatchOS.platform/Developer/SDKs/WatchOS26.2.sdk/System/Library/Frameworks/UIKit.framework/Headers/UICommand.h:15:31: note: 'UIKeyModifierFlags' has been explicitly marked unavailable here
typedef NS_OPTIONS(NSInteger, UIKeyModifierFlags) {
                              ^
/Users/admin/builder/spi-builder-workspace/Sources/AppUIKit/AppUIKit.KeyboardShortcuts.swift:248:47: error: 'UIKeyModifierFlags' is unavailable in watchOS
            public static let resetModifiers: UIKeyModifierFlags = [.shift]
                                              ^~~~~~~~~~~~~~~~~~
/Applications/Xcode-26.3.0.app/Contents/Developer/Platforms/WatchOS.platform/Developer/SDKs/WatchOS26.2.sdk/System/Library/Frameworks/UIKit.framework/Headers/UICommand.h:15:31: note: 'UIKeyModifierFlags' has been explicitly marked unavailable here
typedef NS_OPTIONS(NSInteger, UIKeyModifierFlags) {
                              ^
/Users/admin/builder/spi-builder-workspace/Sources/AppUIKit/AppUIKit.LayoutDirection.swift:70:22: error: 'UIView' is unavailable in watchOS
    public extension UIView {
                     ^~~~~~
/Applications/Xcode-26.3.0.app/Contents/Developer/Platforms/WatchOS.platform/Developer/SDKs/WatchOS26.2.sdk/System/Library/Frameworks/UIKit.framework/Headers/UIView.h:148:12: note: 'UIView' has been explicitly marked unavailable here
@interface UIView : UIResponder <NSCoding, UIAppearance, UIAppearanceContainer, UIDynamicItem, UITraitEnvironment, UICoordinateSpace, UIFocusItem, UIFocusItemContainer, CALayerDelegate>
           ^
/Users/admin/builder/spi-builder-workspace/Sources/AppUIKit/AppUIKit.LayoutDirection.swift:105:22: error: 'UIViewController' is unavailable in watchOS
    public extension UIViewController {
                     ^~~~~~~~~~~~~~~~
/Applications/Xcode-26.3.0.app/Contents/Developer/Platforms/WatchOS.platform/Developer/SDKs/WatchOS26.2.sdk/System/Library/Frameworks/UIKit.framework/Headers/UIViewController.h:102:12: note: 'UIViewController' has been explicitly marked unavailable here
@interface UIViewController : UIResponder <NSCoding, UIAppearanceContainer, UITraitEnvironment, UIContentContainer, UIFocusEnvironment>
           ^
/Users/admin/builder/spi-builder-workspace/Sources/AppUIKit/AppUIKit.LayoutDirection.swift:122:22: error: 'UIStackView' is unavailable in watchOS
    public extension UIStackView {
                     ^~~~~~~~~~~
/Applications/Xcode-26.3.0.app/Contents/Developer/Platforms/WatchOS.platform/Developer/SDKs/WatchOS26.2.sdk/System/Library/Frameworks/UIKit.framework/Headers/UIStackView.h:124:12: note: 'UIStackView' has been explicitly marked unavailable here
@interface UIStackView : UIView
           ^
/Users/admin/builder/spi-builder-workspace/Sources/AppUIKit/AppUIKit.Sharing.swift:44:67: error: 'UIViewController' is unavailable in watchOS
            private static func presenter(for view: AppUIView) -> UIViewController? {
                                                                  ^~~~~~~~~~~~~~~~
/Applications/Xcode-26.3.0.app/Contents/Developer/Platforms/WatchOS.platform/Developer/SDKs/WatchOS26.2.sdk/System/Library/Frameworks/UIKit.framework/Headers/UIViewController.h:102:12: note: 'UIViewController' has been explicitly marked unavailable here
@interface UIViewController : UIResponder <NSCoding, UIAppearanceContainer, UITraitEnvironment, UIContentContainer, UIFocusEnvironment>
           ^
/Users/admin/builder/spi-builder-workspace/Sources/AppUIKit/AppUIKit.TooltipHelper.swift:182:66: error: 'UIView' is unavailable in watchOS
            public static func apply(_ tooltip: String, to view: UIView) {
                                                                 ^~~~~~
/Applications/Xcode-26.3.0.app/Contents/Developer/Platforms/WatchOS.platform/Developer/SDKs/WatchOS26.2.sdk/System/Library/Frameworks/UIKit.framework/Headers/UIView.h:148:12: note: 'UIView' has been explicitly marked unavailable here
@interface UIView : UIResponder <NSCoding, UIAppearance, UIAppearanceContainer, UIDynamicItem, UITraitEnvironment, UICoordinateSpace, UIFocusItem, UIFocusItemContainer, CALayerDelegate>
           ^
/Users/admin/builder/spi-builder-workspace/Sources/AppUIKit/AppUIKit.TooltipHelper.swift:190:68: error: 'UIButton' is unavailable in watchOS
            public static func apply(_ tooltip: String, to button: UIButton) {
                                                                   ^~~~~~~~
/Applications/Xcode-26.3.0.app/Contents/Developer/Platforms/WatchOS.platform/Developer/SDKs/WatchOS26.2.sdk/System/Library/Frameworks/UIKit.framework/Headers/UIButton.h:49:12: note: 'UIButton' has been explicitly marked unavailable here
@interface UIButton : UIControl <NSCoding>
           ^
/Users/admin/builder/spi-builder-workspace/Sources/AppUIKit/AppUIKit.TooltipHelper.swift:202:69: error: 'UIControl' is unavailable in watchOS
            public static func apply(_ tooltip: String, to control: UIControl) {
                                                                    ^~~~~~~~~
/Applications/Xcode-26.3.0.app/Contents/Developer/Platforms/WatchOS.platform/Developer/SDKs/WatchOS26.2.sdk/System/Library/Frameworks/UIKit.framework/Headers/UIControl.h:76:12: note: 'UIControl' has been explicitly marked unavailable here
@interface UIControl : UIView
           ^
/Users/admin/builder/spi-builder-workspace/Sources/AppUIKit/AppUIKit.TooltipHelper.swift:210:66: error: 'UIBarButtonItem' is unavailable in watchOS
            public static func apply(_ tooltip: String, to item: UIBarButtonItem) {
                                                                 ^~~~~~~~~~~~~~~
/Applications/Xcode-26.3.0.app/Contents/Developer/Platforms/WatchOS.platform/Developer/SDKs/WatchOS26.2.sdk/System/Library/Frameworks/UIKit.framework/Headers/UIBarButtonItem.h:69:12: note: 'UIBarButtonItem' has been explicitly marked unavailable here
@interface UIBarButtonItem : UIBarItem <NSCoding>
           ^
/Users/admin/builder/spi-builder-workspace/Sources/AppUIKit/AppUIKit.TooltipHelper.swift:228:22: error: 'UIView' is unavailable in watchOS
    public extension UIView {
                     ^~~~~~
/Applications/Xcode-26.3.0.app/Contents/Developer/Platforms/WatchOS.platform/Developer/SDKs/WatchOS26.2.sdk/System/Library/Frameworks/UIKit.framework/Headers/UIView.h:148:12: note: 'UIView' has been explicitly marked unavailable here
@interface UIView : UIResponder <NSCoding, UIAppearance, UIAppearanceContainer, UIDynamicItem, UITraitEnvironment, UICoordinateSpace, UIFocusItem, UIFocusItemContainer, CALayerDelegate>
           ^
/Users/admin/builder/spi-builder-workspace/Sources/AppUIKit/AppUIKit.TooltipHelper.swift:257:22: error: 'UIButton' is unavailable in watchOS
    public extension UIButton {
                     ^~~~~~~~
/Applications/Xcode-26.3.0.app/Contents/Developer/Platforms/WatchOS.platform/Developer/SDKs/WatchOS26.2.sdk/System/Library/Frameworks/UIKit.framework/Headers/UIButton.h:49:12: note: 'UIButton' has been explicitly marked unavailable here
@interface UIButton : UIControl <NSCoding>
           ^
/Users/admin/builder/spi-builder-workspace/Sources/AppUIKit/AppUIKit.TooltipHelper.swift:287:22: error: 'UIBarButtonItem' is unavailable in watchOS
    public extension UIBarButtonItem {
                     ^~~~~~~~~~~~~~~
/Applications/Xcode-26.3.0.app/Contents/Developer/Platforms/WatchOS.platform/Developer/SDKs/WatchOS26.2.sdk/System/Library/Frameworks/UIKit.framework/Headers/UIBarButtonItem.h:69:12: note: 'UIBarButtonItem' has been explicitly marked unavailable here
@interface UIBarButtonItem : UIBarItem <NSCoding>
           ^
/Users/admin/builder/spi-builder-workspace/Sources/AppUIKit/AppUIKit.TooltipHelper.swift:317:16: error: 'UIContextMenuInteraction' is unavailable in watchOS
            _: UIContextMenuInteraction,
               ^~~~~~~~~~~~~~~~~~~~~~~~
/Applications/Xcode-26.3.0.app/Contents/Developer/Platforms/WatchOS.platform/Developer/SDKs/WatchOS26.2.sdk/System/Library/Frameworks/UIKit.framework/Headers/UIContextMenuInteraction.h:32:12: note: 'UIContextMenuInteraction' has been explicitly marked unavailable here
@interface UIContextMenuInteraction : NSObject <UIInteraction>
           ^
/Users/admin/builder/spi-builder-workspace/Sources/AppUIKit/AppUIKit.TooltipHelper.swift:319:14: error: 'UIContextMenuConfiguration' is unavailable in watchOS
        ) -> UIContextMenuConfiguration? {
             ^~~~~~~~~~~~~~~~~~~~~~~~~~
/Applications/Xcode-26.3.0.app/Contents/Developer/Platforms/WatchOS.platform/Developer/SDKs/WatchOS26.2.sdk/System/Library/Frameworks/UIKit.framework/Headers/UIContextMenuConfiguration.h:39:12: note: 'UIContextMenuConfiguration' has been explicitly marked unavailable here
@interface UIContextMenuConfiguration : NSObject
           ^
/Users/admin/builder/spi-builder-workspace/Sources/AppUIKit/AppUIKit.TooltipHelper.swift:327:16: error: 'UIContextMenuInteraction' is unavailable in watchOS
            _: UIContextMenuInteraction,
               ^~~~~~~~~~~~~~~~~~~~~~~~
/Applications/Xcode-26.3.0.app/Contents/Developer/Platforms/WatchOS.platform/Developer/SDKs/WatchOS26.2.sdk/System/Library/Frameworks/UIKit.framework/Headers/UIContextMenuInteraction.h:32:12: note: 'UIContextMenuInteraction' has been explicitly marked unavailable here
@interface UIContextMenuInteraction : NSObject <UIInteraction>
           ^
/Users/admin/builder/spi-builder-workspace/Sources/AppUIKit/AppUIKit.TooltipHelper.swift:328:60: error: 'UIContextMenuConfiguration' is unavailable in watchOS
            previewForHighlightingMenuWithConfiguration _: UIContextMenuConfiguration
                                                           ^~~~~~~~~~~~~~~~~~~~~~~~~~
/Applications/Xcode-26.3.0.app/Contents/Developer/Platforms/WatchOS.platform/Developer/SDKs/WatchOS26.2.sdk/System/Library/Frameworks/UIKit.framework/Headers/UIContextMenuConfiguration.h:39:12: note: 'UIContextMenuConfiguration' has been explicitly marked unavailable here
@interface UIContextMenuConfiguration : NSObject
           ^
/Users/admin/builder/spi-builder-workspace/Sources/AppUIKit/AppUIKit.TooltipHelper.swift:329:14: error: 'UITargetedPreview' is unavailable in watchOS
        ) -> UITargetedPreview? {
             ^~~~~~~~~~~~~~~~~
/Applications/Xcode-26.3.0.app/Contents/Developer/Platforms/WatchOS.platform/Developer/SDKs/WatchOS26.2.sdk/System/Library/Frameworks/UIKit.framework/Headers/UITargetedPreview.h:45:12: note: 'UITargetedPreview' has been explicitly marked unavailable here
@interface UITargetedPreview : NSObject <NSCopying>
           ^
/Users/admin/builder/spi-builder-workspace/Sources/AppUIKit/AppUIKit.TooltipHelper.swift:308:57: error: 'UIContextMenuInteractionDelegate' is unavailable in watchOS
    private class TooltipContextMenuDelegate: NSObject, UIContextMenuInteractionDelegate {
                                                        ^~~~~~~~~~~~~~~~~~~~~~~~~~~~~~~~
/Applications/Xcode-26.3.0.app/Contents/Developer/Platforms/WatchOS.platform/Developer/SDKs/WatchOS26.2.sdk/System/Library/Frameworks/UIKit.framework/Headers/UIContextMenuInteraction.h:99:11: note: 'UIContextMenuInteractionDelegate' has been explicitly marked unavailable here
@protocol UIContextMenuInteractionDelegate <NSObject>
          ^
/Users/admin/builder/spi-builder-workspace/Sources/AppUIKit/AppUIKit.swift:204:34: error: 'UIView' is unavailable in watchOS
    public typealias AppUIView = UIView
                                 ^~~~~~
/Applications/Xcode-26.3.0.app/Contents/Developer/Platforms/WatchOS.platform/Developer/SDKs/WatchOS26.2.sdk/System/Library/Frameworks/UIKit.framework/Headers/UIView.h:148:12: note: 'UIView' has been explicitly marked unavailable here
@interface UIView : UIResponder <NSCoding, UIAppearance, UIAppearanceContainer, UIDynamicItem, UITraitEnvironment, UICoordinateSpace, UIFocusItem, UIFocusItemContainer, CALayerDelegate>
           ^
/Users/admin/builder/spi-builder-workspace/Sources/AppUIKit/AppUIKit.swift:205:44: error: 'UIViewController' is unavailable in watchOS
    public typealias AppUIViewController = UIViewController
                                           ^~~~~~~~~~~~~~~~
/Applications/Xcode-26.3.0.app/Contents/Developer/Platforms/WatchOS.platform/Developer/SDKs/WatchOS26.2.sdk/System/Library/Frameworks/UIKit.framework/Headers/UIViewController.h:102:12: note: 'UIViewController' has been explicitly marked unavailable here
@interface UIViewController : UIResponder <NSCoding, UIAppearanceContainer, UITraitEnvironment, UIContentContainer, UIFocusEnvironment>
           ^
/Users/admin/builder/spi-builder-workspace/Sources/AppUIKit/AppUIKit.swift:206:36: error: 'UIWindow' is unavailable in watchOS
    public typealias AppUIWindow = UIWindow
                                   ^~~~~~~~
/Applications/Xcode-26.3.0.app/Contents/Developer/Platforms/WatchOS.platform/Developer/SDKs/WatchOS26.2.sdk/System/Library/Frameworks/UIKit.framework/Headers/UIWindow.h:22:12: note: 'UIWindow' has been explicitly marked unavailable here
@interface UIWindow : UIView
           ^
/Users/admin/builder/spi-builder-workspace/Sources/AppUIKit/AppUIKit.swift:207:41: error: 'UIWindowScene' is unavailable in watchOS
    public typealias AppUIWindowScene = UIWindowScene
                                        ^~~~~~~~~~~~~
/Applications/Xcode-26.3.0.app/Contents/Developer/Platforms/WatchOS.platform/Developer/SDKs/WatchOS26.2.sdk/System/Library/Frameworks/UIKit.framework/Headers/UIWindowScene.h:21:12: note: 'UIWindowScene' has been explicitly marked unavailable here
@interface UIWindowScene : UIScene
           ^
/Users/admin/builder/spi-builder-workspace/Sources/AppUIKit/AppUIKit.swift:208:41: error: 'UIApplication' is unavailable in watchOS
    public typealias AppUIApplication = UIApplication
                                        ^~~~~~~~~~~~~
/Applications/Xcode-26.3.0.app/Contents/Developer/Platforms/WatchOS.platform/Developer/SDKs/WatchOS26.2.sdk/System/Library/Frameworks/UIKit.framework/Headers/UIApplication.h:85:12: note: 'UIApplication' has been explicitly marked unavailable here
@interface UIApplication : UIResponder
           ^
/Users/admin/builder/spi-builder-workspace/Sources/AppUIKit/AppUIKit.swift:209:36: error: 'UIScreen' is unavailable in watchOS
    public typealias AppUIScreen = UIScreen
                                   ^~~~~~~~
/Applications/Xcode-26.3.0.app/Contents/Developer/Platforms/WatchOS.platform/Developer/SDKs/WatchOS26.2.sdk/System/Library/Frameworks/UIKit.framework/Headers/UIScreen.h:54:12: note: 'UIScreen' has been explicitly marked unavailable here
@interface UIScreen : NSObject <UITraitEnvironment>
           ^
/Users/admin/builder/spi-builder-workspace/Sources/AppUIKit/AppUIKit.swift:210:39: error: 'UIResponder' is unavailable in watchOS
    public typealias AppUIResponder = UIResponder
                                      ^~~~~~~~~~~
/Applications/Xcode-26.3.0.app/Contents/Developer/Platforms/WatchOS.platform/Developer/SDKs/WatchOS26.2.sdk/System/Library/Frameworks/UIKit.framework/Headers/UIResponder.h:82:12: note: 'UIResponder' has been explicitly marked unavailable here
@interface UIResponder : NSObject <UIResponderStandardEditActions>
           ^
/Users/admin/builder/spi-builder-workspace/Sources/AppUIKit/AppUIKit.swift:213:37: error: 'UIControl' is unavailable in watchOS
    public typealias AppUIControl = UIControl
                                    ^~~~~~~~~
/Applications/Xcode-26.3.0.app/Contents/Developer/Platforms/WatchOS.platform/Developer/SDKs/WatchOS26.2.sdk/System/Library/Frameworks/UIKit.framework/Headers/UIControl.h:76:12: note: 'UIControl' has been explicitly marked unavailable here
@interface UIControl : UIView
           ^
/Users/admin/builder/spi-builder-workspace/Sources/AppUIKit/AppUIKit.swift:214:36: error: 'UIButton' is unavailable in watchOS
    public typealias AppUIButton = UIButton
                                   ^~~~~~~~
/Applications/Xcode-26.3.0.app/Contents/Developer/Platforms/WatchOS.platform/Developer/SDKs/WatchOS26.2.sdk/System/Library/Frameworks/UIKit.framework/Headers/UIButton.h:49:12: note: 'UIButton' has been explicitly marked unavailable here
@interface UIButton : UIControl <NSCoding>
           ^
/Users/admin/builder/spi-builder-workspace/Sources/AppUIKit/AppUIKit.swift:215:35: error: 'UILabel' is unavailable in watchOS
    public typealias AppUILabel = UILabel
                                  ^~~~~~~
/Applications/Xcode-26.3.0.app/Contents/Developer/Platforms/WatchOS.platform/Developer/SDKs/WatchOS26.2.sdk/System/Library/Frameworks/UIKit.framework/Headers/UILabel.h:33:12: note: 'UILabel' has been explicitly marked unavailable here
@interface UILabel : UIView <NSCoding, UIContentSizeCategoryAdjusting, UILetterformAwareAdjusting>
           ^
/Users/admin/builder/spi-builder-workspace/Sources/AppUIKit/AppUIKit.swift:216:39: error: 'UITextField' is unavailable in watchOS
    public typealias AppUITextField = UITextField
                                      ^~~~~~~~~~~
/Applications/Xcode-26.3.0.app/Contents/Developer/Platforms/WatchOS.platform/Developer/SDKs/WatchOS26.2.sdk/System/Library/Frameworks/UIKit.framework/Headers/UITextField.h:53:12: note: 'UITextField' has been explicitly marked unavailable here
@interface UITextField : UIControl <UITextInput, NSCoding, UIContentSizeCategoryAdjusting, UILetterformAwareAdjusting>
           ^
/Users/admin/builder/spi-builder-workspace/Sources/AppUIKit/AppUIKit.swift:217:38: error: 'UITextView' is unavailable in watchOS
    public typealias AppUITextView = UITextView
                                     ^~~~~~~~~~
/Applications/Xcode-26.3.0.app/Contents/Developer/Platforms/WatchOS.platform/Developer/SDKs/WatchOS26.2.sdk/System/Library/Frameworks/UIKit.framework/Headers/UITextView.h:219:12: note: 'UITextView' has been explicitly marked unavailable here
@interface UITextView : UIScrollView <UITextInput, UIContentSizeCategoryAdjusting, UILetterformAwareAdjusting>
           ^
/Users/admin/builder/spi-builder-workspace/Sources/AppUIKit/AppUIKit.swift:218:39: error: 'UISearchBar' is unavailable in watchOS
    public typealias AppUISearchBar = UISearchBar
                                      ^~~~~~~~~~~
/Applications/Xcode-26.3.0.app/Contents/Developer/Platforms/WatchOS.platform/Developer/SDKs/WatchOS26.2.sdk/System/Library/Frameworks/UIKit.framework/Headers/UISearchBar.h:46:12: note: 'UISearchBar' has been explicitly marked unavailable here
@interface UISearchBar : UIView <UIBarPositioning, UITextInputTraits, UILookToDictateCapable>
           ^
/Users/admin/builder/spi-builder-workspace/Sources/AppUIKit/AppUIKit.swift:219:46: error: 'UISearchController' is unavailable in watchOS
    public typealias AppUISearchController = UISearchController
                                             ^~~~~~~~~~~~~~~~~~
/Applications/Xcode-26.3.0.app/Contents/Developer/Platforms/WatchOS.platform/Developer/SDKs/WatchOS26.2.sdk/System/Library/Frameworks/UIKit.framework/Headers/UISearchController.h:59:12: note: 'UISearchController' has been explicitly marked unavailable here
@interface UISearchController : UIViewController <UIViewControllerTransitioningDelegate, UIViewControllerAnimatedTransitioning>
           ^
/Users/admin/builder/spi-builder-workspace/Sources/AppUIKit/AppUIKit.swift:220:46: error: 'UISegmentedControl' is unavailable in watchOS
    public typealias AppUISegmentedControl = UISegmentedControl
                                             ^~~~~~~~~~~~~~~~~~
/Applications/Xcode-26.3.0.app/Contents/Developer/Platforms/WatchOS.platform/Developer/SDKs/WatchOS26.2.sdk/System/Library/Frameworks/UIKit.framework/Headers/UISegmentedControl.h:43:12: note: 'UISegmentedControl' has been explicitly marked unavailable here
@interface UISegmentedControl : UIControl <NSCoding>
           ^
/Users/admin/builder/spi-builder-workspace/Sources/AppUIKit/AppUIKit.swift:221:36: error: 'UISwitch' is unavailable in watchOS
    public typealias AppUISwitch = UISwitch
                                   ^~~~~~~~
/Applications/Xcode-26.3.0.app/Contents/Developer/Platforms/WatchOS.platform/Developer/SDKs/WatchOS26.2.sdk/System/Library/Frameworks/UIKit.framework/Headers/UISwitch.h:23:12: note: 'UISwitch' has been explicitly marked unavailable here
@interface UISwitch : UIControl <NSCoding>
           ^
/Users/admin/builder/spi-builder-workspace/Sources/AppUIKit/AppUIKit.swift:222:36: error: 'UISlider' is unavailable in watchOS
    public typealias AppUISlider = UISlider
                                   ^~~~~~~~
/Applications/Xcode-26.3.0.app/Contents/Developer/Platforms/WatchOS.platform/Developer/SDKs/WatchOS26.2.sdk/System/Library/Frameworks/UIKit.framework/Headers/UISlider.h:26:12: note: 'UISlider' has been explicitly marked unavailable here
@interface UISlider : UIControl <NSCoding>
           ^
/Users/admin/builder/spi-builder-workspace/Sources/AppUIKit/AppUIKit.swift:223:39: error: 'UIColorWell' is unavailable in watchOS
    public typealias AppUIColorWell = UIColorWell
                                      ^~~~~~~~~~~
/Applications/Xcode-26.3.0.app/Contents/Developer/Platforms/WatchOS.platform/Developer/SDKs/WatchOS26.2.sdk/System/Library/Frameworks/UIKit.framework/Headers/UIColorWell.h:15:12: note: 'UIColorWell' has been explicitly marked unavailable here
@interface UIColorWell : UIControl
           ^
/Users/admin/builder/spi-builder-workspace/Sources/AppUIKit/AppUIKit.swift:226:40: error: 'UIScrollView' is unavailable in watchOS
    public typealias AppUIScrollView = UIScrollView
                                       ^~~~~~~~~~~~
/Applications/Xcode-26.3.0.app/Contents/Developer/Platforms/WatchOS.platform/Developer/SDKs/WatchOS26.2.sdk/System/Library/Frameworks/UIKit.framework/Headers/UIScrollView.h:87:12: note: 'UIScrollView' has been explicitly marked unavailable here
@interface UIScrollView : UIView <NSCoding, UIFocusItemScrollableContainer>
           ^
/Users/admin/builder/spi-builder-workspace/Sources/AppUIKit/AppUIKit.swift:227:39: error: 'UIStackView' is unavailable in watchOS
    public typealias AppUIStackView = UIStackView
                                      ^~~~~~~~~~~
/Applications/Xcode-26.3.0.app/Contents/Developer/Platforms/WatchOS.platform/Developer/SDKs/WatchOS26.2.sdk/System/Library/Frameworks/UIKit.framework/Headers/UIStackView.h:124:12: note: 'UIStackView' has been explicitly marked unavailable here
@interface UIStackView : UIView
           ^
/Users/admin/builder/spi-builder-workspace/Sources/AppUIKit/AppUIKit.swift:228:39: error: 'UISplitViewController' is unavailable in watchOS
    public typealias AppUISplitView = UISplitViewController
                                      ^~~~~~~~~~~~~~~~~~~~~
/Applications/Xcode-26.3.0.app/Contents/Developer/Platforms/WatchOS.platform/Developer/SDKs/WatchOS26.2.sdk/System/Library/Frameworks/UIKit.framework/Headers/UISplitViewController.h:78:12: note: 'UISplitViewController' has been explicitly marked unavailable here
@interface UISplitViewController : UIViewController
           ^
/Users/admin/builder/spi-builder-workspace/Sources/AppUIKit/AppUIKit.swift:229:49: error: 'UISplitViewController' is unavailable in watchOS
    public typealias AppUISplitViewController = UISplitViewController
                                                ^~~~~~~~~~~~~~~~~~~~~
/Applications/Xcode-26.3.0.app/Contents/Developer/Platforms/WatchOS.platform/Developer/SDKs/WatchOS26.2.sdk/System/Library/Frameworks/UIKit.framework/Headers/UISplitViewController.h:78:12: note: 'UISplitViewController' has been explicitly marked unavailable here
@interface UISplitViewController : UIViewController
           ^
/Users/admin/builder/spi-builder-workspace/Sources/AppUIKit/AppUIKit.swift:230:46: error: 'UITabBarController' is unavailable in watchOS
    public typealias AppUITabBarController = UITabBarController
                                             ^~~~~~~~~~~~~~~~~~
/Applications/Xcode-26.3.0.app/Contents/Developer/Platforms/WatchOS.platform/Developer/SDKs/WatchOS26.2.sdk/System/Library/Frameworks/UIKit.framework/Headers/UITabBarController.h:64:12: note: 'UITabBarController' has been explicitly marked unavailable here
@interface UITabBarController : UIViewController <UITabBarDelegate, NSCoding>
           ^
/Users/admin/builder/spi-builder-workspace/Sources/AppUIKit/AppUIKit.swift:233:39: error: 'UITableView' is unavailable in watchOS
    public typealias AppUITableView = UITableView
                                      ^~~~~~~~~~~
/Applications/Xcode-26.3.0.app/Contents/Developer/Platforms/WatchOS.platform/Developer/SDKs/WatchOS26.2.sdk/System/Library/Frameworks/UIKit.framework/Headers/UITableView.h:347:12: note: 'UITableView' has been explicitly marked unavailable here
@interface UITableView : UIScrollView <NSCoding, UIDataSourceTranslating>
           ^
/Users/admin/builder/spi-builder-workspace/Sources/AppUIKit/AppUIKit.swift:234:43: error: 'UITableViewCell' is unavailable in watchOS
    public typealias AppUITableViewCell = UITableViewCell
                                          ^~~~~~~~~~~~~~~
/Applications/Xcode-26.3.0.app/Contents/Developer/Platforms/WatchOS.platform/Developer/SDKs/WatchOS26.2.sdk/System/Library/Frameworks/UIKit.framework/Headers/UITableViewCell.h:81:12: note: 'UITableViewCell' has been explicitly marked unavailable here
@interface UITableViewCell : UIView <NSCoding, UIGestureRecognizerDelegate>
           ^
/Users/admin/builder/spi-builder-workspace/Sources/AppUIKit/AppUIKit.swift:235:49: error: 'UITableViewController' is unavailable in watchOS
    public typealias AppUITableViewController = UITableViewController
                                                ^~~~~~~~~~~~~~~~~~~~~
/Applications/Xcode-26.3.0.app/Contents/Developer/Platforms/WatchOS.platform/Developer/SDKs/WatchOS26.2.sdk/System/Library/Frameworks/UIKit.framework/Headers/UITableViewController.h:21:12: note: 'UITableViewController' has been explicitly marked unavailable here
@interface UITableViewController : UIViewController <UITableViewDelegate, UITableViewDataSource>
           ^
/Users/admin/builder/spi-builder-workspace/Sources/AppUIKit/AppUIKit.swift:236:44: error: 'UICollectionView' is unavailable in watchOS
    public typealias AppUICollectionView = UICollectionView
                                           ^~~~~~~~~~~~~~~~
/Applications/Xcode-26.3.0.app/Contents/Developer/Platforms/WatchOS.platform/Developer/SDKs/WatchOS26.2.sdk/System/Library/Frameworks/UIKit.framework/Headers/UICollectionView.h:362:12: note: 'UICollectionView' has been explicitly marked unavailable here
@interface UICollectionView : UIScrollView <UIDataSourceTranslating>
           ^
/Users/admin/builder/spi-builder-workspace/Sources/AppUIKit/AppUIKit.swift:237:48: error: 'UICollectionViewCell' is unavailable in watchOS
    public typealias AppUICollectionViewCell = UICollectionViewCell
                                               ^~~~~~~~~~~~~~~~~~~~
/Applications/Xcode-26.3.0.app/Contents/Developer/Platforms/WatchOS.platform/Developer/SDKs/WatchOS26.2.sdk/System/Library/Frameworks/UIKit.framework/Headers/UICollectionViewCell.h:65:12: note: 'UICollectionViewCell' has been explicitly marked unavailable here
@interface UICollectionViewCell : UICollectionReusableView
           ^
/Users/admin/builder/spi-builder-workspace/Sources/AppUIKit/AppUIKit.swift:241:39: error: 'UIImageView' is unavailable in watchOS
    public typealias AppUIImageView = UIImageView
                                      ^~~~~~~~~~~
/Applications/Xcode-26.3.0.app/Contents/Developer/Platforms/WatchOS.platform/Developer/SDKs/WatchOS26.2.sdk/System/Library/Frameworks/UIKit.framework/Headers/UIImageView.h:21:12: note: 'UIImageView' has been explicitly marked unavailable here
@interface UIImageView : UIView
           ^
/Users/admin/builder/spi-builder-workspace/Sources/AppUIKit/AppUIKit.swift:245:45: error: 'UIGraphicsImageRenderer' is unavailable in watchOS
    public typealias AppUIGraphicsContext = UIGraphicsImageRenderer
                                            ^~~~~~~~~~~~~~~~~~~~~~~
/Applications/Xcode-26.3.0.app/Contents/Developer/Platforms/WatchOS.platform/Developer/SDKs/WatchOS26.2.sdk/System/Library/Frameworks/UIKit.framework/Headers/UIGraphicsImageRenderer.h:47:12: note: 'UIGraphicsImageRenderer' has been explicitly marked unavailable here
@interface UIGraphicsImageRenderer : UIGraphicsRenderer
           ^
/Users/admin/builder/spi-builder-workspace/Sources/AppUIKit/AppUIKit.swift:248:45: error: 'UIAlertController' is unavailable in watchOS
    public typealias AppUIAlertController = UIAlertController
                                            ^~~~~~~~~~~~~~~~~
/Applications/Xcode-26.3.0.app/Contents/Developer/Platforms/WatchOS.platform/Developer/SDKs/WatchOS26.2.sdk/System/Library/Frameworks/UIKit.framework/Headers/UIAlertController.h:43:12: note: 'UIAlertController' has been explicitly marked unavailable here
@interface UIAlertController : UIViewController
           ^
/Users/admin/builder/spi-builder-workspace/Sources/AppUIKit/AppUIKit.swift:249:41: error: 'UIAlertAction' is unavailable in watchOS
    public typealias AppUIAlertAction = UIAlertAction
                                        ^~~~~~~~~~~~~
/Applications/Xcode-26.3.0.app/Contents/Developer/Platforms/WatchOS.platform/Developer/SDKs/WatchOS26.2.sdk/System/Library/Frameworks/UIKit.framework/Headers/UIAlertController.h:32:12: note: 'UIAlertAction' has been explicitly marked unavailable here
@interface UIAlertAction : NSObject <NSCopying>
           ^
/Users/admin/builder/spi-builder-workspace/Sources/AppUIKit/AppUIKit.swift:252:35: error: 'UIEvent' is unavailable in watchOS
    public typealias AppUIEvent = UIEvent
                                  ^~~~~~~
/Applications/Xcode-26.3.0.app/Contents/Developer/Platforms/WatchOS.platform/Developer/SDKs/WatchOS26.2.sdk/System/Library/Frameworks/UIKit.framework/Headers/UIEvent.h:62:12: note: 'UIEvent' has been explicitly marked unavailable here
@interface UIEvent : NSObject
           ^
/Users/admin/builder/spi-builder-workspace/Sources/AppUIKit/AppUIKit.swift:253:47: error: 'UIGestureRecognizer' is unavailable in watchOS
    public typealias AppUIGestureRecognizer = UIGestureRecognizer
                                              ^~~~~~~~~~~~~~~~~~~
/Applications/Xcode-26.3.0.app/Contents/Developer/Platforms/WatchOS.platform/Developer/SDKs/WatchOS26.2.sdk/System/Library/Frameworks/UIKit.framework/Headers/UIGestureRecognizer.h:35:12: note: 'UIGestureRecognizer' has been explicitly marked unavailable here
@interface UIGestureRecognizer : NSObject
           ^
/Users/admin/builder/spi-builder-workspace/Sources/AppUIKit/AppUIKit.swift:254:50: error: 'UIPanGestureRecognizer' is unavailable in watchOS
    public typealias AppUIPanGestureRecognizer = UIPanGestureRecognizer
                                                 ^~~~~~~~~~~~~~~~~~~~~~
/Applications/Xcode-26.3.0.app/Contents/Developer/Platforms/WatchOS.platform/Developer/SDKs/WatchOS26.2.sdk/System/Library/Frameworks/UIKit.framework/Headers/UIPanGestureRecognizer.h:31:12: note: 'UIPanGestureRecognizer' has been explicitly marked unavailable here
@interface UIPanGestureRecognizer : UIGestureRecognizer
           ^
/Users/admin/builder/spi-builder-workspace/Sources/AppUIKit/AppUIKit.swift:255:50: error: 'UITapGestureRecognizer' is unavailable in watchOS
    public typealias AppUITapGestureRecognizer = UITapGestureRecognizer
                                                 ^~~~~~~~~~~~~~~~~~~~~~
/Applications/Xcode-26.3.0.app/Contents/Developer/Platforms/WatchOS.platform/Developer/SDKs/WatchOS26.2.sdk/System/Library/Frameworks/UIKit.framework/Headers/UITapGestureRecognizer.h:23:12: note: 'UITapGestureRecognizer' has been explicitly marked unavailable here
@interface UITapGestureRecognizer : UIGestureRecognizer
           ^
/Users/admin/builder/spi-builder-workspace/Sources/AppUIKit/AppUIKit.swift:256:56: error: 'UILongPressGestureRecognizer' is unavailable in watchOS
    public typealias AppUILongPressGestureRecognizer = UILongPressGestureRecognizer
                                                       ^~~~~~~~~~~~~~~~~~~~~~~~~~~~
/Applications/Xcode-26.3.0.app/Contents/Developer/Platforms/WatchOS.platform/Developer/SDKs/WatchOS26.2.sdk/System/Library/Frameworks/UIKit.framework/Headers/UILongPressGestureRecognizer.h:22:12: note: 'UILongPressGestureRecognizer' has been explicitly marked unavailable here
@interface UILongPressGestureRecognizer : UIGestureRecognizer
           ^
/Users/admin/builder/spi-builder-workspace/Sources/AppUIKit/AppUIKit.swift:257:52: error: 'UIPinchGestureRecognizer' is unavailable in watchOS
    public typealias AppUIPinchGestureRecognizer = UIPinchGestureRecognizer
                                                   ^~~~~~~~~~~~~~~~~~~~~~~~
/Applications/Xcode-26.3.0.app/Contents/Developer/Platforms/WatchOS.platform/Developer/SDKs/WatchOS26.2.sdk/System/Library/Frameworks/UIKit.framework/Headers/UIPinchGestureRecognizer.h:20:12: note: 'UIPinchGestureRecognizer' has been explicitly marked unavailable here
@interface UIPinchGestureRecognizer : UIGestureRecognizer
           ^
/Users/admin/builder/spi-builder-workspace/Sources/AppUIKit/AppUIKit.swift:260:45: error: 'UIDragInteraction' is unavailable in watchOS
    public typealias AppUIDragInteraction = UIDragInteraction
                                            ^~~~~~~~~~~~~~~~~
/Applications/Xcode-26.3.0.app/Contents/Developer/Platforms/WatchOS.platform/Developer/SDKs/WatchOS26.2.sdk/System/Library/Frameworks/UIKit.framework/Headers/UIDragInteraction.h:36:12: note: 'UIDragInteraction' has been explicitly marked unavailable here
@interface UIDragInteraction : NSObject <UIInteraction>
           ^
/Users/admin/builder/spi-builder-workspace/Sources/AppUIKit/AppUIKit.swift:261:45: error: 'UIDropInteraction' is unavailable in watchOS
    public typealias AppUIDropInteraction = UIDropInteraction
                                            ^~~~~~~~~~~~~~~~~
/Applications/Xcode-26.3.0.app/Contents/Developer/Platforms/WatchOS.platform/Developer/SDKs/WatchOS26.2.sdk/System/Library/Frameworks/UIKit.framework/Headers/UIDropInteraction.h:19:12: note: 'UIDropInteraction' has been explicitly marked unavailable here
@interface UIDropInteraction : NSObject <UIInteraction>
           ^
/Users/admin/builder/spi-builder-workspace/Sources/AppUIKit/AppUIKit.swift:262:53: error: 'UIDropInteractionDelegate' is unavailable in watchOS
    public typealias AppUIDropInteractionDelegate = UIDropInteractionDelegate
                                                    ^~~~~~~~~~~~~~~~~~~~~~~~~
/Applications/Xcode-26.3.0.app/Contents/Developer/Platforms/WatchOS.platform/Developer/SDKs/WatchOS26.2.sdk/System/Library/Frameworks/UIKit.framework/Headers/UIDropInteraction.h:115:11: note: 'UIDropInteractionDelegate' has been explicitly marked unavailable here
@protocol UIDropInteractionDelegate <NSObject>
          ^
/Users/admin/builder/spi-builder-workspace/Sources/AppUIKit/AppUIKit.swift:263:41: error: 'UIDropSession' is unavailable in watchOS
    public typealias AppUIDropSession = UIDropSession
                                        ^~~~~~~~~~~~~
/Applications/Xcode-26.3.0.app/Contents/Developer/Platforms/WatchOS.platform/Developer/SDKs/WatchOS26.2.sdk/System/Library/Frameworks/UIKit.framework/Headers/UIDragSession.h:86:11: note: 'UIDropSession' has been explicitly marked unavailable here
@protocol UIDropSession <UIDragDropSession, NSProgressReporting>
          ^
/Users/admin/builder/spi-builder-workspace/Sources/AppUIKit/AppUIKit.swift:264:42: error: 'UIDropProposal' is unavailable in watchOS
    public typealias AppUIDropProposal = UIDropProposal
                                         ^~~~~~~~~~~~~~
/Applications/Xcode-26.3.0.app/Contents/Developer/Platforms/WatchOS.platform/Developer/SDKs/WatchOS26.2.sdk/System/Library/Frameworks/UIKit.framework/Headers/UIDropInteraction.h:87:12: note: 'UIDropProposal' has been explicitly marked unavailable here
@interface UIDropProposal : NSObject <NSCopying>
           ^
/Users/admin/builder/spi-builder-workspace/Sources/AppUIKit/AppUIKit.swift:267:34: error: 'UIMenu' is unavailable in watchOS
    public typealias AppUIMenu = UIMenu
                                 ^~~~~~
/Applications/Xcode-26.3.0.app/Contents/Developer/Platforms/WatchOS.platform/Developer/SDKs/WatchOS26.2.sdk/System/Library/Frameworks/UIKit.framework/Headers/UIMenu.h:43:12: note: 'UIMenu' has been explicitly marked unavailable here
@interface UIMenu : UIMenuElement
           ^
/Users/admin/builder/spi-builder-workspace/Sources/AppUIKit/AppUIKit.swift:268:36: error: 'UIAction' is unavailable in watchOS
    public typealias AppUIAction = UIAction
                                   ^~~~~~~~
/Applications/Xcode-26.3.0.app/Contents/Developer/Platforms/WatchOS.platform/Developer/SDKs/WatchOS26.2.sdk/System/Library/Frameworks/UIKit.framework/Headers/UIAction.h:29:12: note: 'UIAction' has been explicitly marked unavailable here
@interface UIAction : UIMenuElement <UIMenuLeaf>
           ^
/Users/admin/builder/spi-builder-workspace/Sources/AppUIKit/AppUIKit.swift:269:52: error: 'UIContextMenuInteraction' is unavailable in watchOS
    public typealias AppUIContextMenuInteraction = UIContextMenuInteraction
                                                   ^~~~~~~~~~~~~~~~~~~~~~~~
/Applications/Xcode-26.3.0.app/Contents/Developer/Platforms/WatchOS.platform/Developer/SDKs/WatchOS26.2.sdk/System/Library/Frameworks/UIKit.framework/Headers/UIContextMenuInteraction.h:32:12: note: 'UIContextMenuInteraction' has been explicitly marked unavailable here
@interface UIContextMenuInteraction : NSObject <UIInteraction>
           ^
/Users/admin/builder/spi-builder-workspace/Sources/AppUIKit/AppUIKit.swift:270:54: error: 'UIContextMenuConfiguration' is unavailable in watchOS
    public typealias AppUIContextMenuConfiguration = UIContextMenuConfiguration
                                                     ^~~~~~~~~~~~~~~~~~~~~~~~~~
/Applications/Xcode-26.3.0.app/Contents/Developer/Platforms/WatchOS.platform/Developer/SDKs/WatchOS26.2.sdk/System/Library/Frameworks/UIKit.framework/Headers/UIContextMenuConfiguration.h:39:12: note: 'UIContextMenuConfiguration' has been explicitly marked unavailable here
@interface UIContextMenuConfiguration : NSObject
           ^
/Users/admin/builder/spi-builder-workspace/Sources/AppUIKit/AppUIKit.swift:273:50: error: 'UINavigationController' is unavailable in watchOS
    public typealias AppUINavigationController = UINavigationController
                                                 ^~~~~~~~~~~~~~~~~~~~~~
/Applications/Xcode-26.3.0.app/Contents/Developer/Platforms/WatchOS.platform/Developer/SDKs/WatchOS26.2.sdk/System/Library/Frameworks/UIKit.framework/Headers/UINavigationController.h:46:12: note: 'UINavigationController' has been explicitly marked unavailable here
@interface UINavigationController : UIViewController
           ^
/Users/admin/builder/spi-builder-workspace/Sources/AppUIKit/AppUIKit.swift:274:43: error: 'UIBarButtonItem' is unavailable in watchOS
    public typealias AppUIBarButtonItem = UIBarButtonItem
                                          ^~~~~~~~~~~~~~~
/Applications/Xcode-26.3.0.app/Contents/Developer/Platforms/WatchOS.platform/Developer/SDKs/WatchOS26.2.sdk/System/Library/Frameworks/UIKit.framework/Headers/UIBarButtonItem.h:69:12: note: 'UIBarButtonItem' has been explicitly marked unavailable here
@interface UIBarButtonItem : UIBarItem <NSCoding>
           ^
/Users/admin/builder/spi-builder-workspace/Sources/AppUIKit/AppUIKit.swift:278:46: error: 'NSLayoutConstraint' is unavailable in watchOS
    public typealias AppUILayoutConstraint = NSLayoutConstraint
                                             ^~~~~~~~~~~~~~~~~~
/Applications/Xcode-26.3.0.app/Contents/Developer/Platforms/WatchOS.platform/Developer/SDKs/WatchOS26.2.sdk/System/Library/Frameworks/UIKit.framework/Headers/NSLayoutConstraint.h:126:12: note: 'NSLayoutConstraint' has been explicitly marked unavailable here
@interface NSLayoutConstraint : NSObject
           ^
/Users/admin/builder/spi-builder-workspace/Sources/AppUIKit/AppUIKit.swift:281:40: error: 'UIPasteboard' is unavailable in watchOS
    public typealias AppUIPasteboard = UIPasteboard
                                       ^~~~~~~~~~~~
/Applications/Xcode-26.3.0.app/Contents/Developer/Platforms/WatchOS.platform/Developer/SDKs/WatchOS26.2.sdk/System/Library/Frameworks/UIKit.framework/Headers/UIPasteboard.h:50:12: note: 'UIPasteboard' has been explicitly marked unavailable here
@interface UIPasteboard : NSObject
           ^
/Users/admin/builder/spi-builder-workspace/Sources/AppUIKit/AppUIKit.swift:284:46: error: 'UIVisualEffectView' is unavailable in watchOS
    public typealias AppUIVisualEffectView = UIVisualEffectView
                                             ^~~~~~~~~~~~~~~~~~
/Applications/Xcode-26.3.0.app/Contents/Developer/Platforms/WatchOS.platform/Developer/SDKs/WatchOS26.2.sdk/System/Library/Frameworks/UIKit.framework/Headers/UIVisualEffectView.h:28:12: note: 'UIVisualEffectView' has been explicitly marked unavailable here
@interface UIVisualEffectView : UIView <NSSecureCoding>
           ^
/Users/admin/builder/spi-builder-workspace/Sources/AppUIKit/AppUIKit.swift:285:40: error: 'UIBlurEffect' is unavailable in watchOS
    public typealias AppUIBlurEffect = UIBlurEffect
                                       ^~~~~~~~~~~~
/Applications/Xcode-26.3.0.app/Contents/Developer/Platforms/WatchOS.platform/Developer/SDKs/WatchOS26.2.sdk/System/Library/Frameworks/UIKit.framework/Headers/UIBlurEffect.h:61:12: note: 'UIBlurEffect' has been explicitly marked unavailable here
@interface UIBlurEffect : UIVisualEffect
           ^
/Users/admin/builder/spi-builder-workspace/Sources/AppUIKit/AppUIKit.swift:288:48: error: 'UIUserInterfaceStyle' is unavailable in watchOS
    public typealias AppUIUserInterfaceStyle = UIUserInterfaceStyle
                                               ^~~~~~~~~~~~~~~~~~~~
/Applications/Xcode-26.3.0.app/Contents/Developer/Platforms/WatchOS.platform/Developer/SDKs/WatchOS26.2.sdk/System/Library/Frameworks/UIKit.framework/Headers/UIInterface.h:32:28: note: 'UIUserInterfaceStyle' has been explicitly marked unavailable here
typedef NS_ENUM(NSInteger, UIUserInterfaceStyle) {
                           ^
/Users/admin/builder/spi-builder-workspace/Sources/AppUIKit/AppUIKit.swift:289:45: error: 'UITraitCollection' is unavailable in watchOS
    public typealias AppUITraitCollection = UITraitCollection
                                            ^~~~~~~~~~~~~~~~~
/Applications/Xcode-26.3.0.app/Contents/Developer/Platforms/WatchOS.platform/Developer/SDKs/WatchOS26.2.sdk/System/Library/Frameworks/UIKit.framework/Headers/UITraitCollection.h:23:12: note: 'UITraitCollection' has been explicitly marked unavailable here
@interface UITraitCollection : NSObject <NSCopying, NSSecureCoding>
           ^
/Users/admin/builder/spi-builder-workspace/Sources/AppUIKit/AppUIKit.swift:292:40: error: 'UITabBarItem' is unavailable in watchOS
    public typealias AppUITabBarItem = UITabBarItem
                                       ^~~~~~~~~~~~
/Applications/Xcode-26.3.0.app/Contents/Developer/Platforms/WatchOS.platform/Developer/SDKs/WatchOS26.2.sdk/System/Library/Frameworks/UIKit.framework/Headers/UITabBarItem.h:35:12: note: 'UITabBarItem' has been explicitly marked unavailable here
@interface UITabBarItem : UIBarItem
           ^
/Users/admin/builder/spi-builder-workspace/Sources/AppUIKit/AppUIKit.swift:295:49: error: 'UITableViewDataSource' is unavailable in watchOS
    public typealias AppUITableViewDataSource = UITableViewDataSource
                                                ^~~~~~~~~~~~~~~~~~~~~
/Applications/Xcode-26.3.0.app/Contents/Developer/Platforms/WatchOS.platform/Developer/SDKs/WatchOS26.2.sdk/System/Library/Frameworks/UIKit.framework/Headers/UITableView.h:539:11: note: 'UITableViewDataSource' has been explicitly marked unavailable here
@protocol UITableViewDataSource<NSObject>
          ^
/Users/admin/builder/spi-builder-workspace/Sources/AppUIKit/AppUIKit.swift:296:47: error: 'UITableViewDelegate' is unavailable in watchOS
    public typealias AppUITableViewDelegate = UITableViewDelegate
                                              ^~~~~~~~~~~~~~~~~~~
/Applications/Xcode-26.3.0.app/Contents/Developer/Platforms/WatchOS.platform/Developer/SDKs/WatchOS26.2.sdk/System/Library/Frameworks/UIKit.framework/Headers/UITableView.h:100:11: note: 'UITableViewDelegate' has been explicitly marked unavailable here
@protocol UITableViewDelegate<NSObject, UIScrollViewDelegate>
          ^
/Users/admin/builder/spi-builder-workspace/Sources/AppUIKit/AppUIKit.swift:297:46: error: 'UITextViewDelegate' is unavailable in watchOS
    public typealias AppUITextViewDelegate = UITextViewDelegate
                                             ^~~~~~~~~~~~~~~~~~
/Applications/Xcode-26.3.0.app/Contents/Developer/Platforms/WatchOS.platform/Developer/SDKs/WatchOS26.2.sdk/System/Library/Frameworks/UIKit.framework/Headers/UITextView.h:32:11: note: 'UITextViewDelegate' has been explicitly marked unavailable here
@protocol UITextViewDelegate <NSObject, UIScrollViewDelegate>
          ^
/Users/admin/builder/spi-builder-workspace/Sources/AppUIKit/AppUIKit.swift:298:47: error: 'UITextFieldDelegate' is unavailable in watchOS
    public typealias AppUITextFieldDelegate = UITextFieldDelegate
                                              ^~~~~~~~~~~~~~~~~~~
/Applications/Xcode-26.3.0.app/Contents/Developer/Platforms/WatchOS.platform/Developer/SDKs/WatchOS26.2.sdk/System/Library/Frameworks/UIKit.framework/Headers/UITextField.h:140:11: note: 'UITextFieldDelegate' has been explicitly marked unavailable here
@protocol UITextFieldDelegate <NSObject>
          ^
/Users/admin/builder/spi-builder-workspace/Sources/AppUIKit/AppUIKit.swift:299:47: error: 'UISearchBarDelegate' is unavailable in watchOS
    public typealias AppUISearchBarDelegate = UISearchBarDelegate
                                              ^~~~~~~~~~~~~~~~~~~
/Applications/Xcode-26.3.0.app/Contents/Developer/Platforms/WatchOS.platform/Developer/SDKs/WatchOS26.2.sdk/System/Library/Frameworks/UIKit.framework/Headers/UISearchBar.h:176:11: note: 'UISearchBarDelegate' has been explicitly marked unavailable here
@protocol UISearchBarDelegate <UIBarPositioningDelegate>
          ^
/Users/admin/builder/spi-builder-workspace/Sources/AppUIKit/AppUIKit.swift:300:51: error: 'UISearchResultsUpdating' is unavailable in watchOS
    public typealias AppUISearchResultsUpdating = UISearchResultsUpdating
                                                  ^~~~~~~~~~~~~~~~~~~~~~~
/Applications/Xcode-26.3.0.app/Contents/Developer/Platforms/WatchOS.platform/Developer/SDKs/WatchOS26.2.sdk/System/Library/Frameworks/UIKit.framework/Headers/UISearchController.h:49:11: note: 'UISearchResultsUpdating' has been explicitly marked unavailable here
@protocol UISearchResultsUpdating <NSObject>
          ^
/Users/admin/builder/spi-builder-workspace/Sources/AppUIKit/AppUIKit.swift:301:52: error: 'UIDocumentPickerDelegate' is unavailable in watchOS
    public typealias AppUIDocumentPickerDelegate = UIDocumentPickerDelegate
                                                   ^~~~~~~~~~~~~~~~~~~~~~~~
/Applications/Xcode-26.3.0.app/Contents/Developer/Platforms/WatchOS.platform/Developer/SDKs/WatchOS26.2.sdk/System/Library/Frameworks/UIKit.framework/Headers/UIDocumentPickerViewController.h:18:11: note: 'UIDocumentPickerDelegate' has been explicitly marked unavailable here
@protocol UIDocumentPickerDelegate <NSObject>
          ^
/Users/admin/builder/spi-builder-workspace/Sources/AppUIKit/AppUIKit.swift:304:58: error: 'UIDocumentPickerViewController' is unavailable in watchOS
    public typealias AppUIDocumentPickerViewController = UIDocumentPickerViewController
                                                         ^~~~~~~~~~~~~~~~~~~~~~~~~~~~~~
/Applications/Xcode-26.3.0.app/Contents/Developer/Platforms/WatchOS.platform/Developer/SDKs/WatchOS26.2.sdk/System/Library/Frameworks/UIKit.framework/Headers/UIDocumentPickerViewController.h:38:12: note: 'UIDocumentPickerViewController' has been explicitly marked unavailable here
@interface UIDocumentPickerViewController : UIViewController
           ^
/Users/admin/builder/spi-builder-workspace/Sources/AppUIKit/AppUIKit.swift:317:37: error: 'UIStepper' is unavailable in watchOS
    public typealias AppUIStepper = UIStepper
                                    ^~~~~~~~~
/Applications/Xcode-26.3.0.app/Contents/Developer/Platforms/WatchOS.platform/Developer/SDKs/WatchOS26.2.sdk/System/Library/Frameworks/UIKit.framework/Headers/UIStepper.h:18:12: note: 'UIStepper' has been explicitly marked unavailable here
@interface UIStepper : UIControl
           ^
/Users/admin/builder/spi-builder-workspace/Sources/AppUIKit/AppUIKit.swift:318:40: error: 'UIDatePicker' is unavailable in watchOS
    public typealias AppUIDatePicker = UIDatePicker
                                       ^~~~~~~~~~~~
/Applications/Xcode-26.3.0.app/Contents/Developer/Platforms/WatchOS.platform/Developer/SDKs/WatchOS26.2.sdk/System/Library/Frameworks/UIKit.framework/Headers/UIDatePicker.h:40:12: note: 'UIDatePicker' has been explicitly marked unavailable here
@interface UIDatePicker : UIControl <NSCoding>
           ^
/Users/admin/builder/spi-builder-workspace/Sources/AppUIKit/AppUIKit.swift:319:47: error: 'UIProgressView' is unavailable in watchOS
    public typealias AppUIProgressIndicator = UIProgressView
                                              ^~~~~~~~~~~~~~
/Applications/Xcode-26.3.0.app/Contents/Developer/Platforms/WatchOS.platform/Developer/SDKs/WatchOS26.2.sdk/System/Library/Frameworks/UIKit.framework/Headers/UIProgressView.h:23:12: note: 'UIProgressView' has been explicitly marked unavailable here
@interface UIProgressView : UIView <NSCoding>
           ^
/Users/admin/builder/spi-builder-workspace/Sources/AppUIKit/AppUIKit.swift:320:52: error: 'UICollectionViewDelegate' is unavailable in watchOS
    public typealias AppUICollectionViewDelegate = UICollectionViewDelegate
                                                   ^~~~~~~~~~~~~~~~~~~~~~~~
/Applications/Xcode-26.3.0.app/Contents/Developer/Platforms/WatchOS.platform/Developer/SDKs/WatchOS26.2.sdk/System/Library/Frameworks/UIKit.framework/Headers/UICollectionView.h:114:11: note: 'UICollectionViewDelegate' has been explicitly marked unavailable here
@protocol UICollectionViewDelegate <UIScrollViewDelegate>
          ^
/Users/admin/builder/spi-builder-workspace/Sources/AppUIKit/AppUIKit.swift:321:54: error: 'UICollectionViewDataSource' is unavailable in watchOS
    public typealias AppUICollectionViewDataSource = UICollectionViewDataSource
                                                     ^~~~~~~~~~~~~~~~~~~~~~~~~~
/Applications/Xcode-26.3.0.app/Contents/Developer/Platforms/WatchOS.platform/Developer/SDKs/WatchOS26.2.sdk/System/Library/Frameworks/UIKit.framework/Headers/UICollectionView.h:73:11: note: 'UICollectionViewDataSource' has been explicitly marked unavailable here
@protocol UICollectionViewDataSource <NSObject>
          ^
/Users/admin/builder/spi-builder-workspace/Sources/AppUIKit/AppUIKit.swift:323:55: error: 'UIGestureRecognizerDelegate' is unavailable in watchOS
    public typealias AppUIGestureRecognizerDelegate = UIGestureRecognizerDelegate
                                                      ^~~~~~~~~~~~~~~~~~~~~~~~~~~
/Applications/Xcode-26.3.0.app/Contents/Developer/Platforms/WatchOS.platform/Developer/SDKs/WatchOS26.2.sdk/System/Library/Frameworks/UIKit.framework/Headers/UIGestureRecognizer.h:91:11: note: 'UIGestureRecognizerDelegate' has been explicitly marked unavailable here
@protocol UIGestureRecognizerDelegate <NSObject>
          ^
/Users/admin/builder/spi-builder-workspace/Sources/AppUIKit/AppUIKit.swift:324:55: error: 'UIRotationGestureRecognizer' is unavailable in watchOS
    public typealias AppUIRotationGestureRecognizer = UIRotationGestureRecognizer
                                                      ^~~~~~~~~~~~~~~~~~~~~~~~~~~
/Applications/Xcode-26.3.0.app/Contents/Developer/Platforms/WatchOS.platform/Developer/SDKs/WatchOS26.2.sdk/System/Library/Frameworks/UIKit.framework/Headers/UIRotationGestureRecognizer.h:20:12: note: 'UIRotationGestureRecognizer' has been explicitly marked unavailable here
@interface UIRotationGestureRecognizer : UIGestureRecognizer
           ^
/Users/admin/builder/spi-builder-workspace/Sources/AppUIKit/AppUIKit.swift:325:40: error: 'UIStoryboard' is unavailable in watchOS
    public typealias AppUIStoryboard = UIStoryboard
                                       ^~~~~~~~~~~~
/Applications/Xcode-26.3.0.app/Contents/Developer/Platforms/WatchOS.platform/Developer/SDKs/WatchOS26.2.sdk/System/Library/Frameworks/UIKit.framework/Headers/UIStoryboard.h:19:12: note: 'UIStoryboard' has been explicitly marked unavailable here
@interface UIStoryboard : NSObject {
           ^
/Users/admin/builder/spi-builder-workspace/Sources/AppUIKit/AppUIKit.swift:326:33: error: 'UINib' is unavailable in watchOS
    public typealias AppUINib = UINib
                                ^~~~~
/Applications/Xcode-26.3.0.app/Contents/Developer/Platforms/WatchOS.platform/Developer/SDKs/WatchOS26.2.sdk/System/Library/Frameworks/UIKit.framework/Headers/UINib.h:16:12: note: 'UINib' has been explicitly marked unavailable here
@interface UINib : NSObject
           ^
/Users/admin/builder/spi-builder-workspace/Sources/AppUIKit/AppUIKit.swift:327:41: error: 'UILayoutGuide' is unavailable in watchOS
    public typealias AppUILayoutGuide = UILayoutGuide
                                        ^~~~~~~~~~~~~
/Applications/Xcode-26.3.0.app/Contents/Developer/Platforms/WatchOS.platform/Developer/SDKs/WatchOS26.2.sdk/System/Library/Frameworks/UIKit.framework/Headers/UILayoutGuide.h:24:12: note: 'UILayoutGuide' has been explicitly marked unavailable here
@interface UILayoutGuide : NSObject <NSCoding>
           ^
/Users/admin/builder/spi-builder-workspace/Sources/AppUIKit/AppUIKit.swift:328:50: error: 'UIAccessibilityElement' is unavailable in watchOS
    public typealias AppUIAccessibilityElement = UIAccessibilityElement
                                                 ^~~~~~~~~~~~~~~~~~~~~~
/Applications/Xcode-26.3.0.app/Contents/Developer/Platforms/WatchOS.platform/Developer/SDKs/WatchOS26.2.sdk/System/Library/Frameworks/UIKit.framework/Headers/UIAccessibilityElement.h:26:12: note: 'UIAccessibilityElement' has been explicitly marked unavailable here
@interface UIAccessibilityElement : UIResponder<UIAccessibilityIdentification>
           ^
/Users/admin/builder/spi-builder-workspace/Sources/AppUIKit/AppUIKit.swift:330:51: error: cannot find type 'UIViewRepresentable' in scope
        public typealias AppUIViewRepresentable = UIViewRepresentable
                                                  ^~~~~~~~~~~~~~~~~~~
/Users/admin/builder/spi-builder-workspace/Sources/AppUIKit/AppUITopLeftView.swift:82:80: error: 'UITraitCollection' is unavailable in watchOS
        override open func traitCollectionDidChange(_ previousTraitCollection: UITraitCollection?) {
                                                                               ^~~~~~~~~~~~~~~~~
/Applications/Xcode-26.3.0.app/Contents/Developer/Platforms/WatchOS.platform/Developer/SDKs/WatchOS26.2.sdk/System/Library/Frameworks/UIKit.framework/Headers/UITraitCollection.h:23:12: note: 'UITraitCollection' has been explicitly marked unavailable here
@interface UITraitCollection : NSObject <NSCopying, NSSecureCoding>
           ^
/Users/admin/builder/spi-builder-workspace/Sources/AppUIKit/AppUITopLeftView.swift:100:32: error: 'CALayer' is unavailable in watchOS
        open var backingLayer: CALayer {
                               ^~~~~~~
/Applications/Xcode-26.3.0.app/Contents/Developer/Platforms/WatchOS.platform/Developer/SDKs/WatchOS26.2.sdk/System/Library/Frameworks/QuartzCore.framework/Headers/CALayer.h:117:12: note: 'CALayer' has been explicitly marked unavailable here
@interface CALayer : NSObject <NSSecureCoding, CAMediaTiming>
           ^
/Users/admin/builder/spi-builder-workspace/Sources/AppUIKit/AppUITopLeftView.swift:76:34: error: 'UIView' is unavailable in watchOS
    open class AppUITopLeftView: UIView {
                                 ^~~~~~
/Applications/Xcode-26.3.0.app/Contents/Developer/Platforms/WatchOS.platform/Developer/SDKs/WatchOS26.2.sdk/System/Library/Frameworks/UIKit.framework/Headers/UIView.h:148:12: note: 'UIView' has been explicitly marked unavailable here
@interface UIView : UIResponder <NSCoding, UIAppearance, UIAppearanceContainer, UIDynamicItem, UITraitEnvironment, UICoordinateSpace, UIFocusItem, UIFocusItemContainer, CALayerDelegate>
           ^
/Users/admin/builder/spi-builder-workspace/Sources/AppUIKit/LayoutDirectionManager.swift:38:48: error: 'UIView' is unavailable in watchOS
        public static func direction(for view: UIView) -> LayoutDirection {
                                               ^~~~~~
/Applications/Xcode-26.3.0.app/Contents/Developer/Platforms/WatchOS.platform/Developer/SDKs/WatchOS26.2.sdk/System/Library/Frameworks/UIKit.framework/Headers/UIView.h:148:12: note: 'UIView' has been explicitly marked unavailable here
@interface UIView : UIResponder <NSCoding, UIAppearance, UIAppearanceContainer, UIDynamicItem, UITraitEnvironment, UICoordinateSpace, UIFocusItem, UIFocusItemContainer, CALayerDelegate>
           ^
SwiftCompile normal arm64_32 Compiling\ AppUIKit.DisplayLink.swift,\ AppUIKit.EventMonitoring.swift /Users/admin/builder/spi-builder-workspace/Sources/AppUIKit/AppUIKit.DisplayLink.swift /Users/admin/builder/spi-builder-workspace/Sources/AppUIKit/AppUIKit.EventMonitoring.swift (in target 'AppUIKit' from project 'AppUIKit')
SwiftCompile normal arm64_32 /Users/admin/builder/spi-builder-workspace/Sources/AppUIKit/AppUIKit.DisplayLink.swift (in target 'AppUIKit' from project 'AppUIKit')
    cd /Users/admin/builder/spi-builder-workspace/.swiftpm/xcode

SwiftCompile normal arm64_32 /Users/admin/builder/spi-builder-workspace/Sources/AppUIKit/AppUIKit.EventMonitoring.swift (in target 'AppUIKit' from project 'AppUIKit')
    cd /Users/admin/builder/spi-builder-workspace/.swiftpm/xcode

SwiftCompile normal arm64_32 Compiling\ AppUIKit.VisualEffects.swift,\ AppUIKit.swift /Users/admin/builder/spi-builder-workspace/Sources/AppUIKit/AppUIKit.VisualEffects.swift /Users/admin/builder/spi-builder-workspace/Sources/AppUIKit/AppUIKit.swift (in target 'AppUIKit' from project 'AppUIKit')
SwiftCompile normal arm64_32 /Users/admin/builder/spi-builder-workspace/Sources/AppUIKit/AppUIKit.VisualEffects.swift (in target 'AppUIKit' from project 'AppUIKit')
    cd /Users/admin/builder/spi-builder-workspace/.swiftpm/xcode

SwiftCompile normal arm64_32 /Users/admin/builder/spi-builder-workspace/Sources/AppUIKit/AppUIKit.swift (in target 'AppUIKit' from project 'AppUIKit')
    cd /Users/admin/builder/spi-builder-workspace/.swiftpm/xcode

SwiftCompile normal arm64_32 Compiling\ DirectionalSymbols.swift,\ LayoutDirectionManager.swift /Users/admin/builder/spi-builder-workspace/Sources/AppUIKit/DirectionalSymbols.swift /Users/admin/builder/spi-builder-workspace/Sources/AppUIKit/LayoutDirectionManager.swift (in target 'AppUIKit' from project 'AppUIKit')
SwiftCompile normal arm64_32 /Users/admin/builder/spi-builder-workspace/Sources/AppUIKit/DirectionalSymbols.swift (in target 'AppUIKit' from project 'AppUIKit')
    cd /Users/admin/builder/spi-builder-workspace/.swiftpm/xcode

SwiftCompile normal arm64_32 /Users/admin/builder/spi-builder-workspace/Sources/AppUIKit/LayoutDirectionManager.swift (in target 'AppUIKit' from project 'AppUIKit')
    cd /Users/admin/builder/spi-builder-workspace/.swiftpm/xcode

SwiftCompile normal arm64_32 Compiling\ AppUIKit.KeyboardShortcuts.swift,\ AppUIKit.LayoutDirection.swift /Users/admin/builder/spi-builder-workspace/Sources/AppUIKit/AppUIKit.KeyboardShortcuts.swift /Users/admin/builder/spi-builder-workspace/Sources/AppUIKit/AppUIKit.LayoutDirection.swift (in target 'AppUIKit' from project 'AppUIKit')
SwiftCompile normal arm64_32 /Users/admin/builder/spi-builder-workspace/Sources/AppUIKit/AppUIKit.KeyboardShortcuts.swift (in target 'AppUIKit' from project 'AppUIKit')
    cd /Users/admin/builder/spi-builder-workspace/.swiftpm/xcode

SwiftCompile normal arm64_32 /Users/admin/builder/spi-builder-workspace/Sources/AppUIKit/AppUIKit.LayoutDirection.swift (in target 'AppUIKit' from project 'AppUIKit')
    cd /Users/admin/builder/spi-builder-workspace/.swiftpm/xcode

SwiftCompile normal arm64_32 Compiling\ AppUIKit.TooltipHelper.swift,\ AppUIKit.ViewFactory.swift /Users/admin/builder/spi-builder-workspace/Sources/AppUIKit/AppUIKit.TooltipHelper.swift /Users/admin/builder/spi-builder-workspace/Sources/AppUIKit/AppUIKit.ViewFactory.swift (in target 'AppUIKit' from project 'AppUIKit')
SwiftCompile normal arm64_32 /Users/admin/builder/spi-builder-workspace/Sources/AppUIKit/AppUIKit.TooltipHelper.swift (in target 'AppUIKit' from project 'AppUIKit')
    cd /Users/admin/builder/spi-builder-workspace/.swiftpm/xcode

SwiftCompile normal arm64_32 /Users/admin/builder/spi-builder-workspace/Sources/AppUIKit/AppUIKit.ViewFactory.swift (in target 'AppUIKit' from project 'AppUIKit')
    cd /Users/admin/builder/spi-builder-workspace/.swiftpm/xcode

SwiftEmitModule normal arm64 Emitting\ module\ for\ AppUIKit (in target 'AppUIKit' from project 'AppUIKit')
2026-09-22 14:23:48.970 xcodebuild[1290:7660] [MT] IDERunDestination: Supported platforms for the buildables in the current scheme is empty.
** BUILD FAILED **
The following build commands failed:
	SwiftEmitModule normal arm64_32 Emitting\ module\ for\ AppUIKit (in target 'AppUIKit' from project 'AppUIKit')
	EmitSwiftModule normal arm64_32 (in target 'AppUIKit' from project 'AppUIKit')
	Building workspace spi-builder-workspace with scheme AppUIKit
(3 failures)
BUILD FAILURE 6.2 watchOS