The Swift Package Index logo.Swift Package Index

Build Information

Failed to build snap-foundation, reference main (5dcd58), with Swift 6.3 for Android on 6 Jul 2026 19:30:44 UTC.

Build Command

bash -c docker run --pull=always --rm -v "checkouts-53886768-0":/host -w "$PWD" -e JAVA_HOME="/root/.sdkman/candidates/java/current" -e SPI_BUILD="1" -e SPI_PROCESSING="1" registry.gitlab.com/saguaro1/spi-images:android-6.3-latest swift build --swift-sdk aarch64-unknown-linux-android28 2>&1

Build Log

========================================
RunAll
========================================
Builder version: 0e64495ecc1688c3b3e031a5ef1348b5c05091ae
Interrupt handler set up.
========================================
Checkout
========================================
Clone URL: https://github.com/simonnickel/snap-foundation.git
Reference: main
Initialized empty Git repository in /host/spi-builder-workspace/.git/
hint: Using 'master' as the name for the initial branch. This default branch name
hint: is subject to change. To configure the initial branch name to use in all
hint: of your new repositories, which will suppress this warning, call:
hint:
hint: 	git config --global init.defaultBranch <name>
hint:
hint: Names commonly chosen instead of 'master' are 'main', 'trunk' and
hint: 'development'. The just-created branch can be renamed via this command:
hint:
hint: 	git branch -m <name>
From https://github.com/simonnickel/snap-foundation
 * branch            main       -> FETCH_HEAD
 * [new branch]      main       -> origin/main
HEAD is now at 5dcd584 Update agent setup
Cloned https://github.com/simonnickel/snap-foundation.git
Revision (git rev-parse @):
5dcd5843a2723a29c05c12e1f64bf0119d086b75
SPI manifest file found: $PWD/.spi.yml
SUCCESS checkout https://github.com/simonnickel/snap-foundation.git at main
========================================
Build
========================================
Selected platform:         android
Swift version:             6.3
Building package at path:  $PWD
https://github.com/simonnickel/snap-foundation.git
Running build ...
bash -c docker run --pull=always --rm -v "checkouts-53886768-0":/host -w "$PWD" -e JAVA_HOME="/root/.sdkman/candidates/java/current" -e SPI_BUILD="1" -e SPI_PROCESSING="1" registry.gitlab.com/saguaro1/spi-images:android-6.3-latest swift build --swift-sdk aarch64-unknown-linux-android28 2>&1
android-6.3-latest: Pulling from saguaro1/spi-images
Digest: sha256:451958f7df55f9af673f8b0851dc526f2aee3222db374ae53b89fa21ad564bc8
Status: Image is up to date for registry.gitlab.com/saguaro1/spi-images:android-6.3-latest
Building for debugging...
[0/2] Write sources
[1/2] Write swift-version-272D24FF697CF451.txt
error: emit-module command failed with exit code 1 (use -v to see invocation)
[3/22] Emitting module SnapFoundation
/host/spi-builder-workspace/Sources/SnapFoundation/OSLog+Logger.swift:7:8: error: no such module 'OSLog'
 5 |
 6 | import Foundation
 7 | import OSLog
   |        `- error: no such module 'OSLog'
 8 |
 9 | public extension Logger {
[4/24] Compiling SnapFoundation FontDesign+CaseIterable.swift
/host/spi-builder-workspace/Sources/SnapFoundation/OSLog+Logger.swift:7:8: error: no such module 'OSLog'
 5 |
 6 | import Foundation
 7 | import OSLog
   |        `- error: no such module 'OSLog'
 8 |
 9 | public extension Logger {
[5/24] Compiling SnapFoundation FontDesign+Description.swift
/host/spi-builder-workspace/Sources/SnapFoundation/OSLog+Logger.swift:7:8: error: no such module 'OSLog'
 5 |
 6 | import Foundation
 7 | import OSLog
   |        `- error: no such module 'OSLog'
 8 |
 9 | public extension Logger {
[6/24] Compiling SnapFoundation Font.Design+UIFont.Design.swift
/host/spi-builder-workspace/Sources/SnapFoundation/OSLog+Logger.swift:7:8: error: no such module 'OSLog'
 5 |
 6 | import Foundation
 7 | import OSLog
   |        `- error: no such module 'OSLog'
 8 |
 9 | public extension Logger {
[7/24] Compiling SnapFoundation Font.Weight+UIFont.Weight.swift
/host/spi-builder-workspace/Sources/SnapFoundation/OSLog+Logger.swift:7:8: error: no such module 'OSLog'
 5 |
 6 | import Foundation
 7 | import OSLog
   |        `- error: no such module 'OSLog'
 8 |
 9 | public extension Logger {
[8/24] Compiling SnapFoundation Font.Width+UIFont.Width.swift
/host/spi-builder-workspace/Sources/SnapFoundation/OSLog+Logger.swift:7:8: error: no such module 'OSLog'
 5 |
 6 | import Foundation
 7 | import OSLog
   |        `- error: no such module 'OSLog'
 8 |
 9 | public extension Logger {
[9/24] Compiling SnapFoundation View+ColorScheme.swift
/host/spi-builder-workspace/Sources/SnapFoundation/OSLog+Logger.swift:7:8: error: no such module 'OSLog'
 5 |
 6 | import Foundation
 7 | import OSLog
   |        `- error: no such module 'OSLog'
 8 |
 9 | public extension Logger {
[10/24] Compiling SnapFoundation ViewModifierConditional.swift
/host/spi-builder-workspace/Sources/SnapFoundation/OSLog+Logger.swift:7:8: error: no such module 'OSLog'
 5 |
 6 | import Foundation
 7 | import OSLog
   |        `- error: no such module 'OSLog'
 8 |
 9 | public extension Logger {
[11/24] Compiling SnapFoundation FontWidth+CaseIterable.swift
/host/spi-builder-workspace/Sources/SnapFoundation/OSLog+Logger.swift:7:8: error: no such module 'OSLog'
 5 |
 6 | import Foundation
 7 | import OSLog
   |        `- error: no such module 'OSLog'
 8 |
 9 | public extension Logger {
[12/24] Compiling SnapFoundation FontWidth+Description.swift
/host/spi-builder-workspace/Sources/SnapFoundation/OSLog+Logger.swift:7:8: error: no such module 'OSLog'
 5 |
 6 | import Foundation
 7 | import OSLog
   |        `- error: no such module 'OSLog'
 8 |
 9 | public extension Logger {
[13/24] Compiling SnapFoundation AnyInsettableShape.swift
/host/spi-builder-workspace/Sources/SnapFoundation/OSLog+Logger.swift:7:8: error: no such module 'OSLog'
 5 |
 6 | import Foundation
 7 | import OSLog
   |        `- error: no such module 'OSLog'
 8 |
 9 | public extension Logger {
[14/24] Compiling SnapFoundation CGRect+Inset.swift
/host/spi-builder-workspace/Sources/SnapFoundation/OSLog+Logger.swift:7:8: error: no such module 'OSLog'
 5 |
 6 | import Foundation
 7 | import OSLog
   |        `- error: no such module 'OSLog'
 8 |
 9 | public extension Logger {
[15/24] Compiling SnapFoundation EdgeInsets+Helper.swift
/host/spi-builder-workspace/Sources/SnapFoundation/OSLog+Logger.swift:7:8: error: no such module 'OSLog'
 5 |
 6 | import Foundation
 7 | import OSLog
   |        `- error: no such module 'OSLog'
 8 |
 9 | public extension Logger {
[16/24] Compiling SnapFoundation Array+Unique.swift
/host/spi-builder-workspace/Sources/SnapFoundation/OSLog+Logger.swift:7:8: error: no such module 'OSLog'
 5 |
 6 | import Foundation
 7 | import OSLog
   |        `- error: no such module 'OSLog'
 8 |
 9 | public extension Logger {
[17/24] Compiling SnapFoundation Collection+Helper.swift
/host/spi-builder-workspace/Sources/SnapFoundation/OSLog+Logger.swift:7:8: error: no such module 'OSLog'
 5 |
 6 | import Foundation
 7 | import OSLog
   |        `- error: no such module 'OSLog'
 8 |
 9 | public extension Logger {
[18/24] Compiling SnapFoundation Dictionary+Updated.swift
/host/spi-builder-workspace/Sources/SnapFoundation/OSLog+Logger.swift:7:8: error: no such module 'OSLog'
 5 |
 6 | import Foundation
 7 | import OSLog
   |        `- error: no such module 'OSLog'
 8 |
 9 | public extension Logger {
[19/24] Compiling SnapFoundation CGFloat+Rounding.swift
/host/spi-builder-workspace/Sources/SnapFoundation/OSLog+Logger.swift:7:8: error: no such module 'OSLog'
 5 |
 6 | import Foundation
 7 | import OSLog
   |        `- error: no such module 'OSLog'
 8 |
 9 | public extension Logger {
[20/24] Compiling SnapFoundation CGSize+Adjusted.swift
/host/spi-builder-workspace/Sources/SnapFoundation/OSLog+Logger.swift:7:8: error: no such module 'OSLog'
 5 |
 6 | import Foundation
 7 | import OSLog
   |        `- error: no such module 'OSLog'
 8 |
 9 | public extension Logger {
[21/24] Compiling SnapFoundation CGSize+Description.swift
/host/spi-builder-workspace/Sources/SnapFoundation/OSLog+Logger.swift:7:8: error: no such module 'OSLog'
 5 |
 6 | import Foundation
 7 | import OSLog
   |        `- error: no such module 'OSLog'
 8 |
 9 | public extension Logger {
[22/24] Compiling SnapFoundation Set+Insert.swift
/host/spi-builder-workspace/Sources/SnapFoundation/OSLog+Logger.swift:7:8: error: no such module 'OSLog'
 5 |
 6 | import Foundation
 7 | import OSLog
   |        `- error: no such module 'OSLog'
 8 |
 9 | public extension Logger {
[23/24] Compiling SnapFoundation OSLog+Logger.swift
/host/spi-builder-workspace/Sources/SnapFoundation/OSLog+Logger.swift:7:8: error: no such module 'OSLog'
 5 |
 6 | import Foundation
 7 | import OSLog
   |        `- error: no such module 'OSLog'
 8 |
 9 | public extension Logger {
[24/24] Compiling SnapFoundation ProcessInfo+isPreview.swift
/host/spi-builder-workspace/Sources/SnapFoundation/OSLog+Logger.swift:7:8: error: no such module 'OSLog'
 5 |
 6 | import Foundation
 7 | import OSLog
   |        `- error: no such module 'OSLog'
 8 |
 9 | public extension Logger {
BUILD FAILURE 6.3 android