The Swift Package Index logo.Swift Package Index

Build Information

Failed to build Tablier, reference main (696233), with Swift 6.4 for Wasm on 18 Sep 2026 14:34:09 UTC.

Build Command

bash -c docker run --pull=always --rm -v "checkouts-54344844-0":/host -w "$PWD" -e JAVA_HOME="/root/.sdkman/candidates/java/current" -e SPI_BUILD="1" -e SPI_PROCESSING="1" registry.gitlab.com/saguaro1/spi-images:wasm-6.4-latest swift build --swift-sdk swift-6.4.x-DEVELOPMENT-SNAPSHOT-2026-09-04-a_wasm 2>&1

Build Log

========================================
RunAll
========================================
Builder version: 5.1.0
Interrupt handler set up.
========================================
Checkout
========================================
Clone URL: https://github.com/akkyie/Tablier.git
Reference: main
Initialized empty Git repository in /host/spi-builder-workspace/.git/
hint: Using 'master' as the name for the initial branch. This default branch name
hint: is subject to change. To configure the initial branch name to use in all
hint: of your new repositories, which will suppress this warning, call:
hint:
hint: 	git config --global init.defaultBranch <name>
hint:
hint: Names commonly chosen instead of 'master' are 'main', 'trunk' and
hint: 'development'. The just-created branch can be renamed via this command:
hint:
hint: 	git branch -m <name>
From https://github.com/akkyie/Tablier
 * branch            main       -> FETCH_HEAD
 * [new branch]      main       -> origin/main
HEAD is now at 6962332 Merge pull request #48 from akkyie/enable_testing_search_path
Cloned https://github.com/akkyie/Tablier.git
Revision (git rev-parse @):
69623325444b7e1a5b95cba805e7cdeb6b2e7e0b
SUCCESS checkout https://github.com/akkyie/Tablier.git at main
========================================
Build
========================================
Selected platform:         wasm
Swift version:             6.4
Building package at path:  $PWD
https://github.com/akkyie/Tablier.git
Running build ...
bash -c docker run --pull=always --rm -v "checkouts-54344844-0":/host -w "$PWD" -e JAVA_HOME="/root/.sdkman/candidates/java/current" -e SPI_BUILD="1" -e SPI_PROCESSING="1" registry.gitlab.com/saguaro1/spi-images:wasm-6.4-latest swift build --swift-sdk swift-6.4.x-DEVELOPMENT-SNAPSHOT-2026-09-04-a_wasm 2>&1
wasm-6.4-latest: Pulling from saguaro1/spi-images
Digest: sha256:4328fdb43c680d205c1d6761b1e3267aa38277eefdda9ddfb17b6a0f1a77857a
Status: Image is up to date for registry.gitlab.com/saguaro1/spi-images:wasm-6.4-latest
Building for debugging...
[Planning deferred tasks]
error: SwiftCompile normal wasm32 failed with a nonzero exit code. Command line:     cd /host

/host/spi-builder-workspace/Sources/Tablier/AsyncRecipe.swift:38:34: error: cannot find type 'XCTestCaseProtocol' in scope
36 | @available(macOS 10.15, iOS 13, tvOS 13, watchOS 6, *)
37 | extension AsyncRecipe {
38 |     public func assert<TestCase: XCTestCaseProtocol>(
   |                                  `- error: cannot find type 'XCTestCaseProtocol' in scope
39 |         with testCase: TestCase, file: StaticString = #file, line: UInt = #line,
40 |         assertion makeTestCases: (_ asserter: Expecter<Input, Output>) -> Void
/host/spi-builder-workspace/Sources/Tablier/AsyncRecipe.swift:45:34: error: cannot find type 'XCTestCaseProtocol' in scope
43 |     }
44 |
45 |     public func assert<TestCase: XCTestCaseProtocol>(
   |                                  `- error: cannot find type 'XCTestCaseProtocol' in scope
46 |         with tester: Tester<TestCase>, file: StaticString = #file, line: UInt = #line,
47 |         assertion makeTestCases: (_ asserter: Expecter<Input, Output>) -> Void
/host/spi-builder-workspace/Sources/Tablier/XCTest.swift:39:29: error: cannot find type 'XCTestCaseProtocol' in scope
 37 | #endif
 38 |
 39 | open class Tester<TestCase: XCTestCaseProtocol> {
    |                             `- error: cannot find type 'XCTestCaseProtocol' in scope
 40 |     let fail: (_ message: String, _ file: StaticString, _ line: UInt) -> Void
 41 |
/host/spi-builder-workspace/Sources/Tablier/Recipe.swift:70:34: error: cannot find type 'XCTestCaseProtocol' in scope
 68 |
 69 | extension Recipe {
 70 |     public func assert<TestCase: XCTestCaseProtocol>(
    |                                  `- error: cannot find type 'XCTestCaseProtocol' in scope
 71 |         with testCase: TestCase, file: StaticString = #file, line: UInt = #line,
 72 |         assertion makeTestCases: (_ asserter: Expecter<Input, Output>) -> Void
/host/spi-builder-workspace/Sources/Tablier/Recipe.swift:77:34: error: cannot find type 'XCTestCaseProtocol' in scope
 75 |     }
 76 |
 77 |     public func assert<TestCase: XCTestCaseProtocol>(
    |                                  `- error: cannot find type 'XCTestCaseProtocol' in scope
 78 |         with tester: Tester<TestCase>, file: StaticString = #file, line: UInt = #line,
 79 |         assertion makeTestCases: (_ asserter: Expecter<Input, Output>) -> Void
/host/spi-builder-workspace/Sources/Tablier/XCTest.swift:3:23: error: cannot find type 'XCTestCaseProtocol' in scope
  1 | import XCTest
  2 |
  3 | extension XCTestCase: XCTestCaseProtocol {}
    |                       `- error: cannot find type 'XCTestCaseProtocol' in scope
  4 |
  5 | extension XCTestExpectation: XCTestExpectationProtocol {}
/host/spi-builder-workspace/Sources/Tablier/XCTest.swift:5:11: error: cannot find type 'XCTestExpectation' in scope
  3 | extension XCTestCase: XCTestCaseProtocol {}
  4 |
  5 | extension XCTestExpectation: XCTestExpectationProtocol {}
    |           `- error: cannot find type 'XCTestExpectation' in scope
  6 |
  7 | #if os(Linux)
/host/spi-builder-workspace/Sources/Tablier/XCTest.swift:42:42: error: 'ExpectationType' is not a member type of type 'TestCase'
 40 |     let fail: (_ message: String, _ file: StaticString, _ line: UInt) -> Void
 41 |
 42 |     let wait: (_ expectations: [TestCase.ExpectationType], _ timeout: TimeInterval, _ enforceOrder: Bool,
    |                                          `- error: 'ExpectationType' is not a member type of type 'TestCase'
 43 |                _ file: StaticString, _ line: UInt) -> Void
 44 |
/host/spi-builder-workspace/Sources/Tablier/XCTest.swift:45:89: error: 'ExpectationType' is not a member type of type 'TestCase'
 43 |                _ file: StaticString, _ line: UInt) -> Void
 44 |
 45 |     let expect: (_ description: String, _ file: StaticString, _ line: UInt) -> TestCase.ExpectationType?
    |                                                                                         `- error: 'ExpectationType' is not a member type of type 'TestCase'
 46 |
 47 |     let fulfill: (_ expectation: TestCase.ExpectationType, _ file: StaticString, _ line: UInt) -> Void
/host/spi-builder-workspace/Sources/Tablier/XCTest.swift:47:43: error: 'ExpectationType' is not a member type of type 'TestCase'
 45 |     let expect: (_ description: String, _ file: StaticString, _ line: UInt) -> TestCase.ExpectationType?
 46 |
 47 |     let fulfill: (_ expectation: TestCase.ExpectationType, _ file: StaticString, _ line: UInt) -> Void
    |                                           `- error: 'ExpectationType' is not a member type of type 'TestCase'
 48 |
 49 |     init(_ testCase: TestCase, fail: @escaping (String, StaticString, UInt) -> Void = XCTFail) {
Failed frontend command:
/usr/bin/swift-frontend -frontend -emit-module -experimental-skip-non-inlinable-function-bodies-without-types /host/spi-builder-workspace/Sources/Tablier/AnyRecipe.swift /host/spi-builder-workspace/Sources/Tablier/AsyncRecipe.swift /host/spi-builder-workspace/Sources/Tablier/Expect.swift /host/spi-builder-workspace/Sources/Tablier/Expecter.swift /host/spi-builder-workspace/Sources/Tablier/Recipe.swift /host/spi-builder-workspace/Sources/Tablier/TestCase.swift /host/spi-builder-workspace/Sources/Tablier/When.swift /host/spi-builder-workspace/Sources/Tablier/XCTest.swift -target wasm32-unknown-wasip1 -disable-objc-interop -sdk /root/.swiftpm/swift-sdks/swift-6.4.x-DEVELOPMENT-SNAPSHOT-2026-09-04-a_wasm.artifactbundle/swift-6.4.x-DEVELOPMENT-SNAPSHOT-2026-09-04-a_wasm/wasm32-unknown-wasip1/WASI.sdk -sysroot /root/.swiftpm/swift-sdks/swift-6.4.x-DEVELOPMENT-SNAPSHOT-2026-09-04-a_wasm.artifactbundle/swift-6.4.x-DEVELOPMENT-SNAPSHOT-2026-09-04-a_wasm/wasm32-unknown-wasip1/WASI.sdk -I /host/spi-builder-workspace/.build/out/Products/Debug-webassembly-wasm32 -module-cache-path /host/spi-builder-workspace/.build/out/ModuleCache.noindex -color-diagnostics -Xcc -fcolor-diagnostics -enable-testing -g -debug-info-format\=dwarf -dwarf-version\=4 -swift-version 5 -Onone -D SWIFT_PACKAGE -D DEBUG -D SWIFT_MODULE_RESOURCE_BUNDLE_UNAVAILABLE -D Xcode -serialize-debugging-options -enable-experimental-feature DebugDescriptionMacro -empty-abi-descriptor -external-plugin-path /usr/lib/swift/host/plugins/testing\#/usr/bin/swift-plugin-server -validate-clang-modules-once -clang-build-session-file /host/spi-builder-workspace/.build/out/ModuleCache.noindex/Session.modulevalidation -Xcc -working-directory -Xcc /host -resource-dir /root/.swiftpm/swift-sdks/swift-6.4.x-DEVELOPMENT-SNAPSHOT-2026-09-04-a_wasm.artifactbundle/swift-6.4.x-DEVELOPMENT-SNAPSHOT-2026-09-04-a_wasm/wasm32-unknown-wasip1/swift.xctoolchain/usr/lib/swift_static -use-static-resource-dir -enable-anonymous-context-mangled-names -file-compilation-dir /host -Xcc -resource-dir -Xcc /root/.swiftpm/swift-sdks/swift-6.4.x-DEVELOPMENT-SNAPSHOT-2026-09-04-a_wasm.artifactbundle/swift-6.4.x-DEVELOPMENT-SNAPSHOT-2026-09-04-a_wasm/wasm32-unknown-wasip1/swift.xctoolchain/usr/lib/swift_static/clang -Xcc -D_LIBCPP_HARDENING_MODE\=_LIBCPP_HARDENING_MODE_DEBUG -Xcc -fmodules-prune-interval\=86400 -Xcc -fmodules-prune-after\=345600 -Xcc -I/host/spi-builder-workspace/.build/out/Products/Debug-webassembly-wasm32/include -Xcc -I/host/spi-builder-workspace/.build/out/Intermediates.noindex/Tablier.build/Debug-webassembly-wasm32/Tablier-t.build/DerivedSources-normal/wasm32 -Xcc -I/host/spi-builder-workspace/.build/out/Intermediates.noindex/Tablier.build/Debug-webassembly-wasm32/Tablier-t.build/DerivedSources/wasm32 -Xcc -I/host/spi-builder-workspace/.build/out/Intermediates.noindex/Tablier.build/Debug-webassembly-wasm32/Tablier-t.build/DerivedSources -Xcc -DSWIFT_PACKAGE -Xcc -DDEBUG\=1 -no-auto-bridging-header-chaining -module-name Tablier -const-gather-protocols-file /host/spi-builder-workspace/.build/out/Intermediates.noindex/Tablier.build/Debug-webassembly-wasm32/Tablier-t.build/Objects-normal/wasm32/Tablier_const_extract_protocols.json -in-process-plugin-server-path /usr/lib/swift/host/libSwiftInProcPluginServer.so -plugin-path /usr/lib/swift/host/plugins -plugin-path /usr/local/lib/swift/host/plugins -emit-module-doc-path /host/spi-builder-workspace/.build/out/Intermediates.noindex/Tablier.build/Debug-webassembly-wasm32/Tablier-t.build/Objects-normal/wasm32/Modules/Tablier.swiftdoc -emit-module-source-info-path /host/spi-builder-workspace/.build/out/Intermediates.noindex/Tablier.build/Debug-webassembly-wasm32/Tablier-t.build/Objects-normal/wasm32/Modules/Tablier.swiftsourceinfo -emit-objc-header-path /host/spi-builder-workspace/.build/out/Intermediates.noindex/Tablier.build/Debug-webassembly-wasm32/Tablier-t.build/Objects-normal/wasm32/Tablier-Swift.h -serialize-diagnostics-path /host/spi-builder-workspace/.build/out/Intermediates.noindex/Tablier.build/Debug-webassembly-wasm32/Tablier-t.build/Objects-normal/wasm32/Tablier-primary-emit-module.dia -emit-dependencies-path /host/spi-builder-workspace/.build/out/Intermediates.noindex/Tablier.build/Debug-webassembly-wasm32/Tablier-t.build/Objects-normal/wasm32/Tablier-primary-emit-module.d -parse-as-library -o /host/spi-builder-workspace/.build/out/Intermediates.noindex/Tablier.build/Debug-webassembly-wasm32/Tablier-t.build/Objects-normal/wasm32/Modules/Tablier.swiftmodule
[27 / 35] Tablier
error: Build failed
BUILD FAILURE 6.4 wasm