Build Information
Failed to build OpenFeature, reference main (f649a0), with Swift 6.2 for Android on 9 Oct 2026 23:04:46 UTC.
Build Command
bash -c docker run --pull=always --rm -v "checkouts-54344849-1":/host -w "$PWD" -e JAVA_HOME="/root/.sdkman/candidates/java/current" -e SPI_BUILD="1" -e SPI_PROCESSING="1" registry.gitlab.com/saguaro1/spi-images:android-6.2-latest swift build --swift-sdk aarch64-unknown-linux-android28 2>&1Build Log
========================================
RunAll
========================================
Builder version: 5.1.1
Interrupt handler set up.
========================================
Checkout
========================================
Clone URL: https://github.com/open-feature/swift-sdk.git
Reference: main
Initialized empty Git repository in /host/spi-builder-workspace/.git/
hint: Using 'master' as the name for the initial branch. This default branch name
hint: is subject to change. To configure the initial branch name to use in all
hint: of your new repositories, which will suppress this warning, call:
hint:
hint: git config --global init.defaultBranch <name>
hint:
hint: Names commonly chosen instead of 'master' are 'main', 'trunk' and
hint: 'development'. The just-created branch can be renamed via this command:
hint:
hint: git branch -m <name>
From https://github.com/open-feature/swift-sdk
* branch main -> FETCH_HEAD
* [new branch] main -> origin/main
HEAD is now at f649a0f feat: Add HookData (#139)
Cloned https://github.com/open-feature/swift-sdk.git
Revision (git rev-parse @):
f649a0f477a23e803c2c394e9f7ea537bff1e899
SUCCESS checkout https://github.com/open-feature/swift-sdk.git at main
========================================
Build
========================================
Selected platform: android
Swift version: 6.2
Building package at path: $PWD
https://github.com/open-feature/swift-sdk.git
Running build ...
bash -c docker run --pull=always --rm -v "checkouts-54344849-1":/host -w "$PWD" -e JAVA_HOME="/root/.sdkman/candidates/java/current" -e SPI_BUILD="1" -e SPI_PROCESSING="1" registry.gitlab.com/saguaro1/spi-images:android-6.2-latest swift build --swift-sdk aarch64-unknown-linux-android28 2>&1
android-6.2-latest: Pulling from saguaro1/spi-images
Digest: sha256:a839c9ce201f1dacc8eb056626ec7ab0a1c6d53d7b77c83feda395f4507c51be
Status: Image is up to date for registry.gitlab.com/saguaro1/spi-images:android-6.2-latest
Fetching https://github.com/apple/swift-log
[1/8257] Fetching swift-log
Fetched https://github.com/apple/swift-log from cache (0.55s)
Computing version for https://github.com/apple/swift-log
Computed https://github.com/apple/swift-log at 1.16.1 (0.73s)
Creating working copy for https://github.com/apple/swift-log
Working copy of https://github.com/apple/swift-log resolved at 1.16.1
Building for debugging...
[0/5] Write sources
[1/5] Copying PrivacyInfo.xcprivacy
[1/5] Write sources
[4/5] Write swift-version--11D90AFD9DD3AB2.txt
error: emit-module command failed with exit code 1 (use -v to see invocation)
[6/58] Emitting module OpenFeature
/host/spi-builder-workspace/Sources/OpenFeature/EventHandler.swift:1:8: error: no such module 'Combine'
1 | import Combine
| `- error: no such module 'Combine'
2 | import Foundation
3 |
[7/63] Compiling Logging LoggingSystem.swift
[8/64] Compiling Logging Logger+With.swift
[9/64] Compiling OpenFeature EventHandler.swift
[10/64] Compiling OpenFeature EventMetadataValue.swift
[11/64] Compiling Logging Logger+Attributes.swift
[12/64] Compiling Logging Logger.swift
[13/64] Compiling OpenFeature BaseEvaluation.swift
[14/64] Compiling OpenFeature Client.swift
[15/64] Emitting module Logging
[16/64] Compiling OpenFeature ClientMetadata.swift
[17/64] Compiling OpenFeature EvaluationContext.swift
[18/64] Compiling Logging MetadataProvider.swift
[20/65] Compiling OpenFeature Hook.swift
/host/spi-builder-workspace/Sources/OpenFeature/EventHandler.swift:1:8: error: no such module 'Combine'
1 | import Combine
| `- error: no such module 'Combine'
2 | import Foundation
3 |
[21/65] Compiling OpenFeature HookContext.swift
/host/spi-builder-workspace/Sources/OpenFeature/EventHandler.swift:1:8: error: no such module 'Combine'
1 | import Combine
| `- error: no such module 'Combine'
2 | import Foundation
3 |
[22/65] Compiling OpenFeature HookData.swift
/host/spi-builder-workspace/Sources/OpenFeature/EventHandler.swift:1:8: error: no such module 'Combine'
1 | import Combine
| `- error: no such module 'Combine'
2 | import Foundation
3 |
[23/65] Compiling OpenFeature HookSupport.swift
/host/spi-builder-workspace/Sources/OpenFeature/EventHandler.swift:1:8: error: no such module 'Combine'
1 | import Combine
| `- error: no such module 'Combine'
2 | import Foundation
3 |
[24/65] Compiling OpenFeature ImmutableContext.swift
/host/spi-builder-workspace/Sources/OpenFeature/EventHandler.swift:1:8: error: no such module 'Combine'
1 | import Combine
| `- error: no such module 'Combine'
2 | import Foundation
3 |
[25/65] Compiling OpenFeature ImmutableStructure.swift
/host/spi-builder-workspace/Sources/OpenFeature/EventHandler.swift:1:8: error: no such module 'Combine'
1 | import Combine
| `- error: no such module 'Combine'
2 | import Foundation
3 |
[26/65] Compiling OpenFeature TrackingEventDetails.swift
/host/spi-builder-workspace/Sources/OpenFeature/EventHandler.swift:1:8: error: no such module 'Combine'
1 | import Combine
| `- error: no such module 'Combine'
2 | import Foundation
3 |
[27/65] Compiling OpenFeature Value.swift
/host/spi-builder-workspace/Sources/OpenFeature/EventHandler.swift:1:8: error: no such module 'Combine'
1 | import Combine
| `- error: no such module 'Combine'
2 | import Foundation
3 |
[28/65] Compiling OpenFeature ErrorCode.swift
/host/spi-builder-workspace/Sources/OpenFeature/EventHandler.swift:1:8: error: no such module 'Combine'
1 | import Combine
| `- error: no such module 'Combine'
2 | import Foundation
3 |
[29/65] Compiling OpenFeature OpenFeatureError.swift
/host/spi-builder-workspace/Sources/OpenFeature/EventHandler.swift:1:8: error: no such module 'Combine'
1 | import Combine
| `- error: no such module 'Combine'
2 | import Foundation
3 |
[30/65] Compiling OpenFeature resource_bundle_accessor.swift
/host/spi-builder-workspace/Sources/OpenFeature/EventHandler.swift:1:8: error: no such module 'Combine'
1 | import Combine
| `- error: no such module 'Combine'
2 | import Foundation
3 |
[31/65] Compiling OpenFeature Features+Defaults.swift
/host/spi-builder-workspace/Sources/OpenFeature/EventHandler.swift:1:8: error: no such module 'Combine'
1 | import Combine
| `- error: no such module 'Combine'
2 | import Foundation
3 |
[32/65] Compiling OpenFeature Features.swift
/host/spi-builder-workspace/Sources/OpenFeature/EventHandler.swift:1:8: error: no such module 'Combine'
1 | import Combine
| `- error: no such module 'Combine'
2 | import Foundation
3 |
[33/65] Compiling OpenFeature FlagEvaluationDetails.swift
/host/spi-builder-workspace/Sources/OpenFeature/EventHandler.swift:1:8: error: no such module 'Combine'
1 | import Combine
| `- error: no such module 'Combine'
2 | import Foundation
3 |
[34/65] Compiling OpenFeature FlagEvaluationOptions.swift
/host/spi-builder-workspace/Sources/OpenFeature/EventHandler.swift:1:8: error: no such module 'Combine'
1 | import Combine
| `- error: no such module 'Combine'
2 | import Foundation
3 |
[35/65] Compiling OpenFeature FlagMetadataValue.swift
/host/spi-builder-workspace/Sources/OpenFeature/EventHandler.swift:1:8: error: no such module 'Combine'
1 | import Combine
| `- error: no such module 'Combine'
2 | import Foundation
3 |
[36/65] Compiling OpenFeature FlagValueType.swift
/host/spi-builder-workspace/Sources/OpenFeature/EventHandler.swift:1:8: error: no such module 'Combine'
1 | import Combine
| `- error: no such module 'Combine'
2 | import Foundation
3 |
/host/spi-builder-workspace/Sources/OpenFeature/EventHandler.swift:1:8: error: no such module 'Combine'
1 | import Combine
| `- error: no such module 'Combine'
2 | import Foundation
3 |
/host/spi-builder-workspace/Sources/OpenFeature/EventHandler.swift:1:8: error: no such module 'Combine'
1 | import Combine
| `- error: no such module 'Combine'
2 | import Foundation
3 |
/host/spi-builder-workspace/Sources/OpenFeature/EventHandler.swift:1:8: error: no such module 'Combine'
1 | import Combine
| `- error: no such module 'Combine'
2 | import Foundation
3 |
/host/spi-builder-workspace/Sources/OpenFeature/EventHandler.swift:1:8: error: no such module 'Combine'
1 | import Combine
| `- error: no such module 'Combine'
2 | import Foundation
3 |
/host/spi-builder-workspace/Sources/OpenFeature/EventHandler.swift:1:8: error: no such module 'Combine'
1 | import Combine
| `- error: no such module 'Combine'
2 | import Foundation
3 |
/host/spi-builder-workspace/Sources/OpenFeature/EventHandler.swift:1:8: error: no such module 'Combine'
1 | import Combine
| `- error: no such module 'Combine'
2 | import Foundation
3 |
[43/65] Compiling OpenFeature ProviderStatus.swift
/host/spi-builder-workspace/Sources/OpenFeature/EventHandler.swift:1:8: error: no such module 'Combine'
1 | import Combine
| `- error: no such module 'Combine'
2 | import Foundation
3 |
[44/65] Compiling OpenFeature ProviderStatusTracker.swift
/host/spi-builder-workspace/Sources/OpenFeature/EventHandler.swift:1:8: error: no such module 'Combine'
1 | import Combine
| `- error: no such module 'Combine'
2 | import Foundation
3 |
[45/65] Compiling OpenFeature Reason.swift
/host/spi-builder-workspace/Sources/OpenFeature/EventHandler.swift:1:8: error: no such module 'Combine'
1 | import Combine
| `- error: no such module 'Combine'
2 | import Foundation
3 |
[46/65] Compiling OpenFeature Structure.swift
/host/spi-builder-workspace/Sources/OpenFeature/EventHandler.swift:1:8: error: no such module 'Combine'
1 | import Combine
| `- error: no such module 'Combine'
2 | import Foundation
3 |
[47/65] Compiling OpenFeature Tracking.swift
/host/spi-builder-workspace/Sources/OpenFeature/EventHandler.swift:1:8: error: no such module 'Combine'
1 | import Combine
| `- error: no such module 'Combine'
2 | import Foundation
3 |
[48/65] Compiling OpenFeature Strategy.swift
/host/spi-builder-workspace/Sources/OpenFeature/EventHandler.swift:1:8: error: no such module 'Combine'
1 | import Combine
| `- error: no such module 'Combine'
2 | import Foundation
3 |
[49/65] Compiling OpenFeature NoOpProvider.swift
/host/spi-builder-workspace/Sources/OpenFeature/EventHandler.swift:1:8: error: no such module 'Combine'
1 | import Combine
| `- error: no such module 'Combine'
2 | import Foundation
3 |
[50/65] Compiling OpenFeature ProviderEvaluation.swift
/host/spi-builder-workspace/Sources/OpenFeature/EventHandler.swift:1:8: error: no such module 'Combine'
1 | import Combine
| `- error: no such module 'Combine'
2 | import Foundation
3 |
[51/65] Compiling OpenFeature ProviderEventDetails.swift
/host/spi-builder-workspace/Sources/OpenFeature/EventHandler.swift:1:8: error: no such module 'Combine'
1 | import Combine
| `- error: no such module 'Combine'
2 | import Foundation
3 |
[52/65] Compiling OpenFeature ProviderEvents.swift
/host/spi-builder-workspace/Sources/OpenFeature/EventHandler.swift:1:8: error: no such module 'Combine'
1 | import Combine
| `- error: no such module 'Combine'
2 | import Foundation
3 |
[53/65] Compiling OpenFeature ProviderMetadata.swift
/host/spi-builder-workspace/Sources/OpenFeature/EventHandler.swift:1:8: error: no such module 'Combine'
1 | import Combine
| `- error: no such module 'Combine'
2 | import Foundation
3 |
[54/65] Compiling OpenFeature FeatureProvider.swift
/host/spi-builder-workspace/Sources/OpenFeature/EventHandler.swift:1:8: error: no such module 'Combine'
1 | import Combine
| `- error: no such module 'Combine'
2 | import Foundation
3 |
[55/65] Compiling OpenFeature InMemoryFlag.swift
/host/spi-builder-workspace/Sources/OpenFeature/EventHandler.swift:1:8: error: no such module 'Combine'
1 | import Combine
| `- error: no such module 'Combine'
2 | import Foundation
3 |
[56/65] Compiling OpenFeature InMemoryProvider.swift
/host/spi-builder-workspace/Sources/OpenFeature/EventHandler.swift:1:8: error: no such module 'Combine'
1 | import Combine
| `- error: no such module 'Combine'
2 | import Foundation
3 |
[57/65] Compiling OpenFeature FirstMatchStrategy.swift
/host/spi-builder-workspace/Sources/OpenFeature/EventHandler.swift:1:8: error: no such module 'Combine'
1 | import Combine
| `- error: no such module 'Combine'
2 | import Foundation
3 |
[58/65] Compiling OpenFeature FirstSuccessfulStrategy.swift
/host/spi-builder-workspace/Sources/OpenFeature/EventHandler.swift:1:8: error: no such module 'Combine'
1 | import Combine
| `- error: no such module 'Combine'
2 | import Foundation
3 |
[59/65] Compiling OpenFeature MultiProvider.swift
/host/spi-builder-workspace/Sources/OpenFeature/EventHandler.swift:1:8: error: no such module 'Combine'
1 | import Combine
| `- error: no such module 'Combine'
2 | import Foundation
3 |
[60/65] Compiling OpenFeature ImmutableTrackingEventDetails.swift
/host/spi-builder-workspace/Sources/OpenFeature/EventHandler.swift:1:8: error: no such module 'Combine'
1 | import Combine
| `- error: no such module 'Combine'
2 | import Foundation
3 |
[61/65] Compiling OpenFeature MetadataValue.swift
/host/spi-builder-workspace/Sources/OpenFeature/EventHandler.swift:1:8: error: no such module 'Combine'
1 | import Combine
| `- error: no such module 'Combine'
2 | import Foundation
3 |
[62/65] Compiling OpenFeature MutableStructure.swift
/host/spi-builder-workspace/Sources/OpenFeature/EventHandler.swift:1:8: error: no such module 'Combine'
1 | import Combine
| `- error: no such module 'Combine'
2 | import Foundation
3 |
[63/65] Compiling OpenFeature OpenFeatureAPI.swift
/host/spi-builder-workspace/Sources/OpenFeature/EventHandler.swift:1:8: error: no such module 'Combine'
1 | import Combine
| `- error: no such module 'Combine'
2 | import Foundation
3 |
[64/65] Compiling OpenFeature OpenFeatureClient.swift
/host/spi-builder-workspace/Sources/OpenFeature/EventHandler.swift:1:8: error: no such module 'Combine'
1 | import Combine
| `- error: no such module 'Combine'
2 | import Foundation
3 |
[65/65] Compiling OpenFeature OpenFeatureLogger.swift
/host/spi-builder-workspace/Sources/OpenFeature/EventHandler.swift:1:8: error: no such module 'Combine'
1 | import Combine
| `- error: no such module 'Combine'
2 | import Foundation
3 |
BUILD FAILURE 6.2 android