The Swift Package Index logo.Swift Package Index

Build Information

Failed to build meilisearch-swift, reference main (fb3bae), with Swift 6.4 for Wasm on 21 Sep 2026 17:45:39 UTC.

Build Command

bash -c docker run --pull=always --rm -v "checkouts-53886770-0":/host -w "$PWD" -e JAVA_HOME="/root/.sdkman/candidates/java/current" -e SPI_BUILD="1" -e SPI_PROCESSING="1" registry.gitlab.com/saguaro1/spi-images:wasm-6.4-latest swift build --swift-sdk swift-6.4.x-DEVELOPMENT-SNAPSHOT-2026-09-04-a_wasm 2>&1

Build Log

========================================
RunAll
========================================
Builder version: 5.1.0
Interrupt handler set up.
========================================
Checkout
========================================
Clone URL: https://github.com/meilisearch/meilisearch-swift.git
Reference: main
Initialized empty Git repository in /host/spi-builder-workspace/.git/
hint: Using 'master' as the name for the initial branch. This default branch name
hint: is subject to change. To configure the initial branch name to use in all
hint: of your new repositories, which will suppress this warning, call:
hint:
hint: 	git config --global init.defaultBranch <name>
hint:
hint: Names commonly chosen instead of 'master' are 'main', 'trunk' and
hint: 'development'. The just-created branch can be renamed via this command:
hint:
hint: 	git branch -m <name>
From https://github.com/meilisearch/meilisearch-swift
 * branch            main       -> FETCH_HEAD
 * [new branch]      main       -> origin/main
HEAD is now at fb3bae0 Merge pull request #526 from meilisearch/exp-989-swift-update-ranking-rules-tests-to-meilisearch-1360-api
Cloned https://github.com/meilisearch/meilisearch-swift.git
Revision (git rev-parse @):
fb3bae0a1d7badf94e206a99fe333cce739fc247
SUCCESS checkout https://github.com/meilisearch/meilisearch-swift.git at main
========================================
Build
========================================
Selected platform:         wasm
Swift version:             6.4
Building package at path:  $PWD
https://github.com/meilisearch/meilisearch-swift.git
Running build ...
bash -c docker run --pull=always --rm -v "checkouts-53886770-0":/host -w "$PWD" -e JAVA_HOME="/root/.sdkman/candidates/java/current" -e SPI_BUILD="1" -e SPI_PROCESSING="1" registry.gitlab.com/saguaro1/spi-images:wasm-6.4-latest swift build --swift-sdk swift-6.4.x-DEVELOPMENT-SNAPSHOT-2026-09-04-a_wasm 2>&1
wasm-6.4-latest: Pulling from saguaro1/spi-images
Digest: sha256:4328fdb43c680d205c1d6761b1e3267aa38277eefdda9ddfb17b6a0f1a77857a
Status: Image is up to date for registry.gitlab.com/saguaro1/spi-images:wasm-6.4-latest
Building for debugging...
[Planning deferred tasks]
[18 / 27] MeiliSearch
error: SwiftCompile normal wasm32 failed with a nonzero exit code. Command line:     cd /host

/host/spi-builder-workspace/Sources/MeiliSearch/Request.swift:15:19: error: cannot find type 'URLRequest' in scope
 13 |   /// Function that will trigger the HTTP request.
 14 |   func execute(
 15 |     with request: URLRequest,
    |                   `- error: cannot find type 'URLRequest' in scope
 16 |     completionHandler: @escaping DataTask) -> URLSessionDataTaskProtocol
 17 | }
/host/spi-builder-workspace/Sources/MeiliSearch/Config.swift:37:47: error: type 'URLSession' (aka 'AnyObject') has no member 'shared'
35 |     host: String,
36 |     apiKey: String? = nil,
37 |     session: URLSessionProtocol? = URLSession.shared,
   |                                               `- error: type 'URLSession' (aka 'AnyObject') has no member 'shared'
38 |     headers: [String: String] = [:]
39 |   ) {
/host/spi-builder-workspace/Sources/MeiliSearch/Error.swift:22:61: error: 'URLResponse' is unavailable: This type has moved to the FoundationNetworking module. Import that module to use it.
 20 |   }
 21 |
 22 |   static func errorHandler(url: URL, data: Data?, response: URLResponse?, error: Swift.Error?) throws {
    |                                                             `- error: 'URLResponse' is unavailable: This type has moved to the FoundationNetworking module. Import that module to use it.
 23 |     // Communication Error with Meilisearch
 24 |     if let error: Swift.Error = error {
Foundation.URLResponse:2:18: note: 'URLResponse' has been explicitly marked unavailable here
1 | @available(*, unavailable, message: "This type has moved to the FoundationNetworking module. Import that module to use it.")
2 | public typealias URLResponse = AnyObject
  |                  `- note: 'URLResponse' has been explicitly marked unavailable here
/host/spi-builder-workspace/Sources/MeiliSearch/Request.swift:11:32: error: 'URLResponse' is unavailable: This type has moved to the FoundationNetworking module. Import that module to use it.
  9 | public protocol URLSessionProtocol {
 10 |   /// Result for the `execute` function.
 11 |   typealias DataTask = (Data?, URLResponse?, Error?) -> Void
    |                                `- error: 'URLResponse' is unavailable: This type has moved to the FoundationNetworking module. Import that module to use it.
 12 |
 13 |   /// Function that will trigger the HTTP request.
Foundation.URLResponse:2:18: note: 'URLResponse' has been explicitly marked unavailable here
1 | @available(*, unavailable, message: "This type has moved to the FoundationNetworking module. Import that module to use it.")
2 | public typealias URLResponse = AnyObject
  |                  `- note: 'URLResponse' has been explicitly marked unavailable here
/host/spi-builder-workspace/Sources/MeiliSearch/Request.swift:48:8: error: cannot find type 'URLRequest' in scope
 46 |     _ url: URL,
 47 |     data: Data? = nil
 48 |   ) -> URLRequest {
    |        `- error: cannot find type 'URLRequest' in scope
 49 |     var request = URLRequest(url: url)
 50 |     request.httpMethod = httpMethod.rawValue
/host/spi-builder-workspace/Sources/MeiliSearch/Request.swift:208:1: error: non-nominal type 'URLSession' (aka 'AnyObject') cannot be extended [#]8;;https://docs.swift.org/compiler/documentation/diagnostics/nominal-types\NominalTypes]8;;\]
206 | }
207 |
208 | extension URLSession: URLSessionProtocol {
    | `- error: non-nominal type 'URLSession' (aka 'AnyObject') cannot be extended [#]8;;https://docs.swift.org/compiler/documentation/diagnostics/nominal-types\NominalTypes]8;;\]
209 |   public func execute(
210 |     with request: URLRequest,
/host/spi-builder-workspace/Sources/MeiliSearch/Request.swift:216:1: error: non-nominal type 'URLSessionDataTask' (aka 'AnyObject') cannot be extended [#]8;;https://docs.swift.org/compiler/documentation/diagnostics/nominal-types\NominalTypes]8;;\]
214 | }
215 |
216 | extension URLSessionDataTask: URLSessionDataTaskProtocol {}
    | `- error: non-nominal type 'URLSessionDataTask' (aka 'AnyObject') cannot be extended [#]8;;https://docs.swift.org/compiler/documentation/diagnostics/nominal-types\NominalTypes]8;;\]
217 |
[#NominalTypes]: <https://docs.swift.org/compiler/documentation/diagnostics/nominal-types>
Failed frontend command:
/usr/bin/swift-frontend -frontend -emit-module -experimental-skip-non-inlinable-function-bodies-without-types /host/spi-builder-workspace/Sources/MeiliSearch/Async/Client+async.swift /host/spi-builder-workspace/Sources/MeiliSearch/Async/Indexes+async.swift /host/spi-builder-workspace/Sources/MeiliSearch/Client.swift /host/spi-builder-workspace/Sources/MeiliSearch/Config.swift /host/spi-builder-workspace/Sources/MeiliSearch/Constants.swift /host/spi-builder-workspace/Sources/MeiliSearch/Documents.swift /host/spi-builder-workspace/Sources/MeiliSearch/Dumps.swift /host/spi-builder-workspace/Sources/MeiliSearch/Error.swift /host/spi-builder-workspace/Sources/MeiliSearch/Formatter.swift /host/spi-builder-workspace/Sources/MeiliSearch/Indexes.swift /host/spi-builder-workspace/Sources/MeiliSearch/Keys.swift /host/spi-builder-workspace/Sources/MeiliSearch/Model/DocumentsResults.swift /host/spi-builder-workspace/Sources/MeiliSearch/Model/FacetStats.swift /host/spi-builder-workspace/Sources/MeiliSearch/Model/Health.swift /host/spi-builder-workspace/Sources/MeiliSearch/Model/Index.swift /host/spi-builder-workspace/Sources/MeiliSearch/Model/IndexesResults.swift /host/spi-builder-workspace/Sources/MeiliSearch/Model/Key.swift /host/spi-builder-workspace/Sources/MeiliSearch/Model/KeyAction.swift /host/spi-builder-workspace/Sources/MeiliSearch/Model/KeyParams.swift /host/spi-builder-workspace/Sources/MeiliSearch/Model/KeysResults.swift /host/spi-builder-workspace/Sources/MeiliSearch/Model/PackageVersion.swift /host/spi-builder-workspace/Sources/MeiliSearch/Model/Pagination.swift /host/spi-builder-workspace/Sources/MeiliSearch/Model/ProximityPrecision.swift /host/spi-builder-workspace/Sources/MeiliSearch/Model/SearchParameters.swift /host/spi-builder-workspace/Sources/MeiliSearch/Model/SearchResult.swift /host/spi-builder-workspace/Sources/MeiliSearch/Model/SearchScoreRankingDetails.swift /host/spi-builder-workspace/Sources/MeiliSearch/Model/Setting.swift /host/spi-builder-workspace/Sources/MeiliSearch/Model/SettingResult.swift /host/spi-builder-workspace/Sources/MeiliSearch/Model/Stat.swift /host/spi-builder-workspace/Sources/MeiliSearch/Model/Task/Task.swift /host/spi-builder-workspace/Sources/MeiliSearch/Model/Task/TaskDetails.swift /host/spi-builder-workspace/Sources/MeiliSearch/Model/Task/TaskInfo.swift /host/spi-builder-workspace/Sources/MeiliSearch/Model/Task/TaskStatus.swift /host/spi-builder-workspace/Sources/MeiliSearch/Model/Task/TaskType.swift /host/spi-builder-workspace/Sources/MeiliSearch/Model/Task/TasksResults.swift /host/spi-builder-workspace/Sources/MeiliSearch/Model/TypoTolerance.swift /host/spi-builder-workspace/Sources/MeiliSearch/Model/TypoToleranceResult.swift /host/spi-builder-workspace/Sources/MeiliSearch/Model/Version.swift /host/spi-builder-workspace/Sources/MeiliSearch/Model/WaitOptions.swift /host/spi-builder-workspace/Sources/MeiliSearch/QueryParameters/CancelTasksQuery.swift /host/spi-builder-workspace/Sources/MeiliSearch/QueryParameters/DeleteTasksQuery.swift /host/spi-builder-workspace/Sources/MeiliSearch/QueryParameters/DocumentsQuery.swift /host/spi-builder-workspace/Sources/MeiliSearch/QueryParameters/IndexesQuery.swift /host/spi-builder-workspace/Sources/MeiliSearch/QueryParameters/KeysQuery.swift /host/spi-builder-workspace/Sources/MeiliSearch/QueryParameters/Queryable.swift /host/spi-builder-workspace/Sources/MeiliSearch/QueryParameters/TasksQuery.swift /host/spi-builder-workspace/Sources/MeiliSearch/Request.swift /host/spi-builder-workspace/Sources/MeiliSearch/Search.swift /host/spi-builder-workspace/Sources/MeiliSearch/Settings.swift /host/spi-builder-workspace/Sources/MeiliSearch/Snapshots.swift /host/spi-builder-workspace/Sources/MeiliSearch/Stats.swift /host/spi-builder-workspace/Sources/MeiliSearch/System.swift /host/spi-builder-workspace/Sources/MeiliSearch/Tasks.swift -target wasm32-unknown-wasip1 -disable-objc-interop -sdk /root/.swiftpm/swift-sdks/swift-6.4.x-DEVELOPMENT-SNAPSHOT-2026-09-04-a_wasm.artifactbundle/swift-6.4.x-DEVELOPMENT-SNAPSHOT-2026-09-04-a_wasm/wasm32-unknown-wasip1/WASI.sdk -sysroot /root/.swiftpm/swift-sdks/swift-6.4.x-DEVELOPMENT-SNAPSHOT-2026-09-04-a_wasm.artifactbundle/swift-6.4.x-DEVELOPMENT-SNAPSHOT-2026-09-04-a_wasm/wasm32-unknown-wasip1/WASI.sdk -I /host/spi-builder-workspace/.build/out/Products/Debug-webassembly-wasm32 -module-cache-path /host/spi-builder-workspace/.build/out/ModuleCache.noindex -color-diagnostics -Xcc -fcolor-diagnostics -enable-testing -g -debug-info-format\=dwarf -dwarf-version\=4 -swift-version 5 -Onone -D SWIFT_PACKAGE -D DEBUG -D SWIFT_MODULE_RESOURCE_BUNDLE_UNAVAILABLE -D Xcode -serialize-debugging-options -enable-experimental-feature DebugDescriptionMacro -empty-abi-descriptor -external-plugin-path /usr/lib/swift/host/plugins/testing\#/usr/bin/swift-plugin-server -validate-clang-modules-once -clang-build-session-file /host/spi-builder-workspace/.build/out/ModuleCache.noindex/Session.modulevalidation -Xcc -working-directory -Xcc /host -resource-dir /root/.swiftpm/swift-sdks/swift-6.4.x-DEVELOPMENT-SNAPSHOT-2026-09-04-a_wasm.artifactbundle/swift-6.4.x-DEVELOPMENT-SNAPSHOT-2026-09-04-a_wasm/wasm32-unknown-wasip1/swift.xctoolchain/usr/lib/swift_static -use-static-resource-dir -enable-anonymous-context-mangled-names -file-compilation-dir /host -Xcc -resource-dir -Xcc /root/.swiftpm/swift-sdks/swift-6.4.x-DEVELOPMENT-SNAPSHOT-2026-09-04-a_wasm.artifactbundle/swift-6.4.x-DEVELOPMENT-SNAPSHOT-2026-09-04-a_wasm/wasm32-unknown-wasip1/swift.xctoolchain/usr/lib/swift_static/clang -Xcc -D_LIBCPP_HARDENING_MODE\=_LIBCPP_HARDENING_MODE_DEBUG -Xcc -fmodules-prune-interval\=86400 -Xcc -fmodules-prune-after\=345600 -Xcc -I/host/spi-builder-workspace/.build/out/Products/Debug-webassembly-wasm32/include -Xcc -I/host/spi-builder-workspace/.build/out/Intermediates.noindex/meilisearch-swift.build/Debug-webassembly-wasm32/MeiliSearch-t.build/DerivedSources-normal/wasm32 -Xcc -I/host/spi-builder-workspace/.build/out/Intermediates.noindex/meilisearch-swift.build/Debug-webassembly-wasm32/MeiliSearch-t.build/DerivedSources/wasm32 -Xcc -I/host/spi-builder-workspace/.build/out/Intermediates.noindex/meilisearch-swift.build/Debug-webassembly-wasm32/MeiliSearch-t.build/DerivedSources -Xcc -DSWIFT_PACKAGE -Xcc -DDEBUG\=1 -no-auto-bridging-header-chaining -module-name MeiliSearch -const-gather-protocols-file /host/spi-builder-workspace/.build/out/Intermediates.noindex/meilisearch-swift.build/Debug-webassembly-wasm32/MeiliSearch-t.build/Objects-normal/wasm32/MeiliSearch_const_extract_protocols.json -in-process-plugin-server-path /usr/lib/swift/host/libSwiftInProcPluginServer.so -plugin-path /usr/lib/swift/host/plugins -plugin-path /usr/local/lib/swift/host/plugins -emit-module-doc-path /host/spi-builder-workspace/.build/out/Intermediates.noindex/meilisearch-swift.build/Debug-webassembly-wasm32/MeiliSearch-t.build/Objects-normal/wasm32/Modules/MeiliSearch.swiftdoc -emit-module-source-info-path /host/spi-builder-workspace/.build/out/Intermediates.noindex/meilisearch-swift.build/Debug-webassembly-wasm32/MeiliSearch-t.build/Objects-normal/wasm32/Modules/MeiliSearch.swiftsourceinfo -emit-objc-header-path /host/spi-builder-workspace/.build/out/Intermediates.noindex/meilisearch-swift.build/Debug-webassembly-wasm32/MeiliSearch-t.build/Objects-normal/wasm32/MeiliSearch-Swift.h -serialize-diagnostics-path /host/spi-builder-workspace/.build/out/Intermediates.noindex/meilisearch-swift.build/Debug-webassembly-wasm32/MeiliSearch-t.build/Objects-normal/wasm32/MeiliSearch-primary-emit-module.dia -emit-dependencies-path /host/spi-builder-workspace/.build/out/Intermediates.noindex/meilisearch-swift.build/Debug-webassembly-wasm32/MeiliSearch-t.build/Objects-normal/wasm32/MeiliSearch-primary-emit-module.d -parse-as-library -o /host/spi-builder-workspace/.build/out/Intermediates.noindex/meilisearch-swift.build/Debug-webassembly-wasm32/MeiliSearch-t.build/Objects-normal/wasm32/Modules/MeiliSearch.swiftmodule
[27 / 35] MeiliSearch
error: Build failed
BUILD FAILURE 6.4 wasm