Build Information
Failed to build swift-awesome-button, reference main (3b4fc9), with Swift 6.1 for watchOS using Xcode 16.3 on 2 Sep 2026 19:55:02 UTC.
Build Command
env DEVELOPER_DIR=/Applications/Xcode-16.3.0.app xcrun xcodebuild -IDEClonedSourcePackagesDirPathOverride=$PWD/.dependencies -skipMacroValidation -skipPackagePluginValidation -derivedDataPath $PWD/.derivedData build -scheme swift-awesome-button -destination generic/platform=watchOSBuild Log
cd /Users/admin/builder/spi-builder-workspace
write-file /Users/admin/builder/spi-builder-workspace/.derivedData/Build/Intermediates.noindex/swift-awesome-button.build/Debug-watchos/SwiftAwesomeButton.build/DerivedSources/resource_bundle_accessor.swift
Copy /Users/admin/builder/spi-builder-workspace/.derivedData/Build/Intermediates.noindex/GeneratedModuleMaps-watchos/SwiftAwesomeButton.modulemap /Users/admin/builder/spi-builder-workspace/.derivedData/Build/Intermediates.noindex/swift-awesome-button.build/Debug-watchos/SwiftAwesomeButton.build/SwiftAwesomeButton.modulemap (in target 'SwiftAwesomeButton' from project 'swift-awesome-button')
cd /Users/admin/builder/spi-builder-workspace
builtin-copy -exclude .DS_Store -exclude CVS -exclude .svn -exclude .git -exclude .hg -resolve-src-symlinks /Users/admin/builder/spi-builder-workspace/.derivedData/Build/Intermediates.noindex/swift-awesome-button.build/Debug-watchos/SwiftAwesomeButton.build/SwiftAwesomeButton.modulemap /Users/admin/builder/spi-builder-workspace/.derivedData/Build/Intermediates.noindex/GeneratedModuleMaps-watchos
ProcessInfoPlistFile /Users/admin/builder/spi-builder-workspace/.derivedData/Build/Products/Debug-watchos/swift-awesome-button_SwiftAwesomeButton.bundle/Info.plist /Users/admin/builder/spi-builder-workspace/.derivedData/Build/Intermediates.noindex/swift-awesome-button.build/Debug-watchos/swift-awesome-button_SwiftAwesomeButton.build/empty-swift-awesome-button_SwiftAwesomeButton.plist (in target 'swift-awesome-button_SwiftAwesomeButton' from project 'swift-awesome-button')
cd /Users/admin/builder/spi-builder-workspace
builtin-infoPlistUtility /Users/admin/builder/spi-builder-workspace/.derivedData/Build/Intermediates.noindex/swift-awesome-button.build/Debug-watchos/swift-awesome-button_SwiftAwesomeButton.build/empty-swift-awesome-button_SwiftAwesomeButton.plist -producttype com.apple.product-type.bundle -expandbuildsettings -format binary -platform watchos -o /Users/admin/builder/spi-builder-workspace/.derivedData/Build/Products/Debug-watchos/swift-awesome-button_SwiftAwesomeButton.bundle/Info.plist
CpResource /Users/admin/builder/spi-builder-workspace/.derivedData/Build/Products/Debug-watchos/swift-awesome-button_SwiftAwesomeButton.bundle/en.lproj/Localizable.strings /Users/admin/builder/spi-builder-workspace/Sources/SwiftAwesomeButton/Resources/en.lproj/Localizable.strings (in target 'swift-awesome-button_SwiftAwesomeButton' from project 'swift-awesome-button')
cd /Users/admin/builder/spi-builder-workspace
builtin-copy -exclude .DS_Store -exclude CVS -exclude .svn -exclude .git -exclude .hg -resolve-src-symlinks /Users/admin/builder/spi-builder-workspace/Sources/SwiftAwesomeButton/Resources/en.lproj/Localizable.strings /Users/admin/builder/spi-builder-workspace/.derivedData/Build/Products/Debug-watchos/swift-awesome-button_SwiftAwesomeButton.bundle/en.lproj
RegisterExecutionPolicyException /Users/admin/builder/spi-builder-workspace/.derivedData/Build/Products/Debug-watchos/swift-awesome-button_SwiftAwesomeButton.bundle (in target 'swift-awesome-button_SwiftAwesomeButton' from project 'swift-awesome-button')
cd /Users/admin/builder/spi-builder-workspace
builtin-RegisterExecutionPolicyException /Users/admin/builder/spi-builder-workspace/.derivedData/Build/Products/Debug-watchos/swift-awesome-button_SwiftAwesomeButton.bundle
Touch /Users/admin/builder/spi-builder-workspace/.derivedData/Build/Products/Debug-watchos/swift-awesome-button_SwiftAwesomeButton.bundle (in target 'swift-awesome-button_SwiftAwesomeButton' from project 'swift-awesome-button')
cd /Users/admin/builder/spi-builder-workspace
/usr/bin/touch -c /Users/admin/builder/spi-builder-workspace/.derivedData/Build/Products/Debug-watchos/swift-awesome-button_SwiftAwesomeButton.bundle
SwiftDriver SwiftAwesomeButton normal arm64_32 com.apple.xcode.tools.swift.compiler (in target 'SwiftAwesomeButton' from project 'swift-awesome-button')
cd /Users/admin/builder/spi-builder-workspace/.swiftpm/xcode
builtin-SwiftDriver -- /Applications/Xcode-16.3.0.app/Contents/Developer/Toolchains/XcodeDefault.xctoolchain/usr/bin/swiftc -module-name SwiftAwesomeButton -Onone -enforce-exclusivity\=checked @/Users/admin/builder/spi-builder-workspace/.derivedData/Build/Intermediates.noindex/swift-awesome-button.build/Debug-watchos/SwiftAwesomeButton.build/Objects-normal/arm64_32/SwiftAwesomeButton.SwiftFileList -DSWIFT_PACKAGE -DDEBUG -stats-output-dir .stats -strict-concurrency\=complete -enable-upcoming-feature StrictConcurrency -enable-upcoming-feature DisableOutwardActorInference -enable-upcoming-feature GlobalActorIsolatedTypesUsability -enable-upcoming-feature InferSendableFromCaptures -plugin-path /Applications/Xcode-16.3.0.app/Contents/Developer/Toolchains/XcodeDefault.xctoolchain/usr/lib/swift/host/plugins/testing -enable-experimental-feature DebugDescriptionMacro -sdk /Applications/Xcode-16.3.0.app/Contents/Developer/Platforms/WatchOS.platform/Developer/SDKs/WatchOS11.4.sdk -target arm64_32-apple-watchos9.0 -g -module-cache-path /Users/admin/builder/spi-builder-workspace/.derivedData/ModuleCache.noindex -Xfrontend -serialize-debugging-options -profile-coverage-mapping -profile-generate -enable-testing -index-store-path /Users/admin/builder/spi-builder-workspace/.derivedData/Index.noindex/DataStore -swift-version 5 -I /Users/admin/builder/spi-builder-workspace/.derivedData/Build/Products/Debug-watchos -I /Applications/Xcode-16.3.0.app/Contents/Developer/Platforms/WatchOS.platform/Developer/usr/lib -F /Users/admin/builder/spi-builder-workspace/.derivedData/Build/Products/Debug-watchos -F /Applications/Xcode-16.3.0.app/Contents/Developer/Platforms/WatchOS.platform/Developer/Library/Frameworks -F /Applications/Xcode-16.3.0.app/Contents/Developer/Platforms/WatchOS.platform/Developer/SDKs/WatchOS11.4.sdk/Developer/Library/Frameworks -emit-localized-strings -emit-localized-strings-path /Users/admin/builder/spi-builder-workspace/.derivedData/Build/Intermediates.noindex/swift-awesome-button.build/Debug-watchos/SwiftAwesomeButton.build/Objects-normal/arm64_32 -c -j10 -enable-batch-mode -incremental -Xcc -ivfsstatcache -Xcc /Users/admin/builder/spi-builder-workspace/.derivedData/SDKStatCaches.noindex/watchos11.4-22T246-43efb940ff07ba2497b70ec94253f576.sdkstatcache -output-file-map /Users/admin/builder/spi-builder-workspace/.derivedData/Build/Intermediates.noindex/swift-awesome-button.build/Debug-watchos/SwiftAwesomeButton.build/Objects-normal/arm64_32/SwiftAwesomeButton-OutputFileMap.json -use-frontend-parseable-output -save-temps -no-color-diagnostics -serialize-diagnostics -emit-dependencies -emit-module -emit-module-path /Users/admin/builder/spi-builder-workspace/.derivedData/Build/Intermediates.noindex/swift-awesome-button.build/Debug-watchos/SwiftAwesomeButton.build/Objects-normal/arm64_32/SwiftAwesomeButton.swiftmodule -validate-clang-modules-once -clang-build-session-file /Users/admin/builder/spi-builder-workspace/.derivedData/ModuleCache.noindex/Session.modulevalidation -package-name spi_builder_workspace -Xcc -I/Users/admin/builder/spi-builder-workspace/.derivedData/Build/Intermediates.noindex/swift-awesome-button.build/Debug-watchos/SwiftAwesomeButton.build/swift-overrides.hmap -emit-const-values -Xfrontend -const-gather-protocols-file -Xfrontend /Users/admin/builder/spi-builder-workspace/.derivedData/Build/Intermediates.noindex/swift-awesome-button.build/Debug-watchos/SwiftAwesomeButton.build/Objects-normal/arm64_32/SwiftAwesomeButton_const_extract_protocols.json -Xcc -I/Users/admin/builder/spi-builder-workspace/.derivedData/Build/Products/Debug-watchos/include -Xcc -I/Users/admin/builder/spi-builder-workspace/.derivedData/Build/Intermediates.noindex/swift-awesome-button.build/Debug-watchos/SwiftAwesomeButton.build/DerivedSources-normal/arm64_32 -Xcc -I/Users/admin/builder/spi-builder-workspace/.derivedData/Build/Intermediates.noindex/swift-awesome-button.build/Debug-watchos/SwiftAwesomeButton.build/DerivedSources/arm64_32 -Xcc -I/Users/admin/builder/spi-builder-workspace/.derivedData/Build/Intermediates.noindex/swift-awesome-button.build/Debug-watchos/SwiftAwesomeButton.build/DerivedSources -Xcc -DSWIFT_PACKAGE -Xcc -DDEBUG\=1 -emit-objc-header -emit-objc-header-path /Users/admin/builder/spi-builder-workspace/.derivedData/Build/Intermediates.noindex/swift-awesome-button.build/Debug-watchos/SwiftAwesomeButton.build/Objects-normal/arm64_32/SwiftAwesomeButton-Swift.h -working-directory /Users/admin/builder/spi-builder-workspace/.swiftpm/xcode -experimental-emit-module-separately -disable-cmo
SwiftDriver SwiftAwesomeButton normal arm64 com.apple.xcode.tools.swift.compiler (in target 'SwiftAwesomeButton' from project 'swift-awesome-button')
cd /Users/admin/builder/spi-builder-workspace/.swiftpm/xcode
builtin-SwiftDriver -- /Applications/Xcode-16.3.0.app/Contents/Developer/Toolchains/XcodeDefault.xctoolchain/usr/bin/swiftc -module-name SwiftAwesomeButton -Onone -enforce-exclusivity\=checked @/Users/admin/builder/spi-builder-workspace/.derivedData/Build/Intermediates.noindex/swift-awesome-button.build/Debug-watchos/SwiftAwesomeButton.build/Objects-normal/arm64/SwiftAwesomeButton.SwiftFileList -DSWIFT_PACKAGE -DDEBUG -stats-output-dir .stats -strict-concurrency\=complete -enable-upcoming-feature StrictConcurrency -enable-upcoming-feature DisableOutwardActorInference -enable-upcoming-feature GlobalActorIsolatedTypesUsability -enable-upcoming-feature InferSendableFromCaptures -plugin-path /Applications/Xcode-16.3.0.app/Contents/Developer/Toolchains/XcodeDefault.xctoolchain/usr/lib/swift/host/plugins/testing -enable-experimental-feature DebugDescriptionMacro -sdk /Applications/Xcode-16.3.0.app/Contents/Developer/Platforms/WatchOS.platform/Developer/SDKs/WatchOS11.4.sdk -target arm64-apple-watchos9.0 -g -module-cache-path /Users/admin/builder/spi-builder-workspace/.derivedData/ModuleCache.noindex -Xfrontend -serialize-debugging-options -profile-coverage-mapping -profile-generate -enable-testing -index-store-path /Users/admin/builder/spi-builder-workspace/.derivedData/Index.noindex/DataStore -swift-version 5 -I /Users/admin/builder/spi-builder-workspace/.derivedData/Build/Products/Debug-watchos -I /Applications/Xcode-16.3.0.app/Contents/Developer/Platforms/WatchOS.platform/Developer/usr/lib -F /Users/admin/builder/spi-builder-workspace/.derivedData/Build/Products/Debug-watchos -F /Applications/Xcode-16.3.0.app/Contents/Developer/Platforms/WatchOS.platform/Developer/Library/Frameworks -F /Applications/Xcode-16.3.0.app/Contents/Developer/Platforms/WatchOS.platform/Developer/SDKs/WatchOS11.4.sdk/Developer/Library/Frameworks -emit-localized-strings -emit-localized-strings-path /Users/admin/builder/spi-builder-workspace/.derivedData/Build/Intermediates.noindex/swift-awesome-button.build/Debug-watchos/SwiftAwesomeButton.build/Objects-normal/arm64 -c -j10 -enable-batch-mode -incremental -Xcc -ivfsstatcache -Xcc /Users/admin/builder/spi-builder-workspace/.derivedData/SDKStatCaches.noindex/watchos11.4-22T246-43efb940ff07ba2497b70ec94253f576.sdkstatcache -output-file-map /Users/admin/builder/spi-builder-workspace/.derivedData/Build/Intermediates.noindex/swift-awesome-button.build/Debug-watchos/SwiftAwesomeButton.build/Objects-normal/arm64/SwiftAwesomeButton-OutputFileMap.json -use-frontend-parseable-output -save-temps -no-color-diagnostics -serialize-diagnostics -emit-dependencies -emit-module -emit-module-path /Users/admin/builder/spi-builder-workspace/.derivedData/Build/Intermediates.noindex/swift-awesome-button.build/Debug-watchos/SwiftAwesomeButton.build/Objects-normal/arm64/SwiftAwesomeButton.swiftmodule -validate-clang-modules-once -clang-build-session-file /Users/admin/builder/spi-builder-workspace/.derivedData/ModuleCache.noindex/Session.modulevalidation -package-name spi_builder_workspace -Xcc -I/Users/admin/builder/spi-builder-workspace/.derivedData/Build/Intermediates.noindex/swift-awesome-button.build/Debug-watchos/SwiftAwesomeButton.build/swift-overrides.hmap -emit-const-values -Xfrontend -const-gather-protocols-file -Xfrontend /Users/admin/builder/spi-builder-workspace/.derivedData/Build/Intermediates.noindex/swift-awesome-button.build/Debug-watchos/SwiftAwesomeButton.build/Objects-normal/arm64/SwiftAwesomeButton_const_extract_protocols.json -Xcc -I/Users/admin/builder/spi-builder-workspace/.derivedData/Build/Products/Debug-watchos/include -Xcc -I/Users/admin/builder/spi-builder-workspace/.derivedData/Build/Intermediates.noindex/swift-awesome-button.build/Debug-watchos/SwiftAwesomeButton.build/DerivedSources-normal/arm64 -Xcc -I/Users/admin/builder/spi-builder-workspace/.derivedData/Build/Intermediates.noindex/swift-awesome-button.build/Debug-watchos/SwiftAwesomeButton.build/DerivedSources/arm64 -Xcc -I/Users/admin/builder/spi-builder-workspace/.derivedData/Build/Intermediates.noindex/swift-awesome-button.build/Debug-watchos/SwiftAwesomeButton.build/DerivedSources -Xcc -DSWIFT_PACKAGE -Xcc -DDEBUG\=1 -emit-objc-header -emit-objc-header-path /Users/admin/builder/spi-builder-workspace/.derivedData/Build/Intermediates.noindex/swift-awesome-button.build/Debug-watchos/SwiftAwesomeButton.build/Objects-normal/arm64/SwiftAwesomeButton-Swift.h -working-directory /Users/admin/builder/spi-builder-workspace/.swiftpm/xcode -experimental-emit-module-separately -disable-cmo
SwiftCompile normal arm64 Compiling\ AwesomeButtonControl.swift,\ AwesomeButtonController.swift,\ AwesomeButtonInteractionReleaseOwner.swift /Users/admin/builder/spi-builder-workspace/Sources/SwiftAwesomeButton/AwesomeButtonControl.swift /Users/admin/builder/spi-builder-workspace/Sources/SwiftAwesomeButton/AwesomeButtonController.swift /Users/admin/builder/spi-builder-workspace/Sources/SwiftAwesomeButton/AwesomeButtonInteractionReleaseOwner.swift (in target 'SwiftAwesomeButton' from project 'swift-awesome-button')
SwiftCompile normal arm64 /Users/admin/builder/spi-builder-workspace/Sources/SwiftAwesomeButton/AwesomeButtonControl.swift (in target 'SwiftAwesomeButton' from project 'swift-awesome-button')
cd /Users/admin/builder/spi-builder-workspace/.swiftpm/xcode
SwiftCompile normal arm64 /Users/admin/builder/spi-builder-workspace/Sources/SwiftAwesomeButton/AwesomeButtonController.swift (in target 'SwiftAwesomeButton' from project 'swift-awesome-button')
cd /Users/admin/builder/spi-builder-workspace/.swiftpm/xcode
SwiftCompile normal arm64 /Users/admin/builder/spi-builder-workspace/Sources/SwiftAwesomeButton/AwesomeButtonInteractionReleaseOwner.swift (in target 'SwiftAwesomeButton' from project 'swift-awesome-button')
cd /Users/admin/builder/spi-builder-workspace/.swiftpm/xcode
SwiftCompile normal arm64 Compiling\ AwesomeButtonShellGeometry.swift,\ AwesomeButtonSizeTextOwner.swift,\ AwesomeButtonStyleTransitionOwner.swift /Users/admin/builder/spi-builder-workspace/Sources/SwiftAwesomeButton/AwesomeButtonShellGeometry.swift /Users/admin/builder/spi-builder-workspace/Sources/SwiftAwesomeButton/AwesomeButtonSizeTextOwner.swift /Users/admin/builder/spi-builder-workspace/Sources/SwiftAwesomeButton/AwesomeButtonStyleTransitionOwner.swift (in target 'SwiftAwesomeButton' from project 'swift-awesome-button')
SwiftCompile normal arm64 /Users/admin/builder/spi-builder-workspace/Sources/SwiftAwesomeButton/AwesomeButtonShellGeometry.swift (in target 'SwiftAwesomeButton' from project 'swift-awesome-button')
cd /Users/admin/builder/spi-builder-workspace/.swiftpm/xcode
SwiftCompile normal arm64 /Users/admin/builder/spi-builder-workspace/Sources/SwiftAwesomeButton/AwesomeButtonSizeTextOwner.swift (in target 'SwiftAwesomeButton' from project 'swift-awesome-button')
cd /Users/admin/builder/spi-builder-workspace/.swiftpm/xcode
SwiftCompile normal arm64 /Users/admin/builder/spi-builder-workspace/Sources/SwiftAwesomeButton/AwesomeButtonStyleTransitionOwner.swift (in target 'SwiftAwesomeButton' from project 'swift-awesome-button')
cd /Users/admin/builder/spi-builder-workspace/.swiftpm/xcode
SwiftCompile normal arm64 Compiling\ AwesomeButton.swift,\ AwesomeButtonAutoWidthPlanning.swift,\ AwesomeButtonBody.swift /Users/admin/builder/spi-builder-workspace/Sources/SwiftAwesomeButton/AwesomeButton.swift /Users/admin/builder/spi-builder-workspace/Sources/SwiftAwesomeButton/AwesomeButtonAutoWidthPlanning.swift /Users/admin/builder/spi-builder-workspace/Sources/SwiftAwesomeButton/AwesomeButtonBody.swift (in target 'SwiftAwesomeButton' from project 'swift-awesome-button')
SwiftCompile normal arm64 /Users/admin/builder/spi-builder-workspace/Sources/SwiftAwesomeButton/AwesomeButton.swift (in target 'SwiftAwesomeButton' from project 'swift-awesome-button')
cd /Users/admin/builder/spi-builder-workspace/.swiftpm/xcode
SwiftCompile normal arm64 /Users/admin/builder/spi-builder-workspace/Sources/SwiftAwesomeButton/AwesomeButtonAutoWidthPlanning.swift (in target 'SwiftAwesomeButton' from project 'swift-awesome-button')
cd /Users/admin/builder/spi-builder-workspace/.swiftpm/xcode
SwiftCompile normal arm64 /Users/admin/builder/spi-builder-workspace/Sources/SwiftAwesomeButton/AwesomeButtonBody.swift (in target 'SwiftAwesomeButton' from project 'swift-awesome-button')
cd /Users/admin/builder/spi-builder-workspace/.swiftpm/xcode
SwiftCompile normal arm64 Compiling\ AwesomeButtonProgressOwner.swift,\ AwesomeButtonReleasePlanning.swift,\ AwesomeButtonResolvedConfiguration.swift /Users/admin/builder/spi-builder-workspace/Sources/SwiftAwesomeButton/AwesomeButtonProgressOwner.swift /Users/admin/builder/spi-builder-workspace/Sources/SwiftAwesomeButton/AwesomeButtonReleasePlanning.swift /Users/admin/builder/spi-builder-workspace/Sources/SwiftAwesomeButton/AwesomeButtonResolvedConfiguration.swift (in target 'SwiftAwesomeButton' from project 'swift-awesome-button')
SwiftCompile normal arm64 /Users/admin/builder/spi-builder-workspace/Sources/SwiftAwesomeButton/AwesomeButtonProgressOwner.swift (in target 'SwiftAwesomeButton' from project 'swift-awesome-button')
cd /Users/admin/builder/spi-builder-workspace/.swiftpm/xcode
SwiftCompile normal arm64 /Users/admin/builder/spi-builder-workspace/Sources/SwiftAwesomeButton/AwesomeButtonReleasePlanning.swift (in target 'SwiftAwesomeButton' from project 'swift-awesome-button')
cd /Users/admin/builder/spi-builder-workspace/.swiftpm/xcode
SwiftCompile normal arm64 /Users/admin/builder/spi-builder-workspace/Sources/SwiftAwesomeButton/AwesomeButtonResolvedConfiguration.swift (in target 'SwiftAwesomeButton' from project 'swift-awesome-button')
cd /Users/admin/builder/spi-builder-workspace/.swiftpm/xcode
SwiftCompile normal arm64 Compiling\ resource_bundle_accessor.swift,\ AnimationUtilities.swift,\ AutoWidthMeasurement.swift /Users/admin/builder/spi-builder-workspace/.derivedData/Build/Intermediates.noindex/swift-awesome-button.build/Debug-watchos/SwiftAwesomeButton.build/DerivedSources/resource_bundle_accessor.swift /Users/admin/builder/spi-builder-workspace/Sources/SwiftAwesomeButton/AnimationUtilities.swift /Users/admin/builder/spi-builder-workspace/Sources/SwiftAwesomeButton/AutoWidthMeasurement.swift (in target 'SwiftAwesomeButton' from project 'swift-awesome-button')
SwiftCompile normal arm64 /Users/admin/builder/spi-builder-workspace/.derivedData/Build/Intermediates.noindex/swift-awesome-button.build/Debug-watchos/SwiftAwesomeButton.build/DerivedSources/resource_bundle_accessor.swift (in target 'SwiftAwesomeButton' from project 'swift-awesome-button')
cd /Users/admin/builder/spi-builder-workspace/.swiftpm/xcode
SwiftCompile normal arm64 /Users/admin/builder/spi-builder-workspace/Sources/SwiftAwesomeButton/AnimationUtilities.swift (in target 'SwiftAwesomeButton' from project 'swift-awesome-button')
cd /Users/admin/builder/spi-builder-workspace/.swiftpm/xcode
SwiftCompile normal arm64 /Users/admin/builder/spi-builder-workspace/Sources/SwiftAwesomeButton/AutoWidthMeasurement.swift (in target 'SwiftAwesomeButton' from project 'swift-awesome-button')
cd /Users/admin/builder/spi-builder-workspace/.swiftpm/xcode
SwiftCompile normal arm64 Compiling\ AwesomeButtonTextUpdatePlanning.swift,\ ButtonTouchSurface.swift,\ ColorHelpers.swift /Users/admin/builder/spi-builder-workspace/Sources/SwiftAwesomeButton/AwesomeButtonTextUpdatePlanning.swift /Users/admin/builder/spi-builder-workspace/Sources/SwiftAwesomeButton/ButtonTouchSurface.swift /Users/admin/builder/spi-builder-workspace/Sources/SwiftAwesomeButton/ColorHelpers.swift (in target 'SwiftAwesomeButton' from project 'swift-awesome-button')
SwiftCompile normal arm64 /Users/admin/builder/spi-builder-workspace/Sources/SwiftAwesomeButton/AwesomeButtonTextUpdatePlanning.swift (in target 'SwiftAwesomeButton' from project 'swift-awesome-button')
cd /Users/admin/builder/spi-builder-workspace/.swiftpm/xcode
SwiftCompile normal arm64 /Users/admin/builder/spi-builder-workspace/Sources/SwiftAwesomeButton/ButtonTouchSurface.swift (in target 'SwiftAwesomeButton' from project 'swift-awesome-button')
cd /Users/admin/builder/spi-builder-workspace/.swiftpm/xcode
SwiftCompile normal arm64 /Users/admin/builder/spi-builder-workspace/Sources/SwiftAwesomeButton/ColorHelpers.swift (in target 'SwiftAwesomeButton' from project 'swift-awesome-button')
cd /Users/admin/builder/spi-builder-workspace/.swiftpm/xcode
SwiftCompile normal arm64 Compiling\ Models.swift,\ PlaceholderShimmer.swift,\ ProgressTransition.swift /Users/admin/builder/spi-builder-workspace/Sources/SwiftAwesomeButton/Models.swift /Users/admin/builder/spi-builder-workspace/Sources/SwiftAwesomeButton/PlaceholderShimmer.swift /Users/admin/builder/spi-builder-workspace/Sources/SwiftAwesomeButton/ProgressTransition.swift (in target 'SwiftAwesomeButton' from project 'swift-awesome-button')
SwiftCompile normal arm64 /Users/admin/builder/spi-builder-workspace/Sources/SwiftAwesomeButton/Models.swift (in target 'SwiftAwesomeButton' from project 'swift-awesome-button')
cd /Users/admin/builder/spi-builder-workspace/.swiftpm/xcode
SwiftCompile normal arm64 /Users/admin/builder/spi-builder-workspace/Sources/SwiftAwesomeButton/PlaceholderShimmer.swift (in target 'SwiftAwesomeButton' from project 'swift-awesome-button')
cd /Users/admin/builder/spi-builder-workspace/.swiftpm/xcode
SwiftCompile normal arm64 /Users/admin/builder/spi-builder-workspace/Sources/SwiftAwesomeButton/ProgressTransition.swift (in target 'SwiftAwesomeButton' from project 'swift-awesome-button')
cd /Users/admin/builder/spi-builder-workspace/.swiftpm/xcode
SwiftCompile normal arm64 Compiling\ Themes.swift,\ UIKitHostingSupport.swift /Users/admin/builder/spi-builder-workspace/Sources/SwiftAwesomeButton/Themes.swift /Users/admin/builder/spi-builder-workspace/Sources/SwiftAwesomeButton/UIKitHostingSupport.swift (in target 'SwiftAwesomeButton' from project 'swift-awesome-button')
SwiftCompile normal arm64 /Users/admin/builder/spi-builder-workspace/Sources/SwiftAwesomeButton/Themes.swift (in target 'SwiftAwesomeButton' from project 'swift-awesome-button')
cd /Users/admin/builder/spi-builder-workspace/.swiftpm/xcode
SwiftCompile normal arm64 /Users/admin/builder/spi-builder-workspace/Sources/SwiftAwesomeButton/UIKitHostingSupport.swift (in target 'SwiftAwesomeButton' from project 'swift-awesome-button')
cd /Users/admin/builder/spi-builder-workspace/.swiftpm/xcode
SwiftEmitModule normal arm64 Emitting\ module\ for\ SwiftAwesomeButton (in target 'SwiftAwesomeButton' from project 'swift-awesome-button')
Failed frontend command:
/Applications/Xcode-16.3.0.app/Contents/Developer/Toolchains/XcodeDefault.xctoolchain/usr/bin/swift-frontend -frontend -emit-module -experimental-skip-non-inlinable-function-bodies-without-types /Users/admin/builder/spi-builder-workspace/.derivedData/Build/Intermediates.noindex/swift-awesome-button.build/Debug-watchos/SwiftAwesomeButton.build/DerivedSources/resource_bundle_accessor.swift /Users/admin/builder/spi-builder-workspace/Sources/SwiftAwesomeButton/AnimationUtilities.swift /Users/admin/builder/spi-builder-workspace/Sources/SwiftAwesomeButton/AutoWidthMeasurement.swift /Users/admin/builder/spi-builder-workspace/Sources/SwiftAwesomeButton/AwesomeButton.swift /Users/admin/builder/spi-builder-workspace/Sources/SwiftAwesomeButton/AwesomeButtonAutoWidthPlanning.swift /Users/admin/builder/spi-builder-workspace/Sources/SwiftAwesomeButton/AwesomeButtonBody.swift /Users/admin/builder/spi-builder-workspace/Sources/SwiftAwesomeButton/AwesomeButtonControl.swift /Users/admin/builder/spi-builder-workspace/Sources/SwiftAwesomeButton/AwesomeButtonController.swift /Users/admin/builder/spi-builder-workspace/Sources/SwiftAwesomeButton/AwesomeButtonInteractionReleaseOwner.swift /Users/admin/builder/spi-builder-workspace/Sources/SwiftAwesomeButton/AwesomeButtonLocalization.swift /Users/admin/builder/spi-builder-workspace/Sources/SwiftAwesomeButton/AwesomeButtonNativeControlBridge.swift /Users/admin/builder/spi-builder-workspace/Sources/SwiftAwesomeButton/AwesomeButtonNormalization.swift /Users/admin/builder/spi-builder-workspace/Sources/SwiftAwesomeButton/AwesomeButtonProgressOwner.swift /Users/admin/builder/spi-builder-workspace/Sources/SwiftAwesomeButton/AwesomeButtonReleasePlanning.swift /Users/admin/builder/spi-builder-workspace/Sources/SwiftAwesomeButton/AwesomeButtonResolvedConfiguration.swift /Users/admin/builder/spi-builder-workspace/Sources/SwiftAwesomeButton/AwesomeButtonShellGeometry.swift /Users/admin/builder/spi-builder-workspace/Sources/SwiftAwesomeButton/AwesomeButtonSizeTextOwner.swift /Users/admin/builder/spi-builder-workspace/Sources/SwiftAwesomeButton/AwesomeButtonStyleTransitionOwner.swift /Users/admin/builder/spi-builder-workspace/Sources/SwiftAwesomeButton/AwesomeButtonTextUpdatePlanning.swift /Users/admin/builder/spi-builder-workspace/Sources/SwiftAwesomeButton/ButtonTouchSurface.swift /Users/admin/builder/spi-builder-workspace/Sources/SwiftAwesomeButton/ColorHelpers.swift /Users/admin/builder/spi-builder-workspace/Sources/SwiftAwesomeButton/Models.swift /Users/admin/builder/spi-builder-workspace/Sources/SwiftAwesomeButton/PlaceholderShimmer.swift /Users/admin/builder/spi-builder-workspace/Sources/SwiftAwesomeButton/ProgressTransition.swift /Users/admin/builder/spi-builder-workspace/Sources/SwiftAwesomeButton/TextTransition.swift /Users/admin/builder/spi-builder-workspace/Sources/SwiftAwesomeButton/ThemedButton.swift /Users/admin/builder/spi-builder-workspace/Sources/SwiftAwesomeButton/ThemedButtonControl.swift /Users/admin/builder/spi-builder-workspace/Sources/SwiftAwesomeButton/Themes.swift /Users/admin/builder/spi-builder-workspace/Sources/SwiftAwesomeButton/UIKitHostingSupport.swift -target arm64-apple-watchos9.0 -Xllvm -aarch64-use-tbi -enable-objc-interop -stack-check -sdk /Applications/Xcode-16.3.0.app/Contents/Developer/Platforms/WatchOS.platform/Developer/SDKs/WatchOS11.4.sdk -I /Users/admin/builder/spi-builder-workspace/.derivedData/Build/Products/Debug-watchos -I /Applications/Xcode-16.3.0.app/Contents/Developer/Platforms/WatchOS.platform/Developer/usr/lib -F /Users/admin/builder/spi-builder-workspace/.derivedData/Build/Products/Debug-watchos -F /Applications/Xcode-16.3.0.app/Contents/Developer/Platforms/WatchOS.platform/Developer/Library/Frameworks -F /Applications/Xcode-16.3.0.app/Contents/Developer/Platforms/WatchOS.platform/Developer/SDKs/WatchOS11.4.sdk/Developer/Library/Frameworks -no-color-diagnostics -enable-testing -g -debug-info-format\=dwarf -dwarf-version\=4 -module-cache-path /Users/admin/builder/spi-builder-workspace/.derivedData/ModuleCache.noindex -profile-generate -profile-coverage-mapping -swift-version 5 -enforce-exclusivity\=checked -stats-output-dir /Users/admin/builder/spi-builder-workspace/.swiftpm/xcode/.stats -Onone -D SWIFT_PACKAGE -D DEBUG -serialize-debugging-options -const-gather-protocols-file /Users/admin/builder/spi-builder-workspace/.derivedData/Build/Intermediates.noindex/swift-awesome-button.build/Debug-watchos/SwiftAwesomeButton.build/Objects-normal/arm64/SwiftAwesomeButton_const_extract_protocols.json -enable-upcoming-feature StrictConcurrency -enable-upcoming-feature DisableOutwardActorInference -enable-upcoming-feature GlobalActorIsolatedTypesUsability -enable-upcoming-feature InferSendableFromCaptures -enable-experimental-feature DebugDescriptionMacro -strict-concurrency\=complete -empty-abi-descriptor -plugin-path /Applications/Xcode-16.3.0.app/Contents/Developer/Toolchains/XcodeDefault.xctoolchain/usr/lib/swift/host/plugins/testing -validate-clang-modules-once -clang-build-session-file /Users/admin/builder/spi-builder-workspace/.derivedData/ModuleCache.noindex/Session.modulevalidation -Xcc -working-directory -Xcc /Users/admin/builder/spi-builder-workspace/.swiftpm/xcode -resource-dir /Applications/Xcode-16.3.0.app/Contents/Developer/Toolchains/XcodeDefault.xctoolchain/usr/lib/swift -enable-anonymous-context-mangled-names -file-compilation-dir /Users/admin/builder/spi-builder-workspace/.swiftpm/xcode -Xcc -ivfsstatcache -Xcc /Users/admin/builder/spi-builder-workspace/.derivedData/SDKStatCaches.noindex/watchos11.4-22T246-43efb940ff07ba2497b70ec94253f576.sdkstatcache -Xcc -I/Users/admin/builder/spi-builder-workspace/.derivedData/Build/Intermediates.noindex/swift-awesome-button.build/Debug-watchos/SwiftAwesomeButton.build/swift-overrides.hmap -Xcc -I/Users/admin/builder/spi-builder-workspace/.derivedData/Build/Products/Debug-watchos/include -Xcc -I/Users/admin/builder/spi-builder-workspace/.derivedData/Build/Intermediates.noindex/swift-awesome-button.build/Debug-watchos/SwiftAwesomeButton.build/DerivedSources-normal/arm64 -Xcc -I/Users/admin/builder/spi-builder-workspace/.derivedData/Build/Intermediates.noindex/swift-awesome-button.build/Debug-watchos/SwiftAwesomeButton.build/DerivedSources/arm64 -Xcc -I/Users/admin/builder/spi-builder-workspace/.derivedData/Build/Intermediates.noindex/swift-awesome-button.build/Debug-watchos/SwiftAwesomeButton.build/DerivedSources -Xcc -DSWIFT_PACKAGE -Xcc -DDEBUG\=1 -module-name SwiftAwesomeButton -package-name spi_builder_workspace -frontend-parseable-output -disable-clang-spi -target-sdk-version 11.4 -target-sdk-name watchos11.4 -external-plugin-path /Applications/Xcode-16.3.0.app/Contents/Developer/Platforms/WatchOS.platform/Developer/usr/lib/swift/host/plugins\#/Applications/Xcode-16.3.0.app/Contents/Developer/Platforms/WatchOS.platform/Developer/usr/bin/swift-plugin-server -external-plugin-path /Applications/Xcode-16.3.0.app/Contents/Developer/Platforms/WatchOS.platform/Developer/usr/local/lib/swift/host/plugins\#/Applications/Xcode-16.3.0.app/Contents/Developer/Platforms/WatchOS.platform/Developer/usr/bin/swift-plugin-server -in-process-plugin-server-path /Applications/Xcode-16.3.0.app/Contents/Developer/Toolchains/XcodeDefault.xctoolchain/usr/lib/swift/host/libSwiftInProcPluginServer.dylib -plugin-path /Applications/Xcode-16.3.0.app/Contents/Developer/Toolchains/XcodeDefault.xctoolchain/usr/lib/swift/host/plugins -plugin-path /Applications/Xcode-16.3.0.app/Contents/Developer/Toolchains/XcodeDefault.xctoolchain/usr/local/lib/swift/host/plugins -emit-module-doc-path /Users/admin/builder/spi-builder-workspace/.derivedData/Build/Intermediates.noindex/swift-awesome-button.build/Debug-watchos/SwiftAwesomeButton.build/Objects-normal/arm64/SwiftAwesomeButton.swiftdoc -emit-module-source-info-path /Users/admin/builder/spi-builder-workspace/.derivedData/Build/Intermediates.noindex/swift-awesome-button.build/Debug-watchos/SwiftAwesomeButton.build/Objects-normal/arm64/SwiftAwesomeButton.swiftsourceinfo -emit-objc-header-path /Users/admin/builder/spi-builder-workspace/.derivedData/Build/Intermediates.noindex/swift-awesome-button.build/Debug-watchos/SwiftAwesomeButton.build/Objects-normal/arm64/SwiftAwesomeButton-Swift.h -serialize-diagnostics-path /Users/admin/builder/spi-builder-workspace/.derivedData/Build/Intermediates.noindex/swift-awesome-button.build/Debug-watchos/SwiftAwesomeButton.build/Objects-normal/arm64/SwiftAwesomeButton-master-emit-module.dia -emit-dependencies-path /Users/admin/builder/spi-builder-workspace/.derivedData/Build/Intermediates.noindex/swift-awesome-button.build/Debug-watchos/SwiftAwesomeButton.build/Objects-normal/arm64/SwiftAwesomeButton-master-emit-module.d -o /Users/admin/builder/spi-builder-workspace/.derivedData/Build/Intermediates.noindex/swift-awesome-button.build/Debug-watchos/SwiftAwesomeButton.build/Objects-normal/arm64/SwiftAwesomeButton.swiftmodule -emit-abi-descriptor-path /Users/admin/builder/spi-builder-workspace/.derivedData/Build/Intermediates.noindex/swift-awesome-button.build/Debug-watchos/SwiftAwesomeButton.build/Objects-normal/arm64/SwiftAwesomeButton.abi.json
EmitSwiftModule normal arm64 (in target 'SwiftAwesomeButton' from project 'swift-awesome-button')
cd /Users/admin/builder/spi-builder-workspace/.swiftpm/xcode
/Users/admin/builder/spi-builder-workspace/Sources/SwiftAwesomeButton/AwesomeButtonControl.swift:159:40: error: cannot find type 'UIViewController' in scope
internal var hostedViewController: UIViewController { hostCoordinator.hostingController }
^~~~~~~~~~~~~~~~
/Users/admin/builder/spi-builder-workspace/Sources/SwiftAwesomeButton/AwesomeButtonControl.swift:160:48: error: cannot find type 'UIViewController' in scope
internal var attachedParentViewController: UIViewController? {
^~~~~~~~~~~~~~~~
/Users/admin/builder/spi-builder-workspace/Sources/SwiftAwesomeButton/AwesomeButtonControl.swift:165:25: error: property does not override any property from its superclass
public override var isEnabled: Bool {
~~~~~~~~ ^
/Users/admin/builder/spi-builder-workspace/Sources/SwiftAwesomeButton/AwesomeButtonControl.swift:172:25: error: property does not override any property from its superclass
public override var isHighlighted: Bool {
~~~~~~~~ ^
/Users/admin/builder/spi-builder-workspace/Sources/SwiftAwesomeButton/AwesomeButtonControl.swift:272:49: error: cannot find type 'UIViewController' in scope
public func attach(to parentViewController: UIViewController) {
^~~~~~~~~~~~~~~~
/Users/admin/builder/spi-builder-workspace/Sources/SwiftAwesomeButton/AwesomeButtonControl.swift:288:25: error: property does not override any property from its superclass
public override var intrinsicContentSize: CGSize {
~~~~~~~~ ^
/Users/admin/builder/spi-builder-workspace/Sources/SwiftAwesomeButton/AwesomeButtonControl.swift:293:26: error: method does not override any method from its superclass
public override func sizeThatFits(_ size: CGSize) -> CGSize {
~~~~~~~~ ^
/Users/admin/builder/spi-builder-workspace/Sources/SwiftAwesomeButton/AwesomeButtonControl.swift:298:26: error: method does not override any method from its superclass
public override func layoutSubviews() {
~~~~~~~~ ^
/Users/admin/builder/spi-builder-workspace/Sources/SwiftAwesomeButton/AwesomeButtonControl.swift:304:26: error: method does not override any method from its superclass
public override func didMoveToWindow() {
~~~~~~~~ ^
/Users/admin/builder/spi-builder-workspace/Sources/SwiftAwesomeButton/AwesomeButtonControl.swift:310:26: error: method does not override any method from its superclass
public override func didMoveToSuperview() {
~~~~~~~~ ^
/Users/admin/builder/spi-builder-workspace/Sources/SwiftAwesomeButton/AwesomeButtonControl.swift:316:78: error: cannot find type 'UITraitCollection' in scope
public override func traitCollectionDidChange(_ previousTraitCollection: UITraitCollection?) {
^~~~~~~~~~~~~~~~~
/Users/admin/builder/spi-builder-workspace/Sources/SwiftAwesomeButton/AwesomeButtonControl.swift:322:26: error: method does not override any method from its superclass
public override func accessibilityActivate() -> Bool {
~~~~~~~~ ^
/Users/admin/builder/spi-builder-workspace/Sources/SwiftAwesomeButton/AwesomeButtonControl.swift:327:26: error: method does not override any method from its superclass
public override func accessibilityElementDidBecomeFocused() {
~~~~~~~~ ^
/Users/admin/builder/spi-builder-workspace/Sources/SwiftAwesomeButton/AwesomeButtonControl.swift:342:54: error: cannot find type 'UIPress' in scope
public override func pressesBegan(_ presses: Set<UIPress>, with event: UIPressesEvent?) {
^~~~~~~
/Users/admin/builder/spi-builder-workspace/Sources/SwiftAwesomeButton/AwesomeButtonControl.swift:342:76: error: cannot find type 'UIPressesEvent' in scope
public override func pressesBegan(_ presses: Set<UIPress>, with event: UIPressesEvent?) {
^~~~~~~~~~~~~~
/Users/admin/builder/spi-builder-workspace/Sources/SwiftAwesomeButton/AwesomeButtonControl.swift:349:54: error: cannot find type 'UIPress' in scope
public override func pressesEnded(_ presses: Set<UIPress>, with event: UIPressesEvent?) {
^~~~~~~
/Users/admin/builder/spi-builder-workspace/Sources/SwiftAwesomeButton/AwesomeButtonControl.swift:349:76: error: cannot find type 'UIPressesEvent' in scope
public override func pressesEnded(_ presses: Set<UIPress>, with event: UIPressesEvent?) {
^~~~~~~~~~~~~~
/Users/admin/builder/spi-builder-workspace/Sources/SwiftAwesomeButton/AwesomeButtonControl.swift:356:58: error: cannot find type 'UIPress' in scope
public override func pressesCancelled(_ presses: Set<UIPress>, with event: UIPressesEvent?) {
^~~~~~~
/Users/admin/builder/spi-builder-workspace/Sources/SwiftAwesomeButton/AwesomeButtonControl.swift:356:80: error: cannot find type 'UIPressesEvent' in scope
public override func pressesCancelled(_ presses: Set<UIPress>, with event: UIPressesEvent?) {
^~~~~~~~~~~~~~
/Users/admin/builder/spi-builder-workspace/Sources/SwiftAwesomeButton/AwesomeButtonControl.swift:464:31: error: cannot find type 'UIControl' in scope
internal var hostControl: UIControl { self }
^~~~~~~~~
/Users/admin/builder/spi-builder-workspace/Sources/SwiftAwesomeButton/UIKitHostingSupport.swift:7:22: error: cannot find type 'UIControl' in scope
var hostControl: UIControl { get }
^~~~~~~~~
/Users/admin/builder/spi-builder-workspace/Sources/SwiftAwesomeButton/AwesomeButtonControl.swift:7:44: error: cannot find type 'UIControl' in scope
public final class AwesomeButtonControl: UIControl, UIKitButtonHostOwnerAdapter {
^~~~~~~~~
/Users/admin/builder/spi-builder-workspace/Sources/SwiftAwesomeButton/AwesomeButtonNativeControlBridge.swift:13:23: error: cannot find type 'UIControl' in scope
weak var control: UIControl?
^~~~~~~~~
/Users/admin/builder/spi-builder-workspace/Sources/SwiftAwesomeButton/AwesomeButtonNativeControlBridge.swift:16:28: error: cannot find type 'UIControl' in scope
var eventDispatcher: ((UIControl, UIControl.Event) -> Void)?
^~~~~~~~~
/Users/admin/builder/spi-builder-workspace/Sources/SwiftAwesomeButton/AwesomeButtonNativeControlBridge.swift:16:39: error: cannot find type 'UIControl' in scope
var eventDispatcher: ((UIControl, UIControl.Event) -> Void)?
^~~~~~~~~
/Users/admin/builder/spi-builder-workspace/Sources/SwiftAwesomeButton/AwesomeButtonNativeControlBridge.swift:175:42: error: cannot find type 'UIControl' in scope
private func sendActions(for events: UIControl.Event) {
^~~~~~~~~
/Users/admin/builder/spi-builder-workspace/Sources/SwiftAwesomeButton/ButtonTouchSurface.swift:14:30: error: cannot find type 'Context' in scope
func makeUIView(context: Context) -> ButtonTouchSurfaceView {
^~~~~~~
/Users/admin/builder/spi-builder-workspace/Sources/SwiftAwesomeButton/ButtonTouchSurface.swift:21:66: error: cannot find type 'Context' in scope
func updateUIView(_ uiView: ButtonTouchSurfaceView, context: Context) {
^~~~~~~
/Users/admin/builder/spi-builder-workspace/Sources/SwiftAwesomeButton/ButtonTouchSurface.swift:6:39: error: cannot find type 'UIViewRepresentable' in scope
internal struct ButtonTouchSurface: UIViewRepresentable {
^~~~~~~~~~~~~~~~~~~
/Users/admin/builder/spi-builder-workspace/Sources/SwiftAwesomeButton/ButtonTouchSurface.swift:76:43: error: cannot find type 'UILongPressGestureRecognizer' in scope
private lazy var longPressRecognizer: UILongPressGestureRecognizer = {
^~~~~~~~~~~~~~~~~~~~~~~~~~~~
/Users/admin/builder/spi-builder-workspace/Sources/SwiftAwesomeButton/ButtonTouchSurface.swift:47:48: error: cannot find type 'UIView' in scope
internal final class ButtonTouchSurfaceView: UIView, UIGestureRecognizerDelegate {
^~~~~~
/Applications/Xcode-16.3.0.app/Contents/Developer/Platforms/WatchOS.platform/Developer/SDKs/WatchOS11.4.sdk/System/Library/Frameworks/UIKit.framework/Headers/NSTextAttachment.h:23:1: note: interface 'UIView' forward declared here
@class UIView;
^
/Users/admin/builder/spi-builder-workspace/Sources/SwiftAwesomeButton/ButtonTouchSurface.swift:47:56: error: cannot find type 'UIGestureRecognizerDelegate' in scope
internal final class ButtonTouchSurfaceView: UIView, UIGestureRecognizerDelegate {
^~~~~~~~~~~~~~~~~~~~~~~~~~~
/Users/admin/builder/spi-builder-workspace/Sources/SwiftAwesomeButton/ButtonTouchSurface.swift:60:18: error: value of type 'PressTouchRecognizer' has no member 'delegate'
recognizer.delegate = self
~~~~~~~~~~ ^~~~~~~~
/Users/admin/builder/spi-builder-workspace/Sources/SwiftAwesomeButton/ButtonTouchSurface.swift:86:14: error: initializer does not override a designated initializer from its superclass
override init(frame: CGRect) {
~~~~~~~~ ^
/Users/admin/builder/spi-builder-workspace/Sources/SwiftAwesomeButton/ButtonTouchSurface.swift:196:48: error: cannot find type 'UILongPressGestureRecognizer' in scope
private func handleLongPress(_ recognizer: UILongPressGestureRecognizer) {
^~~~~~~~~~~~~~~~~~~~~~~~~~~~
/Users/admin/builder/spi-builder-workspace/Sources/SwiftAwesomeButton/ButtonTouchSurface.swift:221:28: error: cannot find type 'UIGestureRecognizer' in scope
_ gestureRecognizer: UIGestureRecognizer,
^~~~~~~~~~~~~~~~~~~
/Users/admin/builder/spi-builder-workspace/Sources/SwiftAwesomeButton/ButtonTouchSurface.swift:222:65: error: cannot find type 'UIGestureRecognizer' in scope
shouldRecognizeSimultaneouslyWith otherGestureRecognizer: UIGestureRecognizer
^~~~~~~~~~~~~~~~~~~
/Users/admin/builder/spi-builder-workspace/Sources/SwiftAwesomeButton/ButtonTouchSurface.swift:236:45: error: cannot find type 'UIGestureRecognizer' in scope
private final class PressTouchRecognizer: UIGestureRecognizer {
^~~~~~~~~~~~~~~~~~~
/Users/admin/builder/spi-builder-workspace/Sources/SwiftAwesomeButton/ButtonTouchSurface.swift:247:31: error: cannot find type 'UITouch' in scope
private var trackedTouch: UITouch?
^~~~~~~
/Users/admin/builder/spi-builder-workspace/Sources/SwiftAwesomeButton/ButtonTouchSurface.swift:250:14: error: initializer does not override a designated initializer from its superclass
override init(target: Any?, action: Selector?) {
~~~~~~~~ ^
/Users/admin/builder/spi-builder-workspace/Sources/SwiftAwesomeButton/ButtonTouchSurface.swift:261:47: error: cannot find type 'UITouch' in scope
override func touchesBegan(_ touches: Set<UITouch>, with event: UIEvent) {
^~~~~~~
/Users/admin/builder/spi-builder-workspace/Sources/SwiftAwesomeButton/ButtonTouchSurface.swift:261:69: error: cannot find type 'UIEvent' in scope
override func touchesBegan(_ touches: Set<UITouch>, with event: UIEvent) {
^~~~~~~
/Users/admin/builder/spi-builder-workspace/Sources/SwiftAwesomeButton/ButtonTouchSurface.swift:277:47: error: cannot find type 'UITouch' in scope
override func touchesMoved(_ touches: Set<UITouch>, with event: UIEvent) {
^~~~~~~
/Users/admin/builder/spi-builder-workspace/Sources/SwiftAwesomeButton/ButtonTouchSurface.swift:277:69: error: cannot find type 'UIEvent' in scope
override func touchesMoved(_ touches: Set<UITouch>, with event: UIEvent) {
^~~~~~~
/Users/admin/builder/spi-builder-workspace/Sources/SwiftAwesomeButton/ButtonTouchSurface.swift:302:47: error: cannot find type 'UITouch' in scope
override func touchesEnded(_ touches: Set<UITouch>, with event: UIEvent) {
^~~~~~~
/Users/admin/builder/spi-builder-workspace/Sources/SwiftAwesomeButton/ButtonTouchSurface.swift:302:69: error: cannot find type 'UIEvent' in scope
override func touchesEnded(_ touches: Set<UITouch>, with event: UIEvent) {
^~~~~~~
/Users/admin/builder/spi-builder-workspace/Sources/SwiftAwesomeButton/ButtonTouchSurface.swift:318:51: error: cannot find type 'UITouch' in scope
override func touchesCancelled(_ touches: Set<UITouch>, with event: UIEvent) {
^~~~~~~
/Users/admin/builder/spi-builder-workspace/Sources/SwiftAwesomeButton/ButtonTouchSurface.swift:318:73: error: cannot find type 'UIEvent' in scope
override func touchesCancelled(_ touches: Set<UITouch>, with event: UIEvent) {
^~~~~~~
/Users/admin/builder/spi-builder-workspace/Sources/SwiftAwesomeButton/ButtonTouchSurface.swift:332:19: error: method does not override any method from its superclass
override func reset() {
~~~~~~~~ ^
/Users/admin/builder/spi-builder-workspace/Sources/SwiftAwesomeButton/ColorHelpers.swift:469:32: error: 'LayoutDirectionBehavior' is only available in watchOS 10.0 or newer
var layoutDirectionBehavior: LayoutDirectionBehavior { .fixed }
^
/Users/admin/builder/spi-builder-workspace/Sources/SwiftAwesomeButton/ColorHelpers.swift:469:7: note: add @available attribute to enclosing property
var layoutDirectionBehavior: LayoutDirectionBehavior { .fixed }
^
/Users/admin/builder/spi-builder-workspace/Sources/SwiftAwesomeButton/ColorHelpers.swift:461:17: note: add @available attribute to enclosing struct
internal struct AwesomeRoundedRectangle: InsettableShape {
^
/Users/admin/builder/spi-builder-workspace/Sources/SwiftAwesomeButton/TextTransition.swift:309:28: error: 'CADisplayLink' is unavailable in watchOS
private var displayLink: CADisplayLink?
^~~~~~~~~~~~~
/Applications/Xcode-16.3.0.app/Contents/Developer/Platforms/WatchOS.platform/Developer/SDKs/WatchOS11.4.sdk/System/Library/Frameworks/QuartzCore.framework/Headers/CADisplayLink.h:21:12: note: 'CADisplayLink' has been explicitly marked unavailable here
@interface CADisplayLink : NSObject
^
/Users/admin/builder/spi-builder-workspace/Sources/SwiftAwesomeButton/TextTransition.swift:382:40: error: 'CADisplayLink' is unavailable in watchOS
@objc func handleTick(_ displayLink: CADisplayLink) {
^~~~~~~~~~~~~
/Applications/Xcode-16.3.0.app/Contents/Developer/Platforms/WatchOS.platform/Developer/SDKs/WatchOS11.4.sdk/System/Library/Frameworks/QuartzCore.framework/Headers/CADisplayLink.h:21:12: note: 'CADisplayLink' has been explicitly marked unavailable here
@interface CADisplayLink : NSObject
^
/Users/admin/builder/spi-builder-workspace/Sources/SwiftAwesomeButton/ThemedButtonControl.swift:191:40: error: cannot find type 'UIViewController' in scope
internal var hostedViewController: UIViewController { hostCoordinator.hostingController }
^~~~~~~~~~~~~~~~
/Users/admin/builder/spi-builder-workspace/Sources/SwiftAwesomeButton/ThemedButtonControl.swift:192:48: error: cannot find type 'UIViewController' in scope
internal var attachedParentViewController: UIViewController? {
^~~~~~~~~~~~~~~~
/Users/admin/builder/spi-builder-workspace/Sources/SwiftAwesomeButton/ThemedButtonControl.swift:197:25: error: property does not override any property from its superclass
public override var isEnabled: Bool {
~~~~~~~~ ^
/Users/admin/builder/spi-builder-workspace/Sources/SwiftAwesomeButton/ThemedButtonControl.swift:204:25: error: property does not override any property from its superclass
public override var isHighlighted: Bool {
~~~~~~~~ ^
/Users/admin/builder/spi-builder-workspace/Sources/SwiftAwesomeButton/ThemedButtonControl.swift:320:49: error: cannot find type 'UIViewController' in scope
public func attach(to parentViewController: UIViewController) {
^~~~~~~~~~~~~~~~
/Users/admin/builder/spi-builder-workspace/Sources/SwiftAwesomeButton/ThemedButtonControl.swift:336:25: error: property does not override any property from its superclass
public override var intrinsicContentSize: CGSize {
~~~~~~~~ ^
/Users/admin/builder/spi-builder-workspace/Sources/SwiftAwesomeButton/ThemedButtonControl.swift:341:26: error: method does not override any method from its superclass
public override func sizeThatFits(_ size: CGSize) -> CGSize {
~~~~~~~~ ^
/Users/admin/builder/spi-builder-workspace/Sources/SwiftAwesomeButton/ThemedButtonControl.swift:346:26: error: method does not override any method from its superclass
public override func layoutSubviews() {
~~~~~~~~ ^
/Users/admin/builder/spi-builder-workspace/Sources/SwiftAwesomeButton/ThemedButtonControl.swift:352:26: error: method does not override any method from its superclass
public override func didMoveToWindow() {
~~~~~~~~ ^
/Users/admin/builder/spi-builder-workspace/Sources/SwiftAwesomeButton/ThemedButtonControl.swift:358:26: error: method does not override any method from its superclass
public override func didMoveToSuperview() {
~~~~~~~~ ^
/Users/admin/builder/spi-builder-workspace/Sources/SwiftAwesomeButton/ThemedButtonControl.swift:364:78: error: cannot find type 'UITraitCollection' in scope
public override func traitCollectionDidChange(_ previousTraitCollection: UITraitCollection?) {
^~~~~~~~~~~~~~~~~
/Users/admin/builder/spi-builder-workspace/Sources/SwiftAwesomeButton/ThemedButtonControl.swift:370:26: error: method does not override any method from its superclass
public override func accessibilityActivate() -> Bool {
~~~~~~~~ ^
/Users/admin/builder/spi-builder-workspace/Sources/SwiftAwesomeButton/ThemedButtonControl.swift:375:26: error: method does not override any method from its superclass
public override func accessibilityElementDidBecomeFocused() {
~~~~~~~~ ^
/Users/admin/builder/spi-builder-workspace/Sources/SwiftAwesomeButton/ThemedButtonControl.swift:390:54: error: cannot find type 'UIPress' in scope
public override func pressesBegan(_ presses: Set<UIPress>, with event: UIPressesEvent?) {
^~~~~~~
/Users/admin/builder/spi-builder-workspace/Sources/SwiftAwesomeButton/ThemedButtonControl.swift:390:76: error: cannot find type 'UIPressesEvent' in scope
public override func pressesBegan(_ presses: Set<UIPress>, with event: UIPressesEvent?) {
^~~~~~~~~~~~~~
/Users/admin/builder/spi-builder-workspace/Sources/SwiftAwesomeButton/ThemedButtonControl.swift:397:54: error: cannot find type 'UIPress' in scope
public override func pressesEnded(_ presses: Set<UIPress>, with event: UIPressesEvent?) {
^~~~~~~
/Users/admin/builder/spi-builder-workspace/Sources/SwiftAwesomeButton/ThemedButtonControl.swift:397:76: error: cannot find type 'UIPressesEvent' in scope
public override func pressesEnded(_ presses: Set<UIPress>, with event: UIPressesEvent?) {
^~~~~~~~~~~~~~
/Users/admin/builder/spi-builder-workspace/Sources/SwiftAwesomeButton/ThemedButtonControl.swift:404:58: error: cannot find type 'UIPress' in scope
public override func pressesCancelled(_ presses: Set<UIPress>, with event: UIPressesEvent?) {
^~~~~~~
/Users/admin/builder/spi-builder-workspace/Sources/SwiftAwesomeButton/ThemedButtonControl.swift:404:80: error: cannot find type 'UIPressesEvent' in scope
public override func pressesCancelled(_ presses: Set<UIPress>, with event: UIPressesEvent?) {
^~~~~~~~~~~~~~
/Users/admin/builder/spi-builder-workspace/Sources/SwiftAwesomeButton/ThemedButtonControl.swift:536:31: error: cannot find type 'UIControl' in scope
internal var hostControl: UIControl { self }
^~~~~~~~~
/Users/admin/builder/spi-builder-workspace/Sources/SwiftAwesomeButton/ThemedButtonControl.swift:7:43: error: cannot find type 'UIControl' in scope
public final class ThemedButtonControl: UIControl, UIKitButtonHostOwnerAdapter {
^~~~~~~~~
/Users/admin/builder/spi-builder-workspace/Sources/SwiftAwesomeButton/UIKitHostingSupport.swift:32:29: error: cannot find 'UIHostingController' in scope
let hostingController = UIHostingController(rootView: AnyView(EmptyView()))
^~~~~~~~~~~~~~~~~~~
/Users/admin/builder/spi-builder-workspace/Sources/SwiftAwesomeButton/UIKitHostingSupport.swift:35:49: error: cannot find type 'UIViewController' in scope
private(set) weak var parentViewController: UIViewController?
^~~~~~~~~~~~~~~~
/Users/admin/builder/spi-builder-workspace/Sources/SwiftAwesomeButton/UIKitHostingSupport.swift:37:52: error: cannot find type 'UIViewController' in scope
private weak var explicitParentViewController: UIViewController?
^~~~~~~~~~~~~~~~
/Users/admin/builder/spi-builder-workspace/Sources/SwiftAwesomeButton/UIKitHostingSupport.swift:63:42: error: cannot find type 'UIViewController' in scope
func attach(to parentViewController: UIViewController) {
^~~~~~~~~~~~~~~~
/Users/admin/builder/spi-builder-workspace/Sources/SwiftAwesomeButton/UIKitHostingSupport.swift:117:62: error: cannot find type 'UITraitCollection' in scope
func traitCollectionDidChange(_ previousTraitCollection: UITraitCollection?) {
^~~~~~~~~~~~~~~~~
/Users/admin/builder/spi-builder-workspace/Sources/SwiftAwesomeButton/UIKitHostingSupport.swift:158:38: error: cannot find type 'UIPress' in scope
func pressesBegan(_ presses: Set<UIPress>, event: UIPressesEvent?) -> Bool {
^~~~~~~
/Users/admin/builder/spi-builder-workspace/Sources/SwiftAwesomeButton/UIKitHostingSupport.swift:158:55: error: cannot find type 'UIPressesEvent' in scope
func pressesBegan(_ presses: Set<UIPress>, event: UIPressesEvent?) -> Bool {
^~~~~~~~~~~~~~
/Users/admin/builder/spi-builder-workspace/Sources/SwiftAwesomeButton/UIKitHostingSupport.swift:166:38: error: cannot find type 'UIPress' in scope
func pressesEnded(_ presses: Set<UIPress>, event: UIPressesEvent?) -> Bool {
^~~~~~~
/Users/admin/builder/spi-builder-workspace/Sources/SwiftAwesomeButton/UIKitHostingSupport.swift:166:55: error: cannot find type 'UIPressesEvent' in scope
func pressesEnded(_ presses: Set<UIPress>, event: UIPressesEvent?) -> Bool {
^~~~~~~~~~~~~~
/Users/admin/builder/spi-builder-workspace/Sources/SwiftAwesomeButton/UIKitHostingSupport.swift:174:42: error: cannot find type 'UIPress' in scope
func pressesCancelled(_ presses: Set<UIPress>, event: UIPressesEvent?) {
^~~~~~~
/Users/admin/builder/spi-builder-workspace/Sources/SwiftAwesomeButton/UIKitHostingSupport.swift:174:59: error: cannot find type 'UIPressesEvent' in scope
func pressesCancelled(_ presses: Set<UIPress>, event: UIPressesEvent?) {
^~~~~~~~~~~~~~
/Users/admin/builder/spi-builder-workspace/Sources/SwiftAwesomeButton/UIKitHostingSupport.swift:303:34: error: cannot find type 'UIControl' in scope
private func attach(control: UIControl, parent: UIViewController) {
^~~~~~~~~
/Users/admin/builder/spi-builder-workspace/Sources/SwiftAwesomeButton/UIKitHostingSupport.swift:303:53: error: cannot find type 'UIViewController' in scope
private func attach(control: UIControl, parent: UIViewController) {
^~~~~~~~~~~~~~~~
/Users/admin/builder/spi-builder-workspace/Sources/SwiftAwesomeButton/UIKitHostingSupport.swift:338:62: error: cannot find type 'UIViewController' in scope
internal func discoverViewController(from view: UIView) -> UIViewController? {
^~~~~~~~~~~~~~~~
/Users/admin/builder/spi-builder-workspace/Sources/SwiftAwesomeButton/UIKitHostingSupport.swift:338:51: error: cannot find type 'UIView' in scope
internal func discoverViewController(from view: UIView) -> UIViewController? {
^~~~~~
/Applications/Xcode-16.3.0.app/Contents/Developer/Platforms/WatchOS.platform/Developer/SDKs/WatchOS11.4.sdk/System/Library/Frameworks/UIKit.framework/Headers/NSTextAttachment.h:23:1: note: interface 'UIView' forward declared here
@class UIView;
^
/Users/admin/builder/spi-builder-workspace/Sources/SwiftAwesomeButton/UIKitHostingSupport.swift:350:53: error: cannot find type 'UIKey' in scope
internal func isAwesomeButtonActivationKey(_ key: UIKey) -> Bool {
^~~~~
/Users/admin/builder/spi-builder-workspace/Sources/SwiftAwesomeButton/UIKitHostingSupport.swift:363:22: error: cannot find type 'UITraitCollection' in scope
traitCollection: UITraitCollection
^~~~~~~~~~~~~~~~~
/Users/admin/builder/spi-builder-workspace/Sources/SwiftAwesomeButton/UIKitHostingSupport.swift:410:69: error: cannot find type 'UIContentSizeCategory' in scope
private func awesomeButtonUIKitUsesExpandedTextLayout(_ category: UIContentSizeCategory) -> Bool {
^~~~~~~~~~~~~~~~~~~~~
SwiftEmitModule normal arm64_32 Emitting\ module\ for\ SwiftAwesomeButton (in target 'SwiftAwesomeButton' from project 'swift-awesome-button')
Failed frontend command:
/Applications/Xcode-16.3.0.app/Contents/Developer/Toolchains/XcodeDefault.xctoolchain/usr/bin/swift-frontend -frontend -emit-module -experimental-skip-non-inlinable-function-bodies-without-types /Users/admin/builder/spi-builder-workspace/.derivedData/Build/Intermediates.noindex/swift-awesome-button.build/Debug-watchos/SwiftAwesomeButton.build/DerivedSources/resource_bundle_accessor.swift /Users/admin/builder/spi-builder-workspace/Sources/SwiftAwesomeButton/AnimationUtilities.swift /Users/admin/builder/spi-builder-workspace/Sources/SwiftAwesomeButton/AutoWidthMeasurement.swift /Users/admin/builder/spi-builder-workspace/Sources/SwiftAwesomeButton/AwesomeButton.swift /Users/admin/builder/spi-builder-workspace/Sources/SwiftAwesomeButton/AwesomeButtonAutoWidthPlanning.swift /Users/admin/builder/spi-builder-workspace/Sources/SwiftAwesomeButton/AwesomeButtonBody.swift /Users/admin/builder/spi-builder-workspace/Sources/SwiftAwesomeButton/AwesomeButtonControl.swift /Users/admin/builder/spi-builder-workspace/Sources/SwiftAwesomeButton/AwesomeButtonController.swift /Users/admin/builder/spi-builder-workspace/Sources/SwiftAwesomeButton/AwesomeButtonInteractionReleaseOwner.swift /Users/admin/builder/spi-builder-workspace/Sources/SwiftAwesomeButton/AwesomeButtonLocalization.swift /Users/admin/builder/spi-builder-workspace/Sources/SwiftAwesomeButton/AwesomeButtonNativeControlBridge.swift /Users/admin/builder/spi-builder-workspace/Sources/SwiftAwesomeButton/AwesomeButtonNormalization.swift /Users/admin/builder/spi-builder-workspace/Sources/SwiftAwesomeButton/AwesomeButtonProgressOwner.swift /Users/admin/builder/spi-builder-workspace/Sources/SwiftAwesomeButton/AwesomeButtonReleasePlanning.swift /Users/admin/builder/spi-builder-workspace/Sources/SwiftAwesomeButton/AwesomeButtonResolvedConfiguration.swift /Users/admin/builder/spi-builder-workspace/Sources/SwiftAwesomeButton/AwesomeButtonShellGeometry.swift /Users/admin/builder/spi-builder-workspace/Sources/SwiftAwesomeButton/AwesomeButtonSizeTextOwner.swift /Users/admin/builder/spi-builder-workspace/Sources/SwiftAwesomeButton/AwesomeButtonStyleTransitionOwner.swift /Users/admin/builder/spi-builder-workspace/Sources/SwiftAwesomeButton/AwesomeButtonTextUpdatePlanning.swift /Users/admin/builder/spi-builder-workspace/Sources/SwiftAwesomeButton/ButtonTouchSurface.swift /Users/admin/builder/spi-builder-workspace/Sources/SwiftAwesomeButton/ColorHelpers.swift /Users/admin/builder/spi-builder-workspace/Sources/SwiftAwesomeButton/Models.swift /Users/admin/builder/spi-builder-workspace/Sources/SwiftAwesomeButton/PlaceholderShimmer.swift /Users/admin/builder/spi-builder-workspace/Sources/SwiftAwesomeButton/ProgressTransition.swift /Users/admin/builder/spi-builder-workspace/Sources/SwiftAwesomeButton/TextTransition.swift /Users/admin/builder/spi-builder-workspace/Sources/SwiftAwesomeButton/ThemedButton.swift /Users/admin/builder/spi-builder-workspace/Sources/SwiftAwesomeButton/ThemedButtonControl.swift /Users/admin/builder/spi-builder-workspace/Sources/SwiftAwesomeButton/Themes.swift /Users/admin/builder/spi-builder-workspace/Sources/SwiftAwesomeButton/UIKitHostingSupport.swift -target arm64_32-apple-watchos9.0 -enable-objc-interop -sdk /Applications/Xcode-16.3.0.app/Contents/Developer/Platforms/WatchOS.platform/Developer/SDKs/WatchOS11.4.sdk -I /Users/admin/builder/spi-builder-workspace/.derivedData/Build/Products/Debug-watchos -I /Applications/Xcode-16.3.0.app/Contents/Developer/Platforms/WatchOS.platform/Developer/usr/lib -F /Users/admin/builder/spi-builder-workspace/.derivedData/Build/Products/Debug-watchos -F /Applications/Xcode-16.3.0.app/Contents/Developer/Platforms/WatchOS.platform/Developer/Library/Frameworks -F /Applications/Xcode-16.3.0.app/Contents/Developer/Platforms/WatchOS.platform/Developer/SDKs/WatchOS11.4.sdk/Developer/Library/Frameworks -no-color-diagnostics -enable-testing -g -debug-info-format\=dwarf -dwarf-version\=4 -module-cache-path /Users/admin/builder/spi-builder-workspace/.derivedData/ModuleCache.noindex -profile-generate -profile-coverage-mapping -swift-version 5 -enforce-exclusivity\=checked -stats-output-dir /Users/admin/builder/spi-builder-workspace/.swiftpm/xcode/.stats -Onone -D SWIFT_PACKAGE -D DEBUG -serialize-debugging-options -const-gather-protocols-file /Users/admin/builder/spi-builder-workspace/.derivedData/Build/Intermediates.noindex/swift-awesome-button.build/Debug-watchos/SwiftAwesomeButton.build/Objects-normal/arm64_32/SwiftAwesomeButton_const_extract_protocols.json -enable-upcoming-feature StrictConcurrency -enable-upcoming-feature DisableOutwardActorInference -enable-upcoming-feature GlobalActorIsolatedTypesUsability -enable-upcoming-feature InferSendableFromCaptures -enable-experimental-feature DebugDescriptionMacro -strict-concurrency\=complete -empty-abi-descriptor -plugin-path /Applications/Xcode-16.3.0.app/Contents/Developer/Toolchains/XcodeDefault.xctoolchain/usr/lib/swift/host/plugins/testing -validate-clang-modules-once -clang-build-session-file /Users/admin/builder/spi-builder-workspace/.derivedData/ModuleCache.noindex/Session.modulevalidation -Xcc -working-directory -Xcc /Users/admin/builder/spi-builder-workspace/.swiftpm/xcode -resource-dir /Applications/Xcode-16.3.0.app/Contents/Developer/Toolchains/XcodeDefault.xctoolchain/usr/lib/swift -enable-anonymous-context-mangled-names -file-compilation-dir /Users/admin/builder/spi-builder-workspace/.swiftpm/xcode -Xcc -ivfsstatcache -Xcc /Users/admin/builder/spi-builder-workspace/.derivedData/SDKStatCaches.noindex/watchos11.4-22T246-43efb940ff07ba2497b70ec94253f576.sdkstatcache -Xcc -I/Users/admin/builder/spi-builder-workspace/.derivedData/Build/Intermediates.noindex/swift-awesome-button.build/Debug-watchos/SwiftAwesomeButton.build/swift-overrides.hmap -Xcc -I/Users/admin/builder/spi-builder-workspace/.derivedData/Build/Products/Debug-watchos/include -Xcc -I/Users/admin/builder/spi-builder-workspace/.derivedData/Build/Intermediates.noindex/swift-awesome-button.build/Debug-watchos/SwiftAwesomeButton.build/DerivedSources-normal/arm64_32 -Xcc -I/Users/admin/builder/spi-builder-workspace/.derivedData/Build/Intermediates.noindex/swift-awesome-button.build/Debug-watchos/SwiftAwesomeButton.build/DerivedSources/arm64_32 -Xcc -I/Users/admin/builder/spi-builder-workspace/.derivedData/Build/Intermediates.noindex/swift-awesome-button.build/Debug-watchos/SwiftAwesomeButton.build/DerivedSources -Xcc -DSWIFT_PACKAGE -Xcc -DDEBUG\=1 -module-name SwiftAwesomeButton -package-name spi_builder_workspace -frontend-parseable-output -disable-clang-spi -target-sdk-version 11.4 -target-sdk-name watchos11.4 -external-plugin-path /Applications/Xcode-16.3.0.app/Contents/Developer/Platforms/WatchOS.platform/Developer/usr/lib/swift/host/plugins\#/Applications/Xcode-16.3.0.app/Contents/Developer/Platforms/WatchOS.platform/Developer/usr/bin/swift-plugin-server -external-plugin-path /Applications/Xcode-16.3.0.app/Contents/Developer/Platforms/WatchOS.platform/Developer/usr/local/lib/swift/host/plugins\#/Applications/Xcode-16.3.0.app/Contents/Developer/Platforms/WatchOS.platform/Developer/usr/bin/swift-plugin-server -in-process-plugin-server-path /Applications/Xcode-16.3.0.app/Contents/Developer/Toolchains/XcodeDefault.xctoolchain/usr/lib/swift/host/libSwiftInProcPluginServer.dylib -plugin-path /Applications/Xcode-16.3.0.app/Contents/Developer/Toolchains/XcodeDefault.xctoolchain/usr/lib/swift/host/plugins -plugin-path /Applications/Xcode-16.3.0.app/Contents/Developer/Toolchains/XcodeDefault.xctoolchain/usr/local/lib/swift/host/plugins -emit-module-doc-path /Users/admin/builder/spi-builder-workspace/.derivedData/Build/Intermediates.noindex/swift-awesome-button.build/Debug-watchos/SwiftAwesomeButton.build/Objects-normal/arm64_32/SwiftAwesomeButton.swiftdoc -emit-module-source-info-path /Users/admin/builder/spi-builder-workspace/.derivedData/Build/Intermediates.noindex/swift-awesome-button.build/Debug-watchos/SwiftAwesomeButton.build/Objects-normal/arm64_32/SwiftAwesomeButton.swiftsourceinfo -emit-objc-header-path /Users/admin/builder/spi-builder-workspace/.derivedData/Build/Intermediates.noindex/swift-awesome-button.build/Debug-watchos/SwiftAwesomeButton.build/Objects-normal/arm64_32/SwiftAwesomeButton-Swift.h -serialize-diagnostics-path /Users/admin/builder/spi-builder-workspace/.derivedData/Build/Intermediates.noindex/swift-awesome-button.build/Debug-watchos/SwiftAwesomeButton.build/Objects-normal/arm64_32/SwiftAwesomeButton-master-emit-module.dia -emit-dependencies-path /Users/admin/builder/spi-builder-workspace/.derivedData/Build/Intermediates.noindex/swift-awesome-button.build/Debug-watchos/SwiftAwesomeButton.build/Objects-normal/arm64_32/SwiftAwesomeButton-master-emit-module.d -o /Users/admin/builder/spi-builder-workspace/.derivedData/Build/Intermediates.noindex/swift-awesome-button.build/Debug-watchos/SwiftAwesomeButton.build/Objects-normal/arm64_32/SwiftAwesomeButton.swiftmodule -emit-abi-descriptor-path /Users/admin/builder/spi-builder-workspace/.derivedData/Build/Intermediates.noindex/swift-awesome-button.build/Debug-watchos/SwiftAwesomeButton.build/Objects-normal/arm64_32/SwiftAwesomeButton.abi.json
EmitSwiftModule normal arm64_32 (in target 'SwiftAwesomeButton' from project 'swift-awesome-button')
cd /Users/admin/builder/spi-builder-workspace/.swiftpm/xcode
/Users/admin/builder/spi-builder-workspace/Sources/SwiftAwesomeButton/AwesomeButtonControl.swift:159:40: error: cannot find type 'UIViewController' in scope
internal var hostedViewController: UIViewController { hostCoordinator.hostingController }
^~~~~~~~~~~~~~~~
/Users/admin/builder/spi-builder-workspace/Sources/SwiftAwesomeButton/AwesomeButtonControl.swift:160:48: error: cannot find type 'UIViewController' in scope
internal var attachedParentViewController: UIViewController? {
^~~~~~~~~~~~~~~~
/Users/admin/builder/spi-builder-workspace/Sources/SwiftAwesomeButton/AwesomeButtonControl.swift:165:25: error: property does not override any property from its superclass
public override var isEnabled: Bool {
~~~~~~~~ ^
/Users/admin/builder/spi-builder-workspace/Sources/SwiftAwesomeButton/AwesomeButtonControl.swift:172:25: error: property does not override any property from its superclass
public override var isHighlighted: Bool {
~~~~~~~~ ^
/Users/admin/builder/spi-builder-workspace/Sources/SwiftAwesomeButton/AwesomeButtonControl.swift:272:49: error: cannot find type 'UIViewController' in scope
public func attach(to parentViewController: UIViewController) {
^~~~~~~~~~~~~~~~
/Users/admin/builder/spi-builder-workspace/Sources/SwiftAwesomeButton/AwesomeButtonControl.swift:288:25: error: property does not override any property from its superclass
public override var intrinsicContentSize: CGSize {
~~~~~~~~ ^
/Users/admin/builder/spi-builder-workspace/Sources/SwiftAwesomeButton/AwesomeButtonControl.swift:293:26: error: method does not override any method from its superclass
public override func sizeThatFits(_ size: CGSize) -> CGSize {
~~~~~~~~ ^
/Users/admin/builder/spi-builder-workspace/Sources/SwiftAwesomeButton/AwesomeButtonControl.swift:298:26: error: method does not override any method from its superclass
public override func layoutSubviews() {
~~~~~~~~ ^
/Users/admin/builder/spi-builder-workspace/Sources/SwiftAwesomeButton/AwesomeButtonControl.swift:304:26: error: method does not override any method from its superclass
public override func didMoveToWindow() {
~~~~~~~~ ^
/Users/admin/builder/spi-builder-workspace/Sources/SwiftAwesomeButton/AwesomeButtonControl.swift:310:26: error: method does not override any method from its superclass
public override func didMoveToSuperview() {
~~~~~~~~ ^
/Users/admin/builder/spi-builder-workspace/Sources/SwiftAwesomeButton/AwesomeButtonControl.swift:316:78: error: cannot find type 'UITraitCollection' in scope
public override func traitCollectionDidChange(_ previousTraitCollection: UITraitCollection?) {
^~~~~~~~~~~~~~~~~
/Users/admin/builder/spi-builder-workspace/Sources/SwiftAwesomeButton/AwesomeButtonControl.swift:322:26: error: method does not override any method from its superclass
public override func accessibilityActivate() -> Bool {
~~~~~~~~ ^
/Users/admin/builder/spi-builder-workspace/Sources/SwiftAwesomeButton/AwesomeButtonControl.swift:327:26: error: method does not override any method from its superclass
public override func accessibilityElementDidBecomeFocused() {
~~~~~~~~ ^
/Users/admin/builder/spi-builder-workspace/Sources/SwiftAwesomeButton/AwesomeButtonControl.swift:342:54: error: cannot find type 'UIPress' in scope
public override func pressesBegan(_ presses: Set<UIPress>, with event: UIPressesEvent?) {
^~~~~~~
/Users/admin/builder/spi-builder-workspace/Sources/SwiftAwesomeButton/AwesomeButtonControl.swift:342:76: error: cannot find type 'UIPressesEvent' in scope
public override func pressesBegan(_ presses: Set<UIPress>, with event: UIPressesEvent?) {
^~~~~~~~~~~~~~
/Users/admin/builder/spi-builder-workspace/Sources/SwiftAwesomeButton/AwesomeButtonControl.swift:349:54: error: cannot find type 'UIPress' in scope
public override func pressesEnded(_ presses: Set<UIPress>, with event: UIPressesEvent?) {
^~~~~~~
/Users/admin/builder/spi-builder-workspace/Sources/SwiftAwesomeButton/AwesomeButtonControl.swift:349:76: error: cannot find type 'UIPressesEvent' in scope
public override func pressesEnded(_ presses: Set<UIPress>, with event: UIPressesEvent?) {
^~~~~~~~~~~~~~
/Users/admin/builder/spi-builder-workspace/Sources/SwiftAwesomeButton/AwesomeButtonControl.swift:356:58: error: cannot find type 'UIPress' in scope
public override func pressesCancelled(_ presses: Set<UIPress>, with event: UIPressesEvent?) {
^~~~~~~
/Users/admin/builder/spi-builder-workspace/Sources/SwiftAwesomeButton/AwesomeButtonControl.swift:356:80: error: cannot find type 'UIPressesEvent' in scope
public override func pressesCancelled(_ presses: Set<UIPress>, with event: UIPressesEvent?) {
^~~~~~~~~~~~~~
/Users/admin/builder/spi-builder-workspace/Sources/SwiftAwesomeButton/AwesomeButtonControl.swift:464:31: error: cannot find type 'UIControl' in scope
internal var hostControl: UIControl { self }
^~~~~~~~~
/Users/admin/builder/spi-builder-workspace/Sources/SwiftAwesomeButton/UIKitHostingSupport.swift:7:22: error: cannot find type 'UIControl' in scope
var hostControl: UIControl { get }
^~~~~~~~~
/Users/admin/builder/spi-builder-workspace/Sources/SwiftAwesomeButton/AwesomeButtonControl.swift:7:44: error: cannot find type 'UIControl' in scope
public final class AwesomeButtonControl: UIControl, UIKitButtonHostOwnerAdapter {
^~~~~~~~~
/Users/admin/builder/spi-builder-workspace/Sources/SwiftAwesomeButton/AwesomeButtonNativeControlBridge.swift:13:23: error: cannot find type 'UIControl' in scope
weak var control: UIControl?
^~~~~~~~~
/Users/admin/builder/spi-builder-workspace/Sources/SwiftAwesomeButton/AwesomeButtonNativeControlBridge.swift:16:28: error: cannot find type 'UIControl' in scope
var eventDispatcher: ((UIControl, UIControl.Event) -> Void)?
^~~~~~~~~
/Users/admin/builder/spi-builder-workspace/Sources/SwiftAwesomeButton/AwesomeButtonNativeControlBridge.swift:16:39: error: cannot find type 'UIControl' in scope
var eventDispatcher: ((UIControl, UIControl.Event) -> Void)?
^~~~~~~~~
/Users/admin/builder/spi-builder-workspace/Sources/SwiftAwesomeButton/AwesomeButtonNativeControlBridge.swift:175:42: error: cannot find type 'UIControl' in scope
private func sendActions(for events: UIControl.Event) {
^~~~~~~~~
/Users/admin/builder/spi-builder-workspace/Sources/SwiftAwesomeButton/ButtonTouchSurface.swift:14:30: error: cannot find type 'Context' in scope
func makeUIView(context: Context) -> ButtonTouchSurfaceView {
^~~~~~~
/Users/admin/builder/spi-builder-workspace/Sources/SwiftAwesomeButton/ButtonTouchSurface.swift:21:66: error: cannot find type 'Context' in scope
func updateUIView(_ uiView: ButtonTouchSurfaceView, context: Context) {
^~~~~~~
/Users/admin/builder/spi-builder-workspace/Sources/SwiftAwesomeButton/ButtonTouchSurface.swift:6:39: error: cannot find type 'UIViewRepresentable' in scope
internal struct ButtonTouchSurface: UIViewRepresentable {
^~~~~~~~~~~~~~~~~~~
/Users/admin/builder/spi-builder-workspace/Sources/SwiftAwesomeButton/ButtonTouchSurface.swift:76:43: error: cannot find type 'UILongPressGestureRecognizer' in scope
private lazy var longPressRecognizer: UILongPressGestureRecognizer = {
^~~~~~~~~~~~~~~~~~~~~~~~~~~~
/Users/admin/builder/spi-builder-workspace/Sources/SwiftAwesomeButton/ButtonTouchSurface.swift:47:48: error: cannot find type 'UIView' in scope
internal final class ButtonTouchSurfaceView: UIView, UIGestureRecognizerDelegate {
^~~~~~
/Applications/Xcode-16.3.0.app/Contents/Developer/Platforms/WatchOS.platform/Developer/SDKs/WatchOS11.4.sdk/System/Library/Frameworks/UIKit.framework/Headers/NSTextAttachment.h:23:1: note: interface 'UIView' forward declared here
@class UIView;
^
/Users/admin/builder/spi-builder-workspace/Sources/SwiftAwesomeButton/ButtonTouchSurface.swift:47:56: error: cannot find type 'UIGestureRecognizerDelegate' in scope
internal final class ButtonTouchSurfaceView: UIView, UIGestureRecognizerDelegate {
^~~~~~~~~~~~~~~~~~~~~~~~~~~
/Users/admin/builder/spi-builder-workspace/Sources/SwiftAwesomeButton/ButtonTouchSurface.swift:60:18: error: value of type 'PressTouchRecognizer' has no member 'delegate'
recognizer.delegate = self
~~~~~~~~~~ ^~~~~~~~
/Users/admin/builder/spi-builder-workspace/Sources/SwiftAwesomeButton/ButtonTouchSurface.swift:86:14: error: initializer does not override a designated initializer from its superclass
override init(frame: CGRect) {
~~~~~~~~ ^
/Users/admin/builder/spi-builder-workspace/Sources/SwiftAwesomeButton/ButtonTouchSurface.swift:196:48: error: cannot find type 'UILongPressGestureRecognizer' in scope
private func handleLongPress(_ recognizer: UILongPressGestureRecognizer) {
^~~~~~~~~~~~~~~~~~~~~~~~~~~~
/Users/admin/builder/spi-builder-workspace/Sources/SwiftAwesomeButton/ButtonTouchSurface.swift:221:28: error: cannot find type 'UIGestureRecognizer' in scope
_ gestureRecognizer: UIGestureRecognizer,
^~~~~~~~~~~~~~~~~~~
/Users/admin/builder/spi-builder-workspace/Sources/SwiftAwesomeButton/ButtonTouchSurface.swift:222:65: error: cannot find type 'UIGestureRecognizer' in scope
shouldRecognizeSimultaneouslyWith otherGestureRecognizer: UIGestureRecognizer
^~~~~~~~~~~~~~~~~~~
/Users/admin/builder/spi-builder-workspace/Sources/SwiftAwesomeButton/ButtonTouchSurface.swift:236:45: error: cannot find type 'UIGestureRecognizer' in scope
private final class PressTouchRecognizer: UIGestureRecognizer {
^~~~~~~~~~~~~~~~~~~
/Users/admin/builder/spi-builder-workspace/Sources/SwiftAwesomeButton/ButtonTouchSurface.swift:247:31: error: cannot find type 'UITouch' in scope
private var trackedTouch: UITouch?
^~~~~~~
/Users/admin/builder/spi-builder-workspace/Sources/SwiftAwesomeButton/ButtonTouchSurface.swift:250:14: error: initializer does not override a designated initializer from its superclass
override init(target: Any?, action: Selector?) {
~~~~~~~~ ^
/Users/admin/builder/spi-builder-workspace/Sources/SwiftAwesomeButton/ButtonTouchSurface.swift:261:47: error: cannot find type 'UITouch' in scope
override func touchesBegan(_ touches: Set<UITouch>, with event: UIEvent) {
^~~~~~~
/Users/admin/builder/spi-builder-workspace/Sources/SwiftAwesomeButton/ButtonTouchSurface.swift:261:69: error: cannot find type 'UIEvent' in scope
override func touchesBegan(_ touches: Set<UITouch>, with event: UIEvent) {
^~~~~~~
/Users/admin/builder/spi-builder-workspace/Sources/SwiftAwesomeButton/ButtonTouchSurface.swift:277:47: error: cannot find type 'UITouch' in scope
override func touchesMoved(_ touches: Set<UITouch>, with event: UIEvent) {
^~~~~~~
/Users/admin/builder/spi-builder-workspace/Sources/SwiftAwesomeButton/ButtonTouchSurface.swift:277:69: error: cannot find type 'UIEvent' in scope
override func touchesMoved(_ touches: Set<UITouch>, with event: UIEvent) {
^~~~~~~
/Users/admin/builder/spi-builder-workspace/Sources/SwiftAwesomeButton/ButtonTouchSurface.swift:302:47: error: cannot find type 'UITouch' in scope
override func touchesEnded(_ touches: Set<UITouch>, with event: UIEvent) {
^~~~~~~
/Users/admin/builder/spi-builder-workspace/Sources/SwiftAwesomeButton/ButtonTouchSurface.swift:302:69: error: cannot find type 'UIEvent' in scope
override func touchesEnded(_ touches: Set<UITouch>, with event: UIEvent) {
^~~~~~~
/Users/admin/builder/spi-builder-workspace/Sources/SwiftAwesomeButton/ButtonTouchSurface.swift:318:51: error: cannot find type 'UITouch' in scope
override func touchesCancelled(_ touches: Set<UITouch>, with event: UIEvent) {
^~~~~~~
/Users/admin/builder/spi-builder-workspace/Sources/SwiftAwesomeButton/ButtonTouchSurface.swift:318:73: error: cannot find type 'UIEvent' in scope
override func touchesCancelled(_ touches: Set<UITouch>, with event: UIEvent) {
^~~~~~~
/Users/admin/builder/spi-builder-workspace/Sources/SwiftAwesomeButton/ButtonTouchSurface.swift:332:19: error: method does not override any method from its superclass
override func reset() {
~~~~~~~~ ^
/Users/admin/builder/spi-builder-workspace/Sources/SwiftAwesomeButton/ColorHelpers.swift:469:32: error: 'LayoutDirectionBehavior' is only available in watchOS 10.0 or newer
var layoutDirectionBehavior: LayoutDirectionBehavior { .fixed }
^
/Users/admin/builder/spi-builder-workspace/Sources/SwiftAwesomeButton/ColorHelpers.swift:469:7: note: add @available attribute to enclosing property
var layoutDirectionBehavior: LayoutDirectionBehavior { .fixed }
^
/Users/admin/builder/spi-builder-workspace/Sources/SwiftAwesomeButton/ColorHelpers.swift:461:17: note: add @available attribute to enclosing struct
internal struct AwesomeRoundedRectangle: InsettableShape {
^
/Users/admin/builder/spi-builder-workspace/Sources/SwiftAwesomeButton/TextTransition.swift:309:28: error: 'CADisplayLink' is unavailable in watchOS
private var displayLink: CADisplayLink?
^~~~~~~~~~~~~
/Applications/Xcode-16.3.0.app/Contents/Developer/Platforms/WatchOS.platform/Developer/SDKs/WatchOS11.4.sdk/System/Library/Frameworks/QuartzCore.framework/Headers/CADisplayLink.h:21:12: note: 'CADisplayLink' has been explicitly marked unavailable here
@interface CADisplayLink : NSObject
^
/Users/admin/builder/spi-builder-workspace/Sources/SwiftAwesomeButton/TextTransition.swift:382:40: error: 'CADisplayLink' is unavailable in watchOS
@objc func handleTick(_ displayLink: CADisplayLink) {
^~~~~~~~~~~~~
/Applications/Xcode-16.3.0.app/Contents/Developer/Platforms/WatchOS.platform/Developer/SDKs/WatchOS11.4.sdk/System/Library/Frameworks/QuartzCore.framework/Headers/CADisplayLink.h:21:12: note: 'CADisplayLink' has been explicitly marked unavailable here
@interface CADisplayLink : NSObject
^
/Users/admin/builder/spi-builder-workspace/Sources/SwiftAwesomeButton/ThemedButtonControl.swift:191:40: error: cannot find type 'UIViewController' in scope
internal var hostedViewController: UIViewController { hostCoordinator.hostingController }
^~~~~~~~~~~~~~~~
/Users/admin/builder/spi-builder-workspace/Sources/SwiftAwesomeButton/ThemedButtonControl.swift:192:48: error: cannot find type 'UIViewController' in scope
internal var attachedParentViewController: UIViewController? {
^~~~~~~~~~~~~~~~
/Users/admin/builder/spi-builder-workspace/Sources/SwiftAwesomeButton/ThemedButtonControl.swift:197:25: error: property does not override any property from its superclass
public override var isEnabled: Bool {
~~~~~~~~ ^
/Users/admin/builder/spi-builder-workspace/Sources/SwiftAwesomeButton/ThemedButtonControl.swift:204:25: error: property does not override any property from its superclass
public override var isHighlighted: Bool {
~~~~~~~~ ^
/Users/admin/builder/spi-builder-workspace/Sources/SwiftAwesomeButton/ThemedButtonControl.swift:320:49: error: cannot find type 'UIViewController' in scope
public func attach(to parentViewController: UIViewController) {
^~~~~~~~~~~~~~~~
/Users/admin/builder/spi-builder-workspace/Sources/SwiftAwesomeButton/ThemedButtonControl.swift:336:25: error: property does not override any property from its superclass
public override var intrinsicContentSize: CGSize {
~~~~~~~~ ^
/Users/admin/builder/spi-builder-workspace/Sources/SwiftAwesomeButton/ThemedButtonControl.swift:341:26: error: method does not override any method from its superclass
public override func sizeThatFits(_ size: CGSize) -> CGSize {
~~~~~~~~ ^
/Users/admin/builder/spi-builder-workspace/Sources/SwiftAwesomeButton/ThemedButtonControl.swift:346:26: error: method does not override any method from its superclass
public override func layoutSubviews() {
~~~~~~~~ ^
/Users/admin/builder/spi-builder-workspace/Sources/SwiftAwesomeButton/ThemedButtonControl.swift:352:26: error: method does not override any method from its superclass
public override func didMoveToWindow() {
~~~~~~~~ ^
/Users/admin/builder/spi-builder-workspace/Sources/SwiftAwesomeButton/ThemedButtonControl.swift:358:26: error: method does not override any method from its superclass
public override func didMoveToSuperview() {
~~~~~~~~ ^
/Users/admin/builder/spi-builder-workspace/Sources/SwiftAwesomeButton/ThemedButtonControl.swift:364:78: error: cannot find type 'UITraitCollection' in scope
public override func traitCollectionDidChange(_ previousTraitCollection: UITraitCollection?) {
^~~~~~~~~~~~~~~~~
/Users/admin/builder/spi-builder-workspace/Sources/SwiftAwesomeButton/ThemedButtonControl.swift:370:26: error: method does not override any method from its superclass
public override func accessibilityActivate() -> Bool {
~~~~~~~~ ^
/Users/admin/builder/spi-builder-workspace/Sources/SwiftAwesomeButton/ThemedButtonControl.swift:375:26: error: method does not override any method from its superclass
public override func accessibilityElementDidBecomeFocused() {
~~~~~~~~ ^
/Users/admin/builder/spi-builder-workspace/Sources/SwiftAwesomeButton/ThemedButtonControl.swift:390:54: error: cannot find type 'UIPress' in scope
public override func pressesBegan(_ presses: Set<UIPress>, with event: UIPressesEvent?) {
^~~~~~~
/Users/admin/builder/spi-builder-workspace/Sources/SwiftAwesomeButton/ThemedButtonControl.swift:390:76: error: cannot find type 'UIPressesEvent' in scope
public override func pressesBegan(_ presses: Set<UIPress>, with event: UIPressesEvent?) {
^~~~~~~~~~~~~~
/Users/admin/builder/spi-builder-workspace/Sources/SwiftAwesomeButton/ThemedButtonControl.swift:397:54: error: cannot find type 'UIPress' in scope
public override func pressesEnded(_ presses: Set<UIPress>, with event: UIPressesEvent?) {
^~~~~~~
/Users/admin/builder/spi-builder-workspace/Sources/SwiftAwesomeButton/ThemedButtonControl.swift:397:76: error: cannot find type 'UIPressesEvent' in scope
public override func pressesEnded(_ presses: Set<UIPress>, with event: UIPressesEvent?) {
^~~~~~~~~~~~~~
/Users/admin/builder/spi-builder-workspace/Sources/SwiftAwesomeButton/ThemedButtonControl.swift:404:58: error: cannot find type 'UIPress' in scope
public override func pressesCancelled(_ presses: Set<UIPress>, with event: UIPressesEvent?) {
^~~~~~~
/Users/admin/builder/spi-builder-workspace/Sources/SwiftAwesomeButton/ThemedButtonControl.swift:404:80: error: cannot find type 'UIPressesEvent' in scope
public override func pressesCancelled(_ presses: Set<UIPress>, with event: UIPressesEvent?) {
^~~~~~~~~~~~~~
/Users/admin/builder/spi-builder-workspace/Sources/SwiftAwesomeButton/ThemedButtonControl.swift:536:31: error: cannot find type 'UIControl' in scope
internal var hostControl: UIControl { self }
^~~~~~~~~
/Users/admin/builder/spi-builder-workspace/Sources/SwiftAwesomeButton/ThemedButtonControl.swift:7:43: error: cannot find type 'UIControl' in scope
public final class ThemedButtonControl: UIControl, UIKitButtonHostOwnerAdapter {
^~~~~~~~~
/Users/admin/builder/spi-builder-workspace/Sources/SwiftAwesomeButton/UIKitHostingSupport.swift:32:29: error: cannot find 'UIHostingController' in scope
let hostingController = UIHostingController(rootView: AnyView(EmptyView()))
^~~~~~~~~~~~~~~~~~~
/Users/admin/builder/spi-builder-workspace/Sources/SwiftAwesomeButton/UIKitHostingSupport.swift:35:49: error: cannot find type 'UIViewController' in scope
private(set) weak var parentViewController: UIViewController?
^~~~~~~~~~~~~~~~
/Users/admin/builder/spi-builder-workspace/Sources/SwiftAwesomeButton/UIKitHostingSupport.swift:37:52: error: cannot find type 'UIViewController' in scope
private weak var explicitParentViewController: UIViewController?
^~~~~~~~~~~~~~~~
/Users/admin/builder/spi-builder-workspace/Sources/SwiftAwesomeButton/UIKitHostingSupport.swift:63:42: error: cannot find type 'UIViewController' in scope
func attach(to parentViewController: UIViewController) {
^~~~~~~~~~~~~~~~
/Users/admin/builder/spi-builder-workspace/Sources/SwiftAwesomeButton/UIKitHostingSupport.swift:117:62: error: cannot find type 'UITraitCollection' in scope
func traitCollectionDidChange(_ previousTraitCollection: UITraitCollection?) {
^~~~~~~~~~~~~~~~~
/Users/admin/builder/spi-builder-workspace/Sources/SwiftAwesomeButton/UIKitHostingSupport.swift:158:38: error: cannot find type 'UIPress' in scope
func pressesBegan(_ presses: Set<UIPress>, event: UIPressesEvent?) -> Bool {
^~~~~~~
/Users/admin/builder/spi-builder-workspace/Sources/SwiftAwesomeButton/UIKitHostingSupport.swift:158:55: error: cannot find type 'UIPressesEvent' in scope
func pressesBegan(_ presses: Set<UIPress>, event: UIPressesEvent?) -> Bool {
^~~~~~~~~~~~~~
/Users/admin/builder/spi-builder-workspace/Sources/SwiftAwesomeButton/UIKitHostingSupport.swift:166:38: error: cannot find type 'UIPress' in scope
func pressesEnded(_ presses: Set<UIPress>, event: UIPressesEvent?) -> Bool {
^~~~~~~
/Users/admin/builder/spi-builder-workspace/Sources/SwiftAwesomeButton/UIKitHostingSupport.swift:166:55: error: cannot find type 'UIPressesEvent' in scope
func pressesEnded(_ presses: Set<UIPress>, event: UIPressesEvent?) -> Bool {
^~~~~~~~~~~~~~
/Users/admin/builder/spi-builder-workspace/Sources/SwiftAwesomeButton/UIKitHostingSupport.swift:174:42: error: cannot find type 'UIPress' in scope
func pressesCancelled(_ presses: Set<UIPress>, event: UIPressesEvent?) {
^~~~~~~
/Users/admin/builder/spi-builder-workspace/Sources/SwiftAwesomeButton/UIKitHostingSupport.swift:174:59: error: cannot find type 'UIPressesEvent' in scope
func pressesCancelled(_ presses: Set<UIPress>, event: UIPressesEvent?) {
^~~~~~~~~~~~~~
/Users/admin/builder/spi-builder-workspace/Sources/SwiftAwesomeButton/UIKitHostingSupport.swift:303:34: error: cannot find type 'UIControl' in scope
private func attach(control: UIControl, parent: UIViewController) {
^~~~~~~~~
/Users/admin/builder/spi-builder-workspace/Sources/SwiftAwesomeButton/UIKitHostingSupport.swift:303:53: error: cannot find type 'UIViewController' in scope
private func attach(control: UIControl, parent: UIViewController) {
^~~~~~~~~~~~~~~~
/Users/admin/builder/spi-builder-workspace/Sources/SwiftAwesomeButton/UIKitHostingSupport.swift:338:62: error: cannot find type 'UIViewController' in scope
internal func discoverViewController(from view: UIView) -> UIViewController? {
^~~~~~~~~~~~~~~~
/Users/admin/builder/spi-builder-workspace/Sources/SwiftAwesomeButton/UIKitHostingSupport.swift:338:51: error: cannot find type 'UIView' in scope
internal func discoverViewController(from view: UIView) -> UIViewController? {
^~~~~~
/Applications/Xcode-16.3.0.app/Contents/Developer/Platforms/WatchOS.platform/Developer/SDKs/WatchOS11.4.sdk/System/Library/Frameworks/UIKit.framework/Headers/NSTextAttachment.h:23:1: note: interface 'UIView' forward declared here
@class UIView;
^
/Users/admin/builder/spi-builder-workspace/Sources/SwiftAwesomeButton/UIKitHostingSupport.swift:350:53: error: cannot find type 'UIKey' in scope
internal func isAwesomeButtonActivationKey(_ key: UIKey) -> Bool {
^~~~~
/Users/admin/builder/spi-builder-workspace/Sources/SwiftAwesomeButton/UIKitHostingSupport.swift:363:22: error: cannot find type 'UITraitCollection' in scope
traitCollection: UITraitCollection
^~~~~~~~~~~~~~~~~
/Users/admin/builder/spi-builder-workspace/Sources/SwiftAwesomeButton/UIKitHostingSupport.swift:410:69: error: cannot find type 'UIContentSizeCategory' in scope
private func awesomeButtonUIKitUsesExpandedTextLayout(_ category: UIContentSizeCategory) -> Bool {
^~~~~~~~~~~~~~~~~~~~~
SwiftCompile normal arm64_32 Compiling\ AwesomeButtonShellGeometry.swift,\ AwesomeButtonSizeTextOwner.swift,\ AwesomeButtonStyleTransitionOwner.swift /Users/admin/builder/spi-builder-workspace/Sources/SwiftAwesomeButton/AwesomeButtonShellGeometry.swift /Users/admin/builder/spi-builder-workspace/Sources/SwiftAwesomeButton/AwesomeButtonSizeTextOwner.swift /Users/admin/builder/spi-builder-workspace/Sources/SwiftAwesomeButton/AwesomeButtonStyleTransitionOwner.swift (in target 'SwiftAwesomeButton' from project 'swift-awesome-button')
Command SwiftCompile failed with a nonzero exit code
** BUILD FAILED **
The following build commands failed:
SwiftEmitModule normal arm64 Emitting\ module\ for\ SwiftAwesomeButton (in target 'SwiftAwesomeButton' from project 'swift-awesome-button')
EmitSwiftModule normal arm64 (in target 'SwiftAwesomeButton' from project 'swift-awesome-button')
SwiftEmitModule normal arm64_32 Emitting\ module\ for\ SwiftAwesomeButton (in target 'SwiftAwesomeButton' from project 'swift-awesome-button')
EmitSwiftModule normal arm64_32 (in target 'SwiftAwesomeButton' from project 'swift-awesome-button')
SwiftCompile normal arm64_32 Compiling\ AwesomeButtonShellGeometry.swift,\ AwesomeButtonSizeTextOwner.swift,\ AwesomeButtonStyleTransitionOwner.swift /Users/admin/builder/spi-builder-workspace/Sources/SwiftAwesomeButton/AwesomeButtonShellGeometry.swift /Users/admin/builder/spi-builder-workspace/Sources/SwiftAwesomeButton/AwesomeButtonSizeTextOwner.swift /Users/admin/builder/spi-builder-workspace/Sources/SwiftAwesomeButton/AwesomeButtonStyleTransitionOwner.swift (in target 'SwiftAwesomeButton' from project 'swift-awesome-button')
Building workspace spi-builder-workspace with scheme swift-awesome-button
(6 failures)
Command line invocation:
/Applications/Xcode-16.3.0.app/Contents/Developer/usr/bin/xcodebuild -IDEClonedSourcePackagesDirPathOverride=/Users/admin/builder/spi-builder-workspace/.dependencies -resolvePackageDependencies
Resolve Package Graph
Resolved source packages:
swift-awesome-button: /Users/admin/builder/spi-builder-workspace
resolved source packages: swift-awesome-button
{
"default_localization" : "en",
"dependencies" : [
],
"manifest_display_name" : "swift-awesome-button",
"name" : "swift-awesome-button",
"path" : "/Users/admin/builder/spi-builder-workspace",
"platforms" : [
{
"name" : "ios",
"version" : "16.0"
}
],
"products" : [
{
"name" : "SwiftAwesomeButton",
"targets" : [
"SwiftAwesomeButton"
],
"type" : {
"library" : [
"automatic"
]
}
}
],
"targets" : [
{
"c99name" : "SwiftAwesomeButtonTests",
"module_type" : "SwiftTarget",
"name" : "SwiftAwesomeButtonTests",
"path" : "Tests/SwiftAwesomeButtonTests",
"sources" : [
"ControllerPlanningTests.swift",
"FourthPassParityTests.swift",
"MeasurementAndBehaviorTests.swift",
"NativeFirstPassInteractionTests.swift",
"PerformanceBaselineTests.swift",
"ProgressParityTests.swift",
"PublicSurfaceIntegrityTests.swift",
"TextTransitionTests.swift",
"ThemeResolutionTests.swift",
"ThirdPassAccessibilityTests.swift",
"UIKitControlIntegrationTests.swift"
],
"target_dependencies" : [
"SwiftAwesomeButton"
],
"type" : "test"
},
{
"c99name" : "SwiftAwesomeButton",
"module_type" : "SwiftTarget",
"name" : "SwiftAwesomeButton",
"path" : "Sources/SwiftAwesomeButton",
"product_memberships" : [
"SwiftAwesomeButton"
],
"resources" : [
{
"path" : "/Users/admin/builder/spi-builder-workspace/Sources/SwiftAwesomeButton/Resources/en.lproj/Localizable.strings",
"rule" : {
"process" : {
"localization" : "en"
}
}
}
],
"sources" : [
"AnimationUtilities.swift",
"AutoWidthMeasurement.swift",
"AwesomeButton.swift",
"AwesomeButtonAutoWidthPlanning.swift",
"AwesomeButtonBody.swift",
"AwesomeButtonControl.swift",
"AwesomeButtonController.swift",
"AwesomeButtonInteractionReleaseOwner.swift",
"AwesomeButtonLocalization.swift",
"AwesomeButtonNativeControlBridge.swift",
"AwesomeButtonNormalization.swift",
"AwesomeButtonProgressOwner.swift",
"AwesomeButtonReleasePlanning.swift",
"AwesomeButtonResolvedConfiguration.swift",
"AwesomeButtonShellGeometry.swift",
"AwesomeButtonSizeTextOwner.swift",
"AwesomeButtonStyleTransitionOwner.swift",
"AwesomeButtonTextUpdatePlanning.swift",
"ButtonTouchSurface.swift",
"ColorHelpers.swift",
"Models.swift",
"PlaceholderShimmer.swift",
"ProgressTransition.swift",
"TextTransition.swift",
"ThemedButton.swift",
"ThemedButtonControl.swift",
"Themes.swift",
"UIKitHostingSupport.swift"
],
"type" : "library"
}
],
"tools_version" : "5.10"
}
{
"workspace" : {
"name" : "spi-builder-workspace",
"schemes" : [
"swift-awesome-button"
]
}
}
Running build ...
env DEVELOPER_DIR=/Applications/Xcode-16.3.0.app xcrun xcodebuild -IDEClonedSourcePackagesDirPathOverride=$PWD/.dependencies -skipMacroValidation -skipPackagePluginValidation -derivedDataPath $PWD/.derivedData build -scheme swift-awesome-button -destination generic/platform=watchOS
Command line invocation:
/Applications/Xcode-16.3.0.app/Contents/Developer/usr/bin/xcodebuild -IDEClonedSourcePackagesDirPathOverride=/Users/admin/builder/spi-builder-workspace/.dependencies -skipMacroValidation -skipPackagePluginValidation -derivedDataPath /Users/admin/builder/spi-builder-workspace/.derivedData build -scheme swift-awesome-button -destination generic/platform=watchOS
Resolve Package Graph
Resolved source packages:
swift-awesome-button: /Users/admin/builder/spi-builder-workspace
ComputePackagePrebuildTargetDependencyGraph
Prepare packages
CreateBuildRequest
SendProjectDescription
CreateBuildOperation
ComputeTargetDependencyGraph
note: Building targets in dependency order
note: Target dependency graph (3 targets)
Target 'SwiftAwesomeButton' in project 'swift-awesome-button'
➜ Explicit dependency on target 'SwiftAwesomeButton' in project 'swift-awesome-button'
➜ Explicit dependency on target 'swift-awesome-button_SwiftAwesomeButton' in project 'swift-awesome-button'
Target 'SwiftAwesomeButton' in project 'swift-awesome-button'
➜ Explicit dependency on target 'swift-awesome-button_SwiftAwesomeButton' in project 'swift-awesome-button'
Target 'swift-awesome-button_SwiftAwesomeButton' in project 'swift-awesome-button' (no dependencies)
GatherProvisioningInputs
CreateBuildDescription
ExecuteExternalTool /Applications/Xcode-16.3.0.app/Contents/Developer/Toolchains/XcodeDefault.xctoolchain/usr/bin/clang -v -E -dM -isysroot /Applications/Xcode-16.3.0.app/Contents/Developer/Platforms/WatchOS.platform/Developer/SDKs/WatchOS11.4.sdk -x c -c /dev/null
ExecuteExternalTool /Applications/Xcode-16.3.0.app/Contents/Developer/Toolchains/XcodeDefault.xctoolchain/usr/bin/swiftc --version
ExecuteExternalTool /Applications/Xcode-16.3.0.app/Contents/Developer/Toolchains/XcodeDefault.xctoolchain/usr/bin/ld -version_details
ReadFileContents /Applications/Xcode-16.3.0.app/Contents/Developer/Toolchains/XcodeDefault.xctoolchain/usr/share/docc/features.json
Build description signature: 180a364e8092b0ea548705fed8bdbf11
Build description path: /Users/admin/builder/spi-builder-workspace/.derivedData/Build/Intermediates.noindex/XCBuildData/180a364e8092b0ea548705fed8bdbf11.xcbuilddata
ClangStatCache /Applications/Xcode-16.3.0.app/Contents/Developer/Toolchains/XcodeDefault.xctoolchain/usr/bin/clang-stat-cache /Applications/Xcode-16.3.0.app/Contents/Developer/Platforms/WatchOS.platform/Developer/SDKs/WatchOS11.4.sdk /Users/admin/builder/spi-builder-workspace/.derivedData/SDKStatCaches.noindex/watchos11.4-22T246-43efb940ff07ba2497b70ec94253f576.sdkstatcache
cd /Users/admin/builder/spi-builder-workspace/.swiftpm/xcode
/Applications/Xcode-16.3.0.app/Contents/Developer/Toolchains/XcodeDefault.xctoolchain/usr/bin/clang-stat-cache /Applications/Xcode-16.3.0.app/Contents/Developer/Platforms/WatchOS.platform/Developer/SDKs/WatchOS11.4.sdk -o /Users/admin/builder/spi-builder-workspace/.derivedData/SDKStatCaches.noindex/watchos11.4-22T246-43efb940ff07ba2497b70ec94253f576.sdkstatcache
ProcessInfoPlistFile /Users/admin/builder/spi-builder-workspace/.derivedData/Build/Products/Debug-watchos/swift-awesome-button_SwiftAwesomeButton.bundle/Info.plist /Users/admin/builder/spi-builder-workspace/.derivedData/Build/Intermediates.noindex/swift-awesome-button.build/Debug-watchos/swift-awesome-button_SwiftAwesomeButton.build/empty-swift-awesome-button_SwiftAwesomeButton.plist (in target 'swift-awesome-button_SwiftAwesomeButton' from project 'swift-awesome-button')
cd /Users/admin/builder/spi-builder-workspace
builtin-infoPlistUtility /Users/admin/builder/spi-builder-workspace/.derivedData/Build/Intermediates.noindex/swift-awesome-button.build/Debug-watchos/swift-awesome-button_SwiftAwesomeButton.build/empty-swift-awesome-button_SwiftAwesomeButton.plist -producttype com.apple.product-type.bundle -expandbuildsettings -format binary -platform watchos -o /Users/admin/builder/spi-builder-workspace/.derivedData/Build/Products/Debug-watchos/swift-awesome-button_SwiftAwesomeButton.bundle/Info.plist
SwiftDriver SwiftAwesomeButton normal arm64_32 com.apple.xcode.tools.swift.compiler (in target 'SwiftAwesomeButton' from project 'swift-awesome-button')
cd /Users/admin/builder/spi-builder-workspace/.swiftpm/xcode
builtin-SwiftDriver -- /Applications/Xcode-16.3.0.app/Contents/Developer/Toolchains/XcodeDefault.xctoolchain/usr/bin/swiftc -module-name SwiftAwesomeButton -Onone -enforce-exclusivity\=checked @/Users/admin/builder/spi-builder-workspace/.derivedData/Build/Intermediates.noindex/swift-awesome-button.build/Debug-watchos/SwiftAwesomeButton.build/Objects-normal/arm64_32/SwiftAwesomeButton.SwiftFileList -DSWIFT_PACKAGE -DDEBUG -DXcode -plugin-path /Applications/Xcode-16.3.0.app/Contents/Developer/Toolchains/XcodeDefault.xctoolchain/usr/lib/swift/host/plugins/testing -enable-experimental-feature DebugDescriptionMacro -sdk /Applications/Xcode-16.3.0.app/Contents/Developer/Platforms/WatchOS.platform/Developer/SDKs/WatchOS11.4.sdk -target arm64_32-apple-watchos9.0 -g -module-cache-path /Users/admin/builder/spi-builder-workspace/.derivedData/ModuleCache.noindex -Xfrontend -serialize-debugging-options -profile-coverage-mapping -profile-generate -enable-testing -index-store-path /Users/admin/builder/spi-builder-workspace/.derivedData/Index.noindex/DataStore -swift-version 5 -I /Users/admin/builder/spi-builder-workspace/.derivedData/Build/Products/Debug-watchos -I /Applications/Xcode-16.3.0.app/Contents/Developer/Platforms/WatchOS.platform/Developer/usr/lib -F /Users/admin/builder/spi-builder-workspace/.derivedData/Build/Products/Debug-watchos -F /Applications/Xcode-16.3.0.app/Contents/Developer/Platforms/WatchOS.platform/Developer/Library/Frameworks -F /Applications/Xcode-16.3.0.app/Contents/Developer/Platforms/WatchOS.platform/Developer/SDKs/WatchOS11.4.sdk/Developer/Library/Frameworks -emit-localized-strings -emit-localized-strings-path /Users/admin/builder/spi-builder-workspace/.derivedData/Build/Intermediates.noindex/swift-awesome-button.build/Debug-watchos/SwiftAwesomeButton.build/Objects-normal/arm64_32 -c -j10 -enable-batch-mode -incremental -Xcc -ivfsstatcache -Xcc /Users/admin/builder/spi-builder-workspace/.derivedData/SDKStatCaches.noindex/watchos11.4-22T246-43efb940ff07ba2497b70ec94253f576.sdkstatcache -output-file-map /Users/admin/builder/spi-builder-workspace/.derivedData/Build/Intermediates.noindex/swift-awesome-button.build/Debug-watchos/SwiftAwesomeButton.build/Objects-normal/arm64_32/SwiftAwesomeButton-OutputFileMap.json -use-frontend-parseable-output -save-temps -no-color-diagnostics -serialize-diagnostics -emit-dependencies -emit-module -emit-module-path /Users/admin/builder/spi-builder-workspace/.derivedData/Build/Intermediates.noindex/swift-awesome-button.build/Debug-watchos/SwiftAwesomeButton.build/Objects-normal/arm64_32/SwiftAwesomeButton.swiftmodule -validate-clang-modules-once -clang-build-session-file /Users/admin/builder/spi-builder-workspace/.derivedData/ModuleCache.noindex/Session.modulevalidation -package-name spi_builder_workspace -Xcc -I/Users/admin/builder/spi-builder-workspace/.derivedData/Build/Intermediates.noindex/swift-awesome-button.build/Debug-watchos/SwiftAwesomeButton.build/swift-overrides.hmap -emit-const-values -Xfrontend -const-gather-protocols-file -Xfrontend /Users/admin/builder/spi-builder-workspace/.derivedData/Build/Intermediates.noindex/swift-awesome-button.build/Debug-watchos/SwiftAwesomeButton.build/Objects-normal/arm64_32/SwiftAwesomeButton_const_extract_protocols.json -Xcc -I/Users/admin/builder/spi-builder-workspace/.derivedData/Build/Products/Debug-watchos/include -Xcc -I/Users/admin/builder/spi-builder-workspace/.derivedData/Build/Intermediates.noindex/swift-awesome-button.build/Debug-watchos/SwiftAwesomeButton.build/DerivedSources-normal/arm64_32 -Xcc -I/Users/admin/builder/spi-builder-workspace/.derivedData/Build/Intermediates.noindex/swift-awesome-button.build/Debug-watchos/SwiftAwesomeButton.build/DerivedSources/arm64_32 -Xcc -I/Users/admin/builder/spi-builder-workspace/.derivedData/Build/Intermediates.noindex/swift-awesome-button.build/Debug-watchos/SwiftAwesomeButton.build/DerivedSources -Xcc -DSWIFT_PACKAGE -Xcc -DDEBUG\=1 -emit-objc-header -emit-objc-header-path /Users/admin/builder/spi-builder-workspace/.derivedData/Build/Intermediates.noindex/swift-awesome-button.build/Debug-watchos/SwiftAwesomeButton.build/Objects-normal/arm64_32/SwiftAwesomeButton-Swift.h -working-directory /Users/admin/builder/spi-builder-workspace/.swiftpm/xcode -experimental-emit-module-separately -disable-cmo
SwiftDriver SwiftAwesomeButton normal arm64 com.apple.xcode.tools.swift.compiler (in target 'SwiftAwesomeButton' from project 'swift-awesome-button')
cd /Users/admin/builder/spi-builder-workspace/.swiftpm/xcode
builtin-SwiftDriver -- /Applications/Xcode-16.3.0.app/Contents/Developer/Toolchains/XcodeDefault.xctoolchain/usr/bin/swiftc -module-name SwiftAwesomeButton -Onone -enforce-exclusivity\=checked @/Users/admin/builder/spi-builder-workspace/.derivedData/Build/Intermediates.noindex/swift-awesome-button.build/Debug-watchos/SwiftAwesomeButton.build/Objects-normal/arm64/SwiftAwesomeButton.SwiftFileList -DSWIFT_PACKAGE -DDEBUG -DXcode -plugin-path /Applications/Xcode-16.3.0.app/Contents/Developer/Toolchains/XcodeDefault.xctoolchain/usr/lib/swift/host/plugins/testing -enable-experimental-feature DebugDescriptionMacro -sdk /Applications/Xcode-16.3.0.app/Contents/Developer/Platforms/WatchOS.platform/Developer/SDKs/WatchOS11.4.sdk -target arm64-apple-watchos9.0 -g -module-cache-path /Users/admin/builder/spi-builder-workspace/.derivedData/ModuleCache.noindex -Xfrontend -serialize-debugging-options -profile-coverage-mapping -profile-generate -enable-testing -index-store-path /Users/admin/builder/spi-builder-workspace/.derivedData/Index.noindex/DataStore -swift-version 5 -I /Users/admin/builder/spi-builder-workspace/.derivedData/Build/Products/Debug-watchos -I /Applications/Xcode-16.3.0.app/Contents/Developer/Platforms/WatchOS.platform/Developer/usr/lib -F /Users/admin/builder/spi-builder-workspace/.derivedData/Build/Products/Debug-watchos -F /Applications/Xcode-16.3.0.app/Contents/Developer/Platforms/WatchOS.platform/Developer/Library/Frameworks -F /Applications/Xcode-16.3.0.app/Contents/Developer/Platforms/WatchOS.platform/Developer/SDKs/WatchOS11.4.sdk/Developer/Library/Frameworks -emit-localized-strings -emit-localized-strings-path /Users/admin/builder/spi-builder-workspace/.derivedData/Build/Intermediates.noindex/swift-awesome-button.build/Debug-watchos/SwiftAwesomeButton.build/Objects-normal/arm64 -c -j10 -enable-batch-mode -incremental -Xcc -ivfsstatcache -Xcc /Users/admin/builder/spi-builder-workspace/.derivedData/SDKStatCaches.noindex/watchos11.4-22T246-43efb940ff07ba2497b70ec94253f576.sdkstatcache -output-file-map /Users/admin/builder/spi-builder-workspace/.derivedData/Build/Intermediates.noindex/swift-awesome-button.build/Debug-watchos/SwiftAwesomeButton.build/Objects-normal/arm64/SwiftAwesomeButton-OutputFileMap.json -use-frontend-parseable-output -save-temps -no-color-diagnostics -serialize-diagnostics -emit-dependencies -emit-module -emit-module-path /Users/admin/builder/spi-builder-workspace/.derivedData/Build/Intermediates.noindex/swift-awesome-button.build/Debug-watchos/SwiftAwesomeButton.build/Objects-normal/arm64/SwiftAwesomeButton.swiftmodule -validate-clang-modules-once -clang-build-session-file /Users/admin/builder/spi-builder-workspace/.derivedData/ModuleCache.noindex/Session.modulevalidation -package-name spi_builder_workspace -Xcc -I/Users/admin/builder/spi-builder-workspace/.derivedData/Build/Intermediates.noindex/swift-awesome-button.build/Debug-watchos/SwiftAwesomeButton.build/swift-overrides.hmap -emit-const-values -Xfrontend -const-gather-protocols-file -Xfrontend /Users/admin/builder/spi-builder-workspace/.derivedData/Build/Intermediates.noindex/swift-awesome-button.build/Debug-watchos/SwiftAwesomeButton.build/Objects-normal/arm64/SwiftAwesomeButton_const_extract_protocols.json -Xcc -I/Users/admin/builder/spi-builder-workspace/.derivedData/Build/Products/Debug-watchos/include -Xcc -I/Users/admin/builder/spi-builder-workspace/.derivedData/Build/Intermediates.noindex/swift-awesome-button.build/Debug-watchos/SwiftAwesomeButton.build/DerivedSources-normal/arm64 -Xcc -I/Users/admin/builder/spi-builder-workspace/.derivedData/Build/Intermediates.noindex/swift-awesome-button.build/Debug-watchos/SwiftAwesomeButton.build/DerivedSources/arm64 -Xcc -I/Users/admin/builder/spi-builder-workspace/.derivedData/Build/Intermediates.noindex/swift-awesome-button.build/Debug-watchos/SwiftAwesomeButton.build/DerivedSources -Xcc -DSWIFT_PACKAGE -Xcc -DDEBUG\=1 -emit-objc-header -emit-objc-header-path /Users/admin/builder/spi-builder-workspace/.derivedData/Build/Intermediates.noindex/swift-awesome-button.build/Debug-watchos/SwiftAwesomeButton.build/Objects-normal/arm64/SwiftAwesomeButton-Swift.h -working-directory /Users/admin/builder/spi-builder-workspace/.swiftpm/xcode -experimental-emit-module-separately -disable-cmo
SwiftEmitModule normal arm64_32 Emitting\ module\ for\ SwiftAwesomeButton (in target 'SwiftAwesomeButton' from project 'swift-awesome-button')
EmitSwiftModule normal arm64_32 (in target 'SwiftAwesomeButton' from project 'swift-awesome-button')
cd /Users/admin/builder/spi-builder-workspace/.swiftpm/xcode
/Users/admin/builder/spi-builder-workspace/Sources/SwiftAwesomeButton/AwesomeButtonControl.swift:159:40: error: cannot find type 'UIViewController' in scope
internal var hostedViewController: UIViewController { hostCoordinator.hostingController }
^~~~~~~~~~~~~~~~
/Users/admin/builder/spi-builder-workspace/Sources/SwiftAwesomeButton/AwesomeButtonControl.swift:160:48: error: cannot find type 'UIViewController' in scope
internal var attachedParentViewController: UIViewController? {
^~~~~~~~~~~~~~~~
/Users/admin/builder/spi-builder-workspace/Sources/SwiftAwesomeButton/AwesomeButtonControl.swift:165:25: error: property does not override any property from its superclass
public override var isEnabled: Bool {
~~~~~~~~ ^
/Users/admin/builder/spi-builder-workspace/Sources/SwiftAwesomeButton/AwesomeButtonControl.swift:172:25: error: property does not override any property from its superclass
public override var isHighlighted: Bool {
~~~~~~~~ ^
/Users/admin/builder/spi-builder-workspace/Sources/SwiftAwesomeButton/AwesomeButtonControl.swift:272:49: error: cannot find type 'UIViewController' in scope
public func attach(to parentViewController: UIViewController) {
^~~~~~~~~~~~~~~~
/Users/admin/builder/spi-builder-workspace/Sources/SwiftAwesomeButton/AwesomeButtonControl.swift:288:25: error: property does not override any property from its superclass
public override var intrinsicContentSize: CGSize {
~~~~~~~~ ^
/Users/admin/builder/spi-builder-workspace/Sources/SwiftAwesomeButton/AwesomeButtonControl.swift:293:26: error: method does not override any method from its superclass
public override func sizeThatFits(_ size: CGSize) -> CGSize {
~~~~~~~~ ^
/Users/admin/builder/spi-builder-workspace/Sources/SwiftAwesomeButton/AwesomeButtonControl.swift:298:26: error: method does not override any method from its superclass
public override func layoutSubviews() {
~~~~~~~~ ^
/Users/admin/builder/spi-builder-workspace/Sources/SwiftAwesomeButton/AwesomeButtonControl.swift:304:26: error: method does not override any method from its superclass
public override func didMoveToWindow() {
~~~~~~~~ ^
/Users/admin/builder/spi-builder-workspace/Sources/SwiftAwesomeButton/AwesomeButtonControl.swift:310:26: error: method does not override any method from its superclass
public override func didMoveToSuperview() {
~~~~~~~~ ^
/Users/admin/builder/spi-builder-workspace/Sources/SwiftAwesomeButton/AwesomeButtonControl.swift:316:78: error: cannot find type 'UITraitCollection' in scope
public override func traitCollectionDidChange(_ previousTraitCollection: UITraitCollection?) {
^~~~~~~~~~~~~~~~~
/Users/admin/builder/spi-builder-workspace/Sources/SwiftAwesomeButton/AwesomeButtonControl.swift:322:26: error: method does not override any method from its superclass
public override func accessibilityActivate() -> Bool {
~~~~~~~~ ^
/Users/admin/builder/spi-builder-workspace/Sources/SwiftAwesomeButton/AwesomeButtonControl.swift:327:26: error: method does not override any method from its superclass
public override func accessibilityElementDidBecomeFocused() {
~~~~~~~~ ^
/Users/admin/builder/spi-builder-workspace/Sources/SwiftAwesomeButton/AwesomeButtonControl.swift:342:54: error: cannot find type 'UIPress' in scope
public override func pressesBegan(_ presses: Set<UIPress>, with event: UIPressesEvent?) {
^~~~~~~
/Users/admin/builder/spi-builder-workspace/Sources/SwiftAwesomeButton/AwesomeButtonControl.swift:342:76: error: cannot find type 'UIPressesEvent' in scope
public override func pressesBegan(_ presses: Set<UIPress>, with event: UIPressesEvent?) {
^~~~~~~~~~~~~~
/Users/admin/builder/spi-builder-workspace/Sources/SwiftAwesomeButton/AwesomeButtonControl.swift:349:54: error: cannot find type 'UIPress' in scope
public override func pressesEnded(_ presses: Set<UIPress>, with event: UIPressesEvent?) {
^~~~~~~
/Users/admin/builder/spi-builder-workspace/Sources/SwiftAwesomeButton/AwesomeButtonControl.swift:349:76: error: cannot find type 'UIPressesEvent' in scope
public override func pressesEnded(_ presses: Set<UIPress>, with event: UIPressesEvent?) {
^~~~~~~~~~~~~~
/Users/admin/builder/spi-builder-workspace/Sources/SwiftAwesomeButton/AwesomeButtonControl.swift:356:58: error: cannot find type 'UIPress' in scope
public override func pressesCancelled(_ presses: Set<UIPress>, with event: UIPressesEvent?) {
^~~~~~~
/Users/admin/builder/spi-builder-workspace/Sources/SwiftAwesomeButton/AwesomeButtonControl.swift:356:80: error: cannot find type 'UIPressesEvent' in scope
public override func pressesCancelled(_ presses: Set<UIPress>, with event: UIPressesEvent?) {
^~~~~~~~~~~~~~
/Users/admin/builder/spi-builder-workspace/Sources/SwiftAwesomeButton/AwesomeButtonControl.swift:464:31: error: cannot find type 'UIControl' in scope
internal var hostControl: UIControl { self }
^~~~~~~~~
/Users/admin/builder/spi-builder-workspace/Sources/SwiftAwesomeButton/UIKitHostingSupport.swift:7:22: error: cannot find type 'UIControl' in scope
var hostControl: UIControl { get }
^~~~~~~~~
/Users/admin/builder/spi-builder-workspace/Sources/SwiftAwesomeButton/AwesomeButtonControl.swift:7:44: error: cannot find type 'UIControl' in scope
public final class AwesomeButtonControl: UIControl, UIKitButtonHostOwnerAdapter {
^~~~~~~~~
/Users/admin/builder/spi-builder-workspace/Sources/SwiftAwesomeButton/AwesomeButtonNativeControlBridge.swift:13:23: error: cannot find type 'UIControl' in scope
weak var control: UIControl?
^~~~~~~~~
/Users/admin/builder/spi-builder-workspace/Sources/SwiftAwesomeButton/AwesomeButtonNativeControlBridge.swift:16:28: error: cannot find type 'UIControl' in scope
var eventDispatcher: ((UIControl, UIControl.Event) -> Void)?
^~~~~~~~~
/Users/admin/builder/spi-builder-workspace/Sources/SwiftAwesomeButton/AwesomeButtonNativeControlBridge.swift:16:39: error: cannot find type 'UIControl' in scope
var eventDispatcher: ((UIControl, UIControl.Event) -> Void)?
^~~~~~~~~
/Users/admin/builder/spi-builder-workspace/Sources/SwiftAwesomeButton/AwesomeButtonNativeControlBridge.swift:175:42: error: cannot find type 'UIControl' in scope
private func sendActions(for events: UIControl.Event) {
^~~~~~~~~
/Users/admin/builder/spi-builder-workspace/Sources/SwiftAwesomeButton/ButtonTouchSurface.swift:14:30: error: cannot find type 'Context' in scope
func makeUIView(context: Context) -> ButtonTouchSurfaceView {
^~~~~~~
/Users/admin/builder/spi-builder-workspace/Sources/SwiftAwesomeButton/ButtonTouchSurface.swift:21:66: error: cannot find type 'Context' in scope
func updateUIView(_ uiView: ButtonTouchSurfaceView, context: Context) {
^~~~~~~
/Users/admin/builder/spi-builder-workspace/Sources/SwiftAwesomeButton/ButtonTouchSurface.swift:6:39: error: cannot find type 'UIViewRepresentable' in scope
internal struct ButtonTouchSurface: UIViewRepresentable {
^~~~~~~~~~~~~~~~~~~
/Users/admin/builder/spi-builder-workspace/Sources/SwiftAwesomeButton/ButtonTouchSurface.swift:76:43: error: cannot find type 'UILongPressGestureRecognizer' in scope
private lazy var longPressRecognizer: UILongPressGestureRecognizer = {
^~~~~~~~~~~~~~~~~~~~~~~~~~~~
/Users/admin/builder/spi-builder-workspace/Sources/SwiftAwesomeButton/ButtonTouchSurface.swift:47:48: error: cannot find type 'UIView' in scope
internal final class ButtonTouchSurfaceView: UIView, UIGestureRecognizerDelegate {
^~~~~~
/Applications/Xcode-16.3.0.app/Contents/Developer/Platforms/WatchOS.platform/Developer/SDKs/WatchOS11.4.sdk/System/Library/Frameworks/UIKit.framework/Headers/NSTextAttachment.h:23:1: note: interface 'UIView' forward declared here
@class UIView;
^
/Users/admin/builder/spi-builder-workspace/Sources/SwiftAwesomeButton/ButtonTouchSurface.swift:47:56: error: cannot find type 'UIGestureRecognizerDelegate' in scope
internal final class ButtonTouchSurfaceView: UIView, UIGestureRecognizerDelegate {
^~~~~~~~~~~~~~~~~~~~~~~~~~~
/Users/admin/builder/spi-builder-workspace/Sources/SwiftAwesomeButton/ButtonTouchSurface.swift:60:18: error: value of type 'PressTouchRecognizer' has no member 'delegate'
recognizer.delegate = self
~~~~~~~~~~ ^~~~~~~~
/Users/admin/builder/spi-builder-workspace/Sources/SwiftAwesomeButton/ButtonTouchSurface.swift:86:14: error: initializer does not override a designated initializer from its superclass
override init(frame: CGRect) {
~~~~~~~~ ^
/Users/admin/builder/spi-builder-workspace/Sources/SwiftAwesomeButton/ButtonTouchSurface.swift:196:48: error: cannot find type 'UILongPressGestureRecognizer' in scope
private func handleLongPress(_ recognizer: UILongPressGestureRecognizer) {
^~~~~~~~~~~~~~~~~~~~~~~~~~~~
/Users/admin/builder/spi-builder-workspace/Sources/SwiftAwesomeButton/ButtonTouchSurface.swift:221:28: error: cannot find type 'UIGestureRecognizer' in scope
_ gestureRecognizer: UIGestureRecognizer,
^~~~~~~~~~~~~~~~~~~
/Users/admin/builder/spi-builder-workspace/Sources/SwiftAwesomeButton/ButtonTouchSurface.swift:222:65: error: cannot find type 'UIGestureRecognizer' in scope
shouldRecognizeSimultaneouslyWith otherGestureRecognizer: UIGestureRecognizer
^~~~~~~~~~~~~~~~~~~
/Users/admin/builder/spi-builder-workspace/Sources/SwiftAwesomeButton/ButtonTouchSurface.swift:236:45: error: cannot find type 'UIGestureRecognizer' in scope
private final class PressTouchRecognizer: UIGestureRecognizer {
^~~~~~~~~~~~~~~~~~~
/Users/admin/builder/spi-builder-workspace/Sources/SwiftAwesomeButton/ButtonTouchSurface.swift:247:31: error: cannot find type 'UITouch' in scope
private var trackedTouch: UITouch?
^~~~~~~
/Users/admin/builder/spi-builder-workspace/Sources/SwiftAwesomeButton/ButtonTouchSurface.swift:250:14: error: initializer does not override a designated initializer from its superclass
override init(target: Any?, action: Selector?) {
~~~~~~~~ ^
/Users/admin/builder/spi-builder-workspace/Sources/SwiftAwesomeButton/ButtonTouchSurface.swift:261:47: error: cannot find type 'UITouch' in scope
override func touchesBegan(_ touches: Set<UITouch>, with event: UIEvent) {
^~~~~~~
/Users/admin/builder/spi-builder-workspace/Sources/SwiftAwesomeButton/ButtonTouchSurface.swift:261:69: error: cannot find type 'UIEvent' in scope
override func touchesBegan(_ touches: Set<UITouch>, with event: UIEvent) {
^~~~~~~
/Users/admin/builder/spi-builder-workspace/Sources/SwiftAwesomeButton/ButtonTouchSurface.swift:277:47: error: cannot find type 'UITouch' in scope
override func touchesMoved(_ touches: Set<UITouch>, with event: UIEvent) {
^~~~~~~
/Users/admin/builder/spi-builder-workspace/Sources/SwiftAwesomeButton/ButtonTouchSurface.swift:277:69: error: cannot find type 'UIEvent' in scope
override func touchesMoved(_ touches: Set<UITouch>, with event: UIEvent) {
^~~~~~~
/Users/admin/builder/spi-builder-workspace/Sources/SwiftAwesomeButton/ButtonTouchSurface.swift:302:47: error: cannot find type 'UITouch' in scope
override func touchesEnded(_ touches: Set<UITouch>, with event: UIEvent) {
^~~~~~~
/Users/admin/builder/spi-builder-workspace/Sources/SwiftAwesomeButton/ButtonTouchSurface.swift:302:69: error: cannot find type 'UIEvent' in scope
override func touchesEnded(_ touches: Set<UITouch>, with event: UIEvent) {
^~~~~~~
/Users/admin/builder/spi-builder-workspace/Sources/SwiftAwesomeButton/ButtonTouchSurface.swift:318:51: error: cannot find type 'UITouch' in scope
override func touchesCancelled(_ touches: Set<UITouch>, with event: UIEvent) {
^~~~~~~
/Users/admin/builder/spi-builder-workspace/Sources/SwiftAwesomeButton/ButtonTouchSurface.swift:318:73: error: cannot find type 'UIEvent' in scope
override func touchesCancelled(_ touches: Set<UITouch>, with event: UIEvent) {
^~~~~~~
/Users/admin/builder/spi-builder-workspace/Sources/SwiftAwesomeButton/ButtonTouchSurface.swift:332:19: error: method does not override any method from its superclass
override func reset() {
~~~~~~~~ ^
/Users/admin/builder/spi-builder-workspace/Sources/SwiftAwesomeButton/ColorHelpers.swift:469:32: error: 'LayoutDirectionBehavior' is only available in watchOS 10.0 or newer
var layoutDirectionBehavior: LayoutDirectionBehavior { .fixed }
^
/Users/admin/builder/spi-builder-workspace/Sources/SwiftAwesomeButton/ColorHelpers.swift:469:7: note: add @available attribute to enclosing property
var layoutDirectionBehavior: LayoutDirectionBehavior { .fixed }
^
/Users/admin/builder/spi-builder-workspace/Sources/SwiftAwesomeButton/ColorHelpers.swift:461:17: note: add @available attribute to enclosing struct
internal struct AwesomeRoundedRectangle: InsettableShape {
^
/Users/admin/builder/spi-builder-workspace/Sources/SwiftAwesomeButton/TextTransition.swift:309:28: error: 'CADisplayLink' is unavailable in watchOS
private var displayLink: CADisplayLink?
^~~~~~~~~~~~~
/Applications/Xcode-16.3.0.app/Contents/Developer/Platforms/WatchOS.platform/Developer/SDKs/WatchOS11.4.sdk/System/Library/Frameworks/QuartzCore.framework/Headers/CADisplayLink.h:21:12: note: 'CADisplayLink' has been explicitly marked unavailable here
@interface CADisplayLink : NSObject
^
/Users/admin/builder/spi-builder-workspace/Sources/SwiftAwesomeButton/TextTransition.swift:382:40: error: 'CADisplayLink' is unavailable in watchOS
@objc func handleTick(_ displayLink: CADisplayLink) {
^~~~~~~~~~~~~
/Applications/Xcode-16.3.0.app/Contents/Developer/Platforms/WatchOS.platform/Developer/SDKs/WatchOS11.4.sdk/System/Library/Frameworks/QuartzCore.framework/Headers/CADisplayLink.h:21:12: note: 'CADisplayLink' has been explicitly marked unavailable here
@interface CADisplayLink : NSObject
^
/Users/admin/builder/spi-builder-workspace/Sources/SwiftAwesomeButton/ThemedButtonControl.swift:191:40: error: cannot find type 'UIViewController' in scope
internal var hostedViewController: UIViewController { hostCoordinator.hostingController }
^~~~~~~~~~~~~~~~
/Users/admin/builder/spi-builder-workspace/Sources/SwiftAwesomeButton/ThemedButtonControl.swift:192:48: error: cannot find type 'UIViewController' in scope
internal var attachedParentViewController: UIViewController? {
^~~~~~~~~~~~~~~~
/Users/admin/builder/spi-builder-workspace/Sources/SwiftAwesomeButton/ThemedButtonControl.swift:197:25: error: property does not override any property from its superclass
public override var isEnabled: Bool {
~~~~~~~~ ^
/Users/admin/builder/spi-builder-workspace/Sources/SwiftAwesomeButton/ThemedButtonControl.swift:204:25: error: property does not override any property from its superclass
public override var isHighlighted: Bool {
~~~~~~~~ ^
/Users/admin/builder/spi-builder-workspace/Sources/SwiftAwesomeButton/ThemedButtonControl.swift:320:49: error: cannot find type 'UIViewController' in scope
public func attach(to parentViewController: UIViewController) {
^~~~~~~~~~~~~~~~
/Users/admin/builder/spi-builder-workspace/Sources/SwiftAwesomeButton/ThemedButtonControl.swift:336:25: error: property does not override any property from its superclass
public override var intrinsicContentSize: CGSize {
~~~~~~~~ ^
/Users/admin/builder/spi-builder-workspace/Sources/SwiftAwesomeButton/ThemedButtonControl.swift:341:26: error: method does not override any method from its superclass
public override func sizeThatFits(_ size: CGSize) -> CGSize {
~~~~~~~~ ^
/Users/admin/builder/spi-builder-workspace/Sources/SwiftAwesomeButton/ThemedButtonControl.swift:346:26: error: method does not override any method from its superclass
public override func layoutSubviews() {
~~~~~~~~ ^
/Users/admin/builder/spi-builder-workspace/Sources/SwiftAwesomeButton/ThemedButtonControl.swift:352:26: error: method does not override any method from its superclass
public override func didMoveToWindow() {
~~~~~~~~ ^
/Users/admin/builder/spi-builder-workspace/Sources/SwiftAwesomeButton/ThemedButtonControl.swift:358:26: error: method does not override any method from its superclass
public override func didMoveToSuperview() {
~~~~~~~~ ^
/Users/admin/builder/spi-builder-workspace/Sources/SwiftAwesomeButton/ThemedButtonControl.swift:364:78: error: cannot find type 'UITraitCollection' in scope
public override func traitCollectionDidChange(_ previousTraitCollection: UITraitCollection?) {
^~~~~~~~~~~~~~~~~
/Users/admin/builder/spi-builder-workspace/Sources/SwiftAwesomeButton/ThemedButtonControl.swift:370:26: error: method does not override any method from its superclass
public override func accessibilityActivate() -> Bool {
~~~~~~~~ ^
/Users/admin/builder/spi-builder-workspace/Sources/SwiftAwesomeButton/ThemedButtonControl.swift:375:26: error: method does not override any method from its superclass
public override func accessibilityElementDidBecomeFocused() {
~~~~~~~~ ^
/Users/admin/builder/spi-builder-workspace/Sources/SwiftAwesomeButton/ThemedButtonControl.swift:390:54: error: cannot find type 'UIPress' in scope
public override func pressesBegan(_ presses: Set<UIPress>, with event: UIPressesEvent?) {
^~~~~~~
/Users/admin/builder/spi-builder-workspace/Sources/SwiftAwesomeButton/ThemedButtonControl.swift:390:76: error: cannot find type 'UIPressesEvent' in scope
public override func pressesBegan(_ presses: Set<UIPress>, with event: UIPressesEvent?) {
^~~~~~~~~~~~~~
/Users/admin/builder/spi-builder-workspace/Sources/SwiftAwesomeButton/ThemedButtonControl.swift:397:54: error: cannot find type 'UIPress' in scope
public override func pressesEnded(_ presses: Set<UIPress>, with event: UIPressesEvent?) {
^~~~~~~
/Users/admin/builder/spi-builder-workspace/Sources/SwiftAwesomeButton/ThemedButtonControl.swift:397:76: error: cannot find type 'UIPressesEvent' in scope
public override func pressesEnded(_ presses: Set<UIPress>, with event: UIPressesEvent?) {
^~~~~~~~~~~~~~
/Users/admin/builder/spi-builder-workspace/Sources/SwiftAwesomeButton/ThemedButtonControl.swift:404:58: error: cannot find type 'UIPress' in scope
public override func pressesCancelled(_ presses: Set<UIPress>, with event: UIPressesEvent?) {
^~~~~~~
/Users/admin/builder/spi-builder-workspace/Sources/SwiftAwesomeButton/ThemedButtonControl.swift:404:80: error: cannot find type 'UIPressesEvent' in scope
public override func pressesCancelled(_ presses: Set<UIPress>, with event: UIPressesEvent?) {
^~~~~~~~~~~~~~
/Users/admin/builder/spi-builder-workspace/Sources/SwiftAwesomeButton/ThemedButtonControl.swift:536:31: error: cannot find type 'UIControl' in scope
internal var hostControl: UIControl { self }
^~~~~~~~~
/Users/admin/builder/spi-builder-workspace/Sources/SwiftAwesomeButton/ThemedButtonControl.swift:7:43: error: cannot find type 'UIControl' in scope
public final class ThemedButtonControl: UIControl, UIKitButtonHostOwnerAdapter {
^~~~~~~~~
/Users/admin/builder/spi-builder-workspace/Sources/SwiftAwesomeButton/UIKitHostingSupport.swift:32:29: error: cannot find 'UIHostingController' in scope
let hostingController = UIHostingController(rootView: AnyView(EmptyView()))
^~~~~~~~~~~~~~~~~~~
/Users/admin/builder/spi-builder-workspace/Sources/SwiftAwesomeButton/UIKitHostingSupport.swift:35:49: error: cannot find type 'UIViewController' in scope
private(set) weak var parentViewController: UIViewController?
^~~~~~~~~~~~~~~~
/Users/admin/builder/spi-builder-workspace/Sources/SwiftAwesomeButton/UIKitHostingSupport.swift:37:52: error: cannot find type 'UIViewController' in scope
private weak var explicitParentViewController: UIViewController?
^~~~~~~~~~~~~~~~
/Users/admin/builder/spi-builder-workspace/Sources/SwiftAwesomeButton/UIKitHostingSupport.swift:63:42: error: cannot find type 'UIViewController' in scope
func attach(to parentViewController: UIViewController) {
^~~~~~~~~~~~~~~~
/Users/admin/builder/spi-builder-workspace/Sources/SwiftAwesomeButton/UIKitHostingSupport.swift:117:62: error: cannot find type 'UITraitCollection' in scope
func traitCollectionDidChange(_ previousTraitCollection: UITraitCollection?) {
^~~~~~~~~~~~~~~~~
/Users/admin/builder/spi-builder-workspace/Sources/SwiftAwesomeButton/UIKitHostingSupport.swift:158:38: error: cannot find type 'UIPress' in scope
func pressesBegan(_ presses: Set<UIPress>, event: UIPressesEvent?) -> Bool {
^~~~~~~
/Users/admin/builder/spi-builder-workspace/Sources/SwiftAwesomeButton/UIKitHostingSupport.swift:158:55: error: cannot find type 'UIPressesEvent' in scope
func pressesBegan(_ presses: Set<UIPress>, event: UIPressesEvent?) -> Bool {
^~~~~~~~~~~~~~
/Users/admin/builder/spi-builder-workspace/Sources/SwiftAwesomeButton/UIKitHostingSupport.swift:166:38: error: cannot find type 'UIPress' in scope
func pressesEnded(_ presses: Set<UIPress>, event: UIPressesEvent?) -> Bool {
^~~~~~~
/Users/admin/builder/spi-builder-workspace/Sources/SwiftAwesomeButton/UIKitHostingSupport.swift:166:55: error: cannot find type 'UIPressesEvent' in scope
func pressesEnded(_ presses: Set<UIPress>, event: UIPressesEvent?) -> Bool {
^~~~~~~~~~~~~~
/Users/admin/builder/spi-builder-workspace/Sources/SwiftAwesomeButton/UIKitHostingSupport.swift:174:42: error: cannot find type 'UIPress' in scope
func pressesCancelled(_ presses: Set<UIPress>, event: UIPressesEvent?) {
^~~~~~~
/Users/admin/builder/spi-builder-workspace/Sources/SwiftAwesomeButton/UIKitHostingSupport.swift:174:59: error: cannot find type 'UIPressesEvent' in scope
func pressesCancelled(_ presses: Set<UIPress>, event: UIPressesEvent?) {
^~~~~~~~~~~~~~
/Users/admin/builder/spi-builder-workspace/Sources/SwiftAwesomeButton/UIKitHostingSupport.swift:303:34: error: cannot find type 'UIControl' in scope
private func attach(control: UIControl, parent: UIViewController) {
^~~~~~~~~
/Users/admin/builder/spi-builder-workspace/Sources/SwiftAwesomeButton/UIKitHostingSupport.swift:303:53: error: cannot find type 'UIViewController' in scope
private func attach(control: UIControl, parent: UIViewController) {
^~~~~~~~~~~~~~~~
/Users/admin/builder/spi-builder-workspace/Sources/SwiftAwesomeButton/UIKitHostingSupport.swift:338:62: error: cannot find type 'UIViewController' in scope
internal func discoverViewController(from view: UIView) -> UIViewController? {
^~~~~~~~~~~~~~~~
/Users/admin/builder/spi-builder-workspace/Sources/SwiftAwesomeButton/UIKitHostingSupport.swift:338:51: error: cannot find type 'UIView' in scope
internal func discoverViewController(from view: UIView) -> UIViewController? {
^~~~~~
/Applications/Xcode-16.3.0.app/Contents/Developer/Platforms/WatchOS.platform/Developer/SDKs/WatchOS11.4.sdk/System/Library/Frameworks/UIKit.framework/Headers/NSTextAttachment.h:23:1: note: interface 'UIView' forward declared here
@class UIView;
^
/Users/admin/builder/spi-builder-workspace/Sources/SwiftAwesomeButton/UIKitHostingSupport.swift:350:53: error: cannot find type 'UIKey' in scope
internal func isAwesomeButtonActivationKey(_ key: UIKey) -> Bool {
^~~~~
/Users/admin/builder/spi-builder-workspace/Sources/SwiftAwesomeButton/UIKitHostingSupport.swift:363:22: error: cannot find type 'UITraitCollection' in scope
traitCollection: UITraitCollection
^~~~~~~~~~~~~~~~~
/Users/admin/builder/spi-builder-workspace/Sources/SwiftAwesomeButton/UIKitHostingSupport.swift:410:69: error: cannot find type 'UIContentSizeCategory' in scope
private func awesomeButtonUIKitUsesExpandedTextLayout(_ category: UIContentSizeCategory) -> Bool {
^~~~~~~~~~~~~~~~~~~~~
Failed frontend command:
/Applications/Xcode-16.3.0.app/Contents/Developer/Toolchains/XcodeDefault.xctoolchain/usr/bin/swift-frontend -frontend -emit-module -experimental-skip-non-inlinable-function-bodies-without-types /Users/admin/builder/spi-builder-workspace/.derivedData/Build/Intermediates.noindex/swift-awesome-button.build/Debug-watchos/SwiftAwesomeButton.build/DerivedSources/resource_bundle_accessor.swift /Users/admin/builder/spi-builder-workspace/Sources/SwiftAwesomeButton/AnimationUtilities.swift /Users/admin/builder/spi-builder-workspace/Sources/SwiftAwesomeButton/AutoWidthMeasurement.swift /Users/admin/builder/spi-builder-workspace/Sources/SwiftAwesomeButton/AwesomeButton.swift /Users/admin/builder/spi-builder-workspace/Sources/SwiftAwesomeButton/AwesomeButtonAutoWidthPlanning.swift /Users/admin/builder/spi-builder-workspace/Sources/SwiftAwesomeButton/AwesomeButtonBody.swift /Users/admin/builder/spi-builder-workspace/Sources/SwiftAwesomeButton/AwesomeButtonControl.swift /Users/admin/builder/spi-builder-workspace/Sources/SwiftAwesomeButton/AwesomeButtonController.swift /Users/admin/builder/spi-builder-workspace/Sources/SwiftAwesomeButton/AwesomeButtonInteractionReleaseOwner.swift /Users/admin/builder/spi-builder-workspace/Sources/SwiftAwesomeButton/AwesomeButtonLocalization.swift /Users/admin/builder/spi-builder-workspace/Sources/SwiftAwesomeButton/AwesomeButtonNativeControlBridge.swift /Users/admin/builder/spi-builder-workspace/Sources/SwiftAwesomeButton/AwesomeButtonNormalization.swift /Users/admin/builder/spi-builder-workspace/Sources/SwiftAwesomeButton/AwesomeButtonProgressOwner.swift /Users/admin/builder/spi-builder-workspace/Sources/SwiftAwesomeButton/AwesomeButtonReleasePlanning.swift /Users/admin/builder/spi-builder-workspace/Sources/SwiftAwesomeButton/AwesomeButtonResolvedConfiguration.swift /Users/admin/builder/spi-builder-workspace/Sources/SwiftAwesomeButton/AwesomeButtonShellGeometry.swift /Users/admin/builder/spi-builder-workspace/Sources/SwiftAwesomeButton/AwesomeButtonSizeTextOwner.swift /Users/admin/builder/spi-builder-workspace/Sources/SwiftAwesomeButton/AwesomeButtonStyleTransitionOwner.swift /Users/admin/builder/spi-builder-workspace/Sources/SwiftAwesomeButton/AwesomeButtonTextUpdatePlanning.swift /Users/admin/builder/spi-builder-workspace/Sources/SwiftAwesomeButton/ButtonTouchSurface.swift /Users/admin/builder/spi-builder-workspace/Sources/SwiftAwesomeButton/ColorHelpers.swift /Users/admin/builder/spi-builder-workspace/Sources/SwiftAwesomeButton/Models.swift /Users/admin/builder/spi-builder-workspace/Sources/SwiftAwesomeButton/PlaceholderShimmer.swift /Users/admin/builder/spi-builder-workspace/Sources/SwiftAwesomeButton/ProgressTransition.swift /Users/admin/builder/spi-builder-workspace/Sources/SwiftAwesomeButton/TextTransition.swift /Users/admin/builder/spi-builder-workspace/Sources/SwiftAwesomeButton/ThemedButton.swift /Users/admin/builder/spi-builder-workspace/Sources/SwiftAwesomeButton/ThemedButtonControl.swift /Users/admin/builder/spi-builder-workspace/Sources/SwiftAwesomeButton/Themes.swift /Users/admin/builder/spi-builder-workspace/Sources/SwiftAwesomeButton/UIKitHostingSupport.swift -target arm64_32-apple-watchos9.0 -enable-objc-interop -sdk /Applications/Xcode-16.3.0.app/Contents/Developer/Platforms/WatchOS.platform/Developer/SDKs/WatchOS11.4.sdk -I /Users/admin/builder/spi-builder-workspace/.derivedData/Build/Products/Debug-watchos -I /Applications/Xcode-16.3.0.app/Contents/Developer/Platforms/WatchOS.platform/Developer/usr/lib -F /Users/admin/builder/spi-builder-workspace/.derivedData/Build/Products/Debug-watchos -F /Applications/Xcode-16.3.0.app/Contents/Developer/Platforms/WatchOS.platform/Developer/Library/Frameworks -F /Applications/Xcode-16.3.0.app/Contents/Developer/Platforms/WatchOS.platform/Developer/SDKs/WatchOS11.4.sdk/Developer/Library/Frameworks -no-color-diagnostics -enable-testing -g -debug-info-format\=dwarf -dwarf-version\=4 -module-cache-path /Users/admin/builder/spi-builder-workspace/.derivedData/ModuleCache.noindex -profile-generate -profile-coverage-mapping -swift-version 5 -enforce-exclusivity\=checked -Onone -D SWIFT_PACKAGE -D DEBUG -D Xcode -serialize-debugging-options -const-gather-protocols-file /Users/admin/builder/spi-builder-workspace/.derivedData/Build/Intermediates.noindex/swift-awesome-button.build/Debug-watchos/SwiftAwesomeButton.build/Objects-normal/arm64_32/SwiftAwesomeButton_const_extract_protocols.json -enable-experimental-feature DebugDescriptionMacro -empty-abi-descriptor -plugin-path /Applications/Xcode-16.3.0.app/Contents/Developer/Toolchains/XcodeDefault.xctoolchain/usr/lib/swift/host/plugins/testing -validate-clang-modules-once -clang-build-session-file /Users/admin/builder/spi-builder-workspace/.derivedData/ModuleCache.noindex/Session.modulevalidation -Xcc -working-directory -Xcc /Users/admin/builder/spi-builder-workspace/.swiftpm/xcode -resource-dir /Applications/Xcode-16.3.0.app/Contents/Developer/Toolchains/XcodeDefault.xctoolchain/usr/lib/swift -enable-anonymous-context-mangled-names -file-compilation-dir /Users/admin/builder/spi-builder-workspace/.swiftpm/xcode -Xcc -ivfsstatcache -Xcc /Users/admin/builder/spi-builder-workspace/.derivedData/SDKStatCaches.noindex/watchos11.4-22T246-43efb940ff07ba2497b70ec94253f576.sdkstatcache -Xcc -I/Users/admin/builder/spi-builder-workspace/.derivedData/Build/Intermediates.noindex/swift-awesome-button.build/Debug-watchos/SwiftAwesomeButton.build/swift-overrides.hmap -Xcc -I/Users/admin/builder/spi-builder-workspace/.derivedData/Build/Products/Debug-watchos/include -Xcc -I/Users/admin/builder/spi-builder-workspace/.derivedData/Build/Intermediates.noindex/swift-awesome-button.build/Debug-watchos/SwiftAwesomeButton.build/DerivedSources-normal/arm64_32 -Xcc -I/Users/admin/builder/spi-builder-workspace/.derivedData/Build/Intermediates.noindex/swift-awesome-button.build/Debug-watchos/SwiftAwesomeButton.build/DerivedSources/arm64_32 -Xcc -I/Users/admin/builder/spi-builder-workspace/.derivedData/Build/Intermediates.noindex/swift-awesome-button.build/Debug-watchos/SwiftAwesomeButton.build/DerivedSources -Xcc -DSWIFT_PACKAGE -Xcc -DDEBUG\=1 -module-name SwiftAwesomeButton -package-name spi_builder_workspace -frontend-parseable-output -disable-clang-spi -target-sdk-version 11.4 -target-sdk-name watchos11.4 -external-plugin-path /Applications/Xcode-16.3.0.app/Contents/Developer/Platforms/WatchOS.platform/Developer/usr/lib/swift/host/plugins\#/Applications/Xcode-16.3.0.app/Contents/Developer/Platforms/WatchOS.platform/Developer/usr/bin/swift-plugin-server -external-plugin-path /Applications/Xcode-16.3.0.app/Contents/Developer/Platforms/WatchOS.platform/Developer/usr/local/lib/swift/host/plugins\#/Applications/Xcode-16.3.0.app/Contents/Developer/Platforms/WatchOS.platform/Developer/usr/bin/swift-plugin-server -in-process-plugin-server-path /Applications/Xcode-16.3.0.app/Contents/Developer/Toolchains/XcodeDefault.xctoolchain/usr/lib/swift/host/libSwiftInProcPluginServer.dylib -plugin-path /Applications/Xcode-16.3.0.app/Contents/Developer/Toolchains/XcodeDefault.xctoolchain/usr/lib/swift/host/plugins -plugin-path /Applications/Xcode-16.3.0.app/Contents/Developer/Toolchains/XcodeDefault.xctoolchain/usr/local/lib/swift/host/plugins -emit-module-doc-path /Users/admin/builder/spi-builder-workspace/.derivedData/Build/Intermediates.noindex/swift-awesome-button.build/Debug-watchos/SwiftAwesomeButton.build/Objects-normal/arm64_32/SwiftAwesomeButton.swiftdoc -emit-module-source-info-path /Users/admin/builder/spi-builder-workspace/.derivedData/Build/Intermediates.noindex/swift-awesome-button.build/Debug-watchos/SwiftAwesomeButton.build/Objects-normal/arm64_32/SwiftAwesomeButton.swiftsourceinfo -emit-objc-header-path /Users/admin/builder/spi-builder-workspace/.derivedData/Build/Intermediates.noindex/swift-awesome-button.build/Debug-watchos/SwiftAwesomeButton.build/Objects-normal/arm64_32/SwiftAwesomeButton-Swift.h -serialize-diagnostics-path /Users/admin/builder/spi-builder-workspace/.derivedData/Build/Intermediates.noindex/swift-awesome-button.build/Debug-watchos/SwiftAwesomeButton.build/Objects-normal/arm64_32/SwiftAwesomeButton-master-emit-module.dia -emit-dependencies-path /Users/admin/builder/spi-builder-workspace/.derivedData/Build/Intermediates.noindex/swift-awesome-button.build/Debug-watchos/SwiftAwesomeButton.build/Objects-normal/arm64_32/SwiftAwesomeButton-master-emit-module.d -o /Users/admin/builder/spi-builder-workspace/.derivedData/Build/Intermediates.noindex/swift-awesome-button.build/Debug-watchos/SwiftAwesomeButton.build/Objects-normal/arm64_32/SwiftAwesomeButton.swiftmodule -emit-abi-descriptor-path /Users/admin/builder/spi-builder-workspace/.derivedData/Build/Intermediates.noindex/swift-awesome-button.build/Debug-watchos/SwiftAwesomeButton.build/Objects-normal/arm64_32/SwiftAwesomeButton.abi.json
SwiftCompile normal arm64_32 Compiling\ AwesomeButtonLocalization.swift,\ AwesomeButtonNativeControlBridge.swift,\ AwesomeButtonNormalization.swift /Users/admin/builder/spi-builder-workspace/Sources/SwiftAwesomeButton/AwesomeButtonLocalization.swift /Users/admin/builder/spi-builder-workspace/Sources/SwiftAwesomeButton/AwesomeButtonNativeControlBridge.swift /Users/admin/builder/spi-builder-workspace/Sources/SwiftAwesomeButton/AwesomeButtonNormalization.swift (in target 'SwiftAwesomeButton' from project 'swift-awesome-button')
SwiftCompile normal arm64_32 /Users/admin/builder/spi-builder-workspace/Sources/SwiftAwesomeButton/AwesomeButtonLocalization.swift (in target 'SwiftAwesomeButton' from project 'swift-awesome-button')
cd /Users/admin/builder/spi-builder-workspace/.swiftpm/xcode
SwiftCompile normal arm64_32 /Users/admin/builder/spi-builder-workspace/Sources/SwiftAwesomeButton/AwesomeButtonNativeControlBridge.swift (in target 'SwiftAwesomeButton' from project 'swift-awesome-button')
cd /Users/admin/builder/spi-builder-workspace/.swiftpm/xcode
SwiftCompile normal arm64_32 /Users/admin/builder/spi-builder-workspace/Sources/SwiftAwesomeButton/AwesomeButtonNormalization.swift (in target 'SwiftAwesomeButton' from project 'swift-awesome-button')
cd /Users/admin/builder/spi-builder-workspace/.swiftpm/xcode
SwiftCompile normal arm64_32 Compiling\ AwesomeButtonProgressOwner.swift,\ AwesomeButtonReleasePlanning.swift,\ AwesomeButtonResolvedConfiguration.swift /Users/admin/builder/spi-builder-workspace/Sources/SwiftAwesomeButton/AwesomeButtonProgressOwner.swift /Users/admin/builder/spi-builder-workspace/Sources/SwiftAwesomeButton/AwesomeButtonReleasePlanning.swift /Users/admin/builder/spi-builder-workspace/Sources/SwiftAwesomeButton/AwesomeButtonResolvedConfiguration.swift (in target 'SwiftAwesomeButton' from project 'swift-awesome-button')
SwiftCompile normal arm64_32 /Users/admin/builder/spi-builder-workspace/Sources/SwiftAwesomeButton/AwesomeButtonProgressOwner.swift (in target 'SwiftAwesomeButton' from project 'swift-awesome-button')
cd /Users/admin/builder/spi-builder-workspace/.swiftpm/xcode
SwiftCompile normal arm64_32 /Users/admin/builder/spi-builder-workspace/Sources/SwiftAwesomeButton/AwesomeButtonReleasePlanning.swift (in target 'SwiftAwesomeButton' from project 'swift-awesome-button')
cd /Users/admin/builder/spi-builder-workspace/.swiftpm/xcode
SwiftCompile normal arm64_32 /Users/admin/builder/spi-builder-workspace/Sources/SwiftAwesomeButton/AwesomeButtonResolvedConfiguration.swift (in target 'SwiftAwesomeButton' from project 'swift-awesome-button')
cd /Users/admin/builder/spi-builder-workspace/.swiftpm/xcode
SwiftCompile normal arm64_32 Compiling\ TextTransition.swift,\ ThemedButton.swift,\ ThemedButtonControl.swift /Users/admin/builder/spi-builder-workspace/Sources/SwiftAwesomeButton/TextTransition.swift /Users/admin/builder/spi-builder-workspace/Sources/SwiftAwesomeButton/ThemedButton.swift /Users/admin/builder/spi-builder-workspace/Sources/SwiftAwesomeButton/ThemedButtonControl.swift (in target 'SwiftAwesomeButton' from project 'swift-awesome-button')
SwiftCompile normal arm64_32 /Users/admin/builder/spi-builder-workspace/Sources/SwiftAwesomeButton/TextTransition.swift (in target 'SwiftAwesomeButton' from project 'swift-awesome-button')
cd /Users/admin/builder/spi-builder-workspace/.swiftpm/xcode
SwiftCompile normal arm64_32 /Users/admin/builder/spi-builder-workspace/Sources/SwiftAwesomeButton/ThemedButton.swift (in target 'SwiftAwesomeButton' from project 'swift-awesome-button')
cd /Users/admin/builder/spi-builder-workspace/.swiftpm/xcode
SwiftCompile normal arm64_32 /Users/admin/builder/spi-builder-workspace/Sources/SwiftAwesomeButton/ThemedButtonControl.swift (in target 'SwiftAwesomeButton' from project 'swift-awesome-button')
cd /Users/admin/builder/spi-builder-workspace/.swiftpm/xcode
SwiftCompile normal arm64_32 Compiling\ Models.swift,\ PlaceholderShimmer.swift,\ ProgressTransition.swift /Users/admin/builder/spi-builder-workspace/Sources/SwiftAwesomeButton/Models.swift /Users/admin/builder/spi-builder-workspace/Sources/SwiftAwesomeButton/PlaceholderShimmer.swift /Users/admin/builder/spi-builder-workspace/Sources/SwiftAwesomeButton/ProgressTransition.swift (in target 'SwiftAwesomeButton' from project 'swift-awesome-button')
SwiftCompile normal arm64_32 /Users/admin/builder/spi-builder-workspace/Sources/SwiftAwesomeButton/Models.swift (in target 'SwiftAwesomeButton' from project 'swift-awesome-button')
cd /Users/admin/builder/spi-builder-workspace/.swiftpm/xcode
SwiftCompile normal arm64_32 /Users/admin/builder/spi-builder-workspace/Sources/SwiftAwesomeButton/PlaceholderShimmer.swift (in target 'SwiftAwesomeButton' from project 'swift-awesome-button')
cd /Users/admin/builder/spi-builder-workspace/.swiftpm/xcode
SwiftCompile normal arm64_32 /Users/admin/builder/spi-builder-workspace/Sources/SwiftAwesomeButton/ProgressTransition.swift (in target 'SwiftAwesomeButton' from project 'swift-awesome-button')
cd /Users/admin/builder/spi-builder-workspace/.swiftpm/xcode
SwiftCompile normal arm64_32 Compiling\ AwesomeButton.swift,\ AwesomeButtonAutoWidthPlanning.swift,\ AwesomeButtonBody.swift /Users/admin/builder/spi-builder-workspace/Sources/SwiftAwesomeButton/AwesomeButton.swift /Users/admin/builder/spi-builder-workspace/Sources/SwiftAwesomeButton/AwesomeButtonAutoWidthPlanning.swift /Users/admin/builder/spi-builder-workspace/Sources/SwiftAwesomeButton/AwesomeButtonBody.swift (in target 'SwiftAwesomeButton' from project 'swift-awesome-button')
SwiftCompile normal arm64_32 /Users/admin/builder/spi-builder-workspace/Sources/SwiftAwesomeButton/AwesomeButton.swift (in target 'SwiftAwesomeButton' from project 'swift-awesome-button')
cd /Users/admin/builder/spi-builder-workspace/.swiftpm/xcode
SwiftCompile normal arm64_32 /Users/admin/builder/spi-builder-workspace/Sources/SwiftAwesomeButton/AwesomeButtonAutoWidthPlanning.swift (in target 'SwiftAwesomeButton' from project 'swift-awesome-button')
cd /Users/admin/builder/spi-builder-workspace/.swiftpm/xcode
SwiftCompile normal arm64_32 /Users/admin/builder/spi-builder-workspace/Sources/SwiftAwesomeButton/AwesomeButtonBody.swift (in target 'SwiftAwesomeButton' from project 'swift-awesome-button')
cd /Users/admin/builder/spi-builder-workspace/.swiftpm/xcode
SwiftCompile normal arm64 Compiling\ resource_bundle_accessor.swift,\ AnimationUtilities.swift,\ AutoWidthMeasurement.swift /Users/admin/builder/spi-builder-workspace/.derivedData/Build/Intermediates.noindex/swift-awesome-button.build/Debug-watchos/SwiftAwesomeButton.build/DerivedSources/resource_bundle_accessor.swift /Users/admin/builder/spi-builder-workspace/Sources/SwiftAwesomeButton/AnimationUtilities.swift /Users/admin/builder/spi-builder-workspace/Sources/SwiftAwesomeButton/AutoWidthMeasurement.swift (in target 'SwiftAwesomeButton' from project 'swift-awesome-button')
SwiftCompile normal arm64 /Users/admin/builder/spi-builder-workspace/.derivedData/Build/Intermediates.noindex/swift-awesome-button.build/Debug-watchos/SwiftAwesomeButton.build/DerivedSources/resource_bundle_accessor.swift (in target 'SwiftAwesomeButton' from project 'swift-awesome-button')
cd /Users/admin/builder/spi-builder-workspace/.swiftpm/xcode
SwiftCompile normal arm64 /Users/admin/builder/spi-builder-workspace/Sources/SwiftAwesomeButton/AnimationUtilities.swift (in target 'SwiftAwesomeButton' from project 'swift-awesome-button')
cd /Users/admin/builder/spi-builder-workspace/.swiftpm/xcode
SwiftCompile normal arm64 /Users/admin/builder/spi-builder-workspace/Sources/SwiftAwesomeButton/AutoWidthMeasurement.swift (in target 'SwiftAwesomeButton' from project 'swift-awesome-button')
cd /Users/admin/builder/spi-builder-workspace/.swiftpm/xcode
SwiftEmitModule normal arm64 Emitting\ module\ for\ SwiftAwesomeButton (in target 'SwiftAwesomeButton' from project 'swift-awesome-button')
Failed frontend command:
/Applications/Xcode-16.3.0.app/Contents/Developer/Toolchains/XcodeDefault.xctoolchain/usr/bin/swift-frontend -frontend -emit-module -experimental-skip-non-inlinable-function-bodies-without-types /Users/admin/builder/spi-builder-workspace/.derivedData/Build/Intermediates.noindex/swift-awesome-button.build/Debug-watchos/SwiftAwesomeButton.build/DerivedSources/resource_bundle_accessor.swift /Users/admin/builder/spi-builder-workspace/Sources/SwiftAwesomeButton/AnimationUtilities.swift /Users/admin/builder/spi-builder-workspace/Sources/SwiftAwesomeButton/AutoWidthMeasurement.swift /Users/admin/builder/spi-builder-workspace/Sources/SwiftAwesomeButton/AwesomeButton.swift /Users/admin/builder/spi-builder-workspace/Sources/SwiftAwesomeButton/AwesomeButtonAutoWidthPlanning.swift /Users/admin/builder/spi-builder-workspace/Sources/SwiftAwesomeButton/AwesomeButtonBody.swift /Users/admin/builder/spi-builder-workspace/Sources/SwiftAwesomeButton/AwesomeButtonControl.swift /Users/admin/builder/spi-builder-workspace/Sources/SwiftAwesomeButton/AwesomeButtonController.swift /Users/admin/builder/spi-builder-workspace/Sources/SwiftAwesomeButton/AwesomeButtonInteractionReleaseOwner.swift /Users/admin/builder/spi-builder-workspace/Sources/SwiftAwesomeButton/AwesomeButtonLocalization.swift /Users/admin/builder/spi-builder-workspace/Sources/SwiftAwesomeButton/AwesomeButtonNativeControlBridge.swift /Users/admin/builder/spi-builder-workspace/Sources/SwiftAwesomeButton/AwesomeButtonNormalization.swift /Users/admin/builder/spi-builder-workspace/Sources/SwiftAwesomeButton/AwesomeButtonProgressOwner.swift /Users/admin/builder/spi-builder-workspace/Sources/SwiftAwesomeButton/AwesomeButtonReleasePlanning.swift /Users/admin/builder/spi-builder-workspace/Sources/SwiftAwesomeButton/AwesomeButtonResolvedConfiguration.swift /Users/admin/builder/spi-builder-workspace/Sources/SwiftAwesomeButton/AwesomeButtonShellGeometry.swift /Users/admin/builder/spi-builder-workspace/Sources/SwiftAwesomeButton/AwesomeButtonSizeTextOwner.swift /Users/admin/builder/spi-builder-workspace/Sources/SwiftAwesomeButton/AwesomeButtonStyleTransitionOwner.swift /Users/admin/builder/spi-builder-workspace/Sources/SwiftAwesomeButton/AwesomeButtonTextUpdatePlanning.swift /Users/admin/builder/spi-builder-workspace/Sources/SwiftAwesomeButton/ButtonTouchSurface.swift /Users/admin/builder/spi-builder-workspace/Sources/SwiftAwesomeButton/ColorHelpers.swift /Users/admin/builder/spi-builder-workspace/Sources/SwiftAwesomeButton/Models.swift /Users/admin/builder/spi-builder-workspace/Sources/SwiftAwesomeButton/PlaceholderShimmer.swift /Users/admin/builder/spi-builder-workspace/Sources/SwiftAwesomeButton/ProgressTransition.swift /Users/admin/builder/spi-builder-workspace/Sources/SwiftAwesomeButton/TextTransition.swift /Users/admin/builder/spi-builder-workspace/Sources/SwiftAwesomeButton/ThemedButton.swift /Users/admin/builder/spi-builder-workspace/Sources/SwiftAwesomeButton/ThemedButtonControl.swift /Users/admin/builder/spi-builder-workspace/Sources/SwiftAwesomeButton/Themes.swift /Users/admin/builder/spi-builder-workspace/Sources/SwiftAwesomeButton/UIKitHostingSupport.swift -target arm64-apple-watchos9.0 -Xllvm -aarch64-use-tbi -enable-objc-interop -stack-check -sdk /Applications/Xcode-16.3.0.app/Contents/Developer/Platforms/WatchOS.platform/Developer/SDKs/WatchOS11.4.sdk -I /Users/admin/builder/spi-builder-workspace/.derivedData/Build/Products/Debug-watchos -I /Applications/Xcode-16.3.0.app/Contents/Developer/Platforms/WatchOS.platform/Developer/usr/lib -F /Users/admin/builder/spi-builder-workspace/.derivedData/Build/Products/Debug-watchos -F /Applications/Xcode-16.3.0.app/Contents/Developer/Platforms/WatchOS.platform/Developer/Library/Frameworks -F /Applications/Xcode-16.3.0.app/Contents/Developer/Platforms/WatchOS.platform/Developer/SDKs/WatchOS11.4.sdk/Developer/Library/Frameworks -no-color-diagnostics -enable-testing -g -debug-info-format\=dwarf -dwarf-version\=4 -module-cache-path /Users/admin/builder/spi-builder-workspace/.derivedData/ModuleCache.noindex -profile-generate -profile-coverage-mapping -swift-version 5 -enforce-exclusivity\=checked -Onone -D SWIFT_PACKAGE -D DEBUG -D Xcode -serialize-debugging-options -const-gather-protocols-file /Users/admin/builder/spi-builder-workspace/.derivedData/Build/Intermediates.noindex/swift-awesome-button.build/Debug-watchos/SwiftAwesomeButton.build/Objects-normal/arm64/SwiftAwesomeButton_const_extract_protocols.json -enable-experimental-feature DebugDescriptionMacro -empty-abi-descriptor -plugin-path /Applications/Xcode-16.3.0.app/Contents/Developer/Toolchains/XcodeDefault.xctoolchain/usr/lib/swift/host/plugins/testing -validate-clang-modules-once -clang-build-session-file /Users/admin/builder/spi-builder-workspace/.derivedData/ModuleCache.noindex/Session.modulevalidation -Xcc -working-directory -Xcc /Users/admin/builder/spi-builder-workspace/.swiftpm/xcode -resource-dir /Applications/Xcode-16.3.0.app/Contents/Developer/Toolchains/XcodeDefault.xctoolchain/usr/lib/swift -enable-anonymous-context-mangled-names -file-compilation-dir /Users/admin/builder/spi-builder-workspace/.swiftpm/xcode -Xcc -ivfsstatcache -Xcc /Users/admin/builder/spi-builder-workspace/.derivedData/SDKStatCaches.noindex/watchos11.4-22T246-43efb940ff07ba2497b70ec94253f576.sdkstatcache -Xcc -I/Users/admin/builder/spi-builder-workspace/.derivedData/Build/Intermediates.noindex/swift-awesome-button.build/Debug-watchos/SwiftAwesomeButton.build/swift-overrides.hmap -Xcc -I/Users/admin/builder/spi-builder-workspace/.derivedData/Build/Products/Debug-watchos/include -Xcc -I/Users/admin/builder/spi-builder-workspace/.derivedData/Build/Intermediates.noindex/swift-awesome-button.build/Debug-watchos/SwiftAwesomeButton.build/DerivedSources-normal/arm64 -Xcc -I/Users/admin/builder/spi-builder-workspace/.derivedData/Build/Intermediates.noindex/swift-awesome-button.build/Debug-watchos/SwiftAwesomeButton.build/DerivedSources/arm64 -Xcc -I/Users/admin/builder/spi-builder-workspace/.derivedData/Build/Intermediates.noindex/swift-awesome-button.build/Debug-watchos/SwiftAwesomeButton.build/DerivedSources -Xcc -DSWIFT_PACKAGE -Xcc -DDEBUG\=1 -module-name SwiftAwesomeButton -package-name spi_builder_workspace -frontend-parseable-output -disable-clang-spi -target-sdk-version 11.4 -target-sdk-name watchos11.4 -external-plugin-path /Applications/Xcode-16.3.0.app/Contents/Developer/Platforms/WatchOS.platform/Developer/usr/lib/swift/host/plugins\#/Applications/Xcode-16.3.0.app/Contents/Developer/Platforms/WatchOS.platform/Developer/usr/bin/swift-plugin-server -external-plugin-path /Applications/Xcode-16.3.0.app/Contents/Developer/Platforms/WatchOS.platform/Developer/usr/local/lib/swift/host/plugins\#/Applications/Xcode-16.3.0.app/Contents/Developer/Platforms/WatchOS.platform/Developer/usr/bin/swift-plugin-server -in-process-plugin-server-path /Applications/Xcode-16.3.0.app/Contents/Developer/Toolchains/XcodeDefault.xctoolchain/usr/lib/swift/host/libSwiftInProcPluginServer.dylib -plugin-path /Applications/Xcode-16.3.0.app/Contents/Developer/Toolchains/XcodeDefault.xctoolchain/usr/lib/swift/host/plugins -plugin-path /Applications/Xcode-16.3.0.app/Contents/Developer/Toolchains/XcodeDefault.xctoolchain/usr/local/lib/swift/host/plugins -emit-module-doc-path /Users/admin/builder/spi-builder-workspace/.derivedData/Build/Intermediates.noindex/swift-awesome-button.build/Debug-watchos/SwiftAwesomeButton.build/Objects-normal/arm64/SwiftAwesomeButton.swiftdoc -emit-module-source-info-path /Users/admin/builder/spi-builder-workspace/.derivedData/Build/Intermediates.noindex/swift-awesome-button.build/Debug-watchos/SwiftAwesomeButton.build/Objects-normal/arm64/SwiftAwesomeButton.swiftsourceinfo -emit-objc-header-path /Users/admin/builder/spi-builder-workspace/.derivedData/Build/Intermediates.noindex/swift-awesome-button.build/Debug-watchos/SwiftAwesomeButton.build/Objects-normal/arm64/SwiftAwesomeButton-Swift.h -serialize-diagnostics-path /Users/admin/builder/spi-builder-workspace/.derivedData/Build/Intermediates.noindex/swift-awesome-button.build/Debug-watchos/SwiftAwesomeButton.build/Objects-normal/arm64/SwiftAwesomeButton-master-emit-module.dia -emit-dependencies-path /Users/admin/builder/spi-builder-workspace/.derivedData/Build/Intermediates.noindex/swift-awesome-button.build/Debug-watchos/SwiftAwesomeButton.build/Objects-normal/arm64/SwiftAwesomeButton-master-emit-module.d -o /Users/admin/builder/spi-builder-workspace/.derivedData/Build/Intermediates.noindex/swift-awesome-button.build/Debug-watchos/SwiftAwesomeButton.build/Objects-normal/arm64/SwiftAwesomeButton.swiftmodule -emit-abi-descriptor-path /Users/admin/builder/spi-builder-workspace/.derivedData/Build/Intermediates.noindex/swift-awesome-button.build/Debug-watchos/SwiftAwesomeButton.build/Objects-normal/arm64/SwiftAwesomeButton.abi.json
EmitSwiftModule normal arm64 (in target 'SwiftAwesomeButton' from project 'swift-awesome-button')
cd /Users/admin/builder/spi-builder-workspace/.swiftpm/xcode
/Users/admin/builder/spi-builder-workspace/Sources/SwiftAwesomeButton/AwesomeButtonControl.swift:159:40: error: cannot find type 'UIViewController' in scope
internal var hostedViewController: UIViewController { hostCoordinator.hostingController }
^~~~~~~~~~~~~~~~
/Users/admin/builder/spi-builder-workspace/Sources/SwiftAwesomeButton/AwesomeButtonControl.swift:160:48: error: cannot find type 'UIViewController' in scope
internal var attachedParentViewController: UIViewController? {
^~~~~~~~~~~~~~~~
/Users/admin/builder/spi-builder-workspace/Sources/SwiftAwesomeButton/AwesomeButtonControl.swift:165:25: error: property does not override any property from its superclass
public override var isEnabled: Bool {
~~~~~~~~ ^
/Users/admin/builder/spi-builder-workspace/Sources/SwiftAwesomeButton/AwesomeButtonControl.swift:172:25: error: property does not override any property from its superclass
public override var isHighlighted: Bool {
~~~~~~~~ ^
/Users/admin/builder/spi-builder-workspace/Sources/SwiftAwesomeButton/AwesomeButtonControl.swift:272:49: error: cannot find type 'UIViewController' in scope
public func attach(to parentViewController: UIViewController) {
^~~~~~~~~~~~~~~~
/Users/admin/builder/spi-builder-workspace/Sources/SwiftAwesomeButton/AwesomeButtonControl.swift:288:25: error: property does not override any property from its superclass
public override var intrinsicContentSize: CGSize {
~~~~~~~~ ^
/Users/admin/builder/spi-builder-workspace/Sources/SwiftAwesomeButton/AwesomeButtonControl.swift:293:26: error: method does not override any method from its superclass
public override func sizeThatFits(_ size: CGSize) -> CGSize {
~~~~~~~~ ^
/Users/admin/builder/spi-builder-workspace/Sources/SwiftAwesomeButton/AwesomeButtonControl.swift:298:26: error: method does not override any method from its superclass
public override func layoutSubviews() {
~~~~~~~~ ^
/Users/admin/builder/spi-builder-workspace/Sources/SwiftAwesomeButton/AwesomeButtonControl.swift:304:26: error: method does not override any method from its superclass
public override func didMoveToWindow() {
~~~~~~~~ ^
/Users/admin/builder/spi-builder-workspace/Sources/SwiftAwesomeButton/AwesomeButtonControl.swift:310:26: error: method does not override any method from its superclass
public override func didMoveToSuperview() {
~~~~~~~~ ^
/Users/admin/builder/spi-builder-workspace/Sources/SwiftAwesomeButton/AwesomeButtonControl.swift:316:78: error: cannot find type 'UITraitCollection' in scope
public override func traitCollectionDidChange(_ previousTraitCollection: UITraitCollection?) {
^~~~~~~~~~~~~~~~~
/Users/admin/builder/spi-builder-workspace/Sources/SwiftAwesomeButton/AwesomeButtonControl.swift:322:26: error: method does not override any method from its superclass
public override func accessibilityActivate() -> Bool {
~~~~~~~~ ^
/Users/admin/builder/spi-builder-workspace/Sources/SwiftAwesomeButton/AwesomeButtonControl.swift:327:26: error: method does not override any method from its superclass
public override func accessibilityElementDidBecomeFocused() {
~~~~~~~~ ^
/Users/admin/builder/spi-builder-workspace/Sources/SwiftAwesomeButton/AwesomeButtonControl.swift:342:54: error: cannot find type 'UIPress' in scope
public override func pressesBegan(_ presses: Set<UIPress>, with event: UIPressesEvent?) {
^~~~~~~
/Users/admin/builder/spi-builder-workspace/Sources/SwiftAwesomeButton/AwesomeButtonControl.swift:342:76: error: cannot find type 'UIPressesEvent' in scope
public override func pressesBegan(_ presses: Set<UIPress>, with event: UIPressesEvent?) {
^~~~~~~~~~~~~~
/Users/admin/builder/spi-builder-workspace/Sources/SwiftAwesomeButton/AwesomeButtonControl.swift:349:54: error: cannot find type 'UIPress' in scope
public override func pressesEnded(_ presses: Set<UIPress>, with event: UIPressesEvent?) {
^~~~~~~
/Users/admin/builder/spi-builder-workspace/Sources/SwiftAwesomeButton/AwesomeButtonControl.swift:349:76: error: cannot find type 'UIPressesEvent' in scope
public override func pressesEnded(_ presses: Set<UIPress>, with event: UIPressesEvent?) {
^~~~~~~~~~~~~~
/Users/admin/builder/spi-builder-workspace/Sources/SwiftAwesomeButton/AwesomeButtonControl.swift:356:58: error: cannot find type 'UIPress' in scope
public override func pressesCancelled(_ presses: Set<UIPress>, with event: UIPressesEvent?) {
^~~~~~~
/Users/admin/builder/spi-builder-workspace/Sources/SwiftAwesomeButton/AwesomeButtonControl.swift:356:80: error: cannot find type 'UIPressesEvent' in scope
public override func pressesCancelled(_ presses: Set<UIPress>, with event: UIPressesEvent?) {
^~~~~~~~~~~~~~
/Users/admin/builder/spi-builder-workspace/Sources/SwiftAwesomeButton/AwesomeButtonControl.swift:464:31: error: cannot find type 'UIControl' in scope
internal var hostControl: UIControl { self }
^~~~~~~~~
/Users/admin/builder/spi-builder-workspace/Sources/SwiftAwesomeButton/UIKitHostingSupport.swift:7:22: error: cannot find type 'UIControl' in scope
var hostControl: UIControl { get }
^~~~~~~~~
/Users/admin/builder/spi-builder-workspace/Sources/SwiftAwesomeButton/AwesomeButtonControl.swift:7:44: error: cannot find type 'UIControl' in scope
public final class AwesomeButtonControl: UIControl, UIKitButtonHostOwnerAdapter {
^~~~~~~~~
/Users/admin/builder/spi-builder-workspace/Sources/SwiftAwesomeButton/AwesomeButtonNativeControlBridge.swift:13:23: error: cannot find type 'UIControl' in scope
weak var control: UIControl?
^~~~~~~~~
/Users/admin/builder/spi-builder-workspace/Sources/SwiftAwesomeButton/AwesomeButtonNativeControlBridge.swift:16:28: error: cannot find type 'UIControl' in scope
var eventDispatcher: ((UIControl, UIControl.Event) -> Void)?
^~~~~~~~~
/Users/admin/builder/spi-builder-workspace/Sources/SwiftAwesomeButton/AwesomeButtonNativeControlBridge.swift:16:39: error: cannot find type 'UIControl' in scope
var eventDispatcher: ((UIControl, UIControl.Event) -> Void)?
^~~~~~~~~
/Users/admin/builder/spi-builder-workspace/Sources/SwiftAwesomeButton/AwesomeButtonNativeControlBridge.swift:175:42: error: cannot find type 'UIControl' in scope
private func sendActions(for events: UIControl.Event) {
^~~~~~~~~
/Users/admin/builder/spi-builder-workspace/Sources/SwiftAwesomeButton/ButtonTouchSurface.swift:14:30: error: cannot find type 'Context' in scope
func makeUIView(context: Context) -> ButtonTouchSurfaceView {
^~~~~~~
/Users/admin/builder/spi-builder-workspace/Sources/SwiftAwesomeButton/ButtonTouchSurface.swift:21:66: error: cannot find type 'Context' in scope
func updateUIView(_ uiView: ButtonTouchSurfaceView, context: Context) {
^~~~~~~
/Users/admin/builder/spi-builder-workspace/Sources/SwiftAwesomeButton/ButtonTouchSurface.swift:6:39: error: cannot find type 'UIViewRepresentable' in scope
internal struct ButtonTouchSurface: UIViewRepresentable {
^~~~~~~~~~~~~~~~~~~
/Users/admin/builder/spi-builder-workspace/Sources/SwiftAwesomeButton/ButtonTouchSurface.swift:76:43: error: cannot find type 'UILongPressGestureRecognizer' in scope
private lazy var longPressRecognizer: UILongPressGestureRecognizer = {
^~~~~~~~~~~~~~~~~~~~~~~~~~~~
/Users/admin/builder/spi-builder-workspace/Sources/SwiftAwesomeButton/ButtonTouchSurface.swift:47:48: error: cannot find type 'UIView' in scope
internal final class ButtonTouchSurfaceView: UIView, UIGestureRecognizerDelegate {
^~~~~~
/Applications/Xcode-16.3.0.app/Contents/Developer/Platforms/WatchOS.platform/Developer/SDKs/WatchOS11.4.sdk/System/Library/Frameworks/UIKit.framework/Headers/NSTextAttachment.h:23:1: note: interface 'UIView' forward declared here
@class UIView;
^
/Users/admin/builder/spi-builder-workspace/Sources/SwiftAwesomeButton/ButtonTouchSurface.swift:47:56: error: cannot find type 'UIGestureRecognizerDelegate' in scope
internal final class ButtonTouchSurfaceView: UIView, UIGestureRecognizerDelegate {
^~~~~~~~~~~~~~~~~~~~~~~~~~~
/Users/admin/builder/spi-builder-workspace/Sources/SwiftAwesomeButton/ButtonTouchSurface.swift:60:18: error: value of type 'PressTouchRecognizer' has no member 'delegate'
recognizer.delegate = self
~~~~~~~~~~ ^~~~~~~~
/Users/admin/builder/spi-builder-workspace/Sources/SwiftAwesomeButton/ButtonTouchSurface.swift:86:14: error: initializer does not override a designated initializer from its superclass
override init(frame: CGRect) {
~~~~~~~~ ^
/Users/admin/builder/spi-builder-workspace/Sources/SwiftAwesomeButton/ButtonTouchSurface.swift:196:48: error: cannot find type 'UILongPressGestureRecognizer' in scope
private func handleLongPress(_ recognizer: UILongPressGestureRecognizer) {
^~~~~~~~~~~~~~~~~~~~~~~~~~~~
/Users/admin/builder/spi-builder-workspace/Sources/SwiftAwesomeButton/ButtonTouchSurface.swift:221:28: error: cannot find type 'UIGestureRecognizer' in scope
_ gestureRecognizer: UIGestureRecognizer,
^~~~~~~~~~~~~~~~~~~
/Users/admin/builder/spi-builder-workspace/Sources/SwiftAwesomeButton/ButtonTouchSurface.swift:222:65: error: cannot find type 'UIGestureRecognizer' in scope
shouldRecognizeSimultaneouslyWith otherGestureRecognizer: UIGestureRecognizer
^~~~~~~~~~~~~~~~~~~
/Users/admin/builder/spi-builder-workspace/Sources/SwiftAwesomeButton/ButtonTouchSurface.swift:236:45: error: cannot find type 'UIGestureRecognizer' in scope
private final class PressTouchRecognizer: UIGestureRecognizer {
^~~~~~~~~~~~~~~~~~~
/Users/admin/builder/spi-builder-workspace/Sources/SwiftAwesomeButton/ButtonTouchSurface.swift:247:31: error: cannot find type 'UITouch' in scope
private var trackedTouch: UITouch?
^~~~~~~
/Users/admin/builder/spi-builder-workspace/Sources/SwiftAwesomeButton/ButtonTouchSurface.swift:250:14: error: initializer does not override a designated initializer from its superclass
override init(target: Any?, action: Selector?) {
~~~~~~~~ ^
/Users/admin/builder/spi-builder-workspace/Sources/SwiftAwesomeButton/ButtonTouchSurface.swift:261:47: error: cannot find type 'UITouch' in scope
override func touchesBegan(_ touches: Set<UITouch>, with event: UIEvent) {
^~~~~~~
/Users/admin/builder/spi-builder-workspace/Sources/SwiftAwesomeButton/ButtonTouchSurface.swift:261:69: error: cannot find type 'UIEvent' in scope
override func touchesBegan(_ touches: Set<UITouch>, with event: UIEvent) {
^~~~~~~
/Users/admin/builder/spi-builder-workspace/Sources/SwiftAwesomeButton/ButtonTouchSurface.swift:277:47: error: cannot find type 'UITouch' in scope
override func touchesMoved(_ touches: Set<UITouch>, with event: UIEvent) {
^~~~~~~
/Users/admin/builder/spi-builder-workspace/Sources/SwiftAwesomeButton/ButtonTouchSurface.swift:277:69: error: cannot find type 'UIEvent' in scope
override func touchesMoved(_ touches: Set<UITouch>, with event: UIEvent) {
^~~~~~~
/Users/admin/builder/spi-builder-workspace/Sources/SwiftAwesomeButton/ButtonTouchSurface.swift:302:47: error: cannot find type 'UITouch' in scope
override func touchesEnded(_ touches: Set<UITouch>, with event: UIEvent) {
^~~~~~~
/Users/admin/builder/spi-builder-workspace/Sources/SwiftAwesomeButton/ButtonTouchSurface.swift:302:69: error: cannot find type 'UIEvent' in scope
override func touchesEnded(_ touches: Set<UITouch>, with event: UIEvent) {
^~~~~~~
/Users/admin/builder/spi-builder-workspace/Sources/SwiftAwesomeButton/ButtonTouchSurface.swift:318:51: error: cannot find type 'UITouch' in scope
override func touchesCancelled(_ touches: Set<UITouch>, with event: UIEvent) {
^~~~~~~
/Users/admin/builder/spi-builder-workspace/Sources/SwiftAwesomeButton/ButtonTouchSurface.swift:318:73: error: cannot find type 'UIEvent' in scope
override func touchesCancelled(_ touches: Set<UITouch>, with event: UIEvent) {
^~~~~~~
/Users/admin/builder/spi-builder-workspace/Sources/SwiftAwesomeButton/ButtonTouchSurface.swift:332:19: error: method does not override any method from its superclass
override func reset() {
~~~~~~~~ ^
/Users/admin/builder/spi-builder-workspace/Sources/SwiftAwesomeButton/ColorHelpers.swift:469:32: error: 'LayoutDirectionBehavior' is only available in watchOS 10.0 or newer
var layoutDirectionBehavior: LayoutDirectionBehavior { .fixed }
^
/Users/admin/builder/spi-builder-workspace/Sources/SwiftAwesomeButton/ColorHelpers.swift:469:7: note: add @available attribute to enclosing property
var layoutDirectionBehavior: LayoutDirectionBehavior { .fixed }
^
/Users/admin/builder/spi-builder-workspace/Sources/SwiftAwesomeButton/ColorHelpers.swift:461:17: note: add @available attribute to enclosing struct
internal struct AwesomeRoundedRectangle: InsettableShape {
^
/Users/admin/builder/spi-builder-workspace/Sources/SwiftAwesomeButton/TextTransition.swift:309:28: error: 'CADisplayLink' is unavailable in watchOS
private var displayLink: CADisplayLink?
^~~~~~~~~~~~~
/Applications/Xcode-16.3.0.app/Contents/Developer/Platforms/WatchOS.platform/Developer/SDKs/WatchOS11.4.sdk/System/Library/Frameworks/QuartzCore.framework/Headers/CADisplayLink.h:21:12: note: 'CADisplayLink' has been explicitly marked unavailable here
@interface CADisplayLink : NSObject
^
/Users/admin/builder/spi-builder-workspace/Sources/SwiftAwesomeButton/TextTransition.swift:382:40: error: 'CADisplayLink' is unavailable in watchOS
@objc func handleTick(_ displayLink: CADisplayLink) {
^~~~~~~~~~~~~
/Applications/Xcode-16.3.0.app/Contents/Developer/Platforms/WatchOS.platform/Developer/SDKs/WatchOS11.4.sdk/System/Library/Frameworks/QuartzCore.framework/Headers/CADisplayLink.h:21:12: note: 'CADisplayLink' has been explicitly marked unavailable here
@interface CADisplayLink : NSObject
^
/Users/admin/builder/spi-builder-workspace/Sources/SwiftAwesomeButton/ThemedButtonControl.swift:191:40: error: cannot find type 'UIViewController' in scope
internal var hostedViewController: UIViewController { hostCoordinator.hostingController }
^~~~~~~~~~~~~~~~
/Users/admin/builder/spi-builder-workspace/Sources/SwiftAwesomeButton/ThemedButtonControl.swift:192:48: error: cannot find type 'UIViewController' in scope
internal var attachedParentViewController: UIViewController? {
^~~~~~~~~~~~~~~~
/Users/admin/builder/spi-builder-workspace/Sources/SwiftAwesomeButton/ThemedButtonControl.swift:197:25: error: property does not override any property from its superclass
public override var isEnabled: Bool {
~~~~~~~~ ^
/Users/admin/builder/spi-builder-workspace/Sources/SwiftAwesomeButton/ThemedButtonControl.swift:204:25: error: property does not override any property from its superclass
public override var isHighlighted: Bool {
~~~~~~~~ ^
/Users/admin/builder/spi-builder-workspace/Sources/SwiftAwesomeButton/ThemedButtonControl.swift:320:49: error: cannot find type 'UIViewController' in scope
public func attach(to parentViewController: UIViewController) {
^~~~~~~~~~~~~~~~
/Users/admin/builder/spi-builder-workspace/Sources/SwiftAwesomeButton/ThemedButtonControl.swift:336:25: error: property does not override any property from its superclass
public override var intrinsicContentSize: CGSize {
~~~~~~~~ ^
/Users/admin/builder/spi-builder-workspace/Sources/SwiftAwesomeButton/ThemedButtonControl.swift:341:26: error: method does not override any method from its superclass
public override func sizeThatFits(_ size: CGSize) -> CGSize {
~~~~~~~~ ^
/Users/admin/builder/spi-builder-workspace/Sources/SwiftAwesomeButton/ThemedButtonControl.swift:346:26: error: method does not override any method from its superclass
public override func layoutSubviews() {
~~~~~~~~ ^
/Users/admin/builder/spi-builder-workspace/Sources/SwiftAwesomeButton/ThemedButtonControl.swift:352:26: error: method does not override any method from its superclass
public override func didMoveToWindow() {
~~~~~~~~ ^
/Users/admin/builder/spi-builder-workspace/Sources/SwiftAwesomeButton/ThemedButtonControl.swift:358:26: error: method does not override any method from its superclass
public override func didMoveToSuperview() {
~~~~~~~~ ^
/Users/admin/builder/spi-builder-workspace/Sources/SwiftAwesomeButton/ThemedButtonControl.swift:364:78: error: cannot find type 'UITraitCollection' in scope
public override func traitCollectionDidChange(_ previousTraitCollection: UITraitCollection?) {
^~~~~~~~~~~~~~~~~
/Users/admin/builder/spi-builder-workspace/Sources/SwiftAwesomeButton/ThemedButtonControl.swift:370:26: error: method does not override any method from its superclass
public override func accessibilityActivate() -> Bool {
~~~~~~~~ ^
/Users/admin/builder/spi-builder-workspace/Sources/SwiftAwesomeButton/ThemedButtonControl.swift:375:26: error: method does not override any method from its superclass
public override func accessibilityElementDidBecomeFocused() {
~~~~~~~~ ^
/Users/admin/builder/spi-builder-workspace/Sources/SwiftAwesomeButton/ThemedButtonControl.swift:390:54: error: cannot find type 'UIPress' in scope
public override func pressesBegan(_ presses: Set<UIPress>, with event: UIPressesEvent?) {
^~~~~~~
/Users/admin/builder/spi-builder-workspace/Sources/SwiftAwesomeButton/ThemedButtonControl.swift:390:76: error: cannot find type 'UIPressesEvent' in scope
public override func pressesBegan(_ presses: Set<UIPress>, with event: UIPressesEvent?) {
^~~~~~~~~~~~~~
/Users/admin/builder/spi-builder-workspace/Sources/SwiftAwesomeButton/ThemedButtonControl.swift:397:54: error: cannot find type 'UIPress' in scope
public override func pressesEnded(_ presses: Set<UIPress>, with event: UIPressesEvent?) {
^~~~~~~
/Users/admin/builder/spi-builder-workspace/Sources/SwiftAwesomeButton/ThemedButtonControl.swift:397:76: error: cannot find type 'UIPressesEvent' in scope
public override func pressesEnded(_ presses: Set<UIPress>, with event: UIPressesEvent?) {
^~~~~~~~~~~~~~
/Users/admin/builder/spi-builder-workspace/Sources/SwiftAwesomeButton/ThemedButtonControl.swift:404:58: error: cannot find type 'UIPress' in scope
public override func pressesCancelled(_ presses: Set<UIPress>, with event: UIPressesEvent?) {
^~~~~~~
/Users/admin/builder/spi-builder-workspace/Sources/SwiftAwesomeButton/ThemedButtonControl.swift:404:80: error: cannot find type 'UIPressesEvent' in scope
public override func pressesCancelled(_ presses: Set<UIPress>, with event: UIPressesEvent?) {
^~~~~~~~~~~~~~
/Users/admin/builder/spi-builder-workspace/Sources/SwiftAwesomeButton/ThemedButtonControl.swift:536:31: error: cannot find type 'UIControl' in scope
internal var hostControl: UIControl { self }
^~~~~~~~~
/Users/admin/builder/spi-builder-workspace/Sources/SwiftAwesomeButton/ThemedButtonControl.swift:7:43: error: cannot find type 'UIControl' in scope
public final class ThemedButtonControl: UIControl, UIKitButtonHostOwnerAdapter {
^~~~~~~~~
/Users/admin/builder/spi-builder-workspace/Sources/SwiftAwesomeButton/UIKitHostingSupport.swift:32:29: error: cannot find 'UIHostingController' in scope
let hostingController = UIHostingController(rootView: AnyView(EmptyView()))
^~~~~~~~~~~~~~~~~~~
/Users/admin/builder/spi-builder-workspace/Sources/SwiftAwesomeButton/UIKitHostingSupport.swift:35:49: error: cannot find type 'UIViewController' in scope
private(set) weak var parentViewController: UIViewController?
^~~~~~~~~~~~~~~~
/Users/admin/builder/spi-builder-workspace/Sources/SwiftAwesomeButton/UIKitHostingSupport.swift:37:52: error: cannot find type 'UIViewController' in scope
private weak var explicitParentViewController: UIViewController?
^~~~~~~~~~~~~~~~
/Users/admin/builder/spi-builder-workspace/Sources/SwiftAwesomeButton/UIKitHostingSupport.swift:63:42: error: cannot find type 'UIViewController' in scope
func attach(to parentViewController: UIViewController) {
^~~~~~~~~~~~~~~~
/Users/admin/builder/spi-builder-workspace/Sources/SwiftAwesomeButton/UIKitHostingSupport.swift:117:62: error: cannot find type 'UITraitCollection' in scope
func traitCollectionDidChange(_ previousTraitCollection: UITraitCollection?) {
^~~~~~~~~~~~~~~~~
/Users/admin/builder/spi-builder-workspace/Sources/SwiftAwesomeButton/UIKitHostingSupport.swift:158:38: error: cannot find type 'UIPress' in scope
func pressesBegan(_ presses: Set<UIPress>, event: UIPressesEvent?) -> Bool {
^~~~~~~
/Users/admin/builder/spi-builder-workspace/Sources/SwiftAwesomeButton/UIKitHostingSupport.swift:158:55: error: cannot find type 'UIPressesEvent' in scope
func pressesBegan(_ presses: Set<UIPress>, event: UIPressesEvent?) -> Bool {
^~~~~~~~~~~~~~
/Users/admin/builder/spi-builder-workspace/Sources/SwiftAwesomeButton/UIKitHostingSupport.swift:166:38: error: cannot find type 'UIPress' in scope
func pressesEnded(_ presses: Set<UIPress>, event: UIPressesEvent?) -> Bool {
^~~~~~~
/Users/admin/builder/spi-builder-workspace/Sources/SwiftAwesomeButton/UIKitHostingSupport.swift:166:55: error: cannot find type 'UIPressesEvent' in scope
func pressesEnded(_ presses: Set<UIPress>, event: UIPressesEvent?) -> Bool {
^~~~~~~~~~~~~~
/Users/admin/builder/spi-builder-workspace/Sources/SwiftAwesomeButton/UIKitHostingSupport.swift:174:42: error: cannot find type 'UIPress' in scope
func pressesCancelled(_ presses: Set<UIPress>, event: UIPressesEvent?) {
^~~~~~~
/Users/admin/builder/spi-builder-workspace/Sources/SwiftAwesomeButton/UIKitHostingSupport.swift:174:59: error: cannot find type 'UIPressesEvent' in scope
func pressesCancelled(_ presses: Set<UIPress>, event: UIPressesEvent?) {
^~~~~~~~~~~~~~
/Users/admin/builder/spi-builder-workspace/Sources/SwiftAwesomeButton/UIKitHostingSupport.swift:303:34: error: cannot find type 'UIControl' in scope
private func attach(control: UIControl, parent: UIViewController) {
^~~~~~~~~
/Users/admin/builder/spi-builder-workspace/Sources/SwiftAwesomeButton/UIKitHostingSupport.swift:303:53: error: cannot find type 'UIViewController' in scope
private func attach(control: UIControl, parent: UIViewController) {
^~~~~~~~~~~~~~~~
/Users/admin/builder/spi-builder-workspace/Sources/SwiftAwesomeButton/UIKitHostingSupport.swift:338:62: error: cannot find type 'UIViewController' in scope
internal func discoverViewController(from view: UIView) -> UIViewController? {
^~~~~~~~~~~~~~~~
/Users/admin/builder/spi-builder-workspace/Sources/SwiftAwesomeButton/UIKitHostingSupport.swift:338:51: error: cannot find type 'UIView' in scope
internal func discoverViewController(from view: UIView) -> UIViewController? {
^~~~~~
/Applications/Xcode-16.3.0.app/Contents/Developer/Platforms/WatchOS.platform/Developer/SDKs/WatchOS11.4.sdk/System/Library/Frameworks/UIKit.framework/Headers/NSTextAttachment.h:23:1: note: interface 'UIView' forward declared here
@class UIView;
^
/Users/admin/builder/spi-builder-workspace/Sources/SwiftAwesomeButton/UIKitHostingSupport.swift:350:53: error: cannot find type 'UIKey' in scope
internal func isAwesomeButtonActivationKey(_ key: UIKey) -> Bool {
^~~~~
/Users/admin/builder/spi-builder-workspace/Sources/SwiftAwesomeButton/UIKitHostingSupport.swift:363:22: error: cannot find type 'UITraitCollection' in scope
traitCollection: UITraitCollection
^~~~~~~~~~~~~~~~~
/Users/admin/builder/spi-builder-workspace/Sources/SwiftAwesomeButton/UIKitHostingSupport.swift:410:69: error: cannot find type 'UIContentSizeCategory' in scope
private func awesomeButtonUIKitUsesExpandedTextLayout(_ category: UIContentSizeCategory) -> Bool {
^~~~~~~~~~~~~~~~~~~~~
SwiftCompile normal arm64 Compiling\ AwesomeButtonShellGeometry.swift,\ AwesomeButtonSizeTextOwner.swift,\ AwesomeButtonStyleTransitionOwner.swift /Users/admin/builder/spi-builder-workspace/Sources/SwiftAwesomeButton/AwesomeButtonShellGeometry.swift /Users/admin/builder/spi-builder-workspace/Sources/SwiftAwesomeButton/AwesomeButtonSizeTextOwner.swift /Users/admin/builder/spi-builder-workspace/Sources/SwiftAwesomeButton/AwesomeButtonStyleTransitionOwner.swift (in target 'SwiftAwesomeButton' from project 'swift-awesome-button')
SwiftCompile normal arm64 /Users/admin/builder/spi-builder-workspace/Sources/SwiftAwesomeButton/AwesomeButtonShellGeometry.swift (in target 'SwiftAwesomeButton' from project 'swift-awesome-button')
cd /Users/admin/builder/spi-builder-workspace/.swiftpm/xcode
SwiftCompile normal arm64 /Users/admin/builder/spi-builder-workspace/Sources/SwiftAwesomeButton/AwesomeButtonSizeTextOwner.swift (in target 'SwiftAwesomeButton' from project 'swift-awesome-button')
cd /Users/admin/builder/spi-builder-workspace/.swiftpm/xcode
SwiftCompile normal arm64 /Users/admin/builder/spi-builder-workspace/Sources/SwiftAwesomeButton/AwesomeButtonStyleTransitionOwner.swift (in target 'SwiftAwesomeButton' from project 'swift-awesome-button')
cd /Users/admin/builder/spi-builder-workspace/.swiftpm/xcode
SwiftCompile normal arm64 Compiling\ AwesomeButtonControl.swift,\ AwesomeButtonController.swift,\ AwesomeButtonInteractionReleaseOwner.swift /Users/admin/builder/spi-builder-workspace/Sources/SwiftAwesomeButton/AwesomeButtonControl.swift /Users/admin/builder/spi-builder-workspace/Sources/SwiftAwesomeButton/AwesomeButtonController.swift /Users/admin/builder/spi-builder-workspace/Sources/SwiftAwesomeButton/AwesomeButtonInteractionReleaseOwner.swift (in target 'SwiftAwesomeButton' from project 'swift-awesome-button')
SwiftCompile normal arm64 /Users/admin/builder/spi-builder-workspace/Sources/SwiftAwesomeButton/AwesomeButtonControl.swift (in target 'SwiftAwesomeButton' from project 'swift-awesome-button')
cd /Users/admin/builder/spi-builder-workspace/.swiftpm/xcode
SwiftCompile normal arm64 /Users/admin/builder/spi-builder-workspace/Sources/SwiftAwesomeButton/AwesomeButtonController.swift (in target 'SwiftAwesomeButton' from project 'swift-awesome-button')
cd /Users/admin/builder/spi-builder-workspace/.swiftpm/xcode
SwiftCompile normal arm64 /Users/admin/builder/spi-builder-workspace/Sources/SwiftAwesomeButton/AwesomeButtonInteractionReleaseOwner.swift (in target 'SwiftAwesomeButton' from project 'swift-awesome-button')
cd /Users/admin/builder/spi-builder-workspace/.swiftpm/xcode
SwiftCompile normal arm64 Compiling\ AwesomeButtonLocalization.swift,\ AwesomeButtonNativeControlBridge.swift,\ AwesomeButtonNormalization.swift /Users/admin/builder/spi-builder-workspace/Sources/SwiftAwesomeButton/AwesomeButtonLocalization.swift /Users/admin/builder/spi-builder-workspace/Sources/SwiftAwesomeButton/AwesomeButtonNativeControlBridge.swift /Users/admin/builder/spi-builder-workspace/Sources/SwiftAwesomeButton/AwesomeButtonNormalization.swift (in target 'SwiftAwesomeButton' from project 'swift-awesome-button')
Command SwiftCompile failed with a nonzero exit code
** BUILD FAILED **
The following build commands failed:
EmitSwiftModule normal arm64_32 (in target 'SwiftAwesomeButton' from project 'swift-awesome-button')
SwiftEmitModule normal arm64_32 Emitting\ module\ for\ SwiftAwesomeButton (in target 'SwiftAwesomeButton' from project 'swift-awesome-button')
SwiftEmitModule normal arm64 Emitting\ module\ for\ SwiftAwesomeButton (in target 'SwiftAwesomeButton' from project 'swift-awesome-button')
EmitSwiftModule normal arm64 (in target 'SwiftAwesomeButton' from project 'swift-awesome-button')
SwiftCompile normal arm64 Compiling\ AwesomeButtonLocalization.swift,\ AwesomeButtonNativeControlBridge.swift,\ AwesomeButtonNormalization.swift /Users/admin/builder/spi-builder-workspace/Sources/SwiftAwesomeButton/AwesomeButtonLocalization.swift /Users/admin/builder/spi-builder-workspace/Sources/SwiftAwesomeButton/AwesomeButtonNativeControlBridge.swift /Users/admin/builder/spi-builder-workspace/Sources/SwiftAwesomeButton/AwesomeButtonNormalization.swift (in target 'SwiftAwesomeButton' from project 'swift-awesome-button')
Building workspace spi-builder-workspace with scheme swift-awesome-button
(6 failures)
BUILD FAILURE 6.1 watchOS