The Swift Package Index logo.Swift Package Index

Build Information

Failed to build Extendable, reference main (d3ba87), with Swift 6.4 for watchOS using Xcode 27.0 on 20 Sep 2026 13:02:32 UTC.

Build Command

env DEVELOPER_DIR=/Applications/Xcode-27.0.0-Release.Candidate.app xcrun xcodebuild -IDEClonedSourcePackagesDirPathOverride=$PWD/.dependencies -skipMacroValidation -skipPackagePluginValidation -derivedDataPath $PWD/.derivedData build -scheme Extendable-Package -destination generic/platform=watchOS

Build Log

========================================
RunAll
========================================
Builder version: 5.1.0
Interrupt handler set up.
========================================
Checkout
========================================
Clone URL: https://github.com/ChimeHQ/Extendable.git
Reference: main
Initialized empty Git repository in /Users/admin/builder/spi-builder-workspace/.git/
From https://github.com/ChimeHQ/Extendable
 * branch            main       -> FETCH_HEAD
 * [new branch]      main       -> origin/main
HEAD is now at d3ba87a Example project
Cloned https://github.com/ChimeHQ/Extendable.git
Revision (git rev-parse @):
d3ba87a907ee6948c700d472bbbcc15669fa6a3e
SPI manifest file found: $PWD/.spi.yml
SUCCESS checkout https://github.com/ChimeHQ/Extendable.git at main
========================================
Build
========================================
Selected platform:         watchOS
Swift version:             6.4
Building package at path:  $PWD
https://github.com/ChimeHQ/Extendable.git
Command line invocation:
    /Applications/Xcode-27.0.0-Release.Candidate.app/Contents/Developer/usr/bin/xcodebuild -IDEClonedSourcePackagesDirPathOverride=/Users/admin/builder/spi-builder-workspace/.dependencies -resolvePackageDependencies
Resolve Package Graph
Resolve Package Graph
Resolved source packages:
  Extendable: /Users/admin/builder/spi-builder-workspace
resolved source packages: Extendable
2026-09-20 09:01:47.803 xcodebuild[529:3029] [MT] IDERunDestination: Supported platforms for the buildables in the current scheme is empty.
{
  "dependencies" : [
  ],
  "manifest_display_name" : "Extendable",
  "name" : "Extendable",
  "path" : "/Users/admin/builder/spi-builder-workspace",
  "platforms" : [
    {
      "name" : "macos",
      "version" : "11.0"
    },
    {
      "name" : "maccatalyst",
      "version" : "14.0"
    },
    {
      "name" : "ios",
      "version" : "14.0"
    },
    {
      "name" : "watchos",
      "version" : "7.0"
    },
    {
      "name" : "tvos",
      "version" : "14.0"
    }
  ],
  "products" : [
    {
      "name" : "Extendable",
      "targets" : [
        "Extendable"
      ],
      "type" : {
        "library" : [
          "automatic"
        ]
      }
    },
    {
      "name" : "ExtendableHost",
      "targets" : [
        "ExtendableHost"
      ],
      "type" : {
        "library" : [
          "automatic"
        ]
      }
    }
  ],
  "targets" : [
    {
      "c99name" : "ExtendableTests",
      "module_type" : "SwiftTarget",
      "name" : "ExtendableTests",
      "path" : "Tests/ExtendableTests",
      "sources" : [
        "ConnectionAccepterTests.swift"
      ],
      "target_dependencies" : [
        "Extendable"
      ],
      "type" : "test"
    },
    {
      "c99name" : "ExtendableHost",
      "module_type" : "SwiftTarget",
      "name" : "ExtendableHost",
      "path" : "Sources/ExtendableHost",
      "product_memberships" : [
        "ExtendableHost"
      ],
      "sources" : [
        "AppExtensionBrowserView.swift",
        "AppExtensionMonitor.swift",
        "AppExtensionProcess+Utilities.swift",
        "ExtensionHostingView.swift"
      ],
      "type" : "library"
    },
    {
      "c99name" : "Extendable",
      "module_type" : "SwiftTarget",
      "name" : "Extendable",
      "path" : "Sources/Extendable",
      "product_memberships" : [
        "Extendable"
      ],
      "sources" : [
        "AppExtensionSceneGroup.swift",
        "ConnectableConfiguration.swift",
        "ConnectableExtension.swift",
        "ConnectableSceneExtension.swift",
        "ConnectingAppExtensionScene.swift",
        "ConnectionAccepter.swift"
      ],
      "type" : "library"
    }
  ],
  "tools_version" : "5.8"
}
{
  "workspace" : {
    "name" : "Extendable",
    "schemes" : [
      "Extendable",
      "Extendable-Package",
      "ExtendableHost"
    ]
  }
}
2026-09-20 09:02:19.974 xcodebuild[626:3828] [MT] IDERunDestination: Supported platforms for the buildables in the current scheme is empty.
Running build ...
env DEVELOPER_DIR=/Applications/Xcode-27.0.0-Release.Candidate.app xcrun xcodebuild -IDEClonedSourcePackagesDirPathOverride=$PWD/.dependencies -skipMacroValidation -skipPackagePluginValidation -derivedDataPath $PWD/.derivedData build -scheme Extendable-Package -destination generic/platform=watchOS
Command line invocation:
    /Applications/Xcode-27.0.0-Release.Candidate.app/Contents/Developer/usr/bin/xcodebuild -IDEClonedSourcePackagesDirPathOverride=/Users/admin/builder/spi-builder-workspace/.dependencies -skipMacroValidation -skipPackagePluginValidation -derivedDataPath /Users/admin/builder/spi-builder-workspace/.derivedData build -scheme Extendable-Package -destination generic/platform=watchOS
Resolve Package Graph
Resolved source packages:
  Extendable: /Users/admin/builder/spi-builder-workspace
ComputePackagePrebuildTargetDependencyGraph
Prepare packages
CreateBuildRequest
SendProjectDescription
CreateBuildOperation
ComputeTargetDependencyGraph
note: Building targets in dependency order
note: Target dependency graph (4 targets)
    Target 'ExtendableHost-product' in project 'Extendable'
        ➜ Explicit dependency on target 'ExtendableHost' in project 'Extendable'
    Target 'ExtendableHost' in project 'Extendable' (no dependencies)
    Target 'Extendable-product' in project 'Extendable'
        ➜ Explicit dependency on target 'Extendable' in project 'Extendable'
    Target 'Extendable' in project 'Extendable' (no dependencies)
GatherProvisioningInputs
CreateBuildDescription
ExecuteExternalTool /Applications/Xcode-27.0.0-Release.Candidate.app/Contents/Developer/Toolchains/XcodeDefault.xctoolchain/usr/bin/clang -v -E -dM -isysroot /Applications/Xcode-27.0.0-Release.Candidate.app/Contents/Developer/Platforms/WatchOS.platform/Developer/SDKs/WatchOS27.0.sdk -x c -c /dev/null
ExecuteExternalTool /Applications/Xcode-27.0.0-Release.Candidate.app/Contents/Developer/Toolchains/XcodeDefault.xctoolchain/usr/bin/swiftc --version
ExecuteExternalTool /Applications/Xcode-27.0.0-Release.Candidate.app/Contents/Developer/Toolchains/XcodeDefault.xctoolchain/usr/bin/ld -version_details
Build description signature: d3c5799c13f71a01ff4d121c1cd1c265
Build description path: /Users/admin/builder/spi-builder-workspace/.derivedData/Build/Intermediates.noindex/XCBuildData/d3c5799c13f71a01ff4d121c1cd1c265.xcbuilddata
CreateBuildDirectory /Users/admin/builder/spi-builder-workspace/.derivedData/CompilationCache.noindex
    cd /Users/admin/builder/spi-builder-workspace/.swiftpm/xcode
    builtin-create-build-directory /Users/admin/builder/spi-builder-workspace/.derivedData/CompilationCache.noindex
CreateBuildDirectory /Users/admin/builder/spi-builder-workspace/.derivedData/ModuleCache.noindex
    cd /Users/admin/builder/spi-builder-workspace/.swiftpm/xcode
    builtin-create-build-directory /Users/admin/builder/spi-builder-workspace/.derivedData/ModuleCache.noindex
CreateBuildDirectory /Users/admin/builder/spi-builder-workspace/.derivedData/SDKExplicitPrecompiledModules
    cd /Users/admin/builder/spi-builder-workspace/.swiftpm/xcode
    builtin-create-build-directory /Users/admin/builder/spi-builder-workspace/.derivedData/SDKExplicitPrecompiledModules
CreateBuildDirectory /Users/admin/builder/spi-builder-workspace/.derivedData/Build/Products
    cd /Users/admin/builder/spi-builder-workspace/.swiftpm/xcode
    builtin-create-build-directory /Users/admin/builder/spi-builder-workspace/.derivedData/Build/Products
CreateBuildDirectory /Users/admin/builder/spi-builder-workspace/.derivedData/Build/Intermediates.noindex
    cd /Users/admin/builder/spi-builder-workspace/.swiftpm/xcode
    builtin-create-build-directory /Users/admin/builder/spi-builder-workspace/.derivedData/Build/Intermediates.noindex
ClangStatCache /Applications/Xcode-27.0.0-Release.Candidate.app/Contents/Developer/Toolchains/XcodeDefault.xctoolchain/usr/bin/clang-stat-cache /Applications/Xcode-27.0.0-Release.Candidate.app/Contents/Developer/Platforms/WatchOS.platform/Developer/SDKs/WatchOS27.0.sdk /Users/admin/builder/spi-builder-workspace/.derivedData/SDKStatCaches.noindex/watchos27.0-24R360-e829b21a6f8c9b70876ba0858053c04477534ef55a1706bf4c1112bbb242f0a2.sdkstatcache
    cd /Users/admin/builder/spi-builder-workspace/.swiftpm/xcode
    /Applications/Xcode-27.0.0-Release.Candidate.app/Contents/Developer/Toolchains/XcodeDefault.xctoolchain/usr/bin/clang-stat-cache /Applications/Xcode-27.0.0-Release.Candidate.app/Contents/Developer/Platforms/WatchOS.platform/Developer/SDKs/WatchOS27.0.sdk -o /Users/admin/builder/spi-builder-workspace/.derivedData/SDKStatCaches.noindex/watchos27.0-24R360-e829b21a6f8c9b70876ba0858053c04477534ef55a1706bf4c1112bbb242f0a2.sdkstatcache
CreateBuildDirectory /Users/admin/builder/spi-builder-workspace/.derivedData/Build/Products/Debug-watchos
    cd /Users/admin/builder/spi-builder-workspace/.swiftpm/xcode
    builtin-create-build-directory /Users/admin/builder/spi-builder-workspace/.derivedData/Build/Products/Debug-watchos
CreateBuildDirectory /Users/admin/builder/spi-builder-workspace/.derivedData/Build/Intermediates.noindex/SwiftExplicitPrecompiledModules
    cd /Users/admin/builder/spi-builder-workspace/.swiftpm/xcode
    builtin-create-build-directory /Users/admin/builder/spi-builder-workspace/.derivedData/Build/Intermediates.noindex/SwiftExplicitPrecompiledModules
CreateBuildDirectory /Users/admin/builder/spi-builder-workspace/.derivedData/Build/Intermediates.noindex/PrecompiledHeaders
    cd /Users/admin/builder/spi-builder-workspace/.swiftpm/xcode
    builtin-create-build-directory /Users/admin/builder/spi-builder-workspace/.derivedData/Build/Intermediates.noindex/PrecompiledHeaders
CreateBuildDirectory /Users/admin/builder/spi-builder-workspace/.derivedData/Build/Intermediates.noindex/ExplicitPrecompiledModules
    cd /Users/admin/builder/spi-builder-workspace/.swiftpm/xcode
    builtin-create-build-directory /Users/admin/builder/spi-builder-workspace/.derivedData/Build/Intermediates.noindex/ExplicitPrecompiledModules
CreateBuildDirectory /Users/admin/builder/spi-builder-workspace/.derivedData/Build/Intermediates.noindex/EagerLinkingTBDs/Debug-watchos
    cd /Users/admin/builder/spi-builder-workspace/.swiftpm/xcode
    builtin-create-build-directory /Users/admin/builder/spi-builder-workspace/.derivedData/Build/Intermediates.noindex/EagerLinkingTBDs/Debug-watchos
CreateBuildDirectory /Users/admin/builder/spi-builder-workspace/.derivedData/Build/Products/Debug-watchos/PackageFrameworks
    cd /Users/admin/builder/spi-builder-workspace/.swiftpm/xcode
    builtin-create-build-directory /Users/admin/builder/spi-builder-workspace/.derivedData/Build/Products/Debug-watchos/PackageFrameworks
WriteAuxiliaryFile /Users/admin/builder/spi-builder-workspace/.derivedData/Build/Intermediates.noindex/Extendable.build/Debug-watchos/ExtendableHost-t.build/ExtendableHost.modulemap (in target 'ExtendableHost' from project 'Extendable')
    cd /Users/admin/builder/spi-builder-workspace
    write-file /Users/admin/builder/spi-builder-workspace/.derivedData/Build/Intermediates.noindex/Extendable.build/Debug-watchos/ExtendableHost-t.build/ExtendableHost.modulemap
WriteAuxiliaryFile /Users/admin/builder/spi-builder-workspace/.derivedData/Build/Intermediates.noindex/Extendable.build/Debug-watchos/ExtendableHost-t.build/Objects-normal/arm64_32/ExtendableHost-OutputFileMap.json (in target 'ExtendableHost' from project 'Extendable')
    cd /Users/admin/builder/spi-builder-workspace
    write-file /Users/admin/builder/spi-builder-workspace/.derivedData/Build/Intermediates.noindex/Extendable.build/Debug-watchos/ExtendableHost-t.build/Objects-normal/arm64_32/ExtendableHost-OutputFileMap.json
WriteAuxiliaryFile /Users/admin/builder/spi-builder-workspace/.derivedData/Build/Intermediates.noindex/Extendable.build/Debug-watchos/ExtendableHost-t.build/Objects-normal/arm64_32/ExtendableHost.LinkFileList (in target 'ExtendableHost' from project 'Extendable')
    cd /Users/admin/builder/spi-builder-workspace
    write-file /Users/admin/builder/spi-builder-workspace/.derivedData/Build/Intermediates.noindex/Extendable.build/Debug-watchos/ExtendableHost-t.build/Objects-normal/arm64_32/ExtendableHost.LinkFileList
WriteAuxiliaryFile /Users/admin/builder/spi-builder-workspace/.derivedData/Build/Intermediates.noindex/Extendable.build/Debug-watchos/ExtendableHost-t.build/Objects-normal/arm64_32/ExtendableHost_const_extract_protocols.json (in target 'ExtendableHost' from project 'Extendable')
    cd /Users/admin/builder/spi-builder-workspace
    write-file /Users/admin/builder/spi-builder-workspace/.derivedData/Build/Intermediates.noindex/Extendable.build/Debug-watchos/ExtendableHost-t.build/Objects-normal/arm64_32/ExtendableHost_const_extract_protocols.json
WriteAuxiliaryFile /Users/admin/builder/spi-builder-workspace/.derivedData/Build/Intermediates.noindex/Extendable.build/Debug-watchos/ExtendableHost-t.build/Objects-normal/arm64_32/ExtendableHost.SwiftFileList (in target 'ExtendableHost' from project 'Extendable')
    cd /Users/admin/builder/spi-builder-workspace
    write-file /Users/admin/builder/spi-builder-workspace/.derivedData/Build/Intermediates.noindex/Extendable.build/Debug-watchos/ExtendableHost-t.build/Objects-normal/arm64_32/ExtendableHost.SwiftFileList
WriteAuxiliaryFile /Users/admin/builder/spi-builder-workspace/.derivedData/Build/Intermediates.noindex/Extendable.build/Debug-watchos/ExtendableHost-t.build/Objects-normal/arm64_32/ExtendableHost.SwiftConstValuesFileList (in target 'ExtendableHost' from project 'Extendable')
    cd /Users/admin/builder/spi-builder-workspace
    write-file /Users/admin/builder/spi-builder-workspace/.derivedData/Build/Intermediates.noindex/Extendable.build/Debug-watchos/ExtendableHost-t.build/Objects-normal/arm64_32/ExtendableHost.SwiftConstValuesFileList
WriteAuxiliaryFile /Users/admin/builder/spi-builder-workspace/.derivedData/Build/Intermediates.noindex/Extendable.build/Debug-watchos/ExtendableHost-t.build/Objects-normal/arm64/ExtendableHost.SwiftConstValuesFileList (in target 'ExtendableHost' from project 'Extendable')
    cd /Users/admin/builder/spi-builder-workspace
    write-file /Users/admin/builder/spi-builder-workspace/.derivedData/Build/Intermediates.noindex/Extendable.build/Debug-watchos/ExtendableHost-t.build/Objects-normal/arm64/ExtendableHost.SwiftConstValuesFileList
WriteAuxiliaryFile /Users/admin/builder/spi-builder-workspace/.derivedData/Build/Intermediates.noindex/Extendable.build/Debug-watchos/ExtendableHost-t.build/Objects-normal/arm64/ExtendableHost.SwiftFileList (in target 'ExtendableHost' from project 'Extendable')
    cd /Users/admin/builder/spi-builder-workspace
    write-file /Users/admin/builder/spi-builder-workspace/.derivedData/Build/Intermediates.noindex/Extendable.build/Debug-watchos/ExtendableHost-t.build/Objects-normal/arm64/ExtendableHost.SwiftFileList
WriteAuxiliaryFile /Users/admin/builder/spi-builder-workspace/.derivedData/Build/Intermediates.noindex/Extendable.build/Debug-watchos/ExtendableHost-t.build/Objects-normal/arm64/ExtendableHost_const_extract_protocols.json (in target 'ExtendableHost' from project 'Extendable')
    cd /Users/admin/builder/spi-builder-workspace
    write-file /Users/admin/builder/spi-builder-workspace/.derivedData/Build/Intermediates.noindex/Extendable.build/Debug-watchos/ExtendableHost-t.build/Objects-normal/arm64/ExtendableHost_const_extract_protocols.json
WriteAuxiliaryFile /Users/admin/builder/spi-builder-workspace/.derivedData/Build/Intermediates.noindex/Extendable.build/Debug-watchos/ExtendableHost-t.build/Objects-normal/arm64/ExtendableHost.LinkFileList (in target 'ExtendableHost' from project 'Extendable')
    cd /Users/admin/builder/spi-builder-workspace
    write-file /Users/admin/builder/spi-builder-workspace/.derivedData/Build/Intermediates.noindex/Extendable.build/Debug-watchos/ExtendableHost-t.build/Objects-normal/arm64/ExtendableHost.LinkFileList
WriteAuxiliaryFile /Users/admin/builder/spi-builder-workspace/.derivedData/Build/Intermediates.noindex/Extendable.build/Debug-watchos/ExtendableHost-t.build/Objects-normal/arm64/ExtendableHost-OutputFileMap.json (in target 'ExtendableHost' from project 'Extendable')
    cd /Users/admin/builder/spi-builder-workspace
    write-file /Users/admin/builder/spi-builder-workspace/.derivedData/Build/Intermediates.noindex/Extendable.build/Debug-watchos/ExtendableHost-t.build/Objects-normal/arm64/ExtendableHost-OutputFileMap.json
WriteAuxiliaryFile /Users/admin/builder/spi-builder-workspace/.derivedData/Build/Intermediates.noindex/Extendable.build/Debug-watchos/ExtendableHost-t.build/ExtendableHost.DependencyStaticMetadataFileList (in target 'ExtendableHost' from project 'Extendable')
    cd /Users/admin/builder/spi-builder-workspace
    write-file /Users/admin/builder/spi-builder-workspace/.derivedData/Build/Intermediates.noindex/Extendable.build/Debug-watchos/ExtendableHost-t.build/ExtendableHost.DependencyStaticMetadataFileList
WriteAuxiliaryFile /Users/admin/builder/spi-builder-workspace/.derivedData/Build/Intermediates.noindex/Extendable.build/Debug-watchos/ExtendableHost-t.build/ExtendableHost.DependencyMetadataFileList (in target 'ExtendableHost' from project 'Extendable')
    cd /Users/admin/builder/spi-builder-workspace
    write-file /Users/admin/builder/spi-builder-workspace/.derivedData/Build/Intermediates.noindex/Extendable.build/Debug-watchos/ExtendableHost-t.build/ExtendableHost.DependencyMetadataFileList
Copy /Users/admin/builder/spi-builder-workspace/.derivedData/Build/Intermediates.noindex/GeneratedModuleMaps-watchos/ExtendableHost.modulemap /Users/admin/builder/spi-builder-workspace/.derivedData/Build/Intermediates.noindex/Extendable.build/Debug-watchos/ExtendableHost-t.build/ExtendableHost.modulemap (in target 'ExtendableHost' from project 'Extendable')
    cd /Users/admin/builder/spi-builder-workspace
    builtin-copy -exclude .DS_Store -exclude CVS -exclude .svn -exclude .git -exclude .hg -resolve-src-symlinks /Users/admin/builder/spi-builder-workspace/.derivedData/Build/Intermediates.noindex/Extendable.build/Debug-watchos/ExtendableHost-t.build/ExtendableHost.modulemap /Users/admin/builder/spi-builder-workspace/.derivedData/Build/Intermediates.noindex/GeneratedModuleMaps-watchos
WriteAuxiliaryFile /Users/admin/builder/spi-builder-workspace/.derivedData/Build/Intermediates.noindex/Extendable.build/Debug-watchos/Extendable-t.build/Objects-normal/arm64_32/Extendable.SwiftFileList (in target 'Extendable' from project 'Extendable')
    cd /Users/admin/builder/spi-builder-workspace
    write-file /Users/admin/builder/spi-builder-workspace/.derivedData/Build/Intermediates.noindex/Extendable.build/Debug-watchos/Extendable-t.build/Objects-normal/arm64_32/Extendable.SwiftFileList
WriteAuxiliaryFile /Users/admin/builder/spi-builder-workspace/.derivedData/Build/Intermediates.noindex/Extendable.build/Debug-watchos/Extendable-t.build/Objects-normal/arm64_32/Extendable.SwiftConstValuesFileList (in target 'Extendable' from project 'Extendable')
    cd /Users/admin/builder/spi-builder-workspace
    write-file /Users/admin/builder/spi-builder-workspace/.derivedData/Build/Intermediates.noindex/Extendable.build/Debug-watchos/Extendable-t.build/Objects-normal/arm64_32/Extendable.SwiftConstValuesFileList
WriteAuxiliaryFile /Users/admin/builder/spi-builder-workspace/.derivedData/Build/Intermediates.noindex/Extendable.build/Debug-watchos/Extendable-t.build/Objects-normal/arm64_32/Extendable_const_extract_protocols.json (in target 'Extendable' from project 'Extendable')
    cd /Users/admin/builder/spi-builder-workspace
    write-file /Users/admin/builder/spi-builder-workspace/.derivedData/Build/Intermediates.noindex/Extendable.build/Debug-watchos/Extendable-t.build/Objects-normal/arm64_32/Extendable_const_extract_protocols.json
WriteAuxiliaryFile /Users/admin/builder/spi-builder-workspace/.derivedData/Build/Intermediates.noindex/Extendable.build/Debug-watchos/Extendable-t.build/Objects-normal/arm64_32/Extendable.LinkFileList (in target 'Extendable' from project 'Extendable')
    cd /Users/admin/builder/spi-builder-workspace
    write-file /Users/admin/builder/spi-builder-workspace/.derivedData/Build/Intermediates.noindex/Extendable.build/Debug-watchos/Extendable-t.build/Objects-normal/arm64_32/Extendable.LinkFileList
WriteAuxiliaryFile /Users/admin/builder/spi-builder-workspace/.derivedData/Build/Intermediates.noindex/Extendable.build/Debug-watchos/Extendable-t.build/Objects-normal/arm64_32/Extendable-OutputFileMap.json (in target 'Extendable' from project 'Extendable')
    cd /Users/admin/builder/spi-builder-workspace
    write-file /Users/admin/builder/spi-builder-workspace/.derivedData/Build/Intermediates.noindex/Extendable.build/Debug-watchos/Extendable-t.build/Objects-normal/arm64_32/Extendable-OutputFileMap.json
WriteAuxiliaryFile /Users/admin/builder/spi-builder-workspace/.derivedData/Build/Intermediates.noindex/Extendable.build/Debug-watchos/Extendable-t.build/Objects-normal/arm64/Extendable_const_extract_protocols.json (in target 'Extendable' from project 'Extendable')
    cd /Users/admin/builder/spi-builder-workspace
    write-file /Users/admin/builder/spi-builder-workspace/.derivedData/Build/Intermediates.noindex/Extendable.build/Debug-watchos/Extendable-t.build/Objects-normal/arm64/Extendable_const_extract_protocols.json
WriteAuxiliaryFile /Users/admin/builder/spi-builder-workspace/.derivedData/Build/Intermediates.noindex/Extendable.build/Debug-watchos/Extendable-t.build/Objects-normal/arm64/Extendable.SwiftFileList (in target 'Extendable' from project 'Extendable')
    cd /Users/admin/builder/spi-builder-workspace
    write-file /Users/admin/builder/spi-builder-workspace/.derivedData/Build/Intermediates.noindex/Extendable.build/Debug-watchos/Extendable-t.build/Objects-normal/arm64/Extendable.SwiftFileList
WriteAuxiliaryFile /Users/admin/builder/spi-builder-workspace/.derivedData/Build/Intermediates.noindex/Extendable.build/Debug-watchos/Extendable-t.build/Objects-normal/arm64/Extendable.SwiftConstValuesFileList (in target 'Extendable' from project 'Extendable')
    cd /Users/admin/builder/spi-builder-workspace
    write-file /Users/admin/builder/spi-builder-workspace/.derivedData/Build/Intermediates.noindex/Extendable.build/Debug-watchos/Extendable-t.build/Objects-normal/arm64/Extendable.SwiftConstValuesFileList
WriteAuxiliaryFile /Users/admin/builder/spi-builder-workspace/.derivedData/Build/Intermediates.noindex/Extendable.build/Debug-watchos/Extendable-t.build/Objects-normal/arm64/Extendable.LinkFileList (in target 'Extendable' from project 'Extendable')
    cd /Users/admin/builder/spi-builder-workspace
    write-file /Users/admin/builder/spi-builder-workspace/.derivedData/Build/Intermediates.noindex/Extendable.build/Debug-watchos/Extendable-t.build/Objects-normal/arm64/Extendable.LinkFileList
WriteAuxiliaryFile /Users/admin/builder/spi-builder-workspace/.derivedData/Build/Intermediates.noindex/Extendable.build/Debug-watchos/Extendable-t.build/Objects-normal/arm64/Extendable-OutputFileMap.json (in target 'Extendable' from project 'Extendable')
    cd /Users/admin/builder/spi-builder-workspace
    write-file /Users/admin/builder/spi-builder-workspace/.derivedData/Build/Intermediates.noindex/Extendable.build/Debug-watchos/Extendable-t.build/Objects-normal/arm64/Extendable-OutputFileMap.json
WriteAuxiliaryFile /Users/admin/builder/spi-builder-workspace/.derivedData/Build/Intermediates.noindex/Extendable.build/Debug-watchos/Extendable-t.build/Extendable.modulemap (in target 'Extendable' from project 'Extendable')
    cd /Users/admin/builder/spi-builder-workspace
    write-file /Users/admin/builder/spi-builder-workspace/.derivedData/Build/Intermediates.noindex/Extendable.build/Debug-watchos/Extendable-t.build/Extendable.modulemap
WriteAuxiliaryFile /Users/admin/builder/spi-builder-workspace/.derivedData/Build/Intermediates.noindex/Extendable.build/Debug-watchos/Extendable-t.build/Extendable.DependencyStaticMetadataFileList (in target 'Extendable' from project 'Extendable')
    cd /Users/admin/builder/spi-builder-workspace
    write-file /Users/admin/builder/spi-builder-workspace/.derivedData/Build/Intermediates.noindex/Extendable.build/Debug-watchos/Extendable-t.build/Extendable.DependencyStaticMetadataFileList
WriteAuxiliaryFile /Users/admin/builder/spi-builder-workspace/.derivedData/Build/Intermediates.noindex/Extendable.build/Debug-watchos/Extendable-t.build/Extendable.DependencyMetadataFileList (in target 'Extendable' from project 'Extendable')
    cd /Users/admin/builder/spi-builder-workspace
    write-file /Users/admin/builder/spi-builder-workspace/.derivedData/Build/Intermediates.noindex/Extendable.build/Debug-watchos/Extendable-t.build/Extendable.DependencyMetadataFileList
Copy /Users/admin/builder/spi-builder-workspace/.derivedData/Build/Intermediates.noindex/GeneratedModuleMaps-watchos/Extendable.modulemap /Users/admin/builder/spi-builder-workspace/.derivedData/Build/Intermediates.noindex/Extendable.build/Debug-watchos/Extendable-t.build/Extendable.modulemap (in target 'Extendable' from project 'Extendable')
    cd /Users/admin/builder/spi-builder-workspace
    builtin-copy -exclude .DS_Store -exclude CVS -exclude .svn -exclude .git -exclude .hg -resolve-src-symlinks /Users/admin/builder/spi-builder-workspace/.derivedData/Build/Intermediates.noindex/Extendable.build/Debug-watchos/Extendable-t.build/Extendable.modulemap /Users/admin/builder/spi-builder-workspace/.derivedData/Build/Intermediates.noindex/GeneratedModuleMaps-watchos
SwiftDriver Extendable normal arm64_32 com.apple.xcode.tools.swift.compiler (in target 'Extendable' from project 'Extendable')
    cd /Users/admin/builder/spi-builder-workspace/.swiftpm/xcode
    builtin-SwiftDriver -- /Applications/Xcode-27.0.0-Release.Candidate.app/Contents/Developer/Toolchains/XcodeDefault.xctoolchain/usr/bin/swiftc -parse-as-library -module-name Extendable -Onone @/Users/admin/builder/spi-builder-workspace/.derivedData/Build/Intermediates.noindex/Extendable.build/Debug-watchos/Extendable-t.build/Objects-normal/arm64_32/Extendable.SwiftFileList -DSWIFT_PACKAGE -DDEBUG -DSWIFT_MODULE_RESOURCE_BUNDLE_UNAVAILABLE -DXcode -enable-experimental-feature StrictConcurrency -plugin-path /Applications/Xcode-27.0.0-Release.Candidate.app/Contents/Developer/Toolchains/XcodeDefault.xctoolchain/usr/lib/swift/host/plugins/testing -enable-experimental-feature DebugDescriptionMacro -sdk /Applications/Xcode-27.0.0-Release.Candidate.app/Contents/Developer/Platforms/WatchOS.platform/Developer/SDKs/WatchOS27.0.sdk -target arm64_32-apple-watchos9.0 -g -module-cache-path /Users/admin/builder/spi-builder-workspace/.derivedData/ModuleCache.noindex -Xfrontend -serialize-debugging-options -profile-coverage-mapping -profile-generate -enable-testing -index-store-path /Users/admin/builder/spi-builder-workspace/.derivedData/Index.noindex/DataStore -Xcc -D_LIBCPP_HARDENING_MODE\=_LIBCPP_HARDENING_MODE_DEBUG -swift-version 5 -I /Users/admin/builder/spi-builder-workspace/.derivedData/Build/Products/Debug-watchos -Isystem /Applications/Xcode-27.0.0-Release.Candidate.app/Contents/Developer/Platforms/WatchOS.platform/Developer/usr/lib -F /Users/admin/builder/spi-builder-workspace/.derivedData/Build/Products/Debug-watchos -F /Applications/Xcode-27.0.0-Release.Candidate.app/Contents/Developer/Platforms/WatchOS.platform/Developer/Library/Frameworks -F /Applications/Xcode-27.0.0-Release.Candidate.app/Contents/Developer/Platforms/WatchOS.platform/Developer/SDKs/WatchOS27.0.sdk/Developer/Library/Frameworks -c -j10 -enable-batch-mode -incremental -Xcc -ivfsstatcache -Xcc /Users/admin/builder/spi-builder-workspace/.derivedData/SDKStatCaches.noindex/watchos27.0-24R360-e829b21a6f8c9b70876ba0858053c04477534ef55a1706bf4c1112bbb242f0a2.sdkstatcache -output-file-map /Users/admin/builder/spi-builder-workspace/.derivedData/Build/Intermediates.noindex/Extendable.build/Debug-watchos/Extendable-t.build/Objects-normal/arm64_32/Extendable-OutputFileMap.json -save-temps -no-color-diagnostics -explicit-module-build -module-cache-path /Users/admin/builder/spi-builder-workspace/.derivedData/Build/Intermediates.noindex/SwiftExplicitPrecompiledModules -clang-scanner-module-cache-path /Users/admin/builder/spi-builder-workspace/.derivedData/ModuleCache.noindex -sdk-module-cache-path /Users/admin/builder/spi-builder-workspace/.derivedData/SDKExplicitPrecompiledModules -emit-dependencies -emit-module -emit-module-path /Users/admin/builder/spi-builder-workspace/.derivedData/Build/Intermediates.noindex/Extendable.build/Debug-watchos/Extendable-t.build/Objects-normal/arm64_32/Extendable.swiftmodule -serialize-diagnostics -dependency-scan-serialize-diagnostics-path /Users/admin/builder/spi-builder-workspace/.derivedData/Build/Intermediates.noindex/Extendable.build/Debug-watchos/Extendable-t.build/Objects-normal/arm64_32/Extendable-dependency-scan.dia -validate-clang-modules-once -clang-build-session-file /Users/admin/builder/spi-builder-workspace/.derivedData/ModuleCache.noindex/Session.modulevalidation -Xcc -fmodules-prune-interval\=86400 -Xcc -fmodules-prune-after\=345600 -emit-const-values -const-gather-protocols-list /Users/admin/builder/spi-builder-workspace/.derivedData/Build/Intermediates.noindex/Extendable.build/Debug-watchos/Extendable-t.build/Objects-normal/arm64_32/Extendable_const_extract_protocols.json -Xcc -I/Users/admin/builder/spi-builder-workspace/.derivedData/Build/Products/Debug-watchos/include -Xcc -I/Users/admin/builder/spi-builder-workspace/.derivedData/Build/Intermediates.noindex/Extendable.build/Debug-watchos/Extendable-t.build/DerivedSources-normal/arm64_32 -Xcc -I/Users/admin/builder/spi-builder-workspace/.derivedData/Build/Intermediates.noindex/Extendable.build/Debug-watchos/Extendable-t.build/DerivedSources/arm64_32 -Xcc -I/Users/admin/builder/spi-builder-workspace/.derivedData/Build/Intermediates.noindex/Extendable.build/Debug-watchos/Extendable-t.build/DerivedSources -Xcc -DSWIFT_PACKAGE -Xcc -DDEBUG\=1 -emit-objc-header -emit-objc-header-path /Users/admin/builder/spi-builder-workspace/.derivedData/Build/Intermediates.noindex/Extendable.build/Debug-watchos/Extendable-t.build/Objects-normal/arm64_32/Extendable-Swift.h -working-directory /Users/admin/builder/spi-builder-workspace/.swiftpm/xcode -experimental-emit-module-separately -disable-cmo
SwiftDriver Extendable normal arm64 com.apple.xcode.tools.swift.compiler (in target 'Extendable' from project 'Extendable')
    cd /Users/admin/builder/spi-builder-workspace/.swiftpm/xcode
    builtin-SwiftDriver -- /Applications/Xcode-27.0.0-Release.Candidate.app/Contents/Developer/Toolchains/XcodeDefault.xctoolchain/usr/bin/swiftc -parse-as-library -module-name Extendable -Onone @/Users/admin/builder/spi-builder-workspace/.derivedData/Build/Intermediates.noindex/Extendable.build/Debug-watchos/Extendable-t.build/Objects-normal/arm64/Extendable.SwiftFileList -DSWIFT_PACKAGE -DDEBUG -DSWIFT_MODULE_RESOURCE_BUNDLE_UNAVAILABLE -DXcode -enable-experimental-feature StrictConcurrency -plugin-path /Applications/Xcode-27.0.0-Release.Candidate.app/Contents/Developer/Toolchains/XcodeDefault.xctoolchain/usr/lib/swift/host/plugins/testing -enable-experimental-feature DebugDescriptionMacro -sdk /Applications/Xcode-27.0.0-Release.Candidate.app/Contents/Developer/Platforms/WatchOS.platform/Developer/SDKs/WatchOS27.0.sdk -target arm64-apple-watchos9.0 -g -module-cache-path /Users/admin/builder/spi-builder-workspace/.derivedData/ModuleCache.noindex -Xfrontend -serialize-debugging-options -profile-coverage-mapping -profile-generate -enable-testing -index-store-path /Users/admin/builder/spi-builder-workspace/.derivedData/Index.noindex/DataStore -Xcc -D_LIBCPP_HARDENING_MODE\=_LIBCPP_HARDENING_MODE_DEBUG -swift-version 5 -I /Users/admin/builder/spi-builder-workspace/.derivedData/Build/Products/Debug-watchos -Isystem /Applications/Xcode-27.0.0-Release.Candidate.app/Contents/Developer/Platforms/WatchOS.platform/Developer/usr/lib -F /Users/admin/builder/spi-builder-workspace/.derivedData/Build/Products/Debug-watchos -F /Applications/Xcode-27.0.0-Release.Candidate.app/Contents/Developer/Platforms/WatchOS.platform/Developer/Library/Frameworks -F /Applications/Xcode-27.0.0-Release.Candidate.app/Contents/Developer/Platforms/WatchOS.platform/Developer/SDKs/WatchOS27.0.sdk/Developer/Library/Frameworks -c -j10 -enable-batch-mode -incremental -Xcc -ivfsstatcache -Xcc /Users/admin/builder/spi-builder-workspace/.derivedData/SDKStatCaches.noindex/watchos27.0-24R360-e829b21a6f8c9b70876ba0858053c04477534ef55a1706bf4c1112bbb242f0a2.sdkstatcache -output-file-map /Users/admin/builder/spi-builder-workspace/.derivedData/Build/Intermediates.noindex/Extendable.build/Debug-watchos/Extendable-t.build/Objects-normal/arm64/Extendable-OutputFileMap.json -save-temps -no-color-diagnostics -explicit-module-build -module-cache-path /Users/admin/builder/spi-builder-workspace/.derivedData/Build/Intermediates.noindex/SwiftExplicitPrecompiledModules -clang-scanner-module-cache-path /Users/admin/builder/spi-builder-workspace/.derivedData/ModuleCache.noindex -sdk-module-cache-path /Users/admin/builder/spi-builder-workspace/.derivedData/SDKExplicitPrecompiledModules -emit-dependencies -emit-module -emit-module-path /Users/admin/builder/spi-builder-workspace/.derivedData/Build/Intermediates.noindex/Extendable.build/Debug-watchos/Extendable-t.build/Objects-normal/arm64/Extendable.swiftmodule -serialize-diagnostics -dependency-scan-serialize-diagnostics-path /Users/admin/builder/spi-builder-workspace/.derivedData/Build/Intermediates.noindex/Extendable.build/Debug-watchos/Extendable-t.build/Objects-normal/arm64/Extendable-dependency-scan.dia -validate-clang-modules-once -clang-build-session-file /Users/admin/builder/spi-builder-workspace/.derivedData/ModuleCache.noindex/Session.modulevalidation -Xcc -fmodules-prune-interval\=86400 -Xcc -fmodules-prune-after\=345600 -emit-const-values -const-gather-protocols-list /Users/admin/builder/spi-builder-workspace/.derivedData/Build/Intermediates.noindex/Extendable.build/Debug-watchos/Extendable-t.build/Objects-normal/arm64/Extendable_const_extract_protocols.json -Xcc -I/Users/admin/builder/spi-builder-workspace/.derivedData/Build/Products/Debug-watchos/include -Xcc -I/Users/admin/builder/spi-builder-workspace/.derivedData/Build/Intermediates.noindex/Extendable.build/Debug-watchos/Extendable-t.build/DerivedSources-normal/arm64 -Xcc -I/Users/admin/builder/spi-builder-workspace/.derivedData/Build/Intermediates.noindex/Extendable.build/Debug-watchos/Extendable-t.build/DerivedSources/arm64 -Xcc -I/Users/admin/builder/spi-builder-workspace/.derivedData/Build/Intermediates.noindex/Extendable.build/Debug-watchos/Extendable-t.build/DerivedSources -Xcc -DSWIFT_PACKAGE -Xcc -DDEBUG\=1 -emit-objc-header -emit-objc-header-path /Users/admin/builder/spi-builder-workspace/.derivedData/Build/Intermediates.noindex/Extendable.build/Debug-watchos/Extendable-t.build/Objects-normal/arm64/Extendable-Swift.h -working-directory /Users/admin/builder/spi-builder-workspace/.swiftpm/xcode -experimental-emit-module-separately -disable-cmo
SwiftDriver ExtendableHost normal arm64 com.apple.xcode.tools.swift.compiler (in target 'ExtendableHost' from project 'Extendable')
    cd /Users/admin/builder/spi-builder-workspace/.swiftpm/xcode
    builtin-SwiftDriver -- /Applications/Xcode-27.0.0-Release.Candidate.app/Contents/Developer/Toolchains/XcodeDefault.xctoolchain/usr/bin/swiftc -parse-as-library -module-name ExtendableHost -Onone @/Users/admin/builder/spi-builder-workspace/.derivedData/Build/Intermediates.noindex/Extendable.build/Debug-watchos/ExtendableHost-t.build/Objects-normal/arm64/ExtendableHost.SwiftFileList -DSWIFT_PACKAGE -DDEBUG -DSWIFT_MODULE_RESOURCE_BUNDLE_UNAVAILABLE -DXcode -enable-experimental-feature StrictConcurrency -plugin-path /Applications/Xcode-27.0.0-Release.Candidate.app/Contents/Developer/Toolchains/XcodeDefault.xctoolchain/usr/lib/swift/host/plugins/testing -enable-experimental-feature DebugDescriptionMacro -sdk /Applications/Xcode-27.0.0-Release.Candidate.app/Contents/Developer/Platforms/WatchOS.platform/Developer/SDKs/WatchOS27.0.sdk -target arm64-apple-watchos9.0 -g -module-cache-path /Users/admin/builder/spi-builder-workspace/.derivedData/ModuleCache.noindex -Xfrontend -serialize-debugging-options -profile-coverage-mapping -profile-generate -enable-testing -index-store-path /Users/admin/builder/spi-builder-workspace/.derivedData/Index.noindex/DataStore -Xcc -D_LIBCPP_HARDENING_MODE\=_LIBCPP_HARDENING_MODE_DEBUG -swift-version 5 -I /Users/admin/builder/spi-builder-workspace/.derivedData/Build/Products/Debug-watchos -Isystem /Applications/Xcode-27.0.0-Release.Candidate.app/Contents/Developer/Platforms/WatchOS.platform/Developer/usr/lib -F /Users/admin/builder/spi-builder-workspace/.derivedData/Build/Products/Debug-watchos -F /Applications/Xcode-27.0.0-Release.Candidate.app/Contents/Developer/Platforms/WatchOS.platform/Developer/Library/Frameworks -F /Applications/Xcode-27.0.0-Release.Candidate.app/Contents/Developer/Platforms/WatchOS.platform/Developer/SDKs/WatchOS27.0.sdk/Developer/Library/Frameworks -c -j10 -enable-batch-mode -incremental -Xcc -ivfsstatcache -Xcc /Users/admin/builder/spi-builder-workspace/.derivedData/SDKStatCaches.noindex/watchos27.0-24R360-e829b21a6f8c9b70876ba0858053c04477534ef55a1706bf4c1112bbb242f0a2.sdkstatcache -output-file-map /Users/admin/builder/spi-builder-workspace/.derivedData/Build/Intermediates.noindex/Extendable.build/Debug-watchos/ExtendableHost-t.build/Objects-normal/arm64/ExtendableHost-OutputFileMap.json -save-temps -no-color-diagnostics -explicit-module-build -module-cache-path /Users/admin/builder/spi-builder-workspace/.derivedData/Build/Intermediates.noindex/SwiftExplicitPrecompiledModules -clang-scanner-module-cache-path /Users/admin/builder/spi-builder-workspace/.derivedData/ModuleCache.noindex -sdk-module-cache-path /Users/admin/builder/spi-builder-workspace/.derivedData/SDKExplicitPrecompiledModules -emit-dependencies -emit-module -emit-module-path /Users/admin/builder/spi-builder-workspace/.derivedData/Build/Intermediates.noindex/Extendable.build/Debug-watchos/ExtendableHost-t.build/Objects-normal/arm64/ExtendableHost.swiftmodule -serialize-diagnostics -dependency-scan-serialize-diagnostics-path /Users/admin/builder/spi-builder-workspace/.derivedData/Build/Intermediates.noindex/Extendable.build/Debug-watchos/ExtendableHost-t.build/Objects-normal/arm64/ExtendableHost-dependency-scan.dia -validate-clang-modules-once -clang-build-session-file /Users/admin/builder/spi-builder-workspace/.derivedData/ModuleCache.noindex/Session.modulevalidation -Xcc -fmodules-prune-interval\=86400 -Xcc -fmodules-prune-after\=345600 -emit-const-values -const-gather-protocols-list /Users/admin/builder/spi-builder-workspace/.derivedData/Build/Intermediates.noindex/Extendable.build/Debug-watchos/ExtendableHost-t.build/Objects-normal/arm64/ExtendableHost_const_extract_protocols.json -Xcc -I/Users/admin/builder/spi-builder-workspace/.derivedData/Build/Products/Debug-watchos/include -Xcc -I/Users/admin/builder/spi-builder-workspace/.derivedData/Build/Intermediates.noindex/Extendable.build/Debug-watchos/ExtendableHost-t.build/DerivedSources-normal/arm64 -Xcc -I/Users/admin/builder/spi-builder-workspace/.derivedData/Build/Intermediates.noindex/Extendable.build/Debug-watchos/ExtendableHost-t.build/DerivedSources/arm64 -Xcc -I/Users/admin/builder/spi-builder-workspace/.derivedData/Build/Intermediates.noindex/Extendable.build/Debug-watchos/ExtendableHost-t.build/DerivedSources -Xcc -DSWIFT_PACKAGE -Xcc -DDEBUG\=1 -emit-objc-header -emit-objc-header-path /Users/admin/builder/spi-builder-workspace/.derivedData/Build/Intermediates.noindex/Extendable.build/Debug-watchos/ExtendableHost-t.build/Objects-normal/arm64/ExtendableHost-Swift.h -working-directory /Users/admin/builder/spi-builder-workspace/.swiftpm/xcode -experimental-emit-module-separately -disable-cmo
SwiftDriver ExtendableHost normal arm64_32 com.apple.xcode.tools.swift.compiler (in target 'ExtendableHost' from project 'Extendable')
    cd /Users/admin/builder/spi-builder-workspace/.swiftpm/xcode
    builtin-SwiftDriver -- /Applications/Xcode-27.0.0-Release.Candidate.app/Contents/Developer/Toolchains/XcodeDefault.xctoolchain/usr/bin/swiftc -parse-as-library -module-name ExtendableHost -Onone @/Users/admin/builder/spi-builder-workspace/.derivedData/Build/Intermediates.noindex/Extendable.build/Debug-watchos/ExtendableHost-t.build/Objects-normal/arm64_32/ExtendableHost.SwiftFileList -DSWIFT_PACKAGE -DDEBUG -DSWIFT_MODULE_RESOURCE_BUNDLE_UNAVAILABLE -DXcode -enable-experimental-feature StrictConcurrency -plugin-path /Applications/Xcode-27.0.0-Release.Candidate.app/Contents/Developer/Toolchains/XcodeDefault.xctoolchain/usr/lib/swift/host/plugins/testing -enable-experimental-feature DebugDescriptionMacro -sdk /Applications/Xcode-27.0.0-Release.Candidate.app/Contents/Developer/Platforms/WatchOS.platform/Developer/SDKs/WatchOS27.0.sdk -target arm64_32-apple-watchos9.0 -g -module-cache-path /Users/admin/builder/spi-builder-workspace/.derivedData/ModuleCache.noindex -Xfrontend -serialize-debugging-options -profile-coverage-mapping -profile-generate -enable-testing -index-store-path /Users/admin/builder/spi-builder-workspace/.derivedData/Index.noindex/DataStore -Xcc -D_LIBCPP_HARDENING_MODE\=_LIBCPP_HARDENING_MODE_DEBUG -swift-version 5 -I /Users/admin/builder/spi-builder-workspace/.derivedData/Build/Products/Debug-watchos -Isystem /Applications/Xcode-27.0.0-Release.Candidate.app/Contents/Developer/Platforms/WatchOS.platform/Developer/usr/lib -F /Users/admin/builder/spi-builder-workspace/.derivedData/Build/Products/Debug-watchos -F /Applications/Xcode-27.0.0-Release.Candidate.app/Contents/Developer/Platforms/WatchOS.platform/Developer/Library/Frameworks -F /Applications/Xcode-27.0.0-Release.Candidate.app/Contents/Developer/Platforms/WatchOS.platform/Developer/SDKs/WatchOS27.0.sdk/Developer/Library/Frameworks -c -j10 -enable-batch-mode -incremental -Xcc -ivfsstatcache -Xcc /Users/admin/builder/spi-builder-workspace/.derivedData/SDKStatCaches.noindex/watchos27.0-24R360-e829b21a6f8c9b70876ba0858053c04477534ef55a1706bf4c1112bbb242f0a2.sdkstatcache -output-file-map /Users/admin/builder/spi-builder-workspace/.derivedData/Build/Intermediates.noindex/Extendable.build/Debug-watchos/ExtendableHost-t.build/Objects-normal/arm64_32/ExtendableHost-OutputFileMap.json -save-temps -no-color-diagnostics -explicit-module-build -module-cache-path /Users/admin/builder/spi-builder-workspace/.derivedData/Build/Intermediates.noindex/SwiftExplicitPrecompiledModules -clang-scanner-module-cache-path /Users/admin/builder/spi-builder-workspace/.derivedData/ModuleCache.noindex -sdk-module-cache-path /Users/admin/builder/spi-builder-workspace/.derivedData/SDKExplicitPrecompiledModules -emit-dependencies -emit-module -emit-module-path /Users/admin/builder/spi-builder-workspace/.derivedData/Build/Intermediates.noindex/Extendable.build/Debug-watchos/ExtendableHost-t.build/Objects-normal/arm64_32/ExtendableHost.swiftmodule -serialize-diagnostics -dependency-scan-serialize-diagnostics-path /Users/admin/builder/spi-builder-workspace/.derivedData/Build/Intermediates.noindex/Extendable.build/Debug-watchos/ExtendableHost-t.build/Objects-normal/arm64_32/ExtendableHost-dependency-scan.dia -validate-clang-modules-once -clang-build-session-file /Users/admin/builder/spi-builder-workspace/.derivedData/ModuleCache.noindex/Session.modulevalidation -Xcc -fmodules-prune-interval\=86400 -Xcc -fmodules-prune-after\=345600 -emit-const-values -const-gather-protocols-list /Users/admin/builder/spi-builder-workspace/.derivedData/Build/Intermediates.noindex/Extendable.build/Debug-watchos/ExtendableHost-t.build/Objects-normal/arm64_32/ExtendableHost_const_extract_protocols.json -Xcc -I/Users/admin/builder/spi-builder-workspace/.derivedData/Build/Products/Debug-watchos/include -Xcc -I/Users/admin/builder/spi-builder-workspace/.derivedData/Build/Intermediates.noindex/Extendable.build/Debug-watchos/ExtendableHost-t.build/DerivedSources-normal/arm64_32 -Xcc -I/Users/admin/builder/spi-builder-workspace/.derivedData/Build/Intermediates.noindex/Extendable.build/Debug-watchos/ExtendableHost-t.build/DerivedSources/arm64_32 -Xcc -I/Users/admin/builder/spi-builder-workspace/.derivedData/Build/Intermediates.noindex/Extendable.build/Debug-watchos/ExtendableHost-t.build/DerivedSources -Xcc -DSWIFT_PACKAGE -Xcc -DDEBUG\=1 -emit-objc-header -emit-objc-header-path /Users/admin/builder/spi-builder-workspace/.derivedData/Build/Intermediates.noindex/Extendable.build/Debug-watchos/ExtendableHost-t.build/Objects-normal/arm64_32/ExtendableHost-Swift.h -working-directory /Users/admin/builder/spi-builder-workspace/.swiftpm/xcode -experimental-emit-module-separately -disable-cmo
SwiftExplicitDependencyGeneratePcm arm64_32 /Users/admin/builder/spi-builder-workspace/.derivedData/SDKExplicitPrecompiledModules/_Builtin_stdbool-A967K8W8YUYEC9SN52KJ7OO88.pcm
SwiftExplicitDependencyGeneratePcm arm64_32 /Users/admin/builder/spi-builder-workspace/.derivedData/SDKExplicitPrecompiledModules/_Builtin_float-6KO8O3PEWRCA4WC6PPLOYO6WJ.pcm
SwiftExplicitDependencyGeneratePcm arm64_32 /Users/admin/builder/spi-builder-workspace/.derivedData/SDKExplicitPrecompiledModules/_AvailabilityInternal-244WAN3Z1QBT7PIA64EZEFY1R.pcm
SwiftExplicitDependencyGeneratePcm arm64_32 /Users/admin/builder/spi-builder-workspace/.derivedData/SDKExplicitPrecompiledModules/ptrauth-BFXF358ME5AK535N5A9Z766WU.pcm
SwiftExplicitDependencyGeneratePcm arm64_32 /Users/admin/builder/spi-builder-workspace/.derivedData/SDKExplicitPrecompiledModules/DeveloperToolsSupport-DZU5G1OCMNWU0AQRULIFHUJ1Z.pcm
SwiftExplicitDependencyGeneratePcm arm64_32 /Users/admin/builder/spi-builder-workspace/.derivedData/SDKExplicitPrecompiledModules/_Builtin_stddef-H44EFHQX6XSS5MZ7QP6YJZ76.pcm
SwiftExplicitDependencyGeneratePcm arm64_32 /Users/admin/builder/spi-builder-workspace/.derivedData/SDKExplicitPrecompiledModules/_SwiftConcurrencyShims-6RTBPQ03V7BM9SPRK8SUE055H.pcm
SwiftExplicitDependencyGeneratePcm arm64_32 /Users/admin/builder/spi-builder-workspace/.derivedData/SDKExplicitPrecompiledModules/SwiftShims-9CQQGWTSNTN9EB5NSHDWUJICH.pcm
SwiftExplicitDependencyGeneratePcm arm64_32 /Users/admin/builder/spi-builder-workspace/.derivedData/SDKExplicitPrecompiledModules/ptrcheck-7ELIH9BTIGVKX3UBITM9N72WD.pcm
SwiftExplicitDependencyGeneratePcm arm64_32 /Users/admin/builder/spi-builder-workspace/.derivedData/SDKExplicitPrecompiledModules/_Builtin_stdarg-D305JG44A2WPI6CJY37X3QJE8.pcm
SwiftExplicitDependencyGeneratePcm arm64 /Users/admin/builder/spi-builder-workspace/.derivedData/SDKExplicitPrecompiledModules/_Builtin_float-C0CW5Q4HGBQYKE77TC42IAFB5.pcm
SwiftExplicitDependencyGeneratePcm arm64 /Users/admin/builder/spi-builder-workspace/.derivedData/SDKExplicitPrecompiledModules/_Builtin_stdbool-83J96QSOFE9VX04AAS6310UAE.pcm
SwiftExplicitDependencyGeneratePcm arm64 /Users/admin/builder/spi-builder-workspace/.derivedData/SDKExplicitPrecompiledModules/_Builtin_stddef-1FU30Y8SWFB7OUUHMJQH5J6FM.pcm
SwiftExplicitDependencyGeneratePcm arm64 /Users/admin/builder/spi-builder-workspace/.derivedData/SDKExplicitPrecompiledModules/_Builtin_stdarg-A7UU8LE6MP85SM26YO7PBZNUQ.pcm
SwiftExplicitDependencyGeneratePcm arm64 /Users/admin/builder/spi-builder-workspace/.derivedData/SDKExplicitPrecompiledModules/_SwiftConcurrencyShims-659N52XSKR5F0QSB880BH2FJR.pcm
SwiftExplicitDependencyGeneratePcm arm64 /Users/admin/builder/spi-builder-workspace/.derivedData/SDKExplicitPrecompiledModules/ptrauth-3TZ9WJCGLYD25HQPWH4968ONX.pcm
SwiftExplicitDependencyGeneratePcm arm64 /Users/admin/builder/spi-builder-workspace/.derivedData/SDKExplicitPrecompiledModules/SwiftShims-4MXFZPV6FEB0XBYXCGPWAMQGL.pcm
SwiftExplicitDependencyGeneratePcm arm64 /Users/admin/builder/spi-builder-workspace/.derivedData/SDKExplicitPrecompiledModules/DeveloperToolsSupport-E7CNISCB36UE8XQ9IOHK9XDX1.pcm
SwiftExplicitDependencyGeneratePcm arm64 /Users/admin/builder/spi-builder-workspace/.derivedData/SDKExplicitPrecompiledModules/ptrcheck-AIF0NDOYZ8ORBNHQAQR5NNB8M.pcm
SwiftExplicitDependencyGeneratePcm arm64 /Users/admin/builder/spi-builder-workspace/.derivedData/SDKExplicitPrecompiledModules/_AvailabilityInternal-BUNV3UXM65NT37THI4W1AM0SF.pcm
SwiftExplicitDependencyGeneratePcm arm64_32 /Users/admin/builder/spi-builder-workspace/.derivedData/SDKExplicitPrecompiledModules/_DarwinFoundation1-2GWF9RFMPLQW4PDHS3NARVI3G.pcm
SwiftExplicitDependencyGeneratePcm arm64 /Users/admin/builder/spi-builder-workspace/.derivedData/SDKExplicitPrecompiledModules/_DarwinFoundation1-7SPX3MD0HMP55E4OLNCPNDQ53.pcm
SwiftExplicitDependencyGeneratePcm arm64_32 /Users/admin/builder/spi-builder-workspace/.derivedData/SDKExplicitPrecompiledModules/_DarwinFoundation2-9MY8GOSYRO0M9MKNXF6D3MBNK.pcm
SwiftExplicitDependencyGeneratePcm arm64_32 /Users/admin/builder/spi-builder-workspace/.derivedData/SDKExplicitPrecompiledModules/_Builtin_limits-3VKBU2AFTD65PAJZ5CJ3LHFM2.pcm
SwiftExplicitDependencyGeneratePcm arm64_32 /Users/admin/builder/spi-builder-workspace/.derivedData/SDKExplicitPrecompiledModules/ExtensionFoundation-9QNLNLE81WFEKBDTX77QX48NL.pcm
SwiftExplicitDependencyGeneratePcm arm64 /Users/admin/builder/spi-builder-workspace/.derivedData/SDKExplicitPrecompiledModules/ExtensionFoundation-39RRBZJNQ3I521ZUHK2IZLSWL.pcm
SwiftExplicitDependencyGeneratePcm arm64 /Users/admin/builder/spi-builder-workspace/.derivedData/SDKExplicitPrecompiledModules/_Builtin_limits-9GWPA2B0H20DYUNYHYCWKABJG.pcm
SwiftExplicitDependencyGeneratePcm arm64 /Users/admin/builder/spi-builder-workspace/.derivedData/SDKExplicitPrecompiledModules/_DarwinFoundation2-D0XAPJU49S5E9XMKYOFGSTB1Q.pcm
SwiftExplicitDependencyGeneratePcm arm64_32 /Users/admin/builder/spi-builder-workspace/.derivedData/SDKExplicitPrecompiledModules/_Builtin_tgmath-23PGCKURCQILXMK0MYZRYDCOU.pcm
SwiftExplicitDependencyGeneratePcm arm64_32 /Users/admin/builder/spi-builder-workspace/.derivedData/SDKExplicitPrecompiledModules/string_h-BFVLUQUSBZWYMLCU9QI7VZALW.pcm
SwiftExplicitDependencyGeneratePcm arm64_32 /Users/admin/builder/spi-builder-workspace/.derivedData/SDKExplicitPrecompiledModules/_Builtin_stdint-1HMXWI3V0V4TXHRWZOMZGZ80Y.pcm
SwiftExplicitDependencyGeneratePcm arm64_32 /Users/admin/builder/spi-builder-workspace/.derivedData/SDKExplicitPrecompiledModules/sys_types-8TLLMW08ZJWDGIIPKOYFGHHZW.pcm
SwiftExplicitDependencyGeneratePcm arm64 /Users/admin/builder/spi-builder-workspace/.derivedData/SDKExplicitPrecompiledModules/sys_types-2KXQLI78OUCDP779AE68GZJ2.pcm
SwiftExplicitDependencyGeneratePcm arm64 /Users/admin/builder/spi-builder-workspace/.derivedData/SDKExplicitPrecompiledModules/_Builtin_tgmath-8NQ96OZ0YHXEC24JI95P01UF8.pcm
SwiftExplicitDependencyGeneratePcm arm64 /Users/admin/builder/spi-builder-workspace/.derivedData/SDKExplicitPrecompiledModules/string_h-E6PRXK75PHIPCZFWOFCQ3QBMK.pcm
SwiftExplicitDependencyGeneratePcm arm64 /Users/admin/builder/spi-builder-workspace/.derivedData/SDKExplicitPrecompiledModules/_Builtin_stdint-8XMILLJZEGRN2XG7XZUXZ5RLX.pcm
SwiftExplicitDependencyGeneratePcm arm64_32 /Users/admin/builder/spi-builder-workspace/.derivedData/SDKExplicitPrecompiledModules/_Builtin_intrinsics-196IIAKDQVU42DLOZP9OQCV76.pcm
SwiftExplicitDependencyGeneratePcm arm64_32 /Users/admin/builder/spi-builder-workspace/.derivedData/SDKExplicitPrecompiledModules/_DarwinFoundation3-3DUTYQDQSD9HUAAVY947NMWOI.pcm
SwiftExplicitDependencyGeneratePcm arm64_32 /Users/admin/builder/spi-builder-workspace/.derivedData/SDKExplicitPrecompiledModules/_Builtin_stdatomic-1TY035TURL76BF2U98PZPPZRX.pcm
SwiftExplicitDependencyGeneratePcm arm64 /Users/admin/builder/spi-builder-workspace/.derivedData/SDKExplicitPrecompiledModules/_Builtin_intrinsics-75960HIPCIYA06IUW8FIIPQT.pcm
SwiftExplicitDependencyGeneratePcm arm64 /Users/admin/builder/spi-builder-workspace/.derivedData/SDKExplicitPrecompiledModules/_DarwinFoundation3-B97LRG0E9GON2NUE65TVG81HU.pcm
SwiftExplicitDependencyGeneratePcm arm64 /Users/admin/builder/spi-builder-workspace/.derivedData/SDKExplicitPrecompiledModules/_Builtin_stdatomic-7JEFA3KBJJJN6TKJWY3OG1VG5.pcm
SwiftExplicitDependencyGeneratePcm arm64_32 /Users/admin/builder/spi-builder-workspace/.derivedData/SDKExplicitPrecompiledModules/_Builtin_inttypes-D2KPCR4PEX9AQA33NGLUT5SBR.pcm
SwiftExplicitDependencyGeneratePcm arm64 /Users/admin/builder/spi-builder-workspace/.derivedData/SDKExplicitPrecompiledModules/_Builtin_inttypes-3UQSCM7WNM9EK4HZML8TY5J3D.pcm
SwiftExplicitDependencyGeneratePcm arm64_32 /Users/admin/builder/spi-builder-workspace/.derivedData/SDKExplicitPrecompiledModules/Darwin-3FVT1SKLN2ZQ5RVOABMTQBB34.pcm
SwiftExplicitDependencyGeneratePcm arm64 /Users/admin/builder/spi-builder-workspace/.derivedData/SDKExplicitPrecompiledModules/Darwin-3984OXKFNSPE77NT743WK8SEX.pcm
SwiftExplicitDependencyGeneratePcm arm64_32 /Users/admin/builder/spi-builder-workspace/.derivedData/SDKExplicitPrecompiledModules/simd-21UNWYOBUZI1LVSQ99S1XBLMO.pcm
SwiftExplicitDependencyGeneratePcm arm64 /Users/admin/builder/spi-builder-workspace/.derivedData/SDKExplicitPrecompiledModules/simd-EH08NODU6574T74ZKU61VP9BW.pcm
SwiftExplicitDependencyGeneratePcm arm64_32 /Users/admin/builder/spi-builder-workspace/.derivedData/SDKExplicitPrecompiledModules/MachO-56838ZJ0NC1EBAJ0O6O8QMPDX.pcm
SwiftExplicitDependencyGeneratePcm arm64_32 /Users/admin/builder/spi-builder-workspace/.derivedData/SDKExplicitPrecompiledModules/ObjectiveC-6IJNELR2E80E7LUKESVCP2KET.pcm
SwiftExplicitDependencyGeneratePcm arm64 /Users/admin/builder/spi-builder-workspace/.derivedData/SDKExplicitPrecompiledModules/MachO-2U90NNSAQILBNBPS1SA4F8TYP.pcm
SwiftExplicitDependencyGeneratePcm arm64 /Users/admin/builder/spi-builder-workspace/.derivedData/SDKExplicitPrecompiledModules/ObjectiveC-72IVD3VS2RS8Q28D9PIMY0KQP.pcm
SwiftExplicitDependencyGeneratePcm arm64_32 /Users/admin/builder/spi-builder-workspace/.derivedData/SDKExplicitPrecompiledModules/os_object-5YWTC6L4756IWSTPGXS5NM0D0.pcm
SwiftExplicitDependencyGeneratePcm arm64 /Users/admin/builder/spi-builder-workspace/.derivedData/SDKExplicitPrecompiledModules/os_object-3SDKD7F87FTZ26OON37DRYT6O.pcm
SwiftExplicitDependencyGeneratePcm arm64_32 /Users/admin/builder/spi-builder-workspace/.derivedData/SDKExplicitPrecompiledModules/os_workgroup-5JHTPDMNBUNHLJI8LPHKQK1JK.pcm
SwiftExplicitDependencyGeneratePcm arm64 /Users/admin/builder/spi-builder-workspace/.derivedData/SDKExplicitPrecompiledModules/os_workgroup-89GG5G7YC2D0ZTK6AZXXQ20DH.pcm
SwiftExplicitDependencyGeneratePcm arm64_32 /Users/admin/builder/spi-builder-workspace/.derivedData/SDKExplicitPrecompiledModules/Spatial-CWVWNML3T0NXVHZDKVLD3X1YZ.pcm
SwiftExplicitDependencyGeneratePcm arm64_32 /Users/admin/builder/spi-builder-workspace/.derivedData/SDKExplicitPrecompiledModules/Dispatch-2P62F1T4XV63S4P99TUDTOK2Q.pcm
SwiftExplicitDependencyGeneratePcm arm64 /Users/admin/builder/spi-builder-workspace/.derivedData/SDKExplicitPrecompiledModules/Spatial-44FJGYXFAT2AQAW9Z6T7YS02U.pcm
SwiftExplicitDependencyGeneratePcm arm64 /Users/admin/builder/spi-builder-workspace/.derivedData/SDKExplicitPrecompiledModules/Dispatch-1NLJOVAK60XP0DUB05XA59EIM.pcm
SwiftExplicitDependencyGeneratePcm arm64_32 /Users/admin/builder/spi-builder-workspace/.derivedData/SDKExplicitPrecompiledModules/XPC-81Y45QFY96XYYFCW2GT6FY8S4.pcm
SwiftExplicitDependencyGeneratePcm arm64_32 /Users/admin/builder/spi-builder-workspace/.derivedData/SDKExplicitPrecompiledModules/CoreFoundation-8E6Y4BA3EXYKUGJ24GT9LGV3N.pcm
SwiftExplicitDependencyGeneratePcm arm64_32 /Users/admin/builder/spi-builder-workspace/.derivedData/SDKExplicitPrecompiledModules/dnssd-F2TCC2EMGLFIMP0GH8SDTEIE.pcm
SwiftExplicitDependencyGeneratePcm arm64 /Users/admin/builder/spi-builder-workspace/.derivedData/SDKExplicitPrecompiledModules/XPC-40DR0X1DHKGCV4J1IOLFS8MOU.pcm
SwiftExplicitDependencyGeneratePcm arm64 /Users/admin/builder/spi-builder-workspace/.derivedData/SDKExplicitPrecompiledModules/CoreFoundation-8T2L24YC5NU7WO6WQJWRY7W08.pcm
SwiftExplicitDependencyGeneratePcm arm64 /Users/admin/builder/spi-builder-workspace/.derivedData/SDKExplicitPrecompiledModules/dnssd-CL0B2OI7ZJ3F9VN9NFDYWB3FP.pcm
SwiftExplicitDependencyGeneratePcm arm64_32 /Users/admin/builder/spi-builder-workspace/.derivedData/SDKExplicitPrecompiledModules/os-E5IGB442IA6SBB25TTCOLK2OC.pcm
SwiftExplicitDependencyGeneratePcm arm64 /Users/admin/builder/spi-builder-workspace/.derivedData/SDKExplicitPrecompiledModules/os-5DIL6Z9LFIGLMZAHM7X2T5435.pcm
SwiftExplicitDependencyGeneratePcm arm64_32 /Users/admin/builder/spi-builder-workspace/.derivedData/SDKExplicitPrecompiledModules/Security-D7TOWF88VWF67TB9HAFP5UWB1.pcm
SwiftExplicitDependencyGeneratePcm arm64_32 /Users/admin/builder/spi-builder-workspace/.derivedData/SDKExplicitPrecompiledModules/CoreGraphics-9FDXYX6BKBUT6TJ2VF819E7T5.pcm
SwiftExplicitDependencyGeneratePcm arm64_32 /Users/admin/builder/spi-builder-workspace/.derivedData/SDKExplicitPrecompiledModules/CoreAudioTypes-9GVB1DHA32M46R4A9NWSI3I2K.pcm
SwiftExplicitDependencyGeneratePcm arm64 /Users/admin/builder/spi-builder-workspace/.derivedData/SDKExplicitPrecompiledModules/CoreGraphics-DWNZ73GEH98SBJXZ7DEXB420K.pcm
SwiftExplicitDependencyGeneratePcm arm64 /Users/admin/builder/spi-builder-workspace/.derivedData/SDKExplicitPrecompiledModules/Security-6RZ6YBRU8WCUHRFFRVUK5WKMM.pcm
SwiftExplicitDependencyGeneratePcm arm64 /Users/admin/builder/spi-builder-workspace/.derivedData/SDKExplicitPrecompiledModules/CoreAudioTypes-A9MF7N5LT63G21HNFVM6BT14B.pcm
SwiftExplicitDependencyGeneratePcm arm64_32 /Users/admin/builder/spi-builder-workspace/.derivedData/SDKExplicitPrecompiledModules/CoreAudio-5W6MX6OUPWBMUR8VD5LHT1PZF.pcm
SwiftExplicitDependencyGeneratePcm arm64_32 /Users/admin/builder/spi-builder-workspace/.derivedData/SDKExplicitPrecompiledModules/Foundation-BJ2VQGI3OGR34500MEQ1VKHPH.pcm
SwiftExplicitDependencyGeneratePcm arm64 /Users/admin/builder/spi-builder-workspace/.derivedData/SDKExplicitPrecompiledModules/CoreAudio-1B79RJJTP71GE6UY9WLESAN3C.pcm
SwiftExplicitDependencyGeneratePcm arm64_32 /Users/admin/builder/spi-builder-workspace/.derivedData/SDKExplicitPrecompiledModules/CoreText-C9X2REPZN2V5BSU4G80FCETDR.pcm
SwiftExplicitDependencyGeneratePcm arm64_32 /Users/admin/builder/spi-builder-workspace/.derivedData/SDKExplicitPrecompiledModules/CoreVideo-2P8HI0403J99LBDPKNFJ5D4DL.pcm
SwiftExplicitDependencyGeneratePcm arm64 /Users/admin/builder/spi-builder-workspace/.derivedData/SDKExplicitPrecompiledModules/Foundation-DLBKUSGXN8QHAT8W0OARR9S8A.pcm
SwiftExplicitDependencyGeneratePcm arm64 /Users/admin/builder/spi-builder-workspace/.derivedData/SDKExplicitPrecompiledModules/CoreVideo-8MRR5MNWUOAW2DBPGUQ8FKK4.pcm
SwiftExplicitDependencyGeneratePcm arm64 /Users/admin/builder/spi-builder-workspace/.derivedData/SDKExplicitPrecompiledModules/CoreText-970YJN6NIYGK1316L35Z0O8QT.pcm
SwiftExplicitDependencyGeneratePcm arm64_32 /Users/admin/builder/spi-builder-workspace/.derivedData/SDKExplicitPrecompiledModules/CoreMedia-AO387T8CHWTTZODD1DGT0UAFA.pcm
SwiftExplicitDependencyGeneratePcm arm64 /Users/admin/builder/spi-builder-workspace/.derivedData/SDKExplicitPrecompiledModules/CoreMedia-1AJVCUZNAO74KIKMFVFUUHWDI.pcm
SwiftExplicitDependencyGeneratePcm arm64_32 /Users/admin/builder/spi-builder-workspace/.derivedData/SDKExplicitPrecompiledModules/Symbols-1H97WMG76HU94F5VGJR19PXFY.pcm
SwiftExplicitDependencyGeneratePcm arm64_32 /Users/admin/builder/spi-builder-workspace/.derivedData/SDKExplicitPrecompiledModules/OSLog-D9AVFY0KWO7RVBIQ73CBIJVCN.pcm
SwiftExplicitDependencyGeneratePcm arm64_32 /Users/admin/builder/spi-builder-workspace/.derivedData/SDKExplicitPrecompiledModules/DataDetection-U9BF7WHFVA6BZGFXXXP272PS.pcm
SwiftExplicitDependencyGeneratePcm arm64_32 /Users/admin/builder/spi-builder-workspace/.derivedData/SDKExplicitPrecompiledModules/_LocationEssentials-AQ1OL9QKC3LQLY5CNSRM1HB53.pcm
SwiftExplicitDependencyGeneratePcm arm64_32 /Users/admin/builder/spi-builder-workspace/.derivedData/SDKExplicitPrecompiledModules/Network-BKN0QUBAIFW11VZPQ7MWLIH3Y.pcm
SwiftExplicitDependencyGeneratePcm arm64_32 /Users/admin/builder/spi-builder-workspace/.derivedData/SDKExplicitPrecompiledModules/QuartzCore-6375NPYACK5NYVHPMC1QQ8MC2.pcm
SwiftExplicitDependencyGeneratePcm arm64_32 /Users/admin/builder/spi-builder-workspace/.derivedData/SDKExplicitPrecompiledModules/UIUtilities-9YFVNIMRC5HRVOIARNWHP1E3H.pcm
SwiftExplicitDependencyGeneratePcm arm64_32 /Users/admin/builder/spi-builder-workspace/.derivedData/SDKExplicitPrecompiledModules/SceneKit-DKNLHKM5FJBQ79LSNMSSMBUBR.pcm
SwiftExplicitDependencyGeneratePcm arm64_32 /Users/admin/builder/spi-builder-workspace/.derivedData/SDKExplicitPrecompiledModules/UniformTypeIdentifiers-CJZ3NTHPSBH4XWX5EVOG56UZS.pcm
SwiftExplicitDependencyGeneratePcm arm64_32 /Users/admin/builder/spi-builder-workspace/.derivedData/SDKExplicitPrecompiledModules/CoreData-7AU1AFQWUH88EAPDKVMLJPKVD.pcm
SwiftExplicitDependencyGeneratePcm arm64 /Users/admin/builder/spi-builder-workspace/.derivedData/SDKExplicitPrecompiledModules/SceneKit-5HZKIL7XETTTD8TOHYPN8JKRJ.pcm
SwiftExplicitDependencyGeneratePcm arm64 /Users/admin/builder/spi-builder-workspace/.derivedData/SDKExplicitPrecompiledModules/UIUtilities-IR7RNW23VAUKYI9MLCS9NL9A.pcm
SwiftExplicitDependencyGeneratePcm arm64 /Users/admin/builder/spi-builder-workspace/.derivedData/SDKExplicitPrecompiledModules/Symbols-3EFABTJ9L5PQDJ7RQCYQWEJMM.pcm
SwiftExplicitDependencyGeneratePcm arm64 /Users/admin/builder/spi-builder-workspace/.derivedData/SDKExplicitPrecompiledModules/CoreData-9JFJC4UET8BAO5IPV2JU6W9V8.pcm
SwiftExplicitDependencyGeneratePcm arm64_32 /Users/admin/builder/spi-builder-workspace/.derivedData/SDKExplicitPrecompiledModules/CoreLocation-8XU5YMYM4P11RQMYCQAG65ITK.pcm
SwiftExplicitDependencyGeneratePcm arm64 /Users/admin/builder/spi-builder-workspace/.derivedData/SDKExplicitPrecompiledModules/OSLog-B7VGO357Y3GJG35TST7DKDSI3.pcm
SwiftExplicitDependencyGeneratePcm arm64 /Users/admin/builder/spi-builder-workspace/.derivedData/SDKExplicitPrecompiledModules/DataDetection-7BNVI1SZW5ISQL5SX4WL2X7I5.pcm
SwiftExplicitDependencyGeneratePcm arm64 /Users/admin/builder/spi-builder-workspace/.derivedData/SDKExplicitPrecompiledModules/_LocationEssentials-5ZZDGDXB6HLQUC72SJW7YJ7MK.pcm
SwiftExplicitDependencyGeneratePcm arm64_32 /Users/admin/builder/spi-builder-workspace/.derivedData/SDKExplicitPrecompiledModules/Accessibility-F385OMZ5GYBUY5O4QAJB4NRII.pcm
SwiftExplicitDependencyGeneratePcm arm64 /Users/admin/builder/spi-builder-workspace/.derivedData/SDKExplicitPrecompiledModules/Network-8DKIQ0T2WQTBELHOHOC6MLTW0.pcm
SwiftExplicitDependencyGeneratePcm arm64_32 /Users/admin/builder/spi-builder-workspace/.derivedData/SDKExplicitPrecompiledModules/UserNotifications-6TBN8TEAKO014N1T2QD926XED.pcm
SwiftExplicitDependencyGeneratePcm arm64_32 /Users/admin/builder/spi-builder-workspace/.derivedData/SDKExplicitPrecompiledModules/CoreTransferable-5D4IR6X37682FPHJ5CBPTKQV6.pcm
SwiftExplicitDependencyGeneratePcm arm64 /Users/admin/builder/spi-builder-workspace/.derivedData/SDKExplicitPrecompiledModules/CoreTransferable-9PPG3SLJ55T4LITIFYX2M0NOZ.pcm
SwiftExplicitDependencyGeneratePcm arm64 /Users/admin/builder/spi-builder-workspace/.derivedData/SDKExplicitPrecompiledModules/UniformTypeIdentifiers-8L08Q8DQJV8C4AW84YVGFGTRN.pcm
SwiftExplicitDependencyGeneratePcm arm64_32 /Users/admin/builder/spi-builder-workspace/.derivedData/SDKExplicitPrecompiledModules/SwiftUICore-3Q7WLRD8MR9R3NGIPUBQCP6F6.pcm
SwiftExplicitDependencyGeneratePcm arm64_32 /Users/admin/builder/spi-builder-workspace/.derivedData/SDKExplicitPrecompiledModules/CoreMotion-1XGTVTE5PP32UHME8AC63TL6.pcm
SwiftExplicitDependencyGeneratePcm arm64 /Users/admin/builder/spi-builder-workspace/.derivedData/SDKExplicitPrecompiledModules/CoreLocation-ACKJ9K7ABI14F97Y46Y6SRR17.pcm
SwiftExplicitDependencyGeneratePcm arm64 /Users/admin/builder/spi-builder-workspace/.derivedData/SDKExplicitPrecompiledModules/UserNotifications-ARAH8MEQ0C2L0FBO39HITJMAO.pcm
SwiftExplicitDependencyGeneratePcm arm64 /Users/admin/builder/spi-builder-workspace/.derivedData/SDKExplicitPrecompiledModules/Accessibility-27QMG6ZQ1NKYTNBYFPM1XKNFC.pcm
SwiftExplicitDependencyGeneratePcm arm64 /Users/admin/builder/spi-builder-workspace/.derivedData/SDKExplicitPrecompiledModules/QuartzCore-94KFMWNOU7ZLUZNB4T5DLZC9D.pcm
SwiftExplicitDependencyGeneratePcm arm64_32 /Users/admin/builder/spi-builder-workspace/.derivedData/SDKExplicitPrecompiledModules/UIKit-6PPV7YPZ89CZPHYAP072QH8B6.pcm
SwiftExplicitDependencyGeneratePcm arm64 /Users/admin/builder/spi-builder-workspace/.derivedData/SDKExplicitPrecompiledModules/CoreMotion-6RD5K48QT1F4L9CATNFD2O7YB.pcm
SwiftExplicitDependencyGeneratePcm arm64 /Users/admin/builder/spi-builder-workspace/.derivedData/SDKExplicitPrecompiledModules/SwiftUICore-C1DST1IX2Z0PTH5SJJZ1IULRB.pcm
SwiftExplicitDependencyGeneratePcm arm64 /Users/admin/builder/spi-builder-workspace/.derivedData/SDKExplicitPrecompiledModules/UIKit-27R3P1YMV4C6JLDT661G3MRIA.pcm
SwiftExplicitDependencyGeneratePcm arm64_32 /Users/admin/builder/spi-builder-workspace/.derivedData/SDKExplicitPrecompiledModules/ExtensionKit-E0CZ80MXISSG26O17RBX9X9SQ.pcm
SwiftExplicitDependencyGeneratePcm arm64_32 /Users/admin/builder/spi-builder-workspace/.derivedData/SDKExplicitPrecompiledModules/MapKit-CWGB4YMP1VX1NYQN5FULFD5DR.pcm
SwiftExplicitDependencyGeneratePcm arm64_32 /Users/admin/builder/spi-builder-workspace/.derivedData/SDKExplicitPrecompiledModules/HomeKit-DUDZOMSN3UK8GNTNBNMPIWJRN.pcm
SwiftExplicitDependencyGeneratePcm arm64 /Users/admin/builder/spi-builder-workspace/.derivedData/SDKExplicitPrecompiledModules/HomeKit-DTS1N4AWILAL1URZ5IOXV5221.pcm
SwiftExplicitDependencyGeneratePcm arm64 /Users/admin/builder/spi-builder-workspace/.derivedData/SDKExplicitPrecompiledModules/MapKit-EJJWC7IL56MPLQMI93GJRE5OG.pcm
SwiftExplicitDependencyGeneratePcm arm64 /Users/admin/builder/spi-builder-workspace/.derivedData/SDKExplicitPrecompiledModules/ExtensionKit-7TT0OTI7RNZJ4A8HL34CDD1WX.pcm
SwiftExplicitDependencyGeneratePcm arm64_32 /Users/admin/builder/spi-builder-workspace/.derivedData/SDKExplicitPrecompiledModules/WatchKit-FHF6WTKLC2APGK3LA2XJ6516.pcm
SwiftExplicitDependencyGeneratePcm arm64 /Users/admin/builder/spi-builder-workspace/.derivedData/SDKExplicitPrecompiledModules/WatchKit-3VT3K8YON6FJ6OWSUFJMFMP8J.pcm
SwiftExplicitDependencyGeneratePcm arm64_32 /Users/admin/builder/spi-builder-workspace/.derivedData/SDKExplicitPrecompiledModules/SwiftUI-9AYG9OCT5VOJK7V4MX1WYR86T.pcm
SwiftEmitModule normal arm64_32 Emitting\ module\ for\ Extendable (in target 'Extendable' from project 'Extendable')
SwiftCompile normal arm64_32 (in target 'Extendable' from project 'Extendable')
    cd /Users/admin/builder/spi-builder-workspace/.swiftpm/xcode

/Users/admin/builder/spi-builder-workspace/Sources/Extendable/ConnectableConfiguration.swift:12:57: error: 'XPCListener' is only available in watchOS 10.0 or newer
 3 |
 4 | @MainActor @preconcurrency
 5 | public struct ConnectableConfiguration: AppExtensionConfiguration {
   |               `- note: add '@available' attribute to enclosing struct
 6 |
 7 | 	private var handler: @MainActor (NSXPCConnection) -> Bool
   :
 9 | 	@available(macOS 15.0, iOS 26, *)
10 | 	@MainActor @preconcurrency
11 | 	public init(
   |         `- note: add '@available' attribute to enclosing initializer
12 | 		onSessionRequest requestHandler: @escaping @Sendable (XPCListener.IncomingSessionRequest) -> XPCListener.IncomingSessionRequest.Decision
   |                                                         `- error: 'XPCListener' is only available in watchOS 10.0 or newer
13 | 	) {
14 | 		preconditionFailure()
/Users/admin/builder/spi-builder-workspace/Sources/Extendable/ConnectableConfiguration.swift:12:96: error: 'XPCListener' is only available in watchOS 10.0 or newer
 3 |
 4 | @MainActor @preconcurrency
 5 | public struct ConnectableConfiguration: AppExtensionConfiguration {
   |               `- note: add '@available' attribute to enclosing struct
 6 |
 7 | 	private var handler: @MainActor (NSXPCConnection) -> Bool
   :
 9 | 	@available(macOS 15.0, iOS 26, *)
10 | 	@MainActor @preconcurrency
11 | 	public init(
   |         `- note: add '@available' attribute to enclosing initializer
12 | 		onSessionRequest requestHandler: @escaping @Sendable (XPCListener.IncomingSessionRequest) -> XPCListener.IncomingSessionRequest.Decision
   |                                                                                                `- error: 'XPCListener' is only available in watchOS 10.0 or newer
13 | 	) {
14 | 		preconditionFailure()
Failed frontend command:
/Applications/Xcode-27.0.0-Release.Candidate.app/Contents/Developer/Toolchains/XcodeDefault.xctoolchain/usr/bin/swift-frontend -frontend -emit-module -experimental-skip-non-inlinable-function-bodies-without-types /Users/admin/builder/spi-builder-workspace/Sources/Extendable/AppExtensionSceneGroup.swift /Users/admin/builder/spi-builder-workspace/Sources/Extendable/ConnectableConfiguration.swift /Users/admin/builder/spi-builder-workspace/Sources/Extendable/ConnectableExtension.swift /Users/admin/builder/spi-builder-workspace/Sources/Extendable/ConnectableSceneExtension.swift /Users/admin/builder/spi-builder-workspace/Sources/Extendable/ConnectingAppExtensionScene.swift /Users/admin/builder/spi-builder-workspace/Sources/Extendable/ConnectionAccepter.swift -target arm64_32-apple-watchos9.0 -disable-cross-import-overlay-search -load-resolved-plugin /Applications/Xcode-27.0.0-Release.Candidate.app/Contents/Developer/Platforms/WatchOS.platform/Developer/usr/lib/swift/host/plugins/libFoundationMacros.dylib\#/Applications/Xcode-27.0.0-Release.Candidate.app/Contents/Developer/Platforms/WatchOS.platform/Developer/usr/bin/swift-plugin-server\#FoundationMacros -load-resolved-plugin /Applications/Xcode-27.0.0-Release.Candidate.app/Contents/Developer/Platforms/WatchOS.platform/Developer/usr/lib/swift/host/plugins/libObservationMacros.dylib\#/Applications/Xcode-27.0.0-Release.Candidate.app/Contents/Developer/Platforms/WatchOS.platform/Developer/usr/bin/swift-plugin-server\#ObservationMacros -load-resolved-plugin /Applications/Xcode-27.0.0-Release.Candidate.app/Contents/Developer/Platforms/WatchOS.platform/Developer/usr/lib/swift/host/plugins/libPreviewsMacros.dylib\#/Applications/Xcode-27.0.0-Release.Candidate.app/Contents/Developer/Platforms/WatchOS.platform/Developer/usr/bin/swift-plugin-server\#PreviewsMacros -load-resolved-plugin /Applications/Xcode-27.0.0-Release.Candidate.app/Contents/Developer/Platforms/WatchOS.platform/Developer/usr/lib/swift/host/plugins/libSwiftMacros.dylib\#/Applications/Xcode-27.0.0-Release.Candidate.app/Contents/Developer/Platforms/WatchOS.platform/Developer/usr/bin/swift-plugin-server\#SwiftMacros -load-resolved-plugin /Applications/Xcode-27.0.0-Release.Candidate.app/Contents/Developer/Platforms/WatchOS.platform/Developer/usr/lib/swift/host/plugins/libSwiftUIMacros.dylib\#/Applications/Xcode-27.0.0-Release.Candidate.app/Contents/Developer/Platforms/WatchOS.platform/Developer/usr/bin/swift-plugin-server\#SwiftUIMacros -disable-implicit-swift-modules -Xcc -fno-implicit-modules -Xcc -fno-implicit-module-maps -explicit-swift-module-map-file /Users/admin/builder/spi-builder-workspace/.derivedData/Build/Intermediates.noindex/Extendable.build/Debug-watchos/Extendable-t.build/Objects-normal/arm64_32/Extendable-dependencies-2.json -enable-objc-interop -sdk /Applications/Xcode-27.0.0-Release.Candidate.app/Contents/Developer/Platforms/WatchOS.platform/Developer/SDKs/WatchOS27.0.sdk -I /Users/admin/builder/spi-builder-workspace/.derivedData/Build/Products/Debug-watchos -Isystem /Applications/Xcode-27.0.0-Release.Candidate.app/Contents/Developer/Platforms/WatchOS.platform/Developer/usr/lib -F /Users/admin/builder/spi-builder-workspace/.derivedData/Build/Products/Debug-watchos -F /Applications/Xcode-27.0.0-Release.Candidate.app/Contents/Developer/Platforms/WatchOS.platform/Developer/Library/Frameworks -F /Applications/Xcode-27.0.0-Release.Candidate.app/Contents/Developer/Platforms/WatchOS.platform/Developer/SDKs/WatchOS27.0.sdk/Developer/Library/Frameworks -module-cache-path /Users/admin/builder/spi-builder-workspace/.derivedData/Build/Intermediates.noindex/SwiftExplicitPrecompiledModules -no-color-diagnostics -Xcc -fno-color-diagnostics -enable-testing -g -debug-info-format\=dwarf -dwarf-version\=4 -profile-generate -profile-coverage-mapping -swift-version 5 -Onone -D SWIFT_PACKAGE -D DEBUG -D SWIFT_MODULE_RESOURCE_BUNDLE_UNAVAILABLE -D Xcode -serialize-debugging-options -enable-experimental-feature StrictConcurrency -enable-experimental-feature DebugDescriptionMacro -empty-abi-descriptor -validate-clang-modules-once -clang-build-session-file /Users/admin/builder/spi-builder-workspace/.derivedData/ModuleCache.noindex/Session.modulevalidation -Xcc -working-directory -Xcc /Users/admin/builder/spi-builder-workspace/.swiftpm/xcode -enable-anonymous-context-mangled-names -file-compilation-dir /Users/admin/builder/spi-builder-workspace/.swiftpm/xcode -Xcc -D_LIBCPP_HARDENING_MODE\=_LIBCPP_HARDENING_MODE_DEBUG -Xcc -ivfsstatcache -Xcc /Users/admin/builder/spi-builder-workspace/.derivedData/SDKStatCaches.noindex/watchos27.0-24R360-e829b21a6f8c9b70876ba0858053c04477534ef55a1706bf4c1112bbb242f0a2.sdkstatcache -Xcc -fmodules-prune-interval\=86400 -Xcc -fmodules-prune-after\=345600 -Xcc -I/Users/admin/builder/spi-builder-workspace/.derivedData/Build/Products/Debug-watchos/include -Xcc -I/Users/admin/builder/spi-builder-workspace/.derivedData/Build/Intermediates.noindex/Extendable.build/Debug-watchos/Extendable-t.build/DerivedSources-normal/arm64_32 -Xcc -I/Users/admin/builder/spi-builder-workspace/.derivedData/Build/Intermediates.noindex/Extendable.build/Debug-watchos/Extendable-t.build/DerivedSources/arm64_32 -Xcc -I/Users/admin/builder/spi-builder-workspace/.derivedData/Build/Intermediates.noindex/Extendable.build/Debug-watchos/Extendable-t.build/DerivedSources -Xcc -DSWIFT_PACKAGE -Xcc -DDEBUG\=1 -no-auto-bridging-header-chaining -module-name Extendable -const-gather-protocols-file /Users/admin/builder/spi-builder-workspace/.derivedData/Build/Intermediates.noindex/Extendable.build/Debug-watchos/Extendable-t.build/Objects-normal/arm64_32/Extendable_const_extract_protocols.json -disable-clang-spi -clang-target arm64_32-apple-watchos27.0 -target-sdk-version 27.0 -target-sdk-name watchos27.0 -in-process-plugin-server-path /Applications/Xcode-27.0.0-Release.Candidate.app/Contents/Developer/Toolchains/XcodeDefault.xctoolchain/usr/lib/swift/host/libSwiftInProcPluginServer.dylib -emit-module-doc-path /Users/admin/builder/spi-builder-workspace/.derivedData/Build/Intermediates.noindex/Extendable.build/Debug-watchos/Extendable-t.build/Objects-normal/arm64_32/Extendable.swiftdoc -emit-module-source-info-path /Users/admin/builder/spi-builder-workspace/.derivedData/Build/Intermediates.noindex/Extendable.build/Debug-watchos/Extendable-t.build/Objects-normal/arm64_32/Extendable.swiftsourceinfo -emit-objc-header-path /Users/admin/builder/spi-builder-workspace/.derivedData/Build/Intermediates.noindex/Extendable.build/Debug-watchos/Extendable-t.build/Objects-normal/arm64_32/Extendable-Swift.h -serialize-diagnostics-path /Users/admin/builder/spi-builder-workspace/.derivedData/Build/Intermediates.noindex/Extendable.build/Debug-watchos/Extendable-t.build/Objects-normal/arm64_32/Extendable-primary-emit-module.dia -emit-dependencies-path /Users/admin/builder/spi-builder-workspace/.derivedData/Build/Intermediates.noindex/Extendable.build/Debug-watchos/Extendable-t.build/Objects-normal/arm64_32/Extendable-primary-emit-module.d -parse-as-library -o /Users/admin/builder/spi-builder-workspace/.derivedData/Build/Intermediates.noindex/Extendable.build/Debug-watchos/Extendable-t.build/Objects-normal/arm64_32/Extendable.swiftmodule -emit-abi-descriptor-path /Users/admin/builder/spi-builder-workspace/.derivedData/Build/Intermediates.noindex/Extendable.build/Debug-watchos/Extendable-t.build/Objects-normal/arm64_32/Extendable.abi.json
SwiftCompile normal arm64_32 Compiling\ ExtensionHostingView.swift /Users/admin/builder/spi-builder-workspace/Sources/ExtendableHost/ExtensionHostingView.swift (in target 'ExtendableHost' from project 'Extendable')
/Users/admin/builder/spi-builder-workspace/Sources/ExtendableHost/ExtensionHostingView.swift:38:28: error: 'EXHostViewController' is unavailable in watchOS
36 | 	public var connectionHandler: ConnectionHandler?
37 |
38 | 	public let configuration: EXHostViewController.Configuration?
   |                            `- error: 'EXHostViewController' is unavailable in watchOS
39 |
40 | 	public init(configuration: EXHostViewController.Configuration?, connectionHandler: ConnectionHandler? = nil) {
/Applications/Xcode-27.0.0-Release.Candidate.app/Contents/Developer/Platforms/WatchOS.platform/Developer/SDKs/WatchOS27.0.sdk/System/Library/Frameworks/ExtensionKit.framework/Headers/EXHostViewController.h:48:12: note: 'EXHostViewController' has been explicitly marked unavailable here
 46 | /// an app extension’s UI, see
 47 | /// <doc://com.apple.documentation/documentation/extensionkit/including-extension-based-ui-in-your-interface>.
 48 | @interface EXHostViewController : UIViewController
    |            `- note: 'EXHostViewController' has been explicitly marked unavailable here
 49 | #endif
 50 |
/Users/admin/builder/spi-builder-workspace/Sources/ExtendableHost/ExtensionHostingView.swift:40:29: error: 'EXHostViewController' is unavailable in watchOS
38 | 	public let configuration: EXHostViewController.Configuration?
39 |
40 | 	public init(configuration: EXHostViewController.Configuration?, connectionHandler: ConnectionHandler? = nil) {
   |                             `- error: 'EXHostViewController' is unavailable in watchOS
41 | 		self.configuration = configuration
42 | 		self.connectionHandler = connectionHandler
/Applications/Xcode-27.0.0-Release.Candidate.app/Contents/Developer/Platforms/WatchOS.platform/Developer/SDKs/WatchOS27.0.sdk/System/Library/Frameworks/ExtensionKit.framework/Headers/EXHostViewController.h:48:12: note: 'EXHostViewController' has been explicitly marked unavailable here
 46 | /// an app extension’s UI, see
 47 | /// <doc://com.apple.documentation/documentation/extensionkit/including-extension-based-ui-in-your-interface>.
 48 | @interface EXHostViewController : UIViewController
    |            `- note: 'EXHostViewController' has been explicitly marked unavailable here
 49 | #endif
 50 |
/Users/admin/builder/spi-builder-workspace/Sources/ExtendableHost/ExtensionHostingView.swift:45:44: error: cannot find type 'Context' in scope
43 | 	}
44 |
45 | 	public func makeUIViewController(context: Context) -> EXHostViewController {
   |                                            `- error: cannot find type 'Context' in scope
46 | 		let controller = EXHostViewController()
47 |
/Users/admin/builder/spi-builder-workspace/Sources/ExtendableHost/ExtensionHostingView.swift:45:56: error: 'EXHostViewController' is unavailable in watchOS
43 | 	}
44 |
45 | 	public func makeUIViewController(context: Context) -> EXHostViewController {
   |                                                        `- error: 'EXHostViewController' is unavailable in watchOS
46 | 		let controller = EXHostViewController()
47 |
/Applications/Xcode-27.0.0-Release.Candidate.app/Contents/Developer/Platforms/WatchOS.platform/Developer/SDKs/WatchOS27.0.sdk/System/Library/Frameworks/ExtensionKit.framework/Headers/EXHostViewController.h:48:12: note: 'EXHostViewController' has been explicitly marked unavailable here
 46 | /// an app extension’s UI, see
 47 | /// <doc://com.apple.documentation/documentation/extensionkit/including-extension-based-ui-in-your-interface>.
 48 | @interface EXHostViewController : UIViewController
    |            `- note: 'EXHostViewController' has been explicitly marked unavailable here
 49 | #endif
 50 |
/Users/admin/builder/spi-builder-workspace/Sources/ExtendableHost/ExtensionHostingView.swift:53:86: error: cannot find type 'Context' in scope
51 | 	}
52 |
53 | 	public func updateUIViewController(_ viewController: EXHostViewController, context: Context) {
   |                                                                                      `- error: cannot find type 'Context' in scope
54 | 		viewController.configuration = configuration
55 | 		context.coordinator.connectionHandler = connectionHandler
/Users/admin/builder/spi-builder-workspace/Sources/ExtendableHost/ExtensionHostingView.swift:53:55: error: 'EXHostViewController' is unavailable in watchOS
51 | 	}
52 |
53 | 	public func updateUIViewController(_ viewController: EXHostViewController, context: Context) {
   |                                                       `- error: 'EXHostViewController' is unavailable in watchOS
54 | 		viewController.configuration = configuration
55 | 		context.coordinator.connectionHandler = connectionHandler
/Applications/Xcode-27.0.0-Release.Candidate.app/Contents/Developer/Platforms/WatchOS.platform/Developer/SDKs/WatchOS27.0.sdk/System/Library/Frameworks/ExtensionKit.framework/Headers/EXHostViewController.h:48:12: note: 'EXHostViewController' has been explicitly marked unavailable here
 46 | /// an app extension’s UI, see
 47 | /// <doc://com.apple.documentation/documentation/extensionkit/including-extension-based-ui-in-your-interface>.
 48 | @interface EXHostViewController : UIViewController
    |            `- note: 'EXHostViewController' has been explicitly marked unavailable here
 49 | #endif
 50 |
/Users/admin/builder/spi-builder-workspace/Sources/ExtendableHost/ExtensionHostingView.swift:33:37: error: cannot find type 'UIViewControllerRepresentable' in scope
31 | #else
32 | @available(iOS 26, *)
33 | public struct ExtensionHostingView: UIViewControllerRepresentable {
   |                                     `- error: cannot find type 'UIViewControllerRepresentable' in scope
34 | 	public typealias ConnectionHandler = (NSXPCConnection) throws -> Void
35 |
/Users/admin/builder/spi-builder-workspace/Sources/ExtendableHost/ExtensionHostingView.swift:62:24: error: 'AppExtensionIdentity' is only available in watchOS 26.0 or newer
59 |
60 | @available(macOS 13.0, iOS 26, *)
61 | extension ExtensionHostingView {
   | `- note: add '@available' attribute to enclosing extension
62 | 	public init(identity: AppExtensionIdentity?, sceneID: String = "default", connectionHandler: ConnectionHandler? = nil) {
   |         |              `- error: 'AppExtensionIdentity' is only available in watchOS 26.0 or newer
   |         `- note: add '@available' attribute to enclosing initializer
63 | 		self.configuration = identity.map { .init(appExtension: $0, sceneID: sceneID) }
64 | 		self.connectionHandler = connectionHandler
/Users/admin/builder/spi-builder-workspace/Sources/ExtendableHost/ExtensionHostingView.swift:74:63: error: 'EXHostViewController' is unavailable in watchOS
72 | 		public var connectionHandler: ConnectionHandler?
73 |
74 | 		public func hostViewControllerDidActivate(_ viewController: EXHostViewController) {
   |                                                               `- error: 'EXHostViewController' is unavailable in watchOS
75 | 			guard let handler = connectionHandler else { return }
76 |
/Applications/Xcode-27.0.0-Release.Candidate.app/Contents/Developer/Platforms/WatchOS.platform/Developer/SDKs/WatchOS27.0.sdk/System/Library/Frameworks/ExtensionKit.framework/Headers/EXHostViewController.h:48:12: note: 'EXHostViewController' has been explicitly marked unavailable here
 46 | /// an app extension’s UI, see
 47 | /// <doc://com.apple.documentation/documentation/extensionkit/including-extension-based-ui-in-your-interface>.
 48 | @interface EXHostViewController : UIViewController
    |            `- note: 'EXHostViewController' has been explicitly marked unavailable here
 49 | #endif
 50 |
/Users/admin/builder/spi-builder-workspace/Sources/ExtendableHost/ExtensionHostingView.swift:71:38: error: 'EXHostViewControllerDelegate' is unavailable in watchOS
69 | 	}
70 |
71 | 	public class Coordinator: NSObject, EXHostViewControllerDelegate {
   |                                      `- error: 'EXHostViewControllerDelegate' is unavailable in watchOS
72 | 		public var connectionHandler: ConnectionHandler?
73 |
/Applications/Xcode-27.0.0-Release.Candidate.app/Contents/Developer/Platforms/WatchOS.platform/Developer/SDKs/WatchOS27.0.sdk/System/Library/Frameworks/ExtensionKit.framework/Headers/EXHostViewController.h:76:11: note: 'EXHostViewControllerDelegate' has been explicitly marked unavailable here
 74 | API_UNAVAILABLE(watchos, tvos, visionos)
 75 | /// The delegate for a hosted view controller.
 76 | @protocol EXHostViewControllerDelegate <NSObject>
    |           `- note: 'EXHostViewControllerDelegate' has been explicitly marked unavailable here
 77 | @optional
 78 |
/Users/admin/builder/spi-builder-workspace/Sources/ExtendableHost/ExtensionHostingView.swift:46:20: error: 'EXHostViewController' is unavailable in watchOS
44 |
45 | 	public func makeUIViewController(context: Context) -> EXHostViewController {
46 | 		let controller = EXHostViewController()
   |                    `- error: 'EXHostViewController' is unavailable in watchOS
47 |
48 | 		controller.delegate = context.coordinator
/Applications/Xcode-27.0.0-Release.Candidate.app/Contents/Developer/Platforms/WatchOS.platform/Developer/SDKs/WatchOS27.0.sdk/System/Library/Frameworks/ExtensionKit.framework/Headers/EXHostViewController.h:48:12: note: 'EXHostViewController' has been explicitly marked unavailable here
 46 | /// an app extension’s UI, see
 47 | /// <doc://com.apple.documentation/documentation/extensionkit/including-extension-based-ui-in-your-interface>.
 48 | @interface EXHostViewController : UIViewController
    |            `- note: 'EXHostViewController' has been explicitly marked unavailable here
 49 | #endif
 50 |
SwiftCompile normal arm64_32 /Users/admin/builder/spi-builder-workspace/Sources/ExtendableHost/ExtensionHostingView.swift (in target 'ExtendableHost' from project 'Extendable')
    cd /Users/admin/builder/spi-builder-workspace/.swiftpm/xcode
    builtin-SwiftPerFileCompile ExtensionHostingView.swift
/Users/admin/builder/spi-builder-workspace/Sources/ExtendableHost/ExtensionHostingView.swift:46:20: warning: call to main actor-isolated initializer 'init()' in a synchronous nonisolated context [#ActorIsolatedCall]
43 | 	}
44 |
45 | 	public func makeUIViewController(context: Context) -> EXHostViewController {
   |              `- note: add '@MainActor' to make instance method 'makeUIViewController(context:)' part of global actor 'MainActor'
46 | 		let controller = EXHostViewController()
   |                    `- warning: call to main actor-isolated initializer 'init()' in a synchronous nonisolated context [#ActorIsolatedCall]
47 |
48 | 		controller.delegate = context.coordinator
/Applications/Xcode-27.0.0-Release.Candidate.app/Contents/Developer/Platforms/WatchOS.platform/Developer/SDKs/WatchOS.sdk/usr/include/objc/NSObject.h:66:1: note: calls to initializer 'init()' from outside of its actor context are implicitly asynchronous
 64 |
 65 | + (void)initialize;
 66 | - (instancetype)init
    | |- note: calls to initializer 'init()' from outside of its actor context are implicitly asynchronous
    | `- note: main actor isolation inferred from inheritance from class 'UIViewController'
 67 | #if NS_ENFORCE_NSOBJECT_DESIGNATED_INITIALIZER
 68 |     NS_DESIGNATED_INITIALIZER
/Users/admin/builder/spi-builder-workspace/Sources/ExtendableHost/ExtensionHostingView.swift:54:18: error: 'configuration' is unavailable in watchOS
52 |
53 | 	public func updateUIViewController(_ viewController: EXHostViewController, context: Context) {
54 | 		viewController.configuration = configuration
   |                  `- error: 'configuration' is unavailable in watchOS
55 | 		context.coordinator.connectionHandler = connectionHandler
56 | 	}
ExtensionKit.EXHostViewController.configuration:6:41: note: 'configuration' has been explicitly marked unavailable here
4 |   @available(tvOS, unavailable)
5 |   @available(visionOS, unavailable)
6 |   @MainActor @preconcurrency public var configuration: EXHostViewController.Configuration? { get set }}
  |                                         `- note: 'configuration' has been explicitly marked unavailable here
7 |
SwiftCompile normal arm64_32 Compiling\ AppExtensionProcess+Utilities.swift /Users/admin/builder/spi-builder-workspace/Sources/ExtendableHost/AppExtensionProcess+Utilities.swift (in target 'ExtendableHost' from project 'Extendable')
SwiftCompile normal arm64_32 /Users/admin/builder/spi-builder-workspace/Sources/ExtendableHost/AppExtensionProcess+Utilities.swift (in target 'ExtendableHost' from project 'Extendable')
    cd /Users/admin/builder/spi-builder-workspace/.swiftpm/xcode
    builtin-SwiftPerFileCompile AppExtensionProcess+Utilities.swift
SwiftCompile normal arm64_32 Compiling\ AppExtensionMonitor.swift /Users/admin/builder/spi-builder-workspace/Sources/ExtendableHost/AppExtensionMonitor.swift (in target 'ExtendableHost' from project 'Extendable')
SwiftCompile normal arm64_32 /Users/admin/builder/spi-builder-workspace/Sources/ExtendableHost/AppExtensionMonitor.swift (in target 'ExtendableHost' from project 'Extendable')
    cd /Users/admin/builder/spi-builder-workspace/.swiftpm/xcode
    builtin-SwiftPerFileCompile AppExtensionMonitor.swift
/Users/admin/builder/spi-builder-workspace/Sources/ExtendableHost/AppExtensionMonitor.swift:7:27: error: 'ID' is only available in watchOS 26.0 or newer
 3 |
 4 | @available(macOS 13, iOS 26, *)
 5 | extension AppExtensionIdentity {
   | `- note: add '@available' attribute to enclosing extension
 6 | 	/// exists because something is wrong with the Identifiable conformance with 26 beta 1
 7 | 	public var workaroundID: ID {
   |             |             `- error: 'ID' is only available in watchOS 26.0 or newer
   |             `- note: add '@available' attribute to enclosing property
 8 | 		"\(bundleIdentifier)-\(extensionPointIdentifier)"
 9 | 	}
/Users/admin/builder/spi-builder-workspace/Sources/ExtendableHost/AppExtensionMonitor.swift:5:11: error: 'AppExtensionIdentity' is only available in watchOS 26.0 or newer
 3 |
 4 | @available(macOS 13, iOS 26, *)
 5 | extension AppExtensionIdentity {
   | |         `- error: 'AppExtensionIdentity' is only available in watchOS 26.0 or newer
   | `- note: add '@available' attribute to enclosing extension
 6 | 	/// exists because something is wrong with the Identifiable conformance with 26 beta 1
 7 | 	public var workaroundID: ID {
SwiftCompile normal arm64_32 Compiling\ AppExtensionSceneGroup.swift /Users/admin/builder/spi-builder-workspace/Sources/Extendable/AppExtensionSceneGroup.swift (in target 'Extendable' from project 'Extendable')
SwiftCompile normal arm64_32 /Users/admin/builder/spi-builder-workspace/Sources/Extendable/AppExtensionSceneGroup.swift (in target 'Extendable' from project 'Extendable')
    cd /Users/admin/builder/spi-builder-workspace/.swiftpm/xcode
    builtin-SwiftPerFileCompile AppExtensionSceneGroup.swift
SwiftCompile normal arm64_32 Compiling\ ConnectableConfiguration.swift /Users/admin/builder/spi-builder-workspace/Sources/Extendable/ConnectableConfiguration.swift (in target 'Extendable' from project 'Extendable')
/Users/admin/builder/spi-builder-workspace/Sources/Extendable/ConnectableConfiguration.swift:12:57: error: 'XPCListener' is only available in watchOS 10.0 or newer
 3 |
 4 | @MainActor @preconcurrency
 5 | public struct ConnectableConfiguration: AppExtensionConfiguration {
   |               `- note: add '@available' attribute to enclosing struct
 6 |
 7 | 	private var handler: @MainActor (NSXPCConnection) -> Bool
   :
 9 | 	@available(macOS 15.0, iOS 26, *)
10 | 	@MainActor @preconcurrency
11 | 	public init(
   |         `- note: add '@available' attribute to enclosing initializer
12 | 		onSessionRequest requestHandler: @escaping @Sendable (XPCListener.IncomingSessionRequest) -> XPCListener.IncomingSessionRequest.Decision
   |                                                         `- error: 'XPCListener' is only available in watchOS 10.0 or newer
13 | 	) {
14 | 		preconditionFailure()
SwiftCompile normal arm64_32 /Users/admin/builder/spi-builder-workspace/Sources/Extendable/ConnectableConfiguration.swift (in target 'Extendable' from project 'Extendable')
    cd /Users/admin/builder/spi-builder-workspace/.swiftpm/xcode
    builtin-SwiftPerFileCompile ConnectableConfiguration.swift
SwiftCompile normal arm64_32 Compiling\ ConnectingAppExtensionScene.swift /Users/admin/builder/spi-builder-workspace/Sources/Extendable/ConnectingAppExtensionScene.swift (in target 'Extendable' from project 'Extendable')
SwiftCompile normal arm64_32 /Users/admin/builder/spi-builder-workspace/Sources/Extendable/ConnectingAppExtensionScene.swift (in target 'Extendable' from project 'Extendable')
    cd /Users/admin/builder/spi-builder-workspace/.swiftpm/xcode
    builtin-SwiftPerFileCompile ConnectingAppExtensionScene.swift
SwiftCompile normal arm64_32 Compiling\ ConnectableExtension.swift /Users/admin/builder/spi-builder-workspace/Sources/Extendable/ConnectableExtension.swift (in target 'Extendable' from project 'Extendable')
/Users/admin/builder/spi-builder-workspace/Sources/Extendable/ConnectableExtension.swift:14:10: warning: main actor-isolated property 'accepter' can not be referenced from a nonisolated context
 5 | @available(macOS 13.0, iOS 16.0, watchOS 9.0, tvOS 16.0, *)
 6 | public struct ConnectingAppExtensionConfiguration: AppExtensionConfiguration {
 7 | 	let accepter: ConnectionAccepter
   |      `- note: property declared here
 8 |
 9 | 	public init(_ handler: @escaping ConnectionHandler) {
   :
12 |
13 | 	public func accept(connection: NSXPCConnection) -> Bool {
14 | 		return accepter.accept(connection: connection)
   |          `- warning: main actor-isolated property 'accepter' can not be referenced from a nonisolated context
15 | 	}
16 | }
/Users/admin/builder/spi-builder-workspace/Sources/Extendable/ConnectableExtension.swift:31:10: warning: call to main actor-isolated initializer 'init(_:)' in a synchronous nonisolated context [#ActorIsolatedCall]
 7 | 	let accepter: ConnectionAccepter
 8 |
 9 | 	public init(_ handler: @escaping ConnectionHandler) {
   |         |- note: calls to initializer 'init(_:)' from outside of its actor context are implicitly asynchronous
   |         `- note: main actor isolation inferred from conformance to protocol 'AppExtensionConfiguration'
10 | 		self.accepter = ConnectionAccepter(handler)
11 | 	}
   :
29 | 	/// will be used for the `configuration` property by default.
30 | 	var globalConfiguration: ConnectingAppExtensionConfiguration {
31 | 		return ConnectingAppExtensionConfiguration { connection in
   |          `- warning: call to main actor-isolated initializer 'init(_:)' in a synchronous nonisolated context [#ActorIsolatedCall]
32 | 			try self.acceptConnection(connection)
33 | 		}
SwiftCompile normal arm64_32 /Users/admin/builder/spi-builder-workspace/Sources/Extendable/ConnectableExtension.swift (in target 'Extendable' from project 'Extendable')
    cd /Users/admin/builder/spi-builder-workspace/.swiftpm/xcode
    builtin-SwiftPerFileCompile ConnectableExtension.swift
SwiftCompile normal arm64_32 Compiling\ ConnectableSceneExtension.swift /Users/admin/builder/spi-builder-workspace/Sources/Extendable/ConnectableSceneExtension.swift (in target 'Extendable' from project 'Extendable')
SwiftCompile normal arm64_32 /Users/admin/builder/spi-builder-workspace/Sources/Extendable/ConnectableSceneExtension.swift (in target 'Extendable' from project 'Extendable')
    cd /Users/admin/builder/spi-builder-workspace/.swiftpm/xcode
    builtin-SwiftPerFileCompile ConnectableSceneExtension.swift
/Users/admin/builder/spi-builder-workspace/Sources/Extendable/ConnectableSceneExtension.swift:20:10: warning: conformance of 'Content' to protocol 'AppExtensionScene' may be isolated and cannot be passed to main actor-isolated context [#IsolatedConformances]
18 | public extension ConnectableSceneExtension {
19 | 	var configuration: AppExtensionSceneConfiguration {
20 | 		return AppExtensionSceneConfiguration(scene, configuration: globalConfiguration)
   |          `- warning: conformance of 'Content' to protocol 'AppExtensionScene' may be isolated and cannot be passed to main actor-isolated context [#IsolatedConformances]
21 | 	}
22 | }
/Users/admin/builder/spi-builder-workspace/Sources/Extendable/ConnectableSceneExtension.swift:20:10: warning: call to main actor-isolated initializer 'init(_:configuration:)' in a synchronous nonisolated context [#ActorIsolatedCall]
18 | public extension ConnectableSceneExtension {
19 | 	var configuration: AppExtensionSceneConfiguration {
20 | 		return AppExtensionSceneConfiguration(scene, configuration: globalConfiguration)
   |          `- warning: call to main actor-isolated initializer 'init(_:configuration:)' in a synchronous nonisolated context [#ActorIsolatedCall]
21 | 	}
22 | }
ExtensionKit.AppExtensionSceneConfiguration.init:2:35: note: calls to initializer 'init(_:configuration:)' from outside of its actor context are implicitly asynchronous
1 | struct AppExtensionSceneConfiguration {
2 | @MainActor @preconcurrency public init<Content, Configuration>(_ content: @autoclosure @escaping @MainActor () -> Content, configuration: Configuration? = nil) where Content : AppExtensionScene, Configuration : AppExtensionConfiguration}
  |                                   `- note: calls to initializer 'init(_:configuration:)' from outside of its actor context are implicitly asynchronous
3 |
SwiftEmitModule normal arm64_32 Emitting\ module\ for\ ExtendableHost (in target 'ExtendableHost' from project 'Extendable')
/Users/admin/builder/spi-builder-workspace/Sources/ExtendableHost/AppExtensionBrowserView.swift:23:56: error: cannot find type 'EXAppExtensionBrowserViewController' in scope
21 | 	}
22 |
23 | 	public func makeUIViewController(context: Context) -> EXAppExtensionBrowserViewController {
   |                                                        `- error: cannot find type 'EXAppExtensionBrowserViewController' in scope
24 | 		return EXAppExtensionBrowserViewController()
25 | 	}
/Users/admin/builder/spi-builder-workspace/Sources/ExtendableHost/AppExtensionBrowserView.swift:23:44: error: cannot find type 'Context' in scope
21 | 	}
22 |
23 | 	public func makeUIViewController(context: Context) -> EXAppExtensionBrowserViewController {
   |                                            `- error: cannot find type 'Context' in scope
24 | 		return EXAppExtensionBrowserViewController()
25 | 	}
/Users/admin/builder/spi-builder-workspace/Sources/ExtendableHost/AppExtensionBrowserView.swift:27:55: error: cannot find type 'EXAppExtensionBrowserViewController' in scope
25 | 	}
26 |
27 | 	public func updateUIViewController(_ viewController: EXAppExtensionBrowserViewController, context: Context) {
   |                                                       `- error: cannot find type 'EXAppExtensionBrowserViewController' in scope
28 | 	}
29 | }
/Users/admin/builder/spi-builder-workspace/Sources/ExtendableHost/AppExtensionBrowserView.swift:27:101: error: cannot find type 'Context' in scope
25 | 	}
26 |
27 | 	public func updateUIViewController(_ viewController: EXAppExtensionBrowserViewController, context: Context) {
   |                                                                                                     `- error: cannot find type 'Context' in scope
28 | 	}
29 | }
/Users/admin/builder/spi-builder-workspace/Sources/ExtendableHost/AppExtensionBrowserView.swift:19:40: error: cannot find type 'UIViewControllerRepresentable' in scope
17 | #else
18 | @available(iOS 26, *)
19 | public struct AppExtensionBrowserView: UIViewControllerRepresentable {
   |                                        `- error: cannot find type 'UIViewControllerRepresentable' in scope
20 | 	public init() {
21 | 	}
/Users/admin/builder/spi-builder-workspace/Sources/ExtendableHost/AppExtensionMonitor.swift:7:27: error: 'ID' is only available in watchOS 26.0 or newer
 3 |
 4 | @available(macOS 13, iOS 26, *)
 5 | extension AppExtensionIdentity {
   | `- note: add '@available' attribute to enclosing extension
 6 | 	/// exists because something is wrong with the Identifiable conformance with 26 beta 1
 7 | 	public var workaroundID: ID {
   |             |             `- error: 'ID' is only available in watchOS 26.0 or newer
   |             `- note: add '@available' attribute to enclosing property
 8 | 		"\(bundleIdentifier)-\(extensionPointIdentifier)"
 9 | 	}
/Users/admin/builder/spi-builder-workspace/Sources/ExtendableHost/AppExtensionMonitor.swift:5:11: error: 'AppExtensionIdentity' is only available in watchOS 26.0 or newer
 3 |
 4 | @available(macOS 13, iOS 26, *)
 5 | extension AppExtensionIdentity {
   | |         `- error: 'AppExtensionIdentity' is only available in watchOS 26.0 or newer
   | `- note: add '@available' attribute to enclosing extension
 6 | 	/// exists because something is wrong with the Identifiable conformance with 26 beta 1
 7 | 	public var workaroundID: ID {
SwiftCompile normal arm64_32 (in target 'ExtendableHost' from project 'Extendable')
    cd /Users/admin/builder/spi-builder-workspace/.swiftpm/xcode

SwiftExplicitDependencyGeneratePcm arm64 /Users/admin/builder/spi-builder-workspace/.derivedData/SDKExplicitPrecompiledModules/SwiftUI-APXDH8ULYLM6FD17YRA73TULO.pcm
PruneExplicitPrecompiledModules /Users/admin/builder/spi-builder-workspace/.derivedData/SDKExplicitPrecompiledModules
PruneExplicitPrecompiledModules /Users/admin/builder/spi-builder-workspace/.derivedData/Build/Intermediates.noindex/ExplicitPrecompiledModules
PruneExplicitPrecompiledModules /Users/admin/builder/spi-builder-workspace/.derivedData/Build/Intermediates.noindex/SwiftExplicitPrecompiledModules
2026-09-20 09:02:21.532 xcodebuild[627:3871] [MT] IDERunDestination: Supported platforms for the buildables in the current scheme is empty.
** BUILD FAILED **
The following build commands failed:
	SwiftCompile normal arm64_32 (in target 'Extendable' from project 'Extendable')
	SwiftEmitModule normal arm64_32 Emitting\ module\ for\ Extendable (in target 'Extendable' from project 'Extendable')
	Building workspace Extendable with scheme Extendable-Package
(3 failures)
Command line invocation:
    /Applications/Xcode-27.0.0-Release.Candidate.app/Contents/Developer/usr/bin/xcodebuild -IDEClonedSourcePackagesDirPathOverride=/Users/admin/builder/spi-builder-workspace/.dependencies -resolvePackageDependencies
Resolve Package Graph
Resolved source packages:
  Extendable: /Users/admin/builder/spi-builder-workspace
resolved source packages: Extendable
2026-09-20 09:02:28.354 xcodebuild[807:4800] [MT] IDERunDestination: Supported platforms for the buildables in the current scheme is empty.
{
  "dependencies" : [
  ],
  "manifest_display_name" : "Extendable",
  "name" : "Extendable",
  "path" : "/Users/admin/builder/spi-builder-workspace",
  "platforms" : [
    {
      "name" : "macos",
      "version" : "11.0"
    },
    {
      "name" : "maccatalyst",
      "version" : "14.0"
    },
    {
      "name" : "ios",
      "version" : "14.0"
    },
    {
      "name" : "watchos",
      "version" : "7.0"
    },
    {
      "name" : "tvos",
      "version" : "14.0"
    }
  ],
  "products" : [
    {
      "name" : "Extendable",
      "targets" : [
        "Extendable"
      ],
      "type" : {
        "library" : [
          "automatic"
        ]
      }
    },
    {
      "name" : "ExtendableHost",
      "targets" : [
        "ExtendableHost"
      ],
      "type" : {
        "library" : [
          "automatic"
        ]
      }
    }
  ],
  "targets" : [
    {
      "c99name" : "ExtendableTests",
      "module_type" : "SwiftTarget",
      "name" : "ExtendableTests",
      "path" : "Tests/ExtendableTests",
      "sources" : [
        "ConnectionAccepterTests.swift"
      ],
      "target_dependencies" : [
        "Extendable"
      ],
      "type" : "test"
    },
    {
      "c99name" : "ExtendableHost",
      "module_type" : "SwiftTarget",
      "name" : "ExtendableHost",
      "path" : "Sources/ExtendableHost",
      "product_memberships" : [
        "ExtendableHost"
      ],
      "sources" : [
        "AppExtensionBrowserView.swift",
        "AppExtensionMonitor.swift",
        "AppExtensionProcess+Utilities.swift",
        "ExtensionHostingView.swift"
      ],
      "type" : "library"
    },
    {
      "c99name" : "Extendable",
      "module_type" : "SwiftTarget",
      "name" : "Extendable",
      "path" : "Sources/Extendable",
      "product_memberships" : [
        "Extendable"
      ],
      "sources" : [
        "AppExtensionSceneGroup.swift",
        "ConnectableConfiguration.swift",
        "ConnectableExtension.swift",
        "ConnectableSceneExtension.swift",
        "ConnectingAppExtensionScene.swift",
        "ConnectionAccepter.swift"
      ],
      "type" : "library"
    }
  ],
  "tools_version" : "5.8"
}
{
  "workspace" : {
    "name" : "Extendable",
    "schemes" : [
      "Extendable",
      "Extendable-Package",
      "ExtendableHost"
    ]
  }
}
2026-09-20 09:02:29.597 xcodebuild[815:4865] [MT] IDERunDestination: Supported platforms for the buildables in the current scheme is empty.
Running build ...
env DEVELOPER_DIR=/Applications/Xcode-27.0.0-Release.Candidate.app xcrun xcodebuild -IDEClonedSourcePackagesDirPathOverride=$PWD/.dependencies -skipMacroValidation -skipPackagePluginValidation -derivedDataPath $PWD/.derivedData build -scheme Extendable-Package -destination generic/platform=watchOS
Command line invocation:
    /Applications/Xcode-27.0.0-Release.Candidate.app/Contents/Developer/usr/bin/xcodebuild -IDEClonedSourcePackagesDirPathOverride=/Users/admin/builder/spi-builder-workspace/.dependencies -skipMacroValidation -skipPackagePluginValidation -derivedDataPath /Users/admin/builder/spi-builder-workspace/.derivedData build -scheme Extendable-Package -destination generic/platform=watchOS
Resolve Package Graph
Resolved source packages:
  Extendable: /Users/admin/builder/spi-builder-workspace
ComputePackagePrebuildTargetDependencyGraph
Prepare packages
CreateBuildRequest
SendProjectDescription
CreateBuildOperation
ComputeTargetDependencyGraph
note: Building targets in dependency order
note: Target dependency graph (4 targets)
    Target 'ExtendableHost-product' in project 'Extendable'
        ➜ Explicit dependency on target 'ExtendableHost' in project 'Extendable'
    Target 'ExtendableHost' in project 'Extendable' (no dependencies)
    Target 'Extendable-product' in project 'Extendable'
        ➜ Explicit dependency on target 'Extendable' in project 'Extendable'
    Target 'Extendable' in project 'Extendable' (no dependencies)
GatherProvisioningInputs
CreateBuildDescription
ClangStatCache /Applications/Xcode-27.0.0-Release.Candidate.app/Contents/Developer/Toolchains/XcodeDefault.xctoolchain/usr/bin/clang-stat-cache /Applications/Xcode-27.0.0-Release.Candidate.app/Contents/Developer/Platforms/WatchOS.platform/Developer/SDKs/WatchOS27.0.sdk /Users/admin/builder/spi-builder-workspace/.derivedData/SDKStatCaches.noindex/watchos27.0-24R360-e829b21a6f8c9b70876ba0858053c04477534ef55a1706bf4c1112bbb242f0a2.sdkstatcache
    cd /Users/admin/builder/spi-builder-workspace/.swiftpm/xcode
    /Applications/Xcode-27.0.0-Release.Candidate.app/Contents/Developer/Toolchains/XcodeDefault.xctoolchain/usr/bin/clang-stat-cache /Applications/Xcode-27.0.0-Release.Candidate.app/Contents/Developer/Platforms/WatchOS.platform/Developer/SDKs/WatchOS27.0.sdk -o /Users/admin/builder/spi-builder-workspace/.derivedData/SDKStatCaches.noindex/watchos27.0-24R360-e829b21a6f8c9b70876ba0858053c04477534ef55a1706bf4c1112bbb242f0a2.sdkstatcache
SwiftDriver ExtendableHost normal arm64_32 com.apple.xcode.tools.swift.compiler (in target 'ExtendableHost' from project 'Extendable')
    cd /Users/admin/builder/spi-builder-workspace/.swiftpm/xcode
    builtin-SwiftDriver -- /Applications/Xcode-27.0.0-Release.Candidate.app/Contents/Developer/Toolchains/XcodeDefault.xctoolchain/usr/bin/swiftc -parse-as-library -module-name ExtendableHost -Onone @/Users/admin/builder/spi-builder-workspace/.derivedData/Build/Intermediates.noindex/Extendable.build/Debug-watchos/ExtendableHost-t.build/Objects-normal/arm64_32/ExtendableHost.SwiftFileList -DSWIFT_PACKAGE -DDEBUG -DSWIFT_MODULE_RESOURCE_BUNDLE_UNAVAILABLE -DXcode -enable-experimental-feature StrictConcurrency -plugin-path /Applications/Xcode-27.0.0-Release.Candidate.app/Contents/Developer/Toolchains/XcodeDefault.xctoolchain/usr/lib/swift/host/plugins/testing -enable-experimental-feature DebugDescriptionMacro -sdk /Applications/Xcode-27.0.0-Release.Candidate.app/Contents/Developer/Platforms/WatchOS.platform/Developer/SDKs/WatchOS27.0.sdk -target arm64_32-apple-watchos9.0 -g -module-cache-path /Users/admin/builder/spi-builder-workspace/.derivedData/ModuleCache.noindex -Xfrontend -serialize-debugging-options -profile-coverage-mapping -profile-generate -enable-testing -index-store-path /Users/admin/builder/spi-builder-workspace/.derivedData/Index.noindex/DataStore -Xcc -D_LIBCPP_HARDENING_MODE\=_LIBCPP_HARDENING_MODE_DEBUG -swift-version 5 -I /Users/admin/builder/spi-builder-workspace/.derivedData/Build/Products/Debug-watchos -Isystem /Applications/Xcode-27.0.0-Release.Candidate.app/Contents/Developer/Platforms/WatchOS.platform/Developer/usr/lib -F /Users/admin/builder/spi-builder-workspace/.derivedData/Build/Products/Debug-watchos -F /Applications/Xcode-27.0.0-Release.Candidate.app/Contents/Developer/Platforms/WatchOS.platform/Developer/Library/Frameworks -F /Applications/Xcode-27.0.0-Release.Candidate.app/Contents/Developer/Platforms/WatchOS.platform/Developer/SDKs/WatchOS27.0.sdk/Developer/Library/Frameworks -c -j10 -enable-batch-mode -incremental -Xcc -ivfsstatcache -Xcc /Users/admin/builder/spi-builder-workspace/.derivedData/SDKStatCaches.noindex/watchos27.0-24R360-e829b21a6f8c9b70876ba0858053c04477534ef55a1706bf4c1112bbb242f0a2.sdkstatcache -output-file-map /Users/admin/builder/spi-builder-workspace/.derivedData/Build/Intermediates.noindex/Extendable.build/Debug-watchos/ExtendableHost-t.build/Objects-normal/arm64_32/ExtendableHost-OutputFileMap.json -save-temps -no-color-diagnostics -explicit-module-build -module-cache-path /Users/admin/builder/spi-builder-workspace/.derivedData/Build/Intermediates.noindex/SwiftExplicitPrecompiledModules -clang-scanner-module-cache-path /Users/admin/builder/spi-builder-workspace/.derivedData/ModuleCache.noindex -sdk-module-cache-path /Users/admin/builder/spi-builder-workspace/.derivedData/SDKExplicitPrecompiledModules -emit-dependencies -emit-module -emit-module-path /Users/admin/builder/spi-builder-workspace/.derivedData/Build/Intermediates.noindex/Extendable.build/Debug-watchos/ExtendableHost-t.build/Objects-normal/arm64_32/ExtendableHost.swiftmodule -serialize-diagnostics -dependency-scan-serialize-diagnostics-path /Users/admin/builder/spi-builder-workspace/.derivedData/Build/Intermediates.noindex/Extendable.build/Debug-watchos/ExtendableHost-t.build/Objects-normal/arm64_32/ExtendableHost-dependency-scan.dia -validate-clang-modules-once -clang-build-session-file /Users/admin/builder/spi-builder-workspace/.derivedData/ModuleCache.noindex/Session.modulevalidation -Xcc -fmodules-prune-interval\=86400 -Xcc -fmodules-prune-after\=345600 -emit-const-values -const-gather-protocols-list /Users/admin/builder/spi-builder-workspace/.derivedData/Build/Intermediates.noindex/Extendable.build/Debug-watchos/ExtendableHost-t.build/Objects-normal/arm64_32/ExtendableHost_const_extract_protocols.json -Xcc -I/Users/admin/builder/spi-builder-workspace/.derivedData/Build/Products/Debug-watchos/include -Xcc -I/Users/admin/builder/spi-builder-workspace/.derivedData/Build/Intermediates.noindex/Extendable.build/Debug-watchos/ExtendableHost-t.build/DerivedSources-normal/arm64_32 -Xcc -I/Users/admin/builder/spi-builder-workspace/.derivedData/Build/Intermediates.noindex/Extendable.build/Debug-watchos/ExtendableHost-t.build/DerivedSources/arm64_32 -Xcc -I/Users/admin/builder/spi-builder-workspace/.derivedData/Build/Intermediates.noindex/Extendable.build/Debug-watchos/ExtendableHost-t.build/DerivedSources -Xcc -DSWIFT_PACKAGE -Xcc -DDEBUG\=1 -emit-objc-header -emit-objc-header-path /Users/admin/builder/spi-builder-workspace/.derivedData/Build/Intermediates.noindex/Extendable.build/Debug-watchos/ExtendableHost-t.build/Objects-normal/arm64_32/ExtendableHost-Swift.h -working-directory /Users/admin/builder/spi-builder-workspace/.swiftpm/xcode -experimental-emit-module-separately -disable-cmo
SwiftDriver ExtendableHost normal arm64 com.apple.xcode.tools.swift.compiler (in target 'ExtendableHost' from project 'Extendable')
    cd /Users/admin/builder/spi-builder-workspace/.swiftpm/xcode
    builtin-SwiftDriver -- /Applications/Xcode-27.0.0-Release.Candidate.app/Contents/Developer/Toolchains/XcodeDefault.xctoolchain/usr/bin/swiftc -parse-as-library -module-name ExtendableHost -Onone @/Users/admin/builder/spi-builder-workspace/.derivedData/Build/Intermediates.noindex/Extendable.build/Debug-watchos/ExtendableHost-t.build/Objects-normal/arm64/ExtendableHost.SwiftFileList -DSWIFT_PACKAGE -DDEBUG -DSWIFT_MODULE_RESOURCE_BUNDLE_UNAVAILABLE -DXcode -enable-experimental-feature StrictConcurrency -plugin-path /Applications/Xcode-27.0.0-Release.Candidate.app/Contents/Developer/Toolchains/XcodeDefault.xctoolchain/usr/lib/swift/host/plugins/testing -enable-experimental-feature DebugDescriptionMacro -sdk /Applications/Xcode-27.0.0-Release.Candidate.app/Contents/Developer/Platforms/WatchOS.platform/Developer/SDKs/WatchOS27.0.sdk -target arm64-apple-watchos9.0 -g -module-cache-path /Users/admin/builder/spi-builder-workspace/.derivedData/ModuleCache.noindex -Xfrontend -serialize-debugging-options -profile-coverage-mapping -profile-generate -enable-testing -index-store-path /Users/admin/builder/spi-builder-workspace/.derivedData/Index.noindex/DataStore -Xcc -D_LIBCPP_HARDENING_MODE\=_LIBCPP_HARDENING_MODE_DEBUG -swift-version 5 -I /Users/admin/builder/spi-builder-workspace/.derivedData/Build/Products/Debug-watchos -Isystem /Applications/Xcode-27.0.0-Release.Candidate.app/Contents/Developer/Platforms/WatchOS.platform/Developer/usr/lib -F /Users/admin/builder/spi-builder-workspace/.derivedData/Build/Products/Debug-watchos -F /Applications/Xcode-27.0.0-Release.Candidate.app/Contents/Developer/Platforms/WatchOS.platform/Developer/Library/Frameworks -F /Applications/Xcode-27.0.0-Release.Candidate.app/Contents/Developer/Platforms/WatchOS.platform/Developer/SDKs/WatchOS27.0.sdk/Developer/Library/Frameworks -c -j10 -enable-batch-mode -incremental -Xcc -ivfsstatcache -Xcc /Users/admin/builder/spi-builder-workspace/.derivedData/SDKStatCaches.noindex/watchos27.0-24R360-e829b21a6f8c9b70876ba0858053c04477534ef55a1706bf4c1112bbb242f0a2.sdkstatcache -output-file-map /Users/admin/builder/spi-builder-workspace/.derivedData/Build/Intermediates.noindex/Extendable.build/Debug-watchos/ExtendableHost-t.build/Objects-normal/arm64/ExtendableHost-OutputFileMap.json -save-temps -no-color-diagnostics -explicit-module-build -module-cache-path /Users/admin/builder/spi-builder-workspace/.derivedData/Build/Intermediates.noindex/SwiftExplicitPrecompiledModules -clang-scanner-module-cache-path /Users/admin/builder/spi-builder-workspace/.derivedData/ModuleCache.noindex -sdk-module-cache-path /Users/admin/builder/spi-builder-workspace/.derivedData/SDKExplicitPrecompiledModules -emit-dependencies -emit-module -emit-module-path /Users/admin/builder/spi-builder-workspace/.derivedData/Build/Intermediates.noindex/Extendable.build/Debug-watchos/ExtendableHost-t.build/Objects-normal/arm64/ExtendableHost.swiftmodule -serialize-diagnostics -dependency-scan-serialize-diagnostics-path /Users/admin/builder/spi-builder-workspace/.derivedData/Build/Intermediates.noindex/Extendable.build/Debug-watchos/ExtendableHost-t.build/Objects-normal/arm64/ExtendableHost-dependency-scan.dia -validate-clang-modules-once -clang-build-session-file /Users/admin/builder/spi-builder-workspace/.derivedData/ModuleCache.noindex/Session.modulevalidation -Xcc -fmodules-prune-interval\=86400 -Xcc -fmodules-prune-after\=345600 -emit-const-values -const-gather-protocols-list /Users/admin/builder/spi-builder-workspace/.derivedData/Build/Intermediates.noindex/Extendable.build/Debug-watchos/ExtendableHost-t.build/Objects-normal/arm64/ExtendableHost_const_extract_protocols.json -Xcc -I/Users/admin/builder/spi-builder-workspace/.derivedData/Build/Products/Debug-watchos/include -Xcc -I/Users/admin/builder/spi-builder-workspace/.derivedData/Build/Intermediates.noindex/Extendable.build/Debug-watchos/ExtendableHost-t.build/DerivedSources-normal/arm64 -Xcc -I/Users/admin/builder/spi-builder-workspace/.derivedData/Build/Intermediates.noindex/Extendable.build/Debug-watchos/ExtendableHost-t.build/DerivedSources/arm64 -Xcc -I/Users/admin/builder/spi-builder-workspace/.derivedData/Build/Intermediates.noindex/Extendable.build/Debug-watchos/ExtendableHost-t.build/DerivedSources -Xcc -DSWIFT_PACKAGE -Xcc -DDEBUG\=1 -emit-objc-header -emit-objc-header-path /Users/admin/builder/spi-builder-workspace/.derivedData/Build/Intermediates.noindex/Extendable.build/Debug-watchos/ExtendableHost-t.build/Objects-normal/arm64/ExtendableHost-Swift.h -working-directory /Users/admin/builder/spi-builder-workspace/.swiftpm/xcode -experimental-emit-module-separately -disable-cmo
SwiftDriver Extendable normal arm64 com.apple.xcode.tools.swift.compiler (in target 'Extendable' from project 'Extendable')
    cd /Users/admin/builder/spi-builder-workspace/.swiftpm/xcode
    builtin-SwiftDriver -- /Applications/Xcode-27.0.0-Release.Candidate.app/Contents/Developer/Toolchains/XcodeDefault.xctoolchain/usr/bin/swiftc -parse-as-library -module-name Extendable -Onone @/Users/admin/builder/spi-builder-workspace/.derivedData/Build/Intermediates.noindex/Extendable.build/Debug-watchos/Extendable-t.build/Objects-normal/arm64/Extendable.SwiftFileList -DSWIFT_PACKAGE -DDEBUG -DSWIFT_MODULE_RESOURCE_BUNDLE_UNAVAILABLE -DXcode -enable-experimental-feature StrictConcurrency -plugin-path /Applications/Xcode-27.0.0-Release.Candidate.app/Contents/Developer/Toolchains/XcodeDefault.xctoolchain/usr/lib/swift/host/plugins/testing -enable-experimental-feature DebugDescriptionMacro -sdk /Applications/Xcode-27.0.0-Release.Candidate.app/Contents/Developer/Platforms/WatchOS.platform/Developer/SDKs/WatchOS27.0.sdk -target arm64-apple-watchos9.0 -g -module-cache-path /Users/admin/builder/spi-builder-workspace/.derivedData/ModuleCache.noindex -Xfrontend -serialize-debugging-options -profile-coverage-mapping -profile-generate -enable-testing -index-store-path /Users/admin/builder/spi-builder-workspace/.derivedData/Index.noindex/DataStore -Xcc -D_LIBCPP_HARDENING_MODE\=_LIBCPP_HARDENING_MODE_DEBUG -swift-version 5 -I /Users/admin/builder/spi-builder-workspace/.derivedData/Build/Products/Debug-watchos -Isystem /Applications/Xcode-27.0.0-Release.Candidate.app/Contents/Developer/Platforms/WatchOS.platform/Developer/usr/lib -F /Users/admin/builder/spi-builder-workspace/.derivedData/Build/Products/Debug-watchos -F /Applications/Xcode-27.0.0-Release.Candidate.app/Contents/Developer/Platforms/WatchOS.platform/Developer/Library/Frameworks -F /Applications/Xcode-27.0.0-Release.Candidate.app/Contents/Developer/Platforms/WatchOS.platform/Developer/SDKs/WatchOS27.0.sdk/Developer/Library/Frameworks -c -j10 -enable-batch-mode -incremental -Xcc -ivfsstatcache -Xcc /Users/admin/builder/spi-builder-workspace/.derivedData/SDKStatCaches.noindex/watchos27.0-24R360-e829b21a6f8c9b70876ba0858053c04477534ef55a1706bf4c1112bbb242f0a2.sdkstatcache -output-file-map /Users/admin/builder/spi-builder-workspace/.derivedData/Build/Intermediates.noindex/Extendable.build/Debug-watchos/Extendable-t.build/Objects-normal/arm64/Extendable-OutputFileMap.json -save-temps -no-color-diagnostics -explicit-module-build -module-cache-path /Users/admin/builder/spi-builder-workspace/.derivedData/Build/Intermediates.noindex/SwiftExplicitPrecompiledModules -clang-scanner-module-cache-path /Users/admin/builder/spi-builder-workspace/.derivedData/ModuleCache.noindex -sdk-module-cache-path /Users/admin/builder/spi-builder-workspace/.derivedData/SDKExplicitPrecompiledModules -emit-dependencies -emit-module -emit-module-path /Users/admin/builder/spi-builder-workspace/.derivedData/Build/Intermediates.noindex/Extendable.build/Debug-watchos/Extendable-t.build/Objects-normal/arm64/Extendable.swiftmodule -serialize-diagnostics -dependency-scan-serialize-diagnostics-path /Users/admin/builder/spi-builder-workspace/.derivedData/Build/Intermediates.noindex/Extendable.build/Debug-watchos/Extendable-t.build/Objects-normal/arm64/Extendable-dependency-scan.dia -validate-clang-modules-once -clang-build-session-file /Users/admin/builder/spi-builder-workspace/.derivedData/ModuleCache.noindex/Session.modulevalidation -Xcc -fmodules-prune-interval\=86400 -Xcc -fmodules-prune-after\=345600 -emit-const-values -const-gather-protocols-list /Users/admin/builder/spi-builder-workspace/.derivedData/Build/Intermediates.noindex/Extendable.build/Debug-watchos/Extendable-t.build/Objects-normal/arm64/Extendable_const_extract_protocols.json -Xcc -I/Users/admin/builder/spi-builder-workspace/.derivedData/Build/Products/Debug-watchos/include -Xcc -I/Users/admin/builder/spi-builder-workspace/.derivedData/Build/Intermediates.noindex/Extendable.build/Debug-watchos/Extendable-t.build/DerivedSources-normal/arm64 -Xcc -I/Users/admin/builder/spi-builder-workspace/.derivedData/Build/Intermediates.noindex/Extendable.build/Debug-watchos/Extendable-t.build/DerivedSources/arm64 -Xcc -I/Users/admin/builder/spi-builder-workspace/.derivedData/Build/Intermediates.noindex/Extendable.build/Debug-watchos/Extendable-t.build/DerivedSources -Xcc -DSWIFT_PACKAGE -Xcc -DDEBUG\=1 -emit-objc-header -emit-objc-header-path /Users/admin/builder/spi-builder-workspace/.derivedData/Build/Intermediates.noindex/Extendable.build/Debug-watchos/Extendable-t.build/Objects-normal/arm64/Extendable-Swift.h -working-directory /Users/admin/builder/spi-builder-workspace/.swiftpm/xcode -experimental-emit-module-separately -disable-cmo
SwiftDriver Extendable normal arm64_32 com.apple.xcode.tools.swift.compiler (in target 'Extendable' from project 'Extendable')
    cd /Users/admin/builder/spi-builder-workspace/.swiftpm/xcode
    builtin-SwiftDriver -- /Applications/Xcode-27.0.0-Release.Candidate.app/Contents/Developer/Toolchains/XcodeDefault.xctoolchain/usr/bin/swiftc -parse-as-library -module-name Extendable -Onone @/Users/admin/builder/spi-builder-workspace/.derivedData/Build/Intermediates.noindex/Extendable.build/Debug-watchos/Extendable-t.build/Objects-normal/arm64_32/Extendable.SwiftFileList -DSWIFT_PACKAGE -DDEBUG -DSWIFT_MODULE_RESOURCE_BUNDLE_UNAVAILABLE -DXcode -enable-experimental-feature StrictConcurrency -plugin-path /Applications/Xcode-27.0.0-Release.Candidate.app/Contents/Developer/Toolchains/XcodeDefault.xctoolchain/usr/lib/swift/host/plugins/testing -enable-experimental-feature DebugDescriptionMacro -sdk /Applications/Xcode-27.0.0-Release.Candidate.app/Contents/Developer/Platforms/WatchOS.platform/Developer/SDKs/WatchOS27.0.sdk -target arm64_32-apple-watchos9.0 -g -module-cache-path /Users/admin/builder/spi-builder-workspace/.derivedData/ModuleCache.noindex -Xfrontend -serialize-debugging-options -profile-coverage-mapping -profile-generate -enable-testing -index-store-path /Users/admin/builder/spi-builder-workspace/.derivedData/Index.noindex/DataStore -Xcc -D_LIBCPP_HARDENING_MODE\=_LIBCPP_HARDENING_MODE_DEBUG -swift-version 5 -I /Users/admin/builder/spi-builder-workspace/.derivedData/Build/Products/Debug-watchos -Isystem /Applications/Xcode-27.0.0-Release.Candidate.app/Contents/Developer/Platforms/WatchOS.platform/Developer/usr/lib -F /Users/admin/builder/spi-builder-workspace/.derivedData/Build/Products/Debug-watchos -F /Applications/Xcode-27.0.0-Release.Candidate.app/Contents/Developer/Platforms/WatchOS.platform/Developer/Library/Frameworks -F /Applications/Xcode-27.0.0-Release.Candidate.app/Contents/Developer/Platforms/WatchOS.platform/Developer/SDKs/WatchOS27.0.sdk/Developer/Library/Frameworks -c -j10 -enable-batch-mode -incremental -Xcc -ivfsstatcache -Xcc /Users/admin/builder/spi-builder-workspace/.derivedData/SDKStatCaches.noindex/watchos27.0-24R360-e829b21a6f8c9b70876ba0858053c04477534ef55a1706bf4c1112bbb242f0a2.sdkstatcache -output-file-map /Users/admin/builder/spi-builder-workspace/.derivedData/Build/Intermediates.noindex/Extendable.build/Debug-watchos/Extendable-t.build/Objects-normal/arm64_32/Extendable-OutputFileMap.json -save-temps -no-color-diagnostics -explicit-module-build -module-cache-path /Users/admin/builder/spi-builder-workspace/.derivedData/Build/Intermediates.noindex/SwiftExplicitPrecompiledModules -clang-scanner-module-cache-path /Users/admin/builder/spi-builder-workspace/.derivedData/ModuleCache.noindex -sdk-module-cache-path /Users/admin/builder/spi-builder-workspace/.derivedData/SDKExplicitPrecompiledModules -emit-dependencies -emit-module -emit-module-path /Users/admin/builder/spi-builder-workspace/.derivedData/Build/Intermediates.noindex/Extendable.build/Debug-watchos/Extendable-t.build/Objects-normal/arm64_32/Extendable.swiftmodule -serialize-diagnostics -dependency-scan-serialize-diagnostics-path /Users/admin/builder/spi-builder-workspace/.derivedData/Build/Intermediates.noindex/Extendable.build/Debug-watchos/Extendable-t.build/Objects-normal/arm64_32/Extendable-dependency-scan.dia -validate-clang-modules-once -clang-build-session-file /Users/admin/builder/spi-builder-workspace/.derivedData/ModuleCache.noindex/Session.modulevalidation -Xcc -fmodules-prune-interval\=86400 -Xcc -fmodules-prune-after\=345600 -emit-const-values -const-gather-protocols-list /Users/admin/builder/spi-builder-workspace/.derivedData/Build/Intermediates.noindex/Extendable.build/Debug-watchos/Extendable-t.build/Objects-normal/arm64_32/Extendable_const_extract_protocols.json -Xcc -I/Users/admin/builder/spi-builder-workspace/.derivedData/Build/Products/Debug-watchos/include -Xcc -I/Users/admin/builder/spi-builder-workspace/.derivedData/Build/Intermediates.noindex/Extendable.build/Debug-watchos/Extendable-t.build/DerivedSources-normal/arm64_32 -Xcc -I/Users/admin/builder/spi-builder-workspace/.derivedData/Build/Intermediates.noindex/Extendable.build/Debug-watchos/Extendable-t.build/DerivedSources/arm64_32 -Xcc -I/Users/admin/builder/spi-builder-workspace/.derivedData/Build/Intermediates.noindex/Extendable.build/Debug-watchos/Extendable-t.build/DerivedSources -Xcc -DSWIFT_PACKAGE -Xcc -DDEBUG\=1 -emit-objc-header -emit-objc-header-path /Users/admin/builder/spi-builder-workspace/.derivedData/Build/Intermediates.noindex/Extendable.build/Debug-watchos/Extendable-t.build/Objects-normal/arm64_32/Extendable-Swift.h -working-directory /Users/admin/builder/spi-builder-workspace/.swiftpm/xcode -experimental-emit-module-separately -disable-cmo
SwiftExplicitDependencyGeneratePcm arm64 /Users/admin/builder/spi-builder-workspace/.derivedData/SDKExplicitPrecompiledModules/SwiftUI-APXDH8ULYLM6FD17YRA73TULO.pcm
SwiftEmitModule normal arm64_32 Emitting\ module\ for\ Extendable (in target 'Extendable' from project 'Extendable')
SwiftCompile normal arm64_32 (in target 'Extendable' from project 'Extendable')
    cd /Users/admin/builder/spi-builder-workspace/.swiftpm/xcode

/Users/admin/builder/spi-builder-workspace/Sources/Extendable/ConnectableConfiguration.swift:12:57: error: 'XPCListener' is only available in watchOS 10.0 or newer
 3 |
 4 | @MainActor @preconcurrency
 5 | public struct ConnectableConfiguration: AppExtensionConfiguration {
   |               `- note: add '@available' attribute to enclosing struct
 6 |
 7 | 	private var handler: @MainActor (NSXPCConnection) -> Bool
   :
 9 | 	@available(macOS 15.0, iOS 26, *)
10 | 	@MainActor @preconcurrency
11 | 	public init(
   |         `- note: add '@available' attribute to enclosing initializer
12 | 		onSessionRequest requestHandler: @escaping @Sendable (XPCListener.IncomingSessionRequest) -> XPCListener.IncomingSessionRequest.Decision
   |                                                         `- error: 'XPCListener' is only available in watchOS 10.0 or newer
13 | 	) {
14 | 		preconditionFailure()
/Users/admin/builder/spi-builder-workspace/Sources/Extendable/ConnectableConfiguration.swift:12:96: error: 'XPCListener' is only available in watchOS 10.0 or newer
 3 |
 4 | @MainActor @preconcurrency
 5 | public struct ConnectableConfiguration: AppExtensionConfiguration {
   |               `- note: add '@available' attribute to enclosing struct
 6 |
 7 | 	private var handler: @MainActor (NSXPCConnection) -> Bool
   :
 9 | 	@available(macOS 15.0, iOS 26, *)
10 | 	@MainActor @preconcurrency
11 | 	public init(
   |         `- note: add '@available' attribute to enclosing initializer
12 | 		onSessionRequest requestHandler: @escaping @Sendable (XPCListener.IncomingSessionRequest) -> XPCListener.IncomingSessionRequest.Decision
   |                                                                                                `- error: 'XPCListener' is only available in watchOS 10.0 or newer
13 | 	) {
14 | 		preconditionFailure()
Failed frontend command:
/Applications/Xcode-27.0.0-Release.Candidate.app/Contents/Developer/Toolchains/XcodeDefault.xctoolchain/usr/bin/swift-frontend -frontend -emit-module -experimental-skip-non-inlinable-function-bodies-without-types /Users/admin/builder/spi-builder-workspace/Sources/Extendable/AppExtensionSceneGroup.swift /Users/admin/builder/spi-builder-workspace/Sources/Extendable/ConnectableConfiguration.swift /Users/admin/builder/spi-builder-workspace/Sources/Extendable/ConnectableExtension.swift /Users/admin/builder/spi-builder-workspace/Sources/Extendable/ConnectableSceneExtension.swift /Users/admin/builder/spi-builder-workspace/Sources/Extendable/ConnectingAppExtensionScene.swift /Users/admin/builder/spi-builder-workspace/Sources/Extendable/ConnectionAccepter.swift -target arm64_32-apple-watchos9.0 -disable-cross-import-overlay-search -load-resolved-plugin /Applications/Xcode-27.0.0-Release.Candidate.app/Contents/Developer/Platforms/WatchOS.platform/Developer/usr/lib/swift/host/plugins/libFoundationMacros.dylib\#/Applications/Xcode-27.0.0-Release.Candidate.app/Contents/Developer/Platforms/WatchOS.platform/Developer/usr/bin/swift-plugin-server\#FoundationMacros -load-resolved-plugin /Applications/Xcode-27.0.0-Release.Candidate.app/Contents/Developer/Platforms/WatchOS.platform/Developer/usr/lib/swift/host/plugins/libObservationMacros.dylib\#/Applications/Xcode-27.0.0-Release.Candidate.app/Contents/Developer/Platforms/WatchOS.platform/Developer/usr/bin/swift-plugin-server\#ObservationMacros -load-resolved-plugin /Applications/Xcode-27.0.0-Release.Candidate.app/Contents/Developer/Platforms/WatchOS.platform/Developer/usr/lib/swift/host/plugins/libPreviewsMacros.dylib\#/Applications/Xcode-27.0.0-Release.Candidate.app/Contents/Developer/Platforms/WatchOS.platform/Developer/usr/bin/swift-plugin-server\#PreviewsMacros -load-resolved-plugin /Applications/Xcode-27.0.0-Release.Candidate.app/Contents/Developer/Platforms/WatchOS.platform/Developer/usr/lib/swift/host/plugins/libSwiftMacros.dylib\#/Applications/Xcode-27.0.0-Release.Candidate.app/Contents/Developer/Platforms/WatchOS.platform/Developer/usr/bin/swift-plugin-server\#SwiftMacros -load-resolved-plugin /Applications/Xcode-27.0.0-Release.Candidate.app/Contents/Developer/Platforms/WatchOS.platform/Developer/usr/lib/swift/host/plugins/libSwiftUIMacros.dylib\#/Applications/Xcode-27.0.0-Release.Candidate.app/Contents/Developer/Platforms/WatchOS.platform/Developer/usr/bin/swift-plugin-server\#SwiftUIMacros -disable-implicit-swift-modules -Xcc -fno-implicit-modules -Xcc -fno-implicit-module-maps -explicit-swift-module-map-file /Users/admin/builder/spi-builder-workspace/.derivedData/Build/Intermediates.noindex/Extendable.build/Debug-watchos/Extendable-t.build/Objects-normal/arm64_32/Extendable-dependencies-1.json -enable-objc-interop -sdk /Applications/Xcode-27.0.0-Release.Candidate.app/Contents/Developer/Platforms/WatchOS.platform/Developer/SDKs/WatchOS27.0.sdk -I /Users/admin/builder/spi-builder-workspace/.derivedData/Build/Products/Debug-watchos -Isystem /Applications/Xcode-27.0.0-Release.Candidate.app/Contents/Developer/Platforms/WatchOS.platform/Developer/usr/lib -F /Users/admin/builder/spi-builder-workspace/.derivedData/Build/Products/Debug-watchos -F /Applications/Xcode-27.0.0-Release.Candidate.app/Contents/Developer/Platforms/WatchOS.platform/Developer/Library/Frameworks -F /Applications/Xcode-27.0.0-Release.Candidate.app/Contents/Developer/Platforms/WatchOS.platform/Developer/SDKs/WatchOS27.0.sdk/Developer/Library/Frameworks -module-cache-path /Users/admin/builder/spi-builder-workspace/.derivedData/Build/Intermediates.noindex/SwiftExplicitPrecompiledModules -no-color-diagnostics -Xcc -fno-color-diagnostics -enable-testing -g -debug-info-format\=dwarf -dwarf-version\=4 -profile-generate -profile-coverage-mapping -swift-version 5 -Onone -D SWIFT_PACKAGE -D DEBUG -D SWIFT_MODULE_RESOURCE_BUNDLE_UNAVAILABLE -D Xcode -serialize-debugging-options -enable-experimental-feature StrictConcurrency -enable-experimental-feature DebugDescriptionMacro -empty-abi-descriptor -validate-clang-modules-once -clang-build-session-file /Users/admin/builder/spi-builder-workspace/.derivedData/ModuleCache.noindex/Session.modulevalidation -Xcc -working-directory -Xcc /Users/admin/builder/spi-builder-workspace/.swiftpm/xcode -enable-anonymous-context-mangled-names -file-compilation-dir /Users/admin/builder/spi-builder-workspace/.swiftpm/xcode -Xcc -D_LIBCPP_HARDENING_MODE\=_LIBCPP_HARDENING_MODE_DEBUG -Xcc -ivfsstatcache -Xcc /Users/admin/builder/spi-builder-workspace/.derivedData/SDKStatCaches.noindex/watchos27.0-24R360-e829b21a6f8c9b70876ba0858053c04477534ef55a1706bf4c1112bbb242f0a2.sdkstatcache -Xcc -fmodules-prune-interval\=86400 -Xcc -fmodules-prune-after\=345600 -Xcc -I/Users/admin/builder/spi-builder-workspace/.derivedData/Build/Products/Debug-watchos/include -Xcc -I/Users/admin/builder/spi-builder-workspace/.derivedData/Build/Intermediates.noindex/Extendable.build/Debug-watchos/Extendable-t.build/DerivedSources-normal/arm64_32 -Xcc -I/Users/admin/builder/spi-builder-workspace/.derivedData/Build/Intermediates.noindex/Extendable.build/Debug-watchos/Extendable-t.build/DerivedSources/arm64_32 -Xcc -I/Users/admin/builder/spi-builder-workspace/.derivedData/Build/Intermediates.noindex/Extendable.build/Debug-watchos/Extendable-t.build/DerivedSources -Xcc -DSWIFT_PACKAGE -Xcc -DDEBUG\=1 -no-auto-bridging-header-chaining -module-name Extendable -const-gather-protocols-file /Users/admin/builder/spi-builder-workspace/.derivedData/Build/Intermediates.noindex/Extendable.build/Debug-watchos/Extendable-t.build/Objects-normal/arm64_32/Extendable_const_extract_protocols.json -disable-clang-spi -clang-target arm64_32-apple-watchos27.0 -target-sdk-version 27.0 -target-sdk-name watchos27.0 -in-process-plugin-server-path /Applications/Xcode-27.0.0-Release.Candidate.app/Contents/Developer/Toolchains/XcodeDefault.xctoolchain/usr/lib/swift/host/libSwiftInProcPluginServer.dylib -emit-module-doc-path /Users/admin/builder/spi-builder-workspace/.derivedData/Build/Intermediates.noindex/Extendable.build/Debug-watchos/Extendable-t.build/Objects-normal/arm64_32/Extendable.swiftdoc -emit-module-source-info-path /Users/admin/builder/spi-builder-workspace/.derivedData/Build/Intermediates.noindex/Extendable.build/Debug-watchos/Extendable-t.build/Objects-normal/arm64_32/Extendable.swiftsourceinfo -emit-objc-header-path /Users/admin/builder/spi-builder-workspace/.derivedData/Build/Intermediates.noindex/Extendable.build/Debug-watchos/Extendable-t.build/Objects-normal/arm64_32/Extendable-Swift.h -serialize-diagnostics-path /Users/admin/builder/spi-builder-workspace/.derivedData/Build/Intermediates.noindex/Extendable.build/Debug-watchos/Extendable-t.build/Objects-normal/arm64_32/Extendable-primary-emit-module.dia -emit-dependencies-path /Users/admin/builder/spi-builder-workspace/.derivedData/Build/Intermediates.noindex/Extendable.build/Debug-watchos/Extendable-t.build/Objects-normal/arm64_32/Extendable-primary-emit-module.d -parse-as-library -o /Users/admin/builder/spi-builder-workspace/.derivedData/Build/Intermediates.noindex/Extendable.build/Debug-watchos/Extendable-t.build/Objects-normal/arm64_32/Extendable.swiftmodule -emit-abi-descriptor-path /Users/admin/builder/spi-builder-workspace/.derivedData/Build/Intermediates.noindex/Extendable.build/Debug-watchos/Extendable-t.build/Objects-normal/arm64_32/Extendable.abi.json
SwiftCompile normal arm64_32 Compiling\ AppExtensionSceneGroup.swift /Users/admin/builder/spi-builder-workspace/Sources/Extendable/AppExtensionSceneGroup.swift (in target 'Extendable' from project 'Extendable')
SwiftCompile normal arm64_32 /Users/admin/builder/spi-builder-workspace/Sources/Extendable/AppExtensionSceneGroup.swift (in target 'Extendable' from project 'Extendable')
    cd /Users/admin/builder/spi-builder-workspace/.swiftpm/xcode
    builtin-SwiftPerFileCompile AppExtensionSceneGroup.swift
SwiftCompile normal arm64_32 Compiling\ ConnectableSceneExtension.swift /Users/admin/builder/spi-builder-workspace/Sources/Extendable/ConnectableSceneExtension.swift (in target 'Extendable' from project 'Extendable')
SwiftCompile normal arm64_32 /Users/admin/builder/spi-builder-workspace/Sources/Extendable/ConnectableSceneExtension.swift (in target 'Extendable' from project 'Extendable')
    cd /Users/admin/builder/spi-builder-workspace/.swiftpm/xcode
    builtin-SwiftPerFileCompile ConnectableSceneExtension.swift
/Users/admin/builder/spi-builder-workspace/Sources/Extendable/ConnectableSceneExtension.swift:20:10: warning: conformance of 'Content' to protocol 'AppExtensionScene' may be isolated and cannot be passed to main actor-isolated context [#IsolatedConformances]
18 | public extension ConnectableSceneExtension {
19 | 	var configuration: AppExtensionSceneConfiguration {
20 | 		return AppExtensionSceneConfiguration(scene, configuration: globalConfiguration)
   |          `- warning: conformance of 'Content' to protocol 'AppExtensionScene' may be isolated and cannot be passed to main actor-isolated context [#IsolatedConformances]
21 | 	}
22 | }
/Users/admin/builder/spi-builder-workspace/Sources/Extendable/ConnectableSceneExtension.swift:20:10: warning: call to main actor-isolated initializer 'init(_:configuration:)' in a synchronous nonisolated context [#ActorIsolatedCall]
18 | public extension ConnectableSceneExtension {
19 | 	var configuration: AppExtensionSceneConfiguration {
20 | 		return AppExtensionSceneConfiguration(scene, configuration: globalConfiguration)
   |          `- warning: call to main actor-isolated initializer 'init(_:configuration:)' in a synchronous nonisolated context [#ActorIsolatedCall]
21 | 	}
22 | }
ExtensionKit.AppExtensionSceneConfiguration.init:2:35: note: calls to initializer 'init(_:configuration:)' from outside of its actor context are implicitly asynchronous
1 | struct AppExtensionSceneConfiguration {
2 | @MainActor @preconcurrency public init<Content, Configuration>(_ content: @autoclosure @escaping @MainActor () -> Content, configuration: Configuration? = nil) where Content : AppExtensionScene, Configuration : AppExtensionConfiguration}
  |                                   `- note: calls to initializer 'init(_:configuration:)' from outside of its actor context are implicitly asynchronous
3 |
SwiftCompile normal arm64_32 Compiling\ ConnectableExtension.swift /Users/admin/builder/spi-builder-workspace/Sources/Extendable/ConnectableExtension.swift (in target 'Extendable' from project 'Extendable')
/Users/admin/builder/spi-builder-workspace/Sources/Extendable/ConnectableExtension.swift:14:10: warning: main actor-isolated property 'accepter' can not be referenced from a nonisolated context
 5 | @available(macOS 13.0, iOS 16.0, watchOS 9.0, tvOS 16.0, *)
 6 | public struct ConnectingAppExtensionConfiguration: AppExtensionConfiguration {
 7 | 	let accepter: ConnectionAccepter
   |      `- note: property declared here
 8 |
 9 | 	public init(_ handler: @escaping ConnectionHandler) {
   :
12 |
13 | 	public func accept(connection: NSXPCConnection) -> Bool {
14 | 		return accepter.accept(connection: connection)
   |          `- warning: main actor-isolated property 'accepter' can not be referenced from a nonisolated context
15 | 	}
16 | }
/Users/admin/builder/spi-builder-workspace/Sources/Extendable/ConnectableExtension.swift:31:10: warning: call to main actor-isolated initializer 'init(_:)' in a synchronous nonisolated context [#ActorIsolatedCall]
 7 | 	let accepter: ConnectionAccepter
 8 |
 9 | 	public init(_ handler: @escaping ConnectionHandler) {
   |         |- note: calls to initializer 'init(_:)' from outside of its actor context are implicitly asynchronous
   |         `- note: main actor isolation inferred from conformance to protocol 'AppExtensionConfiguration'
10 | 		self.accepter = ConnectionAccepter(handler)
11 | 	}
   :
29 | 	/// will be used for the `configuration` property by default.
30 | 	var globalConfiguration: ConnectingAppExtensionConfiguration {
31 | 		return ConnectingAppExtensionConfiguration { connection in
   |          `- warning: call to main actor-isolated initializer 'init(_:)' in a synchronous nonisolated context [#ActorIsolatedCall]
32 | 			try self.acceptConnection(connection)
33 | 		}
SwiftCompile normal arm64_32 /Users/admin/builder/spi-builder-workspace/Sources/Extendable/ConnectableExtension.swift (in target 'Extendable' from project 'Extendable')
    cd /Users/admin/builder/spi-builder-workspace/.swiftpm/xcode
    builtin-SwiftPerFileCompile ConnectableExtension.swift
SwiftCompile normal arm64_32 Compiling\ ConnectionAccepter.swift /Users/admin/builder/spi-builder-workspace/Sources/Extendable/ConnectionAccepter.swift (in target 'Extendable' from project 'Extendable')
SwiftCompile normal arm64_32 /Users/admin/builder/spi-builder-workspace/Sources/Extendable/ConnectionAccepter.swift (in target 'Extendable' from project 'Extendable')
    cd /Users/admin/builder/spi-builder-workspace/.swiftpm/xcode
    builtin-SwiftPerFileCompile ConnectionAccepter.swift
SwiftCompile normal arm64_32 Compiling\ AppExtensionBrowserView.swift /Users/admin/builder/spi-builder-workspace/Sources/ExtendableHost/AppExtensionBrowserView.swift (in target 'ExtendableHost' from project 'Extendable')
/Users/admin/builder/spi-builder-workspace/Sources/ExtendableHost/AppExtensionBrowserView.swift:23:56: error: cannot find type 'EXAppExtensionBrowserViewController' in scope
21 | 	}
22 |
23 | 	public func makeUIViewController(context: Context) -> EXAppExtensionBrowserViewController {
   |                                                        `- error: cannot find type 'EXAppExtensionBrowserViewController' in scope
24 | 		return EXAppExtensionBrowserViewController()
25 | 	}
/Users/admin/builder/spi-builder-workspace/Sources/ExtendableHost/AppExtensionBrowserView.swift:23:44: error: cannot find type 'Context' in scope
21 | 	}
22 |
23 | 	public func makeUIViewController(context: Context) -> EXAppExtensionBrowserViewController {
   |                                            `- error: cannot find type 'Context' in scope
24 | 		return EXAppExtensionBrowserViewController()
25 | 	}
/Users/admin/builder/spi-builder-workspace/Sources/ExtendableHost/AppExtensionBrowserView.swift:27:55: error: cannot find type 'EXAppExtensionBrowserViewController' in scope
25 | 	}
26 |
27 | 	public func updateUIViewController(_ viewController: EXAppExtensionBrowserViewController, context: Context) {
   |                                                       `- error: cannot find type 'EXAppExtensionBrowserViewController' in scope
28 | 	}
29 | }
/Users/admin/builder/spi-builder-workspace/Sources/ExtendableHost/AppExtensionBrowserView.swift:27:101: error: cannot find type 'Context' in scope
25 | 	}
26 |
27 | 	public func updateUIViewController(_ viewController: EXAppExtensionBrowserViewController, context: Context) {
   |                                                                                                     `- error: cannot find type 'Context' in scope
28 | 	}
29 | }
/Users/admin/builder/spi-builder-workspace/Sources/ExtendableHost/AppExtensionBrowserView.swift:19:40: error: cannot find type 'UIViewControllerRepresentable' in scope
17 | #else
18 | @available(iOS 26, *)
19 | public struct AppExtensionBrowserView: UIViewControllerRepresentable {
   |                                        `- error: cannot find type 'UIViewControllerRepresentable' in scope
20 | 	public init() {
21 | 	}
SwiftCompile normal arm64_32 /Users/admin/builder/spi-builder-workspace/Sources/ExtendableHost/AppExtensionBrowserView.swift (in target 'ExtendableHost' from project 'Extendable')
    cd /Users/admin/builder/spi-builder-workspace/.swiftpm/xcode
    builtin-SwiftPerFileCompile AppExtensionBrowserView.swift
SwiftEmitModule normal arm64_32 Emitting\ module\ for\ ExtendableHost (in target 'ExtendableHost' from project 'Extendable')
/Users/admin/builder/spi-builder-workspace/Sources/ExtendableHost/AppExtensionBrowserView.swift:23:56: error: cannot find type 'EXAppExtensionBrowserViewController' in scope
21 | 	}
22 |
23 | 	public func makeUIViewController(context: Context) -> EXAppExtensionBrowserViewController {
   |                                                        `- error: cannot find type 'EXAppExtensionBrowserViewController' in scope
24 | 		return EXAppExtensionBrowserViewController()
25 | 	}
/Users/admin/builder/spi-builder-workspace/Sources/ExtendableHost/AppExtensionBrowserView.swift:23:44: error: cannot find type 'Context' in scope
21 | 	}
22 |
23 | 	public func makeUIViewController(context: Context) -> EXAppExtensionBrowserViewController {
   |                                            `- error: cannot find type 'Context' in scope
24 | 		return EXAppExtensionBrowserViewController()
25 | 	}
/Users/admin/builder/spi-builder-workspace/Sources/ExtendableHost/AppExtensionBrowserView.swift:27:55: error: cannot find type 'EXAppExtensionBrowserViewController' in scope
25 | 	}
26 |
27 | 	public func updateUIViewController(_ viewController: EXAppExtensionBrowserViewController, context: Context) {
   |                                                       `- error: cannot find type 'EXAppExtensionBrowserViewController' in scope
28 | 	}
29 | }
/Users/admin/builder/spi-builder-workspace/Sources/ExtendableHost/AppExtensionBrowserView.swift:27:101: error: cannot find type 'Context' in scope
25 | 	}
26 |
27 | 	public func updateUIViewController(_ viewController: EXAppExtensionBrowserViewController, context: Context) {
   |                                                                                                     `- error: cannot find type 'Context' in scope
28 | 	}
29 | }
/Users/admin/builder/spi-builder-workspace/Sources/ExtendableHost/AppExtensionBrowserView.swift:19:40: error: cannot find type 'UIViewControllerRepresentable' in scope
17 | #else
18 | @available(iOS 26, *)
19 | public struct AppExtensionBrowserView: UIViewControllerRepresentable {
   |                                        `- error: cannot find type 'UIViewControllerRepresentable' in scope
20 | 	public init() {
21 | 	}
/Users/admin/builder/spi-builder-workspace/Sources/ExtendableHost/AppExtensionMonitor.swift:7:27: error: 'ID' is only available in watchOS 26.0 or newer
 3 |
 4 | @available(macOS 13, iOS 26, *)
 5 | extension AppExtensionIdentity {
   | `- note: add '@available' attribute to enclosing extension
 6 | 	/// exists because something is wrong with the Identifiable conformance with 26 beta 1
 7 | 	public var workaroundID: ID {
   |             |             `- error: 'ID' is only available in watchOS 26.0 or newer
   |             `- note: add '@available' attribute to enclosing property
 8 | 		"\(bundleIdentifier)-\(extensionPointIdentifier)"
 9 | 	}
/Users/admin/builder/spi-builder-workspace/Sources/ExtendableHost/AppExtensionMonitor.swift:5:11: error: 'AppExtensionIdentity' is only available in watchOS 26.0 or newer
 3 |
 4 | @available(macOS 13, iOS 26, *)
 5 | extension AppExtensionIdentity {
   | |         `- error: 'AppExtensionIdentity' is only available in watchOS 26.0 or newer
   | `- note: add '@available' attribute to enclosing extension
 6 | 	/// exists because something is wrong with the Identifiable conformance with 26 beta 1
 7 | 	public var workaroundID: ID {
SwiftCompile normal arm64_32 (in target 'ExtendableHost' from project 'Extendable')
    cd /Users/admin/builder/spi-builder-workspace/.swiftpm/xcode

SwiftCompile normal arm64_32 Compiling\ ConnectableConfiguration.swift /Users/admin/builder/spi-builder-workspace/Sources/Extendable/ConnectableConfiguration.swift (in target 'Extendable' from project 'Extendable')
/Users/admin/builder/spi-builder-workspace/Sources/Extendable/ConnectableConfiguration.swift:12:57: error: 'XPCListener' is only available in watchOS 10.0 or newer
 3 |
 4 | @MainActor @preconcurrency
 5 | public struct ConnectableConfiguration: AppExtensionConfiguration {
   |               `- note: add '@available' attribute to enclosing struct
 6 |
 7 | 	private var handler: @MainActor (NSXPCConnection) -> Bool
   :
 9 | 	@available(macOS 15.0, iOS 26, *)
10 | 	@MainActor @preconcurrency
11 | 	public init(
   |         `- note: add '@available' attribute to enclosing initializer
12 | 		onSessionRequest requestHandler: @escaping @Sendable (XPCListener.IncomingSessionRequest) -> XPCListener.IncomingSessionRequest.Decision
   |                                                         `- error: 'XPCListener' is only available in watchOS 10.0 or newer
13 | 	) {
14 | 		preconditionFailure()
SwiftCompile normal arm64_32 /Users/admin/builder/spi-builder-workspace/Sources/Extendable/ConnectableConfiguration.swift (in target 'Extendable' from project 'Extendable')
    cd /Users/admin/builder/spi-builder-workspace/.swiftpm/xcode
    builtin-SwiftPerFileCompile ConnectableConfiguration.swift
SwiftCompile normal arm64_32 Compiling\ ConnectingAppExtensionScene.swift /Users/admin/builder/spi-builder-workspace/Sources/Extendable/ConnectingAppExtensionScene.swift (in target 'Extendable' from project 'Extendable')
SwiftCompile normal arm64_32 /Users/admin/builder/spi-builder-workspace/Sources/Extendable/ConnectingAppExtensionScene.swift (in target 'Extendable' from project 'Extendable')
    cd /Users/admin/builder/spi-builder-workspace/.swiftpm/xcode
    builtin-SwiftPerFileCompile ConnectingAppExtensionScene.swift
SwiftCompile normal arm64_32 Compiling\ AppExtensionMonitor.swift /Users/admin/builder/spi-builder-workspace/Sources/ExtendableHost/AppExtensionMonitor.swift (in target 'ExtendableHost' from project 'Extendable')
SwiftCompile normal arm64_32 /Users/admin/builder/spi-builder-workspace/Sources/ExtendableHost/AppExtensionMonitor.swift (in target 'ExtendableHost' from project 'Extendable')
    cd /Users/admin/builder/spi-builder-workspace/.swiftpm/xcode
    builtin-SwiftPerFileCompile AppExtensionMonitor.swift
SwiftEmitModule normal arm64 Emitting\ module\ for\ ExtendableHost (in target 'ExtendableHost' from project 'Extendable')
SwiftCompile normal arm64 (in target 'ExtendableHost' from project 'Extendable')
    cd /Users/admin/builder/spi-builder-workspace/.swiftpm/xcode

PruneExplicitPrecompiledModules /Users/admin/builder/spi-builder-workspace/.derivedData/Build/Intermediates.noindex/ExplicitPrecompiledModules
PruneExplicitPrecompiledModules /Users/admin/builder/spi-builder-workspace/.derivedData/Build/Intermediates.noindex/SwiftExplicitPrecompiledModules
PruneExplicitPrecompiledModules /Users/admin/builder/spi-builder-workspace/.derivedData/SDKExplicitPrecompiledModules
2026-09-20 09:02:30.588 xcodebuild[816:4889] [MT] IDERunDestination: Supported platforms for the buildables in the current scheme is empty.
** BUILD FAILED **
The following build commands failed:
	SwiftCompile normal arm64_32 (in target 'Extendable' from project 'Extendable')
	SwiftEmitModule normal arm64_32 Emitting\ module\ for\ Extendable (in target 'Extendable' from project 'Extendable')
	Building workspace Extendable with scheme Extendable-Package
(3 failures)
BUILD FAILURE 6.4 watchOS