Build Information
Failed to build SwiftEarcut, reference master (6366fe), with Swift 6.2 for Wasm on 14 Sep 2026 23:19:47 UTC.
Build Command
bash -c docker run --pull=always --rm -v "checkouts-54344844-1":/host -w "$PWD" -e JAVA_HOME="/root/.sdkman/candidates/java/current" -e SPI_BUILD="1" -e SPI_PROCESSING="1" registry.gitlab.com/saguaro1/spi-images:wasm-6.2-latest swift build --swift-sdk swift-6.2-RELEASE_wasm 2>&1Build Log
========================================
RunAll
========================================
Builder version: 5.0.2
Interrupt handler set up.
========================================
Checkout
========================================
Clone URL: https://github.com/measuredweighed/SwiftEarcut.git
Reference: master
Initialized empty Git repository in /host/spi-builder-workspace/.git/
hint: Using 'master' as the name for the initial branch. This default branch name
hint: is subject to change. To configure the initial branch name to use in all
hint: of your new repositories, which will suppress this warning, call:
hint:
hint: git config --global init.defaultBranch <name>
hint:
hint: Names commonly chosen instead of 'master' are 'main', 'trunk' and
hint: 'development'. The just-created branch can be renamed via this command:
hint:
hint: git branch -m <name>
From https://github.com/measuredweighed/SwiftEarcut
* branch master -> FETCH_HEAD
* [new branch] master -> origin/master
HEAD is now at 6366feb docs: update README and DocC for v2
Cloned https://github.com/measuredweighed/SwiftEarcut.git
Revision (git rev-parse @):
6366feb265782746794dfc2b8c1249d064c8ce9b
SPI manifest file found: $PWD/.spi.yml
SUCCESS checkout https://github.com/measuredweighed/SwiftEarcut.git at master
========================================
Build
========================================
Selected platform: wasm
Swift version: 6.2
Building package at path: $PWD
https://github.com/measuredweighed/SwiftEarcut.git
Running build ...
bash -c docker run --pull=always --rm -v "checkouts-54344844-1":/host -w "$PWD" -e JAVA_HOME="/root/.sdkman/candidates/java/current" -e SPI_BUILD="1" -e SPI_PROCESSING="1" registry.gitlab.com/saguaro1/spi-images:wasm-6.2-latest swift build --swift-sdk swift-6.2-RELEASE_wasm 2>&1
wasm-6.2-latest: Pulling from saguaro1/spi-images
Digest: sha256:ff44196b45f83e5a0a99a627b185f548850d9bc1242e3dee2178fb1570812fe8
Status: Image is up to date for registry.gitlab.com/saguaro1/spi-images:wasm-6.2-latest
Building for debugging...
[0/7] Write sources
[2/7] Write swift-version-24593BA9C3E375BF.txt
[4/14] Emitting module SwiftEarcut
[5/14] Compiling SwiftEarcut Tessellator.swift
[6/14] Compiling SwiftEarcut Refine.swift
[7/14] Compiling SwiftEarcut SwiftEarcut.swift
[8/14] Compiling SwiftEarcut Scratch.swift
[9/14] Compiling SwiftEarcut Node.swift
[10/14] Compiling SwiftEarcut BlockIndex.swift
[11/15] Wrapping AST for SwiftEarcut for debugging
error: emit-module command failed with exit code 1 (use -v to see invocation)
[13/17] Emitting module SwiftEarcutBench
/host/spi-builder-workspace/Benchmarks/SwiftEarcutBench/main.swift:4:8: error: no such module 'Glibc'
2 | import Darwin
3 | #else
4 | import Glibc
| `- error: no such module 'Glibc'
5 | #endif
6 | import Foundation
[14/17] Compiling SwiftEarcutBench main.swift
/host/spi-builder-workspace/Benchmarks/SwiftEarcutBench/main.swift:4:8: error: no such module 'Glibc'
2 | import Darwin
3 | #else
4 | import Glibc
| `- error: no such module 'Glibc'
5 | #endif
6 | import Foundation
BUILD FAILURE 6.2 wasm