Build Information
Failed to build StadiaMapsMapKit, reference main (63fc29), with Swift 6.4 for watchOS using Xcode 27.0 on 21 Sep 2026 21:00:51 UTC.
Build Command
env DEVELOPER_DIR=/Applications/Xcode-27.0.0-Release.Candidate.app xcrun xcodebuild -IDEClonedSourcePackagesDirPathOverride=$PWD/.dependencies -skipMacroValidation -skipPackagePluginValidation -derivedDataPath $PWD/.derivedData build -scheme StadiaMapsMapKit -destination generic/platform=watchOSBuild Log
========================================
RunAll
========================================
Builder version: 5.1.0
Interrupt handler set up.
========================================
Checkout
========================================
Clone URL: https://github.com/stadiamaps/mapkit-layers.git
Reference: main
Initialized empty Git repository in /Users/admin/builder/spi-builder-workspace/.git/
From https://github.com/stadiamaps/mapkit-layers
* branch main -> FETCH_HEAD
* [new branch] main -> origin/main
HEAD is now at 63fc297 Add documentation; prepare for SPI submission
Cloned https://github.com/stadiamaps/mapkit-layers.git
Revision (git rev-parse @):
63fc29768befe68e22dd7a974faa653a5e5759ff
SPI manifest file found: $PWD/.spi.yml
SUCCESS checkout https://github.com/stadiamaps/mapkit-layers.git at main
========================================
Build
========================================
Selected platform: watchOS
Swift version: 6.4
Building package at path: $PWD
https://github.com/stadiamaps/mapkit-layers.git
Command line invocation:
/Applications/Xcode-27.0.0-Release.Candidate.app/Contents/Developer/usr/bin/xcodebuild -IDEClonedSourcePackagesDirPathOverride=/Users/admin/builder/spi-builder-workspace/.dependencies -resolvePackageDependencies
Resolve Package Graph
Fetching from https://github.com/stadiamaps/mapkit-caching-tile-overlay
Creating working copy of package ‘mapkit-caching-tile-overlay’
Checking out 1.1.0 of package ‘mapkit-caching-tile-overlay’
Resolve Package Graph
Resolved source packages:
StadiaMapsMapKit: /Users/admin/builder/spi-builder-workspace
CachingMapKitTileOverlay: https://github.com/stadiamaps/mapkit-caching-tile-overlay @ 1.1.0
resolved source packages: StadiaMapsMapKit, CachingMapKitTileOverlay
2026-09-21 17:00:07.102 xcodebuild[529:3025] [MT] IDERunDestination: Supported platforms for the buildables in the current scheme is empty.
{
"dependencies" : [
{
"identity" : "mapkit-caching-tile-overlay",
"requirement" : {
"range" : [
{
"lower_bound" : "1.0.4",
"upper_bound" : "2.0.0"
}
]
},
"type" : "sourceControl",
"url" : "https://github.com/stadiamaps/mapkit-caching-tile-overlay"
}
],
"manifest_display_name" : "StadiaMapsMapKit",
"name" : "StadiaMapsMapKit",
"path" : "/Users/admin/builder/spi-builder-workspace",
"platforms" : [
{
"name" : "ios",
"version" : "13.0"
},
{
"name" : "macos",
"version" : "10.15"
},
{
"name" : "visionos",
"version" : "1.0"
},
{
"name" : "tvos",
"version" : "13.0"
},
{
"name" : "maccatalyst",
"version" : "13.0"
}
],
"products" : [
{
"name" : "StadiaMapsMapKit",
"targets" : [
"StadiaMapsMapKit"
],
"type" : {
"library" : [
"automatic"
]
}
}
],
"targets" : [
{
"c99name" : "StadiaMapsMapKitTests",
"module_type" : "SwiftTarget",
"name" : "StadiaMapsMapKitTests",
"path" : "Tests/StadiaMapsMapKitTests",
"sources" : [
"StadiaMapsMapKitTests.swift"
],
"target_dependencies" : [
"StadiaMapsMapKit"
],
"type" : "test"
},
{
"c99name" : "StadiaMapsMapKit",
"module_type" : "SwiftTarget",
"name" : "StadiaMapsMapKit",
"path" : "Sources/StadiaMapsMapKit",
"product_dependencies" : [
"CachingMapKitTileOverlay"
],
"product_memberships" : [
"StadiaMapsMapKit"
],
"sources" : [
"MapStyle.swift",
"StadiaMapsTileOverlay.swift"
],
"type" : "library"
}
],
"tools_version" : "5.10"
}
{
"workspace" : {
"name" : "StadiaMapsMapKit",
"schemes" : [
"StadiaMapsMapKit"
]
}
}
2026-09-21 17:00:39.433 xcodebuild[663:3981] [MT] IDERunDestination: Supported platforms for the buildables in the current scheme is empty.
Running build ...
env DEVELOPER_DIR=/Applications/Xcode-27.0.0-Release.Candidate.app xcrun xcodebuild -IDEClonedSourcePackagesDirPathOverride=$PWD/.dependencies -skipMacroValidation -skipPackagePluginValidation -derivedDataPath $PWD/.derivedData build -scheme StadiaMapsMapKit -destination generic/platform=watchOS
Command line invocation:
/Applications/Xcode-27.0.0-Release.Candidate.app/Contents/Developer/usr/bin/xcodebuild -IDEClonedSourcePackagesDirPathOverride=/Users/admin/builder/spi-builder-workspace/.dependencies -skipMacroValidation -skipPackagePluginValidation -derivedDataPath /Users/admin/builder/spi-builder-workspace/.derivedData build -scheme StadiaMapsMapKit -destination generic/platform=watchOS
Resolve Package Graph
Resolve Package Graph
Resolved source packages:
StadiaMapsMapKit: /Users/admin/builder/spi-builder-workspace
CachingMapKitTileOverlay: https://github.com/stadiamaps/mapkit-caching-tile-overlay @ 1.1.0
ComputePackagePrebuildTargetDependencyGraph
Prepare packages
CreateBuildRequest
SendProjectDescription
CreateBuildOperation
ComputeTargetDependencyGraph
note: Building targets in dependency order
note: Target dependency graph (4 targets)
Target 'StadiaMapsMapKit-product' in project 'StadiaMapsMapKit'
➜ Explicit dependency on target 'StadiaMapsMapKit' in project 'StadiaMapsMapKit'
➜ Explicit dependency on target 'CachingMapKitTileOverlay-product' in project 'CachingMapKitTileOverlay'
Target 'StadiaMapsMapKit' in project 'StadiaMapsMapKit'
➜ Explicit dependency on target 'CachingMapKitTileOverlay-product' in project 'CachingMapKitTileOverlay'
Target 'CachingMapKitTileOverlay-product' in project 'CachingMapKitTileOverlay'
➜ Explicit dependency on target 'CachingMapKitTileOverlay' in project 'CachingMapKitTileOverlay'
Target 'CachingMapKitTileOverlay' in project 'CachingMapKitTileOverlay' (no dependencies)
GatherProvisioningInputs
CreateBuildDescription
ExecuteExternalTool /Applications/Xcode-27.0.0-Release.Candidate.app/Contents/Developer/Toolchains/XcodeDefault.xctoolchain/usr/bin/clang -v -E -dM -isysroot /Applications/Xcode-27.0.0-Release.Candidate.app/Contents/Developer/Platforms/WatchOS.platform/Developer/SDKs/WatchOS27.0.sdk -x c -c /dev/null
ExecuteExternalTool /Applications/Xcode-27.0.0-Release.Candidate.app/Contents/Developer/Toolchains/XcodeDefault.xctoolchain/usr/bin/swiftc --version
ExecuteExternalTool /Applications/Xcode-27.0.0-Release.Candidate.app/Contents/Developer/Toolchains/XcodeDefault.xctoolchain/usr/bin/ld -version_details
ReadFileContents /Applications/Xcode-27.0.0-Release.Candidate.app/Contents/Developer/Toolchains/XcodeDefault.xctoolchain/usr/share/docc/features.json
Build description signature: d4de54d8239747cda35f3f03733b2173
Build description path: /Users/admin/builder/spi-builder-workspace/.derivedData/Build/Intermediates.noindex/XCBuildData/d4de54d8239747cda35f3f03733b2173.xcbuilddata
CreateBuildDirectory /Users/admin/builder/spi-builder-workspace/.derivedData/ModuleCache.noindex
cd /Users/admin/builder/spi-builder-workspace/.swiftpm/xcode
builtin-create-build-directory /Users/admin/builder/spi-builder-workspace/.derivedData/ModuleCache.noindex
CreateBuildDirectory /Users/admin/builder/spi-builder-workspace/.derivedData/SDKExplicitPrecompiledModules
cd /Users/admin/builder/spi-builder-workspace/.swiftpm/xcode
builtin-create-build-directory /Users/admin/builder/spi-builder-workspace/.derivedData/SDKExplicitPrecompiledModules
CreateBuildDirectory /Users/admin/builder/spi-builder-workspace/.derivedData/CompilationCache.noindex
cd /Users/admin/builder/spi-builder-workspace/.swiftpm/xcode
builtin-create-build-directory /Users/admin/builder/spi-builder-workspace/.derivedData/CompilationCache.noindex
CreateBuildDirectory /Users/admin/builder/spi-builder-workspace/.derivedData/Build/Intermediates.noindex
cd /Users/admin/builder/spi-builder-workspace/.swiftpm/xcode
builtin-create-build-directory /Users/admin/builder/spi-builder-workspace/.derivedData/Build/Intermediates.noindex
CreateBuildDirectory /Users/admin/builder/spi-builder-workspace/.derivedData/Build/Products
cd /Users/admin/builder/spi-builder-workspace/.swiftpm/xcode
builtin-create-build-directory /Users/admin/builder/spi-builder-workspace/.derivedData/Build/Products
ClangStatCache /Applications/Xcode-27.0.0-Release.Candidate.app/Contents/Developer/Toolchains/XcodeDefault.xctoolchain/usr/bin/clang-stat-cache /Applications/Xcode-27.0.0-Release.Candidate.app/Contents/Developer/Platforms/WatchOS.platform/Developer/SDKs/WatchOS27.0.sdk /Users/admin/builder/spi-builder-workspace/.derivedData/SDKStatCaches.noindex/watchos27.0-24R360-e829b21a6f8c9b70876ba0858053c04477534ef55a1706bf4c1112bbb242f0a2.sdkstatcache
cd /Users/admin/builder/spi-builder-workspace/.swiftpm/xcode
/Applications/Xcode-27.0.0-Release.Candidate.app/Contents/Developer/Toolchains/XcodeDefault.xctoolchain/usr/bin/clang-stat-cache /Applications/Xcode-27.0.0-Release.Candidate.app/Contents/Developer/Platforms/WatchOS.platform/Developer/SDKs/WatchOS27.0.sdk -o /Users/admin/builder/spi-builder-workspace/.derivedData/SDKStatCaches.noindex/watchos27.0-24R360-e829b21a6f8c9b70876ba0858053c04477534ef55a1706bf4c1112bbb242f0a2.sdkstatcache
CreateBuildDirectory /Users/admin/builder/spi-builder-workspace/.derivedData/Build/Intermediates.noindex/PrecompiledHeaders
cd /Users/admin/builder/spi-builder-workspace/.swiftpm/xcode
builtin-create-build-directory /Users/admin/builder/spi-builder-workspace/.derivedData/Build/Intermediates.noindex/PrecompiledHeaders
CreateBuildDirectory /Users/admin/builder/spi-builder-workspace/.derivedData/Build/Intermediates.noindex/SwiftExplicitPrecompiledModules
cd /Users/admin/builder/spi-builder-workspace/.swiftpm/xcode
builtin-create-build-directory /Users/admin/builder/spi-builder-workspace/.derivedData/Build/Intermediates.noindex/SwiftExplicitPrecompiledModules
CreateBuildDirectory /Users/admin/builder/spi-builder-workspace/.derivedData/Build/Intermediates.noindex/ExplicitPrecompiledModules
cd /Users/admin/builder/spi-builder-workspace/.swiftpm/xcode
builtin-create-build-directory /Users/admin/builder/spi-builder-workspace/.derivedData/Build/Intermediates.noindex/ExplicitPrecompiledModules
CreateBuildDirectory /Users/admin/builder/spi-builder-workspace/.derivedData/Build/Products/Debug-watchos
cd /Users/admin/builder/spi-builder-workspace/.swiftpm/xcode
builtin-create-build-directory /Users/admin/builder/spi-builder-workspace/.derivedData/Build/Products/Debug-watchos
CreateBuildDirectory /Users/admin/builder/spi-builder-workspace/.derivedData/Build/Intermediates.noindex/EagerLinkingTBDs/Debug-watchos
cd /Users/admin/builder/spi-builder-workspace/.swiftpm/xcode
builtin-create-build-directory /Users/admin/builder/spi-builder-workspace/.derivedData/Build/Intermediates.noindex/EagerLinkingTBDs/Debug-watchos
CreateBuildDirectory /Users/admin/builder/spi-builder-workspace/.derivedData/Build/Products/Debug-watchos/PackageFrameworks
cd /Users/admin/builder/spi-builder-workspace/.swiftpm/xcode
builtin-create-build-directory /Users/admin/builder/spi-builder-workspace/.derivedData/Build/Products/Debug-watchos/PackageFrameworks
WriteAuxiliaryFile /Users/admin/builder/spi-builder-workspace/.derivedData/Build/Intermediates.noindex/StadiaMapsMapKit.build/Debug-watchos/StadiaMapsMapKit-t.build/StadiaMapsMapKit.modulemap (in target 'StadiaMapsMapKit' from project 'StadiaMapsMapKit')
cd /Users/admin/builder/spi-builder-workspace
write-file /Users/admin/builder/spi-builder-workspace/.derivedData/Build/Intermediates.noindex/StadiaMapsMapKit.build/Debug-watchos/StadiaMapsMapKit-t.build/StadiaMapsMapKit.modulemap
WriteAuxiliaryFile /Users/admin/builder/spi-builder-workspace/.derivedData/Build/Intermediates.noindex/StadiaMapsMapKit.build/Debug-watchos/StadiaMapsMapKit-t.build/StadiaMapsMapKit.DependencyMetadataFileList (in target 'StadiaMapsMapKit' from project 'StadiaMapsMapKit')
cd /Users/admin/builder/spi-builder-workspace
write-file /Users/admin/builder/spi-builder-workspace/.derivedData/Build/Intermediates.noindex/StadiaMapsMapKit.build/Debug-watchos/StadiaMapsMapKit-t.build/StadiaMapsMapKit.DependencyMetadataFileList
WriteAuxiliaryFile /Users/admin/builder/spi-builder-workspace/.derivedData/Build/Intermediates.noindex/StadiaMapsMapKit.build/Debug-watchos/StadiaMapsMapKit-t.build/StadiaMapsMapKit.DependencyStaticMetadataFileList (in target 'StadiaMapsMapKit' from project 'StadiaMapsMapKit')
cd /Users/admin/builder/spi-builder-workspace
write-file /Users/admin/builder/spi-builder-workspace/.derivedData/Build/Intermediates.noindex/StadiaMapsMapKit.build/Debug-watchos/StadiaMapsMapKit-t.build/StadiaMapsMapKit.DependencyStaticMetadataFileList
WriteAuxiliaryFile /Users/admin/builder/spi-builder-workspace/.derivedData/Build/Intermediates.noindex/StadiaMapsMapKit.build/Debug-watchos/StadiaMapsMapKit-t.build/Objects-normal/arm64_32/StadiaMapsMapKit.LinkFileList (in target 'StadiaMapsMapKit' from project 'StadiaMapsMapKit')
cd /Users/admin/builder/spi-builder-workspace
write-file /Users/admin/builder/spi-builder-workspace/.derivedData/Build/Intermediates.noindex/StadiaMapsMapKit.build/Debug-watchos/StadiaMapsMapKit-t.build/Objects-normal/arm64_32/StadiaMapsMapKit.LinkFileList
WriteAuxiliaryFile /Users/admin/builder/spi-builder-workspace/.derivedData/Build/Intermediates.noindex/StadiaMapsMapKit.build/Debug-watchos/StadiaMapsMapKit-t.build/Objects-normal/arm64_32/StadiaMapsMapKit.SwiftFileList (in target 'StadiaMapsMapKit' from project 'StadiaMapsMapKit')
cd /Users/admin/builder/spi-builder-workspace
write-file /Users/admin/builder/spi-builder-workspace/.derivedData/Build/Intermediates.noindex/StadiaMapsMapKit.build/Debug-watchos/StadiaMapsMapKit-t.build/Objects-normal/arm64_32/StadiaMapsMapKit.SwiftFileList
WriteAuxiliaryFile /Users/admin/builder/spi-builder-workspace/.derivedData/Build/Intermediates.noindex/StadiaMapsMapKit.build/Debug-watchos/StadiaMapsMapKit-t.build/Objects-normal/arm64/StadiaMapsMapKit_const_extract_protocols.json (in target 'StadiaMapsMapKit' from project 'StadiaMapsMapKit')
cd /Users/admin/builder/spi-builder-workspace
write-file /Users/admin/builder/spi-builder-workspace/.derivedData/Build/Intermediates.noindex/StadiaMapsMapKit.build/Debug-watchos/StadiaMapsMapKit-t.build/Objects-normal/arm64/StadiaMapsMapKit_const_extract_protocols.json
WriteAuxiliaryFile /Users/admin/builder/spi-builder-workspace/.derivedData/Build/Intermediates.noindex/StadiaMapsMapKit.build/Debug-watchos/StadiaMapsMapKit-t.build/Objects-normal/arm64_32/StadiaMapsMapKit-OutputFileMap.json (in target 'StadiaMapsMapKit' from project 'StadiaMapsMapKit')
cd /Users/admin/builder/spi-builder-workspace
write-file /Users/admin/builder/spi-builder-workspace/.derivedData/Build/Intermediates.noindex/StadiaMapsMapKit.build/Debug-watchos/StadiaMapsMapKit-t.build/Objects-normal/arm64_32/StadiaMapsMapKit-OutputFileMap.json
WriteAuxiliaryFile /Users/admin/builder/spi-builder-workspace/.derivedData/Build/Intermediates.noindex/StadiaMapsMapKit.build/Debug-watchos/StadiaMapsMapKit-t.build/Objects-normal/arm64_32/StadiaMapsMapKit.SwiftConstValuesFileList (in target 'StadiaMapsMapKit' from project 'StadiaMapsMapKit')
cd /Users/admin/builder/spi-builder-workspace
write-file /Users/admin/builder/spi-builder-workspace/.derivedData/Build/Intermediates.noindex/StadiaMapsMapKit.build/Debug-watchos/StadiaMapsMapKit-t.build/Objects-normal/arm64_32/StadiaMapsMapKit.SwiftConstValuesFileList
WriteAuxiliaryFile /Users/admin/builder/spi-builder-workspace/.derivedData/Build/Intermediates.noindex/StadiaMapsMapKit.build/Debug-watchos/StadiaMapsMapKit-t.build/Objects-normal/arm64_32/StadiaMapsMapKit_const_extract_protocols.json (in target 'StadiaMapsMapKit' from project 'StadiaMapsMapKit')
cd /Users/admin/builder/spi-builder-workspace
write-file /Users/admin/builder/spi-builder-workspace/.derivedData/Build/Intermediates.noindex/StadiaMapsMapKit.build/Debug-watchos/StadiaMapsMapKit-t.build/Objects-normal/arm64_32/StadiaMapsMapKit_const_extract_protocols.json
WriteAuxiliaryFile /Users/admin/builder/spi-builder-workspace/.derivedData/Build/Intermediates.noindex/StadiaMapsMapKit.build/Debug-watchos/StadiaMapsMapKit-t.build/Objects-normal/arm64/StadiaMapsMapKit.SwiftConstValuesFileList (in target 'StadiaMapsMapKit' from project 'StadiaMapsMapKit')
cd /Users/admin/builder/spi-builder-workspace
write-file /Users/admin/builder/spi-builder-workspace/.derivedData/Build/Intermediates.noindex/StadiaMapsMapKit.build/Debug-watchos/StadiaMapsMapKit-t.build/Objects-normal/arm64/StadiaMapsMapKit.SwiftConstValuesFileList
WriteAuxiliaryFile /Users/admin/builder/spi-builder-workspace/.derivedData/Build/Intermediates.noindex/StadiaMapsMapKit.build/Debug-watchos/StadiaMapsMapKit-t.build/Objects-normal/arm64/StadiaMapsMapKit.LinkFileList (in target 'StadiaMapsMapKit' from project 'StadiaMapsMapKit')
cd /Users/admin/builder/spi-builder-workspace
write-file /Users/admin/builder/spi-builder-workspace/.derivedData/Build/Intermediates.noindex/StadiaMapsMapKit.build/Debug-watchos/StadiaMapsMapKit-t.build/Objects-normal/arm64/StadiaMapsMapKit.LinkFileList
WriteAuxiliaryFile /Users/admin/builder/spi-builder-workspace/.derivedData/Build/Intermediates.noindex/StadiaMapsMapKit.build/Debug-watchos/StadiaMapsMapKit-t.build/Objects-normal/arm64/StadiaMapsMapKit-OutputFileMap.json (in target 'StadiaMapsMapKit' from project 'StadiaMapsMapKit')
cd /Users/admin/builder/spi-builder-workspace
write-file /Users/admin/builder/spi-builder-workspace/.derivedData/Build/Intermediates.noindex/StadiaMapsMapKit.build/Debug-watchos/StadiaMapsMapKit-t.build/Objects-normal/arm64/StadiaMapsMapKit-OutputFileMap.json
WriteAuxiliaryFile /Users/admin/builder/spi-builder-workspace/.derivedData/Build/Intermediates.noindex/StadiaMapsMapKit.build/Debug-watchos/StadiaMapsMapKit-t.build/Objects-normal/arm64/StadiaMapsMapKit.SwiftFileList (in target 'StadiaMapsMapKit' from project 'StadiaMapsMapKit')
cd /Users/admin/builder/spi-builder-workspace
write-file /Users/admin/builder/spi-builder-workspace/.derivedData/Build/Intermediates.noindex/StadiaMapsMapKit.build/Debug-watchos/StadiaMapsMapKit-t.build/Objects-normal/arm64/StadiaMapsMapKit.SwiftFileList
Copy /Users/admin/builder/spi-builder-workspace/.derivedData/Build/Intermediates.noindex/GeneratedModuleMaps-watchos/StadiaMapsMapKit.modulemap /Users/admin/builder/spi-builder-workspace/.derivedData/Build/Intermediates.noindex/StadiaMapsMapKit.build/Debug-watchos/StadiaMapsMapKit-t.build/StadiaMapsMapKit.modulemap (in target 'StadiaMapsMapKit' from project 'StadiaMapsMapKit')
cd /Users/admin/builder/spi-builder-workspace
builtin-copy -exclude .DS_Store -exclude CVS -exclude .svn -exclude .git -exclude .hg -resolve-src-symlinks /Users/admin/builder/spi-builder-workspace/.derivedData/Build/Intermediates.noindex/StadiaMapsMapKit.build/Debug-watchos/StadiaMapsMapKit-t.build/StadiaMapsMapKit.modulemap /Users/admin/builder/spi-builder-workspace/.derivedData/Build/Intermediates.noindex/GeneratedModuleMaps-watchos
WriteAuxiliaryFile /Users/admin/builder/spi-builder-workspace/.derivedData/Build/Intermediates.noindex/CachingMapKitTileOverlay.build/Debug-watchos/CachingMapKitTileOverlay-t.build/Objects-normal/arm64_32/CachingMapKitTileOverlay.SwiftConstValuesFileList (in target 'CachingMapKitTileOverlay' from project 'CachingMapKitTileOverlay')
cd /Users/admin/builder/spi-builder-workspace/.dependencies/checkouts/mapkit-caching-tile-overlay
write-file /Users/admin/builder/spi-builder-workspace/.derivedData/Build/Intermediates.noindex/CachingMapKitTileOverlay.build/Debug-watchos/CachingMapKitTileOverlay-t.build/Objects-normal/arm64_32/CachingMapKitTileOverlay.SwiftConstValuesFileList
WriteAuxiliaryFile /Users/admin/builder/spi-builder-workspace/.derivedData/Build/Intermediates.noindex/CachingMapKitTileOverlay.build/Debug-watchos/CachingMapKitTileOverlay-t.build/Objects-normal/arm64_32/CachingMapKitTileOverlay_const_extract_protocols.json (in target 'CachingMapKitTileOverlay' from project 'CachingMapKitTileOverlay')
cd /Users/admin/builder/spi-builder-workspace/.dependencies/checkouts/mapkit-caching-tile-overlay
write-file /Users/admin/builder/spi-builder-workspace/.derivedData/Build/Intermediates.noindex/CachingMapKitTileOverlay.build/Debug-watchos/CachingMapKitTileOverlay-t.build/Objects-normal/arm64_32/CachingMapKitTileOverlay_const_extract_protocols.json
WriteAuxiliaryFile /Users/admin/builder/spi-builder-workspace/.derivedData/Build/Intermediates.noindex/CachingMapKitTileOverlay.build/Debug-watchos/CachingMapKitTileOverlay-t.build/Objects-normal/arm64_32/CachingMapKitTileOverlay.LinkFileList (in target 'CachingMapKitTileOverlay' from project 'CachingMapKitTileOverlay')
cd /Users/admin/builder/spi-builder-workspace/.dependencies/checkouts/mapkit-caching-tile-overlay
write-file /Users/admin/builder/spi-builder-workspace/.derivedData/Build/Intermediates.noindex/CachingMapKitTileOverlay.build/Debug-watchos/CachingMapKitTileOverlay-t.build/Objects-normal/arm64_32/CachingMapKitTileOverlay.LinkFileList
WriteAuxiliaryFile /Users/admin/builder/spi-builder-workspace/.derivedData/Build/Intermediates.noindex/CachingMapKitTileOverlay.build/Debug-watchos/CachingMapKitTileOverlay-t.build/Objects-normal/arm64_32/CachingMapKitTileOverlay.SwiftFileList (in target 'CachingMapKitTileOverlay' from project 'CachingMapKitTileOverlay')
cd /Users/admin/builder/spi-builder-workspace/.dependencies/checkouts/mapkit-caching-tile-overlay
write-file /Users/admin/builder/spi-builder-workspace/.derivedData/Build/Intermediates.noindex/CachingMapKitTileOverlay.build/Debug-watchos/CachingMapKitTileOverlay-t.build/Objects-normal/arm64_32/CachingMapKitTileOverlay.SwiftFileList
WriteAuxiliaryFile /Users/admin/builder/spi-builder-workspace/.derivedData/Build/Intermediates.noindex/CachingMapKitTileOverlay.build/Debug-watchos/CachingMapKitTileOverlay-t.build/Objects-normal/arm64_32/CachingMapKitTileOverlay-OutputFileMap.json (in target 'CachingMapKitTileOverlay' from project 'CachingMapKitTileOverlay')
cd /Users/admin/builder/spi-builder-workspace/.dependencies/checkouts/mapkit-caching-tile-overlay
write-file /Users/admin/builder/spi-builder-workspace/.derivedData/Build/Intermediates.noindex/CachingMapKitTileOverlay.build/Debug-watchos/CachingMapKitTileOverlay-t.build/Objects-normal/arm64_32/CachingMapKitTileOverlay-OutputFileMap.json
WriteAuxiliaryFile /Users/admin/builder/spi-builder-workspace/.derivedData/Build/Intermediates.noindex/CachingMapKitTileOverlay.build/Debug-watchos/CachingMapKitTileOverlay-t.build/Objects-normal/arm64/CachingMapKitTileOverlay_const_extract_protocols.json (in target 'CachingMapKitTileOverlay' from project 'CachingMapKitTileOverlay')
cd /Users/admin/builder/spi-builder-workspace/.dependencies/checkouts/mapkit-caching-tile-overlay
write-file /Users/admin/builder/spi-builder-workspace/.derivedData/Build/Intermediates.noindex/CachingMapKitTileOverlay.build/Debug-watchos/CachingMapKitTileOverlay-t.build/Objects-normal/arm64/CachingMapKitTileOverlay_const_extract_protocols.json
WriteAuxiliaryFile /Users/admin/builder/spi-builder-workspace/.derivedData/Build/Intermediates.noindex/CachingMapKitTileOverlay.build/Debug-watchos/CachingMapKitTileOverlay-t.build/Objects-normal/arm64/CachingMapKitTileOverlay.SwiftFileList (in target 'CachingMapKitTileOverlay' from project 'CachingMapKitTileOverlay')
cd /Users/admin/builder/spi-builder-workspace/.dependencies/checkouts/mapkit-caching-tile-overlay
write-file /Users/admin/builder/spi-builder-workspace/.derivedData/Build/Intermediates.noindex/CachingMapKitTileOverlay.build/Debug-watchos/CachingMapKitTileOverlay-t.build/Objects-normal/arm64/CachingMapKitTileOverlay.SwiftFileList
WriteAuxiliaryFile /Users/admin/builder/spi-builder-workspace/.derivedData/Build/Intermediates.noindex/CachingMapKitTileOverlay.build/Debug-watchos/CachingMapKitTileOverlay-t.build/Objects-normal/arm64/CachingMapKitTileOverlay.SwiftConstValuesFileList (in target 'CachingMapKitTileOverlay' from project 'CachingMapKitTileOverlay')
cd /Users/admin/builder/spi-builder-workspace/.dependencies/checkouts/mapkit-caching-tile-overlay
write-file /Users/admin/builder/spi-builder-workspace/.derivedData/Build/Intermediates.noindex/CachingMapKitTileOverlay.build/Debug-watchos/CachingMapKitTileOverlay-t.build/Objects-normal/arm64/CachingMapKitTileOverlay.SwiftConstValuesFileList
WriteAuxiliaryFile /Users/admin/builder/spi-builder-workspace/.derivedData/Build/Intermediates.noindex/CachingMapKitTileOverlay.build/Debug-watchos/CachingMapKitTileOverlay-t.build/Objects-normal/arm64/CachingMapKitTileOverlay.LinkFileList (in target 'CachingMapKitTileOverlay' from project 'CachingMapKitTileOverlay')
cd /Users/admin/builder/spi-builder-workspace/.dependencies/checkouts/mapkit-caching-tile-overlay
write-file /Users/admin/builder/spi-builder-workspace/.derivedData/Build/Intermediates.noindex/CachingMapKitTileOverlay.build/Debug-watchos/CachingMapKitTileOverlay-t.build/Objects-normal/arm64/CachingMapKitTileOverlay.LinkFileList
WriteAuxiliaryFile /Users/admin/builder/spi-builder-workspace/.derivedData/Build/Intermediates.noindex/CachingMapKitTileOverlay.build/Debug-watchos/CachingMapKitTileOverlay-t.build/Objects-normal/arm64/CachingMapKitTileOverlay-OutputFileMap.json (in target 'CachingMapKitTileOverlay' from project 'CachingMapKitTileOverlay')
cd /Users/admin/builder/spi-builder-workspace/.dependencies/checkouts/mapkit-caching-tile-overlay
write-file /Users/admin/builder/spi-builder-workspace/.derivedData/Build/Intermediates.noindex/CachingMapKitTileOverlay.build/Debug-watchos/CachingMapKitTileOverlay-t.build/Objects-normal/arm64/CachingMapKitTileOverlay-OutputFileMap.json
WriteAuxiliaryFile /Users/admin/builder/spi-builder-workspace/.derivedData/Build/Intermediates.noindex/CachingMapKitTileOverlay.build/Debug-watchos/CachingMapKitTileOverlay-t.build/CachingMapKitTileOverlay.modulemap (in target 'CachingMapKitTileOverlay' from project 'CachingMapKitTileOverlay')
cd /Users/admin/builder/spi-builder-workspace/.dependencies/checkouts/mapkit-caching-tile-overlay
write-file /Users/admin/builder/spi-builder-workspace/.derivedData/Build/Intermediates.noindex/CachingMapKitTileOverlay.build/Debug-watchos/CachingMapKitTileOverlay-t.build/CachingMapKitTileOverlay.modulemap
WriteAuxiliaryFile /Users/admin/builder/spi-builder-workspace/.derivedData/Build/Intermediates.noindex/CachingMapKitTileOverlay.build/Debug-watchos/CachingMapKitTileOverlay-t.build/CachingMapKitTileOverlay.DependencyStaticMetadataFileList (in target 'CachingMapKitTileOverlay' from project 'CachingMapKitTileOverlay')
cd /Users/admin/builder/spi-builder-workspace/.dependencies/checkouts/mapkit-caching-tile-overlay
write-file /Users/admin/builder/spi-builder-workspace/.derivedData/Build/Intermediates.noindex/CachingMapKitTileOverlay.build/Debug-watchos/CachingMapKitTileOverlay-t.build/CachingMapKitTileOverlay.DependencyStaticMetadataFileList
WriteAuxiliaryFile /Users/admin/builder/spi-builder-workspace/.derivedData/Build/Intermediates.noindex/CachingMapKitTileOverlay.build/Debug-watchos/CachingMapKitTileOverlay-t.build/CachingMapKitTileOverlay.DependencyMetadataFileList (in target 'CachingMapKitTileOverlay' from project 'CachingMapKitTileOverlay')
cd /Users/admin/builder/spi-builder-workspace/.dependencies/checkouts/mapkit-caching-tile-overlay
write-file /Users/admin/builder/spi-builder-workspace/.derivedData/Build/Intermediates.noindex/CachingMapKitTileOverlay.build/Debug-watchos/CachingMapKitTileOverlay-t.build/CachingMapKitTileOverlay.DependencyMetadataFileList
Copy /Users/admin/builder/spi-builder-workspace/.derivedData/Build/Intermediates.noindex/GeneratedModuleMaps-watchos/CachingMapKitTileOverlay.modulemap /Users/admin/builder/spi-builder-workspace/.derivedData/Build/Intermediates.noindex/CachingMapKitTileOverlay.build/Debug-watchos/CachingMapKitTileOverlay-t.build/CachingMapKitTileOverlay.modulemap (in target 'CachingMapKitTileOverlay' from project 'CachingMapKitTileOverlay')
cd /Users/admin/builder/spi-builder-workspace/.dependencies/checkouts/mapkit-caching-tile-overlay
builtin-copy -exclude .DS_Store -exclude CVS -exclude .svn -exclude .git -exclude .hg -resolve-src-symlinks /Users/admin/builder/spi-builder-workspace/.derivedData/Build/Intermediates.noindex/CachingMapKitTileOverlay.build/Debug-watchos/CachingMapKitTileOverlay-t.build/CachingMapKitTileOverlay.modulemap /Users/admin/builder/spi-builder-workspace/.derivedData/Build/Intermediates.noindex/GeneratedModuleMaps-watchos
SwiftDriver CachingMapKitTileOverlay normal arm64_32 com.apple.xcode.tools.swift.compiler (in target 'CachingMapKitTileOverlay' from project 'CachingMapKitTileOverlay')
cd /Users/admin/builder/spi-builder-workspace/.swiftpm/xcode
builtin-SwiftDriver -- /Applications/Xcode-27.0.0-Release.Candidate.app/Contents/Developer/Toolchains/XcodeDefault.xctoolchain/usr/bin/swiftc -parse-as-library -module-name CachingMapKitTileOverlay -Onone @/Users/admin/builder/spi-builder-workspace/.derivedData/Build/Intermediates.noindex/CachingMapKitTileOverlay.build/Debug-watchos/CachingMapKitTileOverlay-t.build/Objects-normal/arm64_32/CachingMapKitTileOverlay.SwiftFileList -DSWIFT_PACKAGE -DDEBUG -DSWIFT_MODULE_RESOURCE_BUNDLE_UNAVAILABLE -DXcode -enable-experimental-feature StrictConcurrency -plugin-path /Applications/Xcode-27.0.0-Release.Candidate.app/Contents/Developer/Toolchains/XcodeDefault.xctoolchain/usr/lib/swift/host/plugins/testing -enable-experimental-feature DebugDescriptionMacro -sdk /Applications/Xcode-27.0.0-Release.Candidate.app/Contents/Developer/Platforms/WatchOS.platform/Developer/SDKs/WatchOS27.0.sdk -target arm64_32-apple-watchos9.0 -g -module-cache-path /Users/admin/builder/spi-builder-workspace/.derivedData/ModuleCache.noindex -Xfrontend -serialize-debugging-options -profile-coverage-mapping -profile-generate -enable-testing -suppress-warnings -index-store-path /Users/admin/builder/spi-builder-workspace/.derivedData/Index.noindex/DataStore -Xcc -D_LIBCPP_HARDENING_MODE\=_LIBCPP_HARDENING_MODE_DEBUG -swift-version 5 -I /Users/admin/builder/spi-builder-workspace/.derivedData/Build/Products/Debug-watchos -Isystem /Applications/Xcode-27.0.0-Release.Candidate.app/Contents/Developer/Platforms/WatchOS.platform/Developer/usr/lib -F /Users/admin/builder/spi-builder-workspace/.derivedData/Build/Products/Debug-watchos -F /Applications/Xcode-27.0.0-Release.Candidate.app/Contents/Developer/Platforms/WatchOS.platform/Developer/Library/Frameworks -F /Applications/Xcode-27.0.0-Release.Candidate.app/Contents/Developer/Platforms/WatchOS.platform/Developer/SDKs/WatchOS27.0.sdk/Developer/Library/Frameworks -c -j10 -enable-batch-mode -incremental -Xcc -ivfsstatcache -Xcc /Users/admin/builder/spi-builder-workspace/.derivedData/SDKStatCaches.noindex/watchos27.0-24R360-e829b21a6f8c9b70876ba0858053c04477534ef55a1706bf4c1112bbb242f0a2.sdkstatcache -output-file-map /Users/admin/builder/spi-builder-workspace/.derivedData/Build/Intermediates.noindex/CachingMapKitTileOverlay.build/Debug-watchos/CachingMapKitTileOverlay-t.build/Objects-normal/arm64_32/CachingMapKitTileOverlay-OutputFileMap.json -save-temps -no-color-diagnostics -explicit-module-build -module-cache-path /Users/admin/builder/spi-builder-workspace/.derivedData/Build/Intermediates.noindex/SwiftExplicitPrecompiledModules -clang-scanner-module-cache-path /Users/admin/builder/spi-builder-workspace/.derivedData/ModuleCache.noindex -sdk-module-cache-path /Users/admin/builder/spi-builder-workspace/.derivedData/SDKExplicitPrecompiledModules -emit-dependencies -emit-module -emit-module-path /Users/admin/builder/spi-builder-workspace/.derivedData/Build/Intermediates.noindex/CachingMapKitTileOverlay.build/Debug-watchos/CachingMapKitTileOverlay-t.build/Objects-normal/arm64_32/CachingMapKitTileOverlay.swiftmodule -serialize-diagnostics -dependency-scan-serialize-diagnostics-path /Users/admin/builder/spi-builder-workspace/.derivedData/Build/Intermediates.noindex/CachingMapKitTileOverlay.build/Debug-watchos/CachingMapKitTileOverlay-t.build/Objects-normal/arm64_32/CachingMapKitTileOverlay-dependency-scan.dia -validate-clang-modules-once -clang-build-session-file /Users/admin/builder/spi-builder-workspace/.derivedData/ModuleCache.noindex/Session.modulevalidation -Xcc -fmodules-prune-interval\=86400 -Xcc -fmodules-prune-after\=345600 -package-name mapkit_caching_tile_overlay -emit-const-values -const-gather-protocols-list /Users/admin/builder/spi-builder-workspace/.derivedData/Build/Intermediates.noindex/CachingMapKitTileOverlay.build/Debug-watchos/CachingMapKitTileOverlay-t.build/Objects-normal/arm64_32/CachingMapKitTileOverlay_const_extract_protocols.json -Xcc -I/Users/admin/builder/spi-builder-workspace/.derivedData/Build/Products/Debug-watchos/include -Xcc -I/Users/admin/builder/spi-builder-workspace/.derivedData/Build/Intermediates.noindex/CachingMapKitTileOverlay.build/Debug-watchos/CachingMapKitTileOverlay-t.build/DerivedSources-normal/arm64_32 -Xcc -I/Users/admin/builder/spi-builder-workspace/.derivedData/Build/Intermediates.noindex/CachingMapKitTileOverlay.build/Debug-watchos/CachingMapKitTileOverlay-t.build/DerivedSources/arm64_32 -Xcc -I/Users/admin/builder/spi-builder-workspace/.derivedData/Build/Intermediates.noindex/CachingMapKitTileOverlay.build/Debug-watchos/CachingMapKitTileOverlay-t.build/DerivedSources -Xcc -DSWIFT_PACKAGE -Xcc -DDEBUG\=1 -emit-objc-header -emit-objc-header-path /Users/admin/builder/spi-builder-workspace/.derivedData/Build/Intermediates.noindex/CachingMapKitTileOverlay.build/Debug-watchos/CachingMapKitTileOverlay-t.build/Objects-normal/arm64_32/CachingMapKitTileOverlay-Swift.h -working-directory /Users/admin/builder/spi-builder-workspace/.swiftpm/xcode -experimental-emit-module-separately -disable-cmo
SwiftDriver CachingMapKitTileOverlay normal arm64 com.apple.xcode.tools.swift.compiler (in target 'CachingMapKitTileOverlay' from project 'CachingMapKitTileOverlay')
cd /Users/admin/builder/spi-builder-workspace/.swiftpm/xcode
builtin-SwiftDriver -- /Applications/Xcode-27.0.0-Release.Candidate.app/Contents/Developer/Toolchains/XcodeDefault.xctoolchain/usr/bin/swiftc -parse-as-library -module-name CachingMapKitTileOverlay -Onone @/Users/admin/builder/spi-builder-workspace/.derivedData/Build/Intermediates.noindex/CachingMapKitTileOverlay.build/Debug-watchos/CachingMapKitTileOverlay-t.build/Objects-normal/arm64/CachingMapKitTileOverlay.SwiftFileList -DSWIFT_PACKAGE -DDEBUG -DSWIFT_MODULE_RESOURCE_BUNDLE_UNAVAILABLE -DXcode -enable-experimental-feature StrictConcurrency -plugin-path /Applications/Xcode-27.0.0-Release.Candidate.app/Contents/Developer/Toolchains/XcodeDefault.xctoolchain/usr/lib/swift/host/plugins/testing -enable-experimental-feature DebugDescriptionMacro -sdk /Applications/Xcode-27.0.0-Release.Candidate.app/Contents/Developer/Platforms/WatchOS.platform/Developer/SDKs/WatchOS27.0.sdk -target arm64-apple-watchos9.0 -g -module-cache-path /Users/admin/builder/spi-builder-workspace/.derivedData/ModuleCache.noindex -Xfrontend -serialize-debugging-options -profile-coverage-mapping -profile-generate -enable-testing -suppress-warnings -index-store-path /Users/admin/builder/spi-builder-workspace/.derivedData/Index.noindex/DataStore -Xcc -D_LIBCPP_HARDENING_MODE\=_LIBCPP_HARDENING_MODE_DEBUG -swift-version 5 -I /Users/admin/builder/spi-builder-workspace/.derivedData/Build/Products/Debug-watchos -Isystem /Applications/Xcode-27.0.0-Release.Candidate.app/Contents/Developer/Platforms/WatchOS.platform/Developer/usr/lib -F /Users/admin/builder/spi-builder-workspace/.derivedData/Build/Products/Debug-watchos -F /Applications/Xcode-27.0.0-Release.Candidate.app/Contents/Developer/Platforms/WatchOS.platform/Developer/Library/Frameworks -F /Applications/Xcode-27.0.0-Release.Candidate.app/Contents/Developer/Platforms/WatchOS.platform/Developer/SDKs/WatchOS27.0.sdk/Developer/Library/Frameworks -c -j10 -enable-batch-mode -incremental -Xcc -ivfsstatcache -Xcc /Users/admin/builder/spi-builder-workspace/.derivedData/SDKStatCaches.noindex/watchos27.0-24R360-e829b21a6f8c9b70876ba0858053c04477534ef55a1706bf4c1112bbb242f0a2.sdkstatcache -output-file-map /Users/admin/builder/spi-builder-workspace/.derivedData/Build/Intermediates.noindex/CachingMapKitTileOverlay.build/Debug-watchos/CachingMapKitTileOverlay-t.build/Objects-normal/arm64/CachingMapKitTileOverlay-OutputFileMap.json -save-temps -no-color-diagnostics -explicit-module-build -module-cache-path /Users/admin/builder/spi-builder-workspace/.derivedData/Build/Intermediates.noindex/SwiftExplicitPrecompiledModules -clang-scanner-module-cache-path /Users/admin/builder/spi-builder-workspace/.derivedData/ModuleCache.noindex -sdk-module-cache-path /Users/admin/builder/spi-builder-workspace/.derivedData/SDKExplicitPrecompiledModules -emit-dependencies -emit-module -emit-module-path /Users/admin/builder/spi-builder-workspace/.derivedData/Build/Intermediates.noindex/CachingMapKitTileOverlay.build/Debug-watchos/CachingMapKitTileOverlay-t.build/Objects-normal/arm64/CachingMapKitTileOverlay.swiftmodule -serialize-diagnostics -dependency-scan-serialize-diagnostics-path /Users/admin/builder/spi-builder-workspace/.derivedData/Build/Intermediates.noindex/CachingMapKitTileOverlay.build/Debug-watchos/CachingMapKitTileOverlay-t.build/Objects-normal/arm64/CachingMapKitTileOverlay-dependency-scan.dia -validate-clang-modules-once -clang-build-session-file /Users/admin/builder/spi-builder-workspace/.derivedData/ModuleCache.noindex/Session.modulevalidation -Xcc -fmodules-prune-interval\=86400 -Xcc -fmodules-prune-after\=345600 -package-name mapkit_caching_tile_overlay -emit-const-values -const-gather-protocols-list /Users/admin/builder/spi-builder-workspace/.derivedData/Build/Intermediates.noindex/CachingMapKitTileOverlay.build/Debug-watchos/CachingMapKitTileOverlay-t.build/Objects-normal/arm64/CachingMapKitTileOverlay_const_extract_protocols.json -Xcc -I/Users/admin/builder/spi-builder-workspace/.derivedData/Build/Products/Debug-watchos/include -Xcc -I/Users/admin/builder/spi-builder-workspace/.derivedData/Build/Intermediates.noindex/CachingMapKitTileOverlay.build/Debug-watchos/CachingMapKitTileOverlay-t.build/DerivedSources-normal/arm64 -Xcc -I/Users/admin/builder/spi-builder-workspace/.derivedData/Build/Intermediates.noindex/CachingMapKitTileOverlay.build/Debug-watchos/CachingMapKitTileOverlay-t.build/DerivedSources/arm64 -Xcc -I/Users/admin/builder/spi-builder-workspace/.derivedData/Build/Intermediates.noindex/CachingMapKitTileOverlay.build/Debug-watchos/CachingMapKitTileOverlay-t.build/DerivedSources -Xcc -DSWIFT_PACKAGE -Xcc -DDEBUG\=1 -emit-objc-header -emit-objc-header-path /Users/admin/builder/spi-builder-workspace/.derivedData/Build/Intermediates.noindex/CachingMapKitTileOverlay.build/Debug-watchos/CachingMapKitTileOverlay-t.build/Objects-normal/arm64/CachingMapKitTileOverlay-Swift.h -working-directory /Users/admin/builder/spi-builder-workspace/.swiftpm/xcode -experimental-emit-module-separately -disable-cmo
SwiftExplicitDependencyGeneratePcm arm64 /Users/admin/builder/spi-builder-workspace/.derivedData/SDKExplicitPrecompiledModules/_SwiftConcurrencyShims-659N52XSKR5F0QSB880BH2FJR.pcm
SwiftExplicitDependencyGeneratePcm arm64 /Users/admin/builder/spi-builder-workspace/.derivedData/SDKExplicitPrecompiledModules/ptrauth-3TZ9WJCGLYD25HQPWH4968ONX.pcm
SwiftExplicitDependencyGeneratePcm arm64 /Users/admin/builder/spi-builder-workspace/.derivedData/SDKExplicitPrecompiledModules/_Builtin_float-C0CW5Q4HGBQYKE77TC42IAFB5.pcm
SwiftExplicitDependencyGeneratePcm arm64 /Users/admin/builder/spi-builder-workspace/.derivedData/SDKExplicitPrecompiledModules/_AvailabilityInternal-BUNV3UXM65NT37THI4W1AM0SF.pcm
SwiftExplicitDependencyGeneratePcm arm64 /Users/admin/builder/spi-builder-workspace/.derivedData/SDKExplicitPrecompiledModules/_Builtin_stddef-1FU30Y8SWFB7OUUHMJQH5J6FM.pcm
SwiftExplicitDependencyGeneratePcm arm64 /Users/admin/builder/spi-builder-workspace/.derivedData/SDKExplicitPrecompiledModules/ptrcheck-AIF0NDOYZ8ORBNHQAQR5NNB8M.pcm
SwiftExplicitDependencyGeneratePcm arm64 /Users/admin/builder/spi-builder-workspace/.derivedData/SDKExplicitPrecompiledModules/DeveloperToolsSupport-E7CNISCB36UE8XQ9IOHK9XDX1.pcm
SwiftExplicitDependencyGeneratePcm arm64 /Users/admin/builder/spi-builder-workspace/.derivedData/SDKExplicitPrecompiledModules/SwiftShims-4MXFZPV6FEB0XBYXCGPWAMQGL.pcm
SwiftExplicitDependencyGeneratePcm arm64 /Users/admin/builder/spi-builder-workspace/.derivedData/SDKExplicitPrecompiledModules/_Builtin_stdbool-83J96QSOFE9VX04AAS6310UAE.pcm
SwiftExplicitDependencyGeneratePcm arm64 /Users/admin/builder/spi-builder-workspace/.derivedData/SDKExplicitPrecompiledModules/_Builtin_stdarg-A7UU8LE6MP85SM26YO7PBZNUQ.pcm
SwiftExplicitDependencyGeneratePcm arm64_32 /Users/admin/builder/spi-builder-workspace/.derivedData/SDKExplicitPrecompiledModules/_Builtin_stddef-H44EFHQX6XSS5MZ7QP6YJZ76.pcm
SwiftExplicitDependencyGeneratePcm arm64_32 /Users/admin/builder/spi-builder-workspace/.derivedData/SDKExplicitPrecompiledModules/DeveloperToolsSupport-DZU5G1OCMNWU0AQRULIFHUJ1Z.pcm
SwiftExplicitDependencyGeneratePcm arm64_32 /Users/admin/builder/spi-builder-workspace/.derivedData/SDKExplicitPrecompiledModules/_Builtin_stdbool-A967K8W8YUYEC9SN52KJ7OO88.pcm
SwiftExplicitDependencyGeneratePcm arm64_32 /Users/admin/builder/spi-builder-workspace/.derivedData/SDKExplicitPrecompiledModules/_Builtin_stdarg-D305JG44A2WPI6CJY37X3QJE8.pcm
SwiftExplicitDependencyGeneratePcm arm64_32 /Users/admin/builder/spi-builder-workspace/.derivedData/SDKExplicitPrecompiledModules/ptrauth-BFXF358ME5AK535N5A9Z766WU.pcm
SwiftExplicitDependencyGeneratePcm arm64_32 /Users/admin/builder/spi-builder-workspace/.derivedData/SDKExplicitPrecompiledModules/ptrcheck-7ELIH9BTIGVKX3UBITM9N72WD.pcm
SwiftExplicitDependencyGeneratePcm arm64_32 /Users/admin/builder/spi-builder-workspace/.derivedData/SDKExplicitPrecompiledModules/_AvailabilityInternal-244WAN3Z1QBT7PIA64EZEFY1R.pcm
SwiftExplicitDependencyGeneratePcm arm64_32 /Users/admin/builder/spi-builder-workspace/.derivedData/SDKExplicitPrecompiledModules/_SwiftConcurrencyShims-6RTBPQ03V7BM9SPRK8SUE055H.pcm
SwiftExplicitDependencyGeneratePcm arm64_32 /Users/admin/builder/spi-builder-workspace/.derivedData/SDKExplicitPrecompiledModules/SwiftShims-9CQQGWTSNTN9EB5NSHDWUJICH.pcm
SwiftExplicitDependencyGeneratePcm arm64 /Users/admin/builder/spi-builder-workspace/.derivedData/SDKExplicitPrecompiledModules/_DarwinFoundation1-7SPX3MD0HMP55E4OLNCPNDQ53.pcm
SwiftExplicitDependencyGeneratePcm arm64_32 /Users/admin/builder/spi-builder-workspace/.derivedData/SDKExplicitPrecompiledModules/_Builtin_float-6KO8O3PEWRCA4WC6PPLOYO6WJ.pcm
SwiftExplicitDependencyGeneratePcm arm64 /Users/admin/builder/spi-builder-workspace/.derivedData/SDKExplicitPrecompiledModules/_DarwinFoundation2-D0XAPJU49S5E9XMKYOFGSTB1Q.pcm
SwiftExplicitDependencyGeneratePcm arm64 /Users/admin/builder/spi-builder-workspace/.derivedData/SDKExplicitPrecompiledModules/_Builtin_limits-9GWPA2B0H20DYUNYHYCWKABJG.pcm
SwiftExplicitDependencyGeneratePcm arm64_32 /Users/admin/builder/spi-builder-workspace/.derivedData/SDKExplicitPrecompiledModules/_DarwinFoundation1-2GWF9RFMPLQW4PDHS3NARVI3G.pcm
SwiftExplicitDependencyGeneratePcm arm64_32 /Users/admin/builder/spi-builder-workspace/.derivedData/SDKExplicitPrecompiledModules/_Builtin_limits-3VKBU2AFTD65PAJZ5CJ3LHFM2.pcm
SwiftExplicitDependencyGeneratePcm arm64_32 /Users/admin/builder/spi-builder-workspace/.derivedData/SDKExplicitPrecompiledModules/_DarwinFoundation2-9MY8GOSYRO0M9MKNXF6D3MBNK.pcm
SwiftExplicitDependencyGeneratePcm arm64 /Users/admin/builder/spi-builder-workspace/.derivedData/SDKExplicitPrecompiledModules/_Builtin_stdint-8XMILLJZEGRN2XG7XZUXZ5RLX.pcm
SwiftExplicitDependencyGeneratePcm arm64 /Users/admin/builder/spi-builder-workspace/.derivedData/SDKExplicitPrecompiledModules/string_h-E6PRXK75PHIPCZFWOFCQ3QBMK.pcm
SwiftExplicitDependencyGeneratePcm arm64 /Users/admin/builder/spi-builder-workspace/.derivedData/SDKExplicitPrecompiledModules/sys_types-2KXQLI78OUCDP779AE68GZJ2.pcm
SwiftExplicitDependencyGeneratePcm arm64 /Users/admin/builder/spi-builder-workspace/.derivedData/SDKExplicitPrecompiledModules/_Builtin_tgmath-8NQ96OZ0YHXEC24JI95P01UF8.pcm
SwiftExplicitDependencyGeneratePcm arm64 /Users/admin/builder/spi-builder-workspace/.derivedData/SDKExplicitPrecompiledModules/_Builtin_intrinsics-75960HIPCIYA06IUW8FIIPQT.pcm
SwiftExplicitDependencyGeneratePcm arm64 /Users/admin/builder/spi-builder-workspace/.derivedData/SDKExplicitPrecompiledModules/_Builtin_stdatomic-7JEFA3KBJJJN6TKJWY3OG1VG5.pcm
SwiftExplicitDependencyGeneratePcm arm64 /Users/admin/builder/spi-builder-workspace/.derivedData/SDKExplicitPrecompiledModules/_DarwinFoundation3-B97LRG0E9GON2NUE65TVG81HU.pcm
SwiftExplicitDependencyGeneratePcm arm64_32 /Users/admin/builder/spi-builder-workspace/.derivedData/SDKExplicitPrecompiledModules/_Builtin_tgmath-23PGCKURCQILXMK0MYZRYDCOU.pcm
SwiftExplicitDependencyGeneratePcm arm64_32 /Users/admin/builder/spi-builder-workspace/.derivedData/SDKExplicitPrecompiledModules/sys_types-8TLLMW08ZJWDGIIPKOYFGHHZW.pcm
SwiftExplicitDependencyGeneratePcm arm64_32 /Users/admin/builder/spi-builder-workspace/.derivedData/SDKExplicitPrecompiledModules/_Builtin_stdint-1HMXWI3V0V4TXHRWZOMZGZ80Y.pcm
SwiftExplicitDependencyGeneratePcm arm64_32 /Users/admin/builder/spi-builder-workspace/.derivedData/SDKExplicitPrecompiledModules/string_h-BFVLUQUSBZWYMLCU9QI7VZALW.pcm
SwiftExplicitDependencyGeneratePcm arm64 /Users/admin/builder/spi-builder-workspace/.derivedData/SDKExplicitPrecompiledModules/_Builtin_inttypes-3UQSCM7WNM9EK4HZML8TY5J3D.pcm
SwiftExplicitDependencyGeneratePcm arm64_32 /Users/admin/builder/spi-builder-workspace/.derivedData/SDKExplicitPrecompiledModules/_Builtin_stdatomic-1TY035TURL76BF2U98PZPPZRX.pcm
SwiftExplicitDependencyGeneratePcm arm64_32 /Users/admin/builder/spi-builder-workspace/.derivedData/SDKExplicitPrecompiledModules/_Builtin_intrinsics-196IIAKDQVU42DLOZP9OQCV76.pcm
SwiftExplicitDependencyGeneratePcm arm64_32 /Users/admin/builder/spi-builder-workspace/.derivedData/SDKExplicitPrecompiledModules/_DarwinFoundation3-3DUTYQDQSD9HUAAVY947NMWOI.pcm
SwiftExplicitDependencyGeneratePcm arm64 /Users/admin/builder/spi-builder-workspace/.derivedData/SDKExplicitPrecompiledModules/Darwin-3984OXKFNSPE77NT743WK8SEX.pcm
SwiftExplicitDependencyGeneratePcm arm64_32 /Users/admin/builder/spi-builder-workspace/.derivedData/SDKExplicitPrecompiledModules/_Builtin_inttypes-D2KPCR4PEX9AQA33NGLUT5SBR.pcm
SwiftExplicitDependencyGeneratePcm arm64 /Users/admin/builder/spi-builder-workspace/.derivedData/SDKExplicitPrecompiledModules/simd-EH08NODU6574T74ZKU61VP9BW.pcm
SwiftExplicitDependencyGeneratePcm arm64_32 /Users/admin/builder/spi-builder-workspace/.derivedData/SDKExplicitPrecompiledModules/Darwin-3FVT1SKLN2ZQ5RVOABMTQBB34.pcm
SwiftExplicitDependencyGeneratePcm arm64_32 /Users/admin/builder/spi-builder-workspace/.derivedData/SDKExplicitPrecompiledModules/simd-21UNWYOBUZI1LVSQ99S1XBLMO.pcm
SwiftExplicitDependencyGeneratePcm arm64 /Users/admin/builder/spi-builder-workspace/.derivedData/SDKExplicitPrecompiledModules/MachO-2U90NNSAQILBNBPS1SA4F8TYP.pcm
SwiftExplicitDependencyGeneratePcm arm64 /Users/admin/builder/spi-builder-workspace/.derivedData/SDKExplicitPrecompiledModules/ObjectiveC-72IVD3VS2RS8Q28D9PIMY0KQP.pcm
SwiftExplicitDependencyGeneratePcm arm64 /Users/admin/builder/spi-builder-workspace/.derivedData/SDKExplicitPrecompiledModules/os_object-3SDKD7F87FTZ26OON37DRYT6O.pcm
SwiftExplicitDependencyGeneratePcm arm64_32 /Users/admin/builder/spi-builder-workspace/.derivedData/SDKExplicitPrecompiledModules/ObjectiveC-6IJNELR2E80E7LUKESVCP2KET.pcm
SwiftExplicitDependencyGeneratePcm arm64_32 /Users/admin/builder/spi-builder-workspace/.derivedData/SDKExplicitPrecompiledModules/MachO-56838ZJ0NC1EBAJ0O6O8QMPDX.pcm
SwiftExplicitDependencyGeneratePcm arm64 /Users/admin/builder/spi-builder-workspace/.derivedData/SDKExplicitPrecompiledModules/os_workgroup-89GG5G7YC2D0ZTK6AZXXQ20DH.pcm
SwiftExplicitDependencyGeneratePcm arm64_32 /Users/admin/builder/spi-builder-workspace/.derivedData/SDKExplicitPrecompiledModules/os_object-5YWTC6L4756IWSTPGXS5NM0D0.pcm
SwiftExplicitDependencyGeneratePcm arm64 /Users/admin/builder/spi-builder-workspace/.derivedData/SDKExplicitPrecompiledModules/Spatial-44FJGYXFAT2AQAW9Z6T7YS02U.pcm
SwiftExplicitDependencyGeneratePcm arm64 /Users/admin/builder/spi-builder-workspace/.derivedData/SDKExplicitPrecompiledModules/Dispatch-1NLJOVAK60XP0DUB05XA59EIM.pcm
SwiftExplicitDependencyGeneratePcm arm64_32 /Users/admin/builder/spi-builder-workspace/.derivedData/SDKExplicitPrecompiledModules/os_workgroup-5JHTPDMNBUNHLJI8LPHKQK1JK.pcm
SwiftExplicitDependencyGeneratePcm arm64 /Users/admin/builder/spi-builder-workspace/.derivedData/SDKExplicitPrecompiledModules/XPC-40DR0X1DHKGCV4J1IOLFS8MOU.pcm
SwiftExplicitDependencyGeneratePcm arm64 /Users/admin/builder/spi-builder-workspace/.derivedData/SDKExplicitPrecompiledModules/CoreFoundation-8T2L24YC5NU7WO6WQJWRY7W08.pcm
SwiftExplicitDependencyGeneratePcm arm64_32 /Users/admin/builder/spi-builder-workspace/.derivedData/SDKExplicitPrecompiledModules/Dispatch-2P62F1T4XV63S4P99TUDTOK2Q.pcm
SwiftExplicitDependencyGeneratePcm arm64_32 /Users/admin/builder/spi-builder-workspace/.derivedData/SDKExplicitPrecompiledModules/Spatial-CWVWNML3T0NXVHZDKVLD3X1YZ.pcm
SwiftExplicitDependencyGeneratePcm arm64 /Users/admin/builder/spi-builder-workspace/.derivedData/SDKExplicitPrecompiledModules/os-5DIL6Z9LFIGLMZAHM7X2T5435.pcm
SwiftExplicitDependencyGeneratePcm arm64_32 /Users/admin/builder/spi-builder-workspace/.derivedData/SDKExplicitPrecompiledModules/XPC-81Y45QFY96XYYFCW2GT6FY8S4.pcm
SwiftExplicitDependencyGeneratePcm arm64_32 /Users/admin/builder/spi-builder-workspace/.derivedData/SDKExplicitPrecompiledModules/CoreFoundation-8E6Y4BA3EXYKUGJ24GT9LGV3N.pcm
SwiftExplicitDependencyGeneratePcm arm64 /Users/admin/builder/spi-builder-workspace/.derivedData/SDKExplicitPrecompiledModules/CoreGraphics-DWNZ73GEH98SBJXZ7DEXB420K.pcm
SwiftExplicitDependencyGeneratePcm arm64 /Users/admin/builder/spi-builder-workspace/.derivedData/SDKExplicitPrecompiledModules/Security-6RZ6YBRU8WCUHRFFRVUK5WKMM.pcm
SwiftExplicitDependencyGeneratePcm arm64_32 /Users/admin/builder/spi-builder-workspace/.derivedData/SDKExplicitPrecompiledModules/os-E5IGB442IA6SBB25TTCOLK2OC.pcm
SwiftExplicitDependencyGeneratePcm arm64_32 /Users/admin/builder/spi-builder-workspace/.derivedData/SDKExplicitPrecompiledModules/Security-D7TOWF88VWF67TB9HAFP5UWB1.pcm
SwiftExplicitDependencyGeneratePcm arm64_32 /Users/admin/builder/spi-builder-workspace/.derivedData/SDKExplicitPrecompiledModules/CoreGraphics-9FDXYX6BKBUT6TJ2VF819E7T5.pcm
SwiftExplicitDependencyGeneratePcm arm64 /Users/admin/builder/spi-builder-workspace/.derivedData/SDKExplicitPrecompiledModules/Foundation-DLBKUSGXN8QHAT8W0OARR9S8A.pcm
SwiftExplicitDependencyGeneratePcm arm64 /Users/admin/builder/spi-builder-workspace/.derivedData/SDKExplicitPrecompiledModules/CoreText-970YJN6NIYGK1316L35Z0O8QT.pcm
SwiftExplicitDependencyGeneratePcm arm64 /Users/admin/builder/spi-builder-workspace/.derivedData/SDKExplicitPrecompiledModules/CoreVideo-8MRR5MNWUOAW2DBPGUQ8FKK4.pcm
SwiftExplicitDependencyGeneratePcm arm64_32 /Users/admin/builder/spi-builder-workspace/.derivedData/SDKExplicitPrecompiledModules/Foundation-BJ2VQGI3OGR34500MEQ1VKHPH.pcm
SwiftExplicitDependencyGeneratePcm arm64_32 /Users/admin/builder/spi-builder-workspace/.derivedData/SDKExplicitPrecompiledModules/CoreText-C9X2REPZN2V5BSU4G80FCETDR.pcm
SwiftExplicitDependencyGeneratePcm arm64_32 /Users/admin/builder/spi-builder-workspace/.derivedData/SDKExplicitPrecompiledModules/CoreVideo-2P8HI0403J99LBDPKNFJ5D4DL.pcm
SwiftExplicitDependencyGeneratePcm arm64 /Users/admin/builder/spi-builder-workspace/.derivedData/SDKExplicitPrecompiledModules/DataDetection-7BNVI1SZW5ISQL5SX4WL2X7I5.pcm
SwiftExplicitDependencyGeneratePcm arm64 /Users/admin/builder/spi-builder-workspace/.derivedData/SDKExplicitPrecompiledModules/QuartzCore-94KFMWNOU7ZLUZNB4T5DLZC9D.pcm
SwiftExplicitDependencyGeneratePcm arm64 /Users/admin/builder/spi-builder-workspace/.derivedData/SDKExplicitPrecompiledModules/UniformTypeIdentifiers-8L08Q8DQJV8C4AW84YVGFGTRN.pcm
SwiftExplicitDependencyGeneratePcm arm64 /Users/admin/builder/spi-builder-workspace/.derivedData/SDKExplicitPrecompiledModules/Accessibility-27QMG6ZQ1NKYTNBYFPM1XKNFC.pcm
SwiftExplicitDependencyGeneratePcm arm64 /Users/admin/builder/spi-builder-workspace/.derivedData/SDKExplicitPrecompiledModules/OSLog-B7VGO357Y3GJG35TST7DKDSI3.pcm
SwiftExplicitDependencyGeneratePcm arm64 /Users/admin/builder/spi-builder-workspace/.derivedData/SDKExplicitPrecompiledModules/UserNotifications-ARAH8MEQ0C2L0FBO39HITJMAO.pcm
SwiftExplicitDependencyGeneratePcm arm64 /Users/admin/builder/spi-builder-workspace/.derivedData/SDKExplicitPrecompiledModules/Symbols-3EFABTJ9L5PQDJ7RQCYQWEJMM.pcm
SwiftExplicitDependencyGeneratePcm arm64 /Users/admin/builder/spi-builder-workspace/.derivedData/SDKExplicitPrecompiledModules/UIUtilities-IR7RNW23VAUKYI9MLCS9NL9A.pcm
SwiftExplicitDependencyGeneratePcm arm64 /Users/admin/builder/spi-builder-workspace/.derivedData/SDKExplicitPrecompiledModules/_LocationEssentials-5ZZDGDXB6HLQUC72SJW7YJ7MK.pcm
SwiftExplicitDependencyGeneratePcm arm64 /Users/admin/builder/spi-builder-workspace/.derivedData/SDKExplicitPrecompiledModules/CoreTransferable-9PPG3SLJ55T4LITIFYX2M0NOZ.pcm
SwiftExplicitDependencyGeneratePcm arm64_32 /Users/admin/builder/spi-builder-workspace/.derivedData/SDKExplicitPrecompiledModules/QuartzCore-6375NPYACK5NYVHPMC1QQ8MC2.pcm
SwiftExplicitDependencyGeneratePcm arm64_32 /Users/admin/builder/spi-builder-workspace/.derivedData/SDKExplicitPrecompiledModules/UIUtilities-9YFVNIMRC5HRVOIARNWHP1E3H.pcm
SwiftExplicitDependencyGeneratePcm arm64_32 /Users/admin/builder/spi-builder-workspace/.derivedData/SDKExplicitPrecompiledModules/UserNotifications-6TBN8TEAKO014N1T2QD926XED.pcm
SwiftExplicitDependencyGeneratePcm arm64_32 /Users/admin/builder/spi-builder-workspace/.derivedData/SDKExplicitPrecompiledModules/DataDetection-U9BF7WHFVA6BZGFXXXP272PS.pcm
SwiftExplicitDependencyGeneratePcm arm64_32 /Users/admin/builder/spi-builder-workspace/.derivedData/SDKExplicitPrecompiledModules/UniformTypeIdentifiers-CJZ3NTHPSBH4XWX5EVOG56UZS.pcm
SwiftExplicitDependencyGeneratePcm arm64_32 /Users/admin/builder/spi-builder-workspace/.derivedData/SDKExplicitPrecompiledModules/OSLog-D9AVFY0KWO7RVBIQ73CBIJVCN.pcm
SwiftExplicitDependencyGeneratePcm arm64_32 /Users/admin/builder/spi-builder-workspace/.derivedData/SDKExplicitPrecompiledModules/Symbols-1H97WMG76HU94F5VGJR19PXFY.pcm
SwiftExplicitDependencyGeneratePcm arm64 /Users/admin/builder/spi-builder-workspace/.derivedData/SDKExplicitPrecompiledModules/CoreLocation-ACKJ9K7ABI14F97Y46Y6SRR17.pcm
SwiftExplicitDependencyGeneratePcm arm64_32 /Users/admin/builder/spi-builder-workspace/.derivedData/SDKExplicitPrecompiledModules/_LocationEssentials-AQ1OL9QKC3LQLY5CNSRM1HB53.pcm
SwiftExplicitDependencyGeneratePcm arm64 /Users/admin/builder/spi-builder-workspace/.derivedData/SDKExplicitPrecompiledModules/SwiftUICore-C1DST1IX2Z0PTH5SJJZ1IULRB.pcm
SwiftExplicitDependencyGeneratePcm arm64_32 /Users/admin/builder/spi-builder-workspace/.derivedData/SDKExplicitPrecompiledModules/Accessibility-F385OMZ5GYBUY5O4QAJB4NRII.pcm
SwiftExplicitDependencyGeneratePcm arm64_32 /Users/admin/builder/spi-builder-workspace/.derivedData/SDKExplicitPrecompiledModules/CoreTransferable-5D4IR6X37682FPHJ5CBPTKQV6.pcm
SwiftExplicitDependencyGeneratePcm arm64_32 /Users/admin/builder/spi-builder-workspace/.derivedData/SDKExplicitPrecompiledModules/CoreLocation-8XU5YMYM4P11RQMYCQAG65ITK.pcm
SwiftExplicitDependencyGeneratePcm arm64 /Users/admin/builder/spi-builder-workspace/.derivedData/SDKExplicitPrecompiledModules/CoreMotion-6RD5K48QT1F4L9CATNFD2O7YB.pcm
SwiftExplicitDependencyGeneratePcm arm64_32 /Users/admin/builder/spi-builder-workspace/.derivedData/SDKExplicitPrecompiledModules/SwiftUICore-3Q7WLRD8MR9R3NGIPUBQCP6F6.pcm
SwiftExplicitDependencyGeneratePcm arm64_32 /Users/admin/builder/spi-builder-workspace/.derivedData/SDKExplicitPrecompiledModules/CoreMotion-1XGTVTE5PP32UHME8AC63TL6.pcm
SwiftExplicitDependencyGeneratePcm arm64 /Users/admin/builder/spi-builder-workspace/.derivedData/SDKExplicitPrecompiledModules/UIKit-27R3P1YMV4C6JLDT661G3MRIA.pcm
SwiftExplicitDependencyGeneratePcm arm64_32 /Users/admin/builder/spi-builder-workspace/.derivedData/SDKExplicitPrecompiledModules/UIKit-6PPV7YPZ89CZPHYAP072QH8B6.pcm
SwiftExplicitDependencyGeneratePcm arm64 /Users/admin/builder/spi-builder-workspace/.derivedData/SDKExplicitPrecompiledModules/MapKit-EJJWC7IL56MPLQMI93GJRE5OG.pcm
SwiftExplicitDependencyGeneratePcm arm64_32 /Users/admin/builder/spi-builder-workspace/.derivedData/SDKExplicitPrecompiledModules/MapKit-CWGB4YMP1VX1NYQN5FULFD5DR.pcm
SwiftCompile normal arm64 Compiling\ Parent\ Tile.swift /Users/admin/builder/spi-builder-workspace/.dependencies/checkouts/mapkit-caching-tile-overlay/Sources/CachingMapKitTileOverlay/Parent\ Tile.swift (in target 'CachingMapKitTileOverlay' from project 'CachingMapKitTileOverlay')
SwiftCompile normal arm64 /Users/admin/builder/spi-builder-workspace/.dependencies/checkouts/mapkit-caching-tile-overlay/Sources/CachingMapKitTileOverlay/Parent\ Tile.swift (in target 'CachingMapKitTileOverlay' from project 'CachingMapKitTileOverlay')
cd /Users/admin/builder/spi-builder-workspace/.swiftpm/xcode
builtin-SwiftPerFileCompile Parent\ Tile.swift
SwiftEmitModule normal arm64 Emitting\ module\ for\ CachingMapKitTileOverlay (in target 'CachingMapKitTileOverlay' from project 'CachingMapKitTileOverlay')
/Users/admin/builder/spi-builder-workspace/.dependencies/checkouts/mapkit-caching-tile-overlay/Sources/CachingMapKitTileOverlay/CachingTileOverlayRenderer.swift:14:42: error: 'MKOverlayRenderer' is unavailable in watchOS
12 | /// This class helps reduce flickering and blank map behavior when zooming
13 | /// which is prevalent in MapKit's MKTileOverlayRenderer.
14 | public class CachingTileOverlayRenderer: MKOverlayRenderer {
| `- error: 'MKOverlayRenderer' is unavailable in watchOS
15 | private var loadingTiles = AtomicSet<String>()
16 |
/Applications/Xcode-27.0.0-Release.Candidate.app/Contents/Developer/Platforms/WatchOS.platform/Developer/SDKs/WatchOS27.0.sdk/System/Library/Frameworks/MapKit.framework/Headers/MKOverlayRenderer.h:15:12: note: 'MKOverlayRenderer' has been explicitly marked unavailable here
13 |
14 | NS_CLASS_AVAILABLE(10_9, 7_0) __TVOS_AVAILABLE(9_2) API_UNAVAILABLE(watchos)
15 | @interface MKOverlayRenderer : NSObject
| `- note: 'MKOverlayRenderer' has been explicitly marked unavailable here
16 |
17 | - (instancetype)initWithOverlay:(id <MKOverlay>)overlay NS_DESIGNATED_INITIALIZER;
Failed frontend command:
/Applications/Xcode-27.0.0-Release.Candidate.app/Contents/Developer/Toolchains/XcodeDefault.xctoolchain/usr/bin/swift-frontend -frontend -emit-module -experimental-skip-non-inlinable-function-bodies-without-types /Users/admin/builder/spi-builder-workspace/.dependencies/checkouts/mapkit-caching-tile-overlay/Sources/CachingMapKitTileOverlay/AtomicSet.swift /Users/admin/builder/spi-builder-workspace/.dependencies/checkouts/mapkit-caching-tile-overlay/Sources/CachingMapKitTileOverlay/CachingTileOverlay.swift /Users/admin/builder/spi-builder-workspace/.dependencies/checkouts/mapkit-caching-tile-overlay/Sources/CachingMapKitTileOverlay/CachingTileOverlayRenderer.swift /Users/admin/builder/spi-builder-workspace/.dependencies/checkouts/mapkit-caching-tile-overlay/Sources/CachingMapKitTileOverlay/Cropping.swift /Users/admin/builder/spi-builder-workspace/.dependencies/checkouts/mapkit-caching-tile-overlay/Sources/CachingMapKitTileOverlay/Parent\ Tile.swift -target arm64-apple-watchos9.0 -module-can-import-version UIKit 9127.0.84.1 9127.0.84 -disable-cross-import-overlay-search -swift-module-cross-import MapKit /Applications/Xcode-27.0.0-Release.Candidate.app/Contents/Developer/Platforms/WatchOS.platform/Developer/SDKs/WatchOS.sdk/System/Library/Frameworks/MapKit.framework/Modules/MapKit.swiftcrossimport/SwiftUI.swiftoverlay -swift-module-cross-import MapKit /Applications/Xcode-27.0.0-Release.Candidate.app/Contents/Developer/Platforms/WatchOS.platform/Developer/SDKs/WatchOS27.0.sdk/System/Library/Frameworks/MapKit.framework/Modules/MapKit.swiftcrossimport/SwiftUI.swiftoverlay -load-resolved-plugin /Applications/Xcode-27.0.0-Release.Candidate.app/Contents/Developer/Platforms/WatchOS.platform/Developer/usr/lib/swift/host/plugins/libFoundationMacros.dylib\#/Applications/Xcode-27.0.0-Release.Candidate.app/Contents/Developer/Platforms/WatchOS.platform/Developer/usr/bin/swift-plugin-server\#FoundationMacros -load-resolved-plugin /Applications/Xcode-27.0.0-Release.Candidate.app/Contents/Developer/Platforms/WatchOS.platform/Developer/usr/lib/swift/host/plugins/libObservationMacros.dylib\#/Applications/Xcode-27.0.0-Release.Candidate.app/Contents/Developer/Platforms/WatchOS.platform/Developer/usr/bin/swift-plugin-server\#ObservationMacros -load-resolved-plugin /Applications/Xcode-27.0.0-Release.Candidate.app/Contents/Developer/Platforms/WatchOS.platform/Developer/usr/lib/swift/host/plugins/libSwiftMacros.dylib\#/Applications/Xcode-27.0.0-Release.Candidate.app/Contents/Developer/Platforms/WatchOS.platform/Developer/usr/bin/swift-plugin-server\#SwiftMacros -load-resolved-plugin /Applications/Xcode-27.0.0-Release.Candidate.app/Contents/Developer/Platforms/WatchOS.platform/Developer/usr/lib/swift/host/plugins/libSwiftUIMacros.dylib\#/Applications/Xcode-27.0.0-Release.Candidate.app/Contents/Developer/Platforms/WatchOS.platform/Developer/usr/bin/swift-plugin-server\#SwiftUIMacros -disable-implicit-swift-modules -Xcc -fno-implicit-modules -Xcc -fno-implicit-module-maps -explicit-swift-module-map-file /Users/admin/builder/spi-builder-workspace/.derivedData/Build/Intermediates.noindex/CachingMapKitTileOverlay.build/Debug-watchos/CachingMapKitTileOverlay-t.build/Objects-normal/arm64/CachingMapKitTileOverlay-dependencies-1.json -Xllvm -aarch64-use-tbi -enable-objc-interop -stack-check -sdk /Applications/Xcode-27.0.0-Release.Candidate.app/Contents/Developer/Platforms/WatchOS.platform/Developer/SDKs/WatchOS27.0.sdk -I /Users/admin/builder/spi-builder-workspace/.derivedData/Build/Products/Debug-watchos -Isystem /Applications/Xcode-27.0.0-Release.Candidate.app/Contents/Developer/Platforms/WatchOS.platform/Developer/usr/lib -F /Users/admin/builder/spi-builder-workspace/.derivedData/Build/Products/Debug-watchos -F /Applications/Xcode-27.0.0-Release.Candidate.app/Contents/Developer/Platforms/WatchOS.platform/Developer/Library/Frameworks -F /Applications/Xcode-27.0.0-Release.Candidate.app/Contents/Developer/Platforms/WatchOS.platform/Developer/SDKs/WatchOS27.0.sdk/Developer/Library/Frameworks -module-cache-path /Users/admin/builder/spi-builder-workspace/.derivedData/Build/Intermediates.noindex/SwiftExplicitPrecompiledModules -no-color-diagnostics -Xcc -fno-color-diagnostics -enable-testing -g -debug-info-format\=dwarf -dwarf-version\=4 -suppress-warnings -profile-generate -profile-coverage-mapping -swift-version 5 -Onone -D SWIFT_PACKAGE -D DEBUG -D SWIFT_MODULE_RESOURCE_BUNDLE_UNAVAILABLE -D Xcode -serialize-debugging-options -enable-experimental-feature StrictConcurrency -enable-experimental-feature DebugDescriptionMacro -empty-abi-descriptor -validate-clang-modules-once -clang-build-session-file /Users/admin/builder/spi-builder-workspace/.derivedData/ModuleCache.noindex/Session.modulevalidation -Xcc -working-directory -Xcc /Users/admin/builder/spi-builder-workspace/.swiftpm/xcode -enable-anonymous-context-mangled-names -file-compilation-dir /Users/admin/builder/spi-builder-workspace/.swiftpm/xcode -Xcc -D_LIBCPP_HARDENING_MODE\=_LIBCPP_HARDENING_MODE_DEBUG -Xcc -ivfsstatcache -Xcc /Users/admin/builder/spi-builder-workspace/.derivedData/SDKStatCaches.noindex/watchos27.0-24R360-e829b21a6f8c9b70876ba0858053c04477534ef55a1706bf4c1112bbb242f0a2.sdkstatcache -Xcc -fmodules-prune-interval\=86400 -Xcc -fmodules-prune-after\=345600 -Xcc -I/Users/admin/builder/spi-builder-workspace/.derivedData/Build/Products/Debug-watchos/include -Xcc -I/Users/admin/builder/spi-builder-workspace/.derivedData/Build/Intermediates.noindex/CachingMapKitTileOverlay.build/Debug-watchos/CachingMapKitTileOverlay-t.build/DerivedSources-normal/arm64 -Xcc -I/Users/admin/builder/spi-builder-workspace/.derivedData/Build/Intermediates.noindex/CachingMapKitTileOverlay.build/Debug-watchos/CachingMapKitTileOverlay-t.build/DerivedSources/arm64 -Xcc -I/Users/admin/builder/spi-builder-workspace/.derivedData/Build/Intermediates.noindex/CachingMapKitTileOverlay.build/Debug-watchos/CachingMapKitTileOverlay-t.build/DerivedSources -Xcc -DSWIFT_PACKAGE -Xcc -DDEBUG\=1 -no-auto-bridging-header-chaining -module-name CachingMapKitTileOverlay -package-name mapkit_caching_tile_overlay -const-gather-protocols-file /Users/admin/builder/spi-builder-workspace/.derivedData/Build/Intermediates.noindex/CachingMapKitTileOverlay.build/Debug-watchos/CachingMapKitTileOverlay-t.build/Objects-normal/arm64/CachingMapKitTileOverlay_const_extract_protocols.json -disable-clang-spi -clang-target arm64-apple-watchos27.0 -target-sdk-version 27.0 -target-sdk-name watchos27.0 -in-process-plugin-server-path /Applications/Xcode-27.0.0-Release.Candidate.app/Contents/Developer/Toolchains/XcodeDefault.xctoolchain/usr/lib/swift/host/libSwiftInProcPluginServer.dylib -emit-module-doc-path /Users/admin/builder/spi-builder-workspace/.derivedData/Build/Intermediates.noindex/CachingMapKitTileOverlay.build/Debug-watchos/CachingMapKitTileOverlay-t.build/Objects-normal/arm64/CachingMapKitTileOverlay.swiftdoc -emit-module-source-info-path /Users/admin/builder/spi-builder-workspace/.derivedData/Build/Intermediates.noindex/CachingMapKitTileOverlay.build/Debug-watchos/CachingMapKitTileOverlay-t.build/Objects-normal/arm64/CachingMapKitTileOverlay.swiftsourceinfo -emit-objc-header-path /Users/admin/builder/spi-builder-workspace/.derivedData/Build/Intermediates.noindex/CachingMapKitTileOverlay.build/Debug-watchos/CachingMapKitTileOverlay-t.build/Objects-normal/arm64/CachingMapKitTileOverlay-Swift.h -serialize-diagnostics-path /Users/admin/builder/spi-builder-workspace/.derivedData/Build/Intermediates.noindex/CachingMapKitTileOverlay.build/Debug-watchos/CachingMapKitTileOverlay-t.build/Objects-normal/arm64/CachingMapKitTileOverlay-primary-emit-module.dia -emit-dependencies-path /Users/admin/builder/spi-builder-workspace/.derivedData/Build/Intermediates.noindex/CachingMapKitTileOverlay.build/Debug-watchos/CachingMapKitTileOverlay-t.build/Objects-normal/arm64/CachingMapKitTileOverlay-primary-emit-module.d -parse-as-library -o /Users/admin/builder/spi-builder-workspace/.derivedData/Build/Intermediates.noindex/CachingMapKitTileOverlay.build/Debug-watchos/CachingMapKitTileOverlay-t.build/Objects-normal/arm64/CachingMapKitTileOverlay.swiftmodule -emit-abi-descriptor-path /Users/admin/builder/spi-builder-workspace/.derivedData/Build/Intermediates.noindex/CachingMapKitTileOverlay.build/Debug-watchos/CachingMapKitTileOverlay-t.build/Objects-normal/arm64/CachingMapKitTileOverlay.abi.json
SwiftCompile normal arm64 (in target 'CachingMapKitTileOverlay' from project 'CachingMapKitTileOverlay')
cd /Users/admin/builder/spi-builder-workspace/.swiftpm/xcode
SwiftCompile normal arm64 Compiling\ CachingTileOverlayRenderer.swift /Users/admin/builder/spi-builder-workspace/.dependencies/checkouts/mapkit-caching-tile-overlay/Sources/CachingMapKitTileOverlay/CachingTileOverlayRenderer.swift (in target 'CachingMapKitTileOverlay' from project 'CachingMapKitTileOverlay')
SwiftCompile normal arm64 /Users/admin/builder/spi-builder-workspace/.dependencies/checkouts/mapkit-caching-tile-overlay/Sources/CachingMapKitTileOverlay/CachingTileOverlayRenderer.swift (in target 'CachingMapKitTileOverlay' from project 'CachingMapKitTileOverlay')
cd /Users/admin/builder/spi-builder-workspace/.swiftpm/xcode
builtin-SwiftPerFileCompile CachingTileOverlayRenderer.swift
SwiftCompile normal arm64 Compiling\ Cropping.swift /Users/admin/builder/spi-builder-workspace/.dependencies/checkouts/mapkit-caching-tile-overlay/Sources/CachingMapKitTileOverlay/Cropping.swift (in target 'CachingMapKitTileOverlay' from project 'CachingMapKitTileOverlay')
SwiftCompile normal arm64 /Users/admin/builder/spi-builder-workspace/.dependencies/checkouts/mapkit-caching-tile-overlay/Sources/CachingMapKitTileOverlay/Cropping.swift (in target 'CachingMapKitTileOverlay' from project 'CachingMapKitTileOverlay')
cd /Users/admin/builder/spi-builder-workspace/.swiftpm/xcode
builtin-SwiftPerFileCompile Cropping.swift
SwiftCompile normal arm64 Compiling\ AtomicSet.swift /Users/admin/builder/spi-builder-workspace/.dependencies/checkouts/mapkit-caching-tile-overlay/Sources/CachingMapKitTileOverlay/AtomicSet.swift (in target 'CachingMapKitTileOverlay' from project 'CachingMapKitTileOverlay')
SwiftCompile normal arm64 /Users/admin/builder/spi-builder-workspace/.dependencies/checkouts/mapkit-caching-tile-overlay/Sources/CachingMapKitTileOverlay/AtomicSet.swift (in target 'CachingMapKitTileOverlay' from project 'CachingMapKitTileOverlay')
cd /Users/admin/builder/spi-builder-workspace/.swiftpm/xcode
builtin-SwiftPerFileCompile AtomicSet.swift
SwiftCompile normal arm64 Compiling\ CachingTileOverlay.swift /Users/admin/builder/spi-builder-workspace/.dependencies/checkouts/mapkit-caching-tile-overlay/Sources/CachingMapKitTileOverlay/CachingTileOverlay.swift (in target 'CachingMapKitTileOverlay' from project 'CachingMapKitTileOverlay')
SwiftCompile normal arm64 /Users/admin/builder/spi-builder-workspace/.dependencies/checkouts/mapkit-caching-tile-overlay/Sources/CachingMapKitTileOverlay/CachingTileOverlay.swift (in target 'CachingMapKitTileOverlay' from project 'CachingMapKitTileOverlay')
cd /Users/admin/builder/spi-builder-workspace/.swiftpm/xcode
builtin-SwiftPerFileCompile CachingTileOverlay.swift
SwiftEmitModule normal arm64_32 Emitting\ module\ for\ CachingMapKitTileOverlay (in target 'CachingMapKitTileOverlay' from project 'CachingMapKitTileOverlay')
SwiftCompile normal arm64_32 (in target 'CachingMapKitTileOverlay' from project 'CachingMapKitTileOverlay')
cd /Users/admin/builder/spi-builder-workspace/.swiftpm/xcode
SwiftCompile normal arm64_32 Compiling\ CachingTileOverlayRenderer.swift /Users/admin/builder/spi-builder-workspace/.dependencies/checkouts/mapkit-caching-tile-overlay/Sources/CachingMapKitTileOverlay/CachingTileOverlayRenderer.swift (in target 'CachingMapKitTileOverlay' from project 'CachingMapKitTileOverlay')
SwiftCompile normal arm64_32 /Users/admin/builder/spi-builder-workspace/.dependencies/checkouts/mapkit-caching-tile-overlay/Sources/CachingMapKitTileOverlay/CachingTileOverlayRenderer.swift (in target 'CachingMapKitTileOverlay' from project 'CachingMapKitTileOverlay')
cd /Users/admin/builder/spi-builder-workspace/.swiftpm/xcode
builtin-SwiftPerFileCompile CachingTileOverlayRenderer.swift
SwiftCompile normal arm64_32 Compiling\ Cropping.swift /Users/admin/builder/spi-builder-workspace/.dependencies/checkouts/mapkit-caching-tile-overlay/Sources/CachingMapKitTileOverlay/Cropping.swift (in target 'CachingMapKitTileOverlay' from project 'CachingMapKitTileOverlay')
SwiftCompile normal arm64_32 /Users/admin/builder/spi-builder-workspace/.dependencies/checkouts/mapkit-caching-tile-overlay/Sources/CachingMapKitTileOverlay/Cropping.swift (in target 'CachingMapKitTileOverlay' from project 'CachingMapKitTileOverlay')
cd /Users/admin/builder/spi-builder-workspace/.swiftpm/xcode
builtin-SwiftPerFileCompile Cropping.swift
SwiftCompile normal arm64_32 Compiling\ Parent\ Tile.swift /Users/admin/builder/spi-builder-workspace/.dependencies/checkouts/mapkit-caching-tile-overlay/Sources/CachingMapKitTileOverlay/Parent\ Tile.swift (in target 'CachingMapKitTileOverlay' from project 'CachingMapKitTileOverlay')
SwiftCompile normal arm64_32 /Users/admin/builder/spi-builder-workspace/.dependencies/checkouts/mapkit-caching-tile-overlay/Sources/CachingMapKitTileOverlay/Parent\ Tile.swift (in target 'CachingMapKitTileOverlay' from project 'CachingMapKitTileOverlay')
cd /Users/admin/builder/spi-builder-workspace/.swiftpm/xcode
builtin-SwiftPerFileCompile Parent\ Tile.swift
SwiftCompile normal arm64_32 Compiling\ AtomicSet.swift /Users/admin/builder/spi-builder-workspace/.dependencies/checkouts/mapkit-caching-tile-overlay/Sources/CachingMapKitTileOverlay/AtomicSet.swift (in target 'CachingMapKitTileOverlay' from project 'CachingMapKitTileOverlay')
SwiftCompile normal arm64_32 /Users/admin/builder/spi-builder-workspace/.dependencies/checkouts/mapkit-caching-tile-overlay/Sources/CachingMapKitTileOverlay/AtomicSet.swift (in target 'CachingMapKitTileOverlay' from project 'CachingMapKitTileOverlay')
cd /Users/admin/builder/spi-builder-workspace/.swiftpm/xcode
builtin-SwiftPerFileCompile AtomicSet.swift
PruneExplicitPrecompiledModules /Users/admin/builder/spi-builder-workspace/.derivedData/SDKExplicitPrecompiledModules
PruneExplicitPrecompiledModules /Users/admin/builder/spi-builder-workspace/.derivedData/Build/Intermediates.noindex/ExplicitPrecompiledModules
PruneExplicitPrecompiledModules /Users/admin/builder/spi-builder-workspace/.derivedData/Build/Intermediates.noindex/SwiftExplicitPrecompiledModules
2026-09-21 17:00:41.730 xcodebuild[664:4028] [MT] IDERunDestination: Supported platforms for the buildables in the current scheme is empty.
** BUILD FAILED **
The following build commands failed:
SwiftEmitModule normal arm64 Emitting\ module\ for\ CachingMapKitTileOverlay (in target 'CachingMapKitTileOverlay' from project 'CachingMapKitTileOverlay')
SwiftCompile normal arm64 (in target 'CachingMapKitTileOverlay' from project 'CachingMapKitTileOverlay')
Building workspace StadiaMapsMapKit with scheme StadiaMapsMapKit
(3 failures)
Command line invocation:
/Applications/Xcode-27.0.0-Release.Candidate.app/Contents/Developer/usr/bin/xcodebuild -IDEClonedSourcePackagesDirPathOverride=/Users/admin/builder/spi-builder-workspace/.dependencies -resolvePackageDependencies
Resolve Package Graph
Resolved source packages:
StadiaMapsMapKit: /Users/admin/builder/spi-builder-workspace
CachingMapKitTileOverlay: https://github.com/stadiamaps/mapkit-caching-tile-overlay @ 1.1.0
resolved source packages: StadiaMapsMapKit, CachingMapKitTileOverlay
2026-09-21 17:00:48.059 xcodebuild[822:4744] [MT] IDERunDestination: Supported platforms for the buildables in the current scheme is empty.
{
"dependencies" : [
{
"identity" : "mapkit-caching-tile-overlay",
"requirement" : {
"range" : [
{
"lower_bound" : "1.0.4",
"upper_bound" : "2.0.0"
}
]
},
"type" : "sourceControl",
"url" : "https://github.com/stadiamaps/mapkit-caching-tile-overlay"
}
],
"manifest_display_name" : "StadiaMapsMapKit",
"name" : "StadiaMapsMapKit",
"path" : "/Users/admin/builder/spi-builder-workspace",
"platforms" : [
{
"name" : "ios",
"version" : "13.0"
},
{
"name" : "macos",
"version" : "10.15"
},
{
"name" : "visionos",
"version" : "1.0"
},
{
"name" : "tvos",
"version" : "13.0"
},
{
"name" : "maccatalyst",
"version" : "13.0"
}
],
"products" : [
{
"name" : "StadiaMapsMapKit",
"targets" : [
"StadiaMapsMapKit"
],
"type" : {
"library" : [
"automatic"
]
}
}
],
"targets" : [
{
"c99name" : "StadiaMapsMapKitTests",
"module_type" : "SwiftTarget",
"name" : "StadiaMapsMapKitTests",
"path" : "Tests/StadiaMapsMapKitTests",
"sources" : [
"StadiaMapsMapKitTests.swift"
],
"target_dependencies" : [
"StadiaMapsMapKit"
],
"type" : "test"
},
{
"c99name" : "StadiaMapsMapKit",
"module_type" : "SwiftTarget",
"name" : "StadiaMapsMapKit",
"path" : "Sources/StadiaMapsMapKit",
"product_dependencies" : [
"CachingMapKitTileOverlay"
],
"product_memberships" : [
"StadiaMapsMapKit"
],
"sources" : [
"MapStyle.swift",
"StadiaMapsTileOverlay.swift"
],
"type" : "library"
}
],
"tools_version" : "5.10"
}
{
"workspace" : {
"name" : "StadiaMapsMapKit",
"schemes" : [
"StadiaMapsMapKit"
]
}
}
2026-09-21 17:00:49.366 xcodebuild[830:4813] [MT] IDERunDestination: Supported platforms for the buildables in the current scheme is empty.
Running build ...
env DEVELOPER_DIR=/Applications/Xcode-27.0.0-Release.Candidate.app xcrun xcodebuild -IDEClonedSourcePackagesDirPathOverride=$PWD/.dependencies -skipMacroValidation -skipPackagePluginValidation -derivedDataPath $PWD/.derivedData build -scheme StadiaMapsMapKit -destination generic/platform=watchOS
Command line invocation:
/Applications/Xcode-27.0.0-Release.Candidate.app/Contents/Developer/usr/bin/xcodebuild -IDEClonedSourcePackagesDirPathOverride=/Users/admin/builder/spi-builder-workspace/.dependencies -skipMacroValidation -skipPackagePluginValidation -derivedDataPath /Users/admin/builder/spi-builder-workspace/.derivedData build -scheme StadiaMapsMapKit -destination generic/platform=watchOS
Resolve Package Graph
Resolved source packages:
StadiaMapsMapKit: /Users/admin/builder/spi-builder-workspace
CachingMapKitTileOverlay: https://github.com/stadiamaps/mapkit-caching-tile-overlay @ 1.1.0
ComputePackagePrebuildTargetDependencyGraph
Prepare packages
CreateBuildRequest
SendProjectDescription
CreateBuildOperation
ComputeTargetDependencyGraph
note: Building targets in dependency order
note: Target dependency graph (4 targets)
Target 'StadiaMapsMapKit-product' in project 'StadiaMapsMapKit'
➜ Explicit dependency on target 'StadiaMapsMapKit' in project 'StadiaMapsMapKit'
➜ Explicit dependency on target 'CachingMapKitTileOverlay-product' in project 'CachingMapKitTileOverlay'
Target 'StadiaMapsMapKit' in project 'StadiaMapsMapKit'
➜ Explicit dependency on target 'CachingMapKitTileOverlay-product' in project 'CachingMapKitTileOverlay'
Target 'CachingMapKitTileOverlay-product' in project 'CachingMapKitTileOverlay'
➜ Explicit dependency on target 'CachingMapKitTileOverlay' in project 'CachingMapKitTileOverlay'
Target 'CachingMapKitTileOverlay' in project 'CachingMapKitTileOverlay' (no dependencies)
GatherProvisioningInputs
CreateBuildDescription
ClangStatCache /Applications/Xcode-27.0.0-Release.Candidate.app/Contents/Developer/Toolchains/XcodeDefault.xctoolchain/usr/bin/clang-stat-cache /Applications/Xcode-27.0.0-Release.Candidate.app/Contents/Developer/Platforms/WatchOS.platform/Developer/SDKs/WatchOS27.0.sdk /Users/admin/builder/spi-builder-workspace/.derivedData/SDKStatCaches.noindex/watchos27.0-24R360-e829b21a6f8c9b70876ba0858053c04477534ef55a1706bf4c1112bbb242f0a2.sdkstatcache
cd /Users/admin/builder/spi-builder-workspace/.swiftpm/xcode
/Applications/Xcode-27.0.0-Release.Candidate.app/Contents/Developer/Toolchains/XcodeDefault.xctoolchain/usr/bin/clang-stat-cache /Applications/Xcode-27.0.0-Release.Candidate.app/Contents/Developer/Platforms/WatchOS.platform/Developer/SDKs/WatchOS27.0.sdk -o /Users/admin/builder/spi-builder-workspace/.derivedData/SDKStatCaches.noindex/watchos27.0-24R360-e829b21a6f8c9b70876ba0858053c04477534ef55a1706bf4c1112bbb242f0a2.sdkstatcache
SwiftDriver CachingMapKitTileOverlay normal arm64_32 com.apple.xcode.tools.swift.compiler (in target 'CachingMapKitTileOverlay' from project 'CachingMapKitTileOverlay')
cd /Users/admin/builder/spi-builder-workspace/.swiftpm/xcode
builtin-SwiftDriver -- /Applications/Xcode-27.0.0-Release.Candidate.app/Contents/Developer/Toolchains/XcodeDefault.xctoolchain/usr/bin/swiftc -parse-as-library -module-name CachingMapKitTileOverlay -Onone @/Users/admin/builder/spi-builder-workspace/.derivedData/Build/Intermediates.noindex/CachingMapKitTileOverlay.build/Debug-watchos/CachingMapKitTileOverlay-t.build/Objects-normal/arm64_32/CachingMapKitTileOverlay.SwiftFileList -DSWIFT_PACKAGE -DDEBUG -DSWIFT_MODULE_RESOURCE_BUNDLE_UNAVAILABLE -DXcode -enable-experimental-feature StrictConcurrency -plugin-path /Applications/Xcode-27.0.0-Release.Candidate.app/Contents/Developer/Toolchains/XcodeDefault.xctoolchain/usr/lib/swift/host/plugins/testing -enable-experimental-feature DebugDescriptionMacro -sdk /Applications/Xcode-27.0.0-Release.Candidate.app/Contents/Developer/Platforms/WatchOS.platform/Developer/SDKs/WatchOS27.0.sdk -target arm64_32-apple-watchos9.0 -g -module-cache-path /Users/admin/builder/spi-builder-workspace/.derivedData/ModuleCache.noindex -Xfrontend -serialize-debugging-options -profile-coverage-mapping -profile-generate -enable-testing -suppress-warnings -index-store-path /Users/admin/builder/spi-builder-workspace/.derivedData/Index.noindex/DataStore -Xcc -D_LIBCPP_HARDENING_MODE\=_LIBCPP_HARDENING_MODE_DEBUG -swift-version 5 -I /Users/admin/builder/spi-builder-workspace/.derivedData/Build/Products/Debug-watchos -Isystem /Applications/Xcode-27.0.0-Release.Candidate.app/Contents/Developer/Platforms/WatchOS.platform/Developer/usr/lib -F /Users/admin/builder/spi-builder-workspace/.derivedData/Build/Products/Debug-watchos -F /Applications/Xcode-27.0.0-Release.Candidate.app/Contents/Developer/Platforms/WatchOS.platform/Developer/Library/Frameworks -F /Applications/Xcode-27.0.0-Release.Candidate.app/Contents/Developer/Platforms/WatchOS.platform/Developer/SDKs/WatchOS27.0.sdk/Developer/Library/Frameworks -c -j10 -enable-batch-mode -incremental -Xcc -ivfsstatcache -Xcc /Users/admin/builder/spi-builder-workspace/.derivedData/SDKStatCaches.noindex/watchos27.0-24R360-e829b21a6f8c9b70876ba0858053c04477534ef55a1706bf4c1112bbb242f0a2.sdkstatcache -output-file-map /Users/admin/builder/spi-builder-workspace/.derivedData/Build/Intermediates.noindex/CachingMapKitTileOverlay.build/Debug-watchos/CachingMapKitTileOverlay-t.build/Objects-normal/arm64_32/CachingMapKitTileOverlay-OutputFileMap.json -save-temps -no-color-diagnostics -explicit-module-build -module-cache-path /Users/admin/builder/spi-builder-workspace/.derivedData/Build/Intermediates.noindex/SwiftExplicitPrecompiledModules -clang-scanner-module-cache-path /Users/admin/builder/spi-builder-workspace/.derivedData/ModuleCache.noindex -sdk-module-cache-path /Users/admin/builder/spi-builder-workspace/.derivedData/SDKExplicitPrecompiledModules -emit-dependencies -emit-module -emit-module-path /Users/admin/builder/spi-builder-workspace/.derivedData/Build/Intermediates.noindex/CachingMapKitTileOverlay.build/Debug-watchos/CachingMapKitTileOverlay-t.build/Objects-normal/arm64_32/CachingMapKitTileOverlay.swiftmodule -serialize-diagnostics -dependency-scan-serialize-diagnostics-path /Users/admin/builder/spi-builder-workspace/.derivedData/Build/Intermediates.noindex/CachingMapKitTileOverlay.build/Debug-watchos/CachingMapKitTileOverlay-t.build/Objects-normal/arm64_32/CachingMapKitTileOverlay-dependency-scan.dia -validate-clang-modules-once -clang-build-session-file /Users/admin/builder/spi-builder-workspace/.derivedData/ModuleCache.noindex/Session.modulevalidation -Xcc -fmodules-prune-interval\=86400 -Xcc -fmodules-prune-after\=345600 -package-name mapkit_caching_tile_overlay -emit-const-values -const-gather-protocols-list /Users/admin/builder/spi-builder-workspace/.derivedData/Build/Intermediates.noindex/CachingMapKitTileOverlay.build/Debug-watchos/CachingMapKitTileOverlay-t.build/Objects-normal/arm64_32/CachingMapKitTileOverlay_const_extract_protocols.json -Xcc -I/Users/admin/builder/spi-builder-workspace/.derivedData/Build/Products/Debug-watchos/include -Xcc -I/Users/admin/builder/spi-builder-workspace/.derivedData/Build/Intermediates.noindex/CachingMapKitTileOverlay.build/Debug-watchos/CachingMapKitTileOverlay-t.build/DerivedSources-normal/arm64_32 -Xcc -I/Users/admin/builder/spi-builder-workspace/.derivedData/Build/Intermediates.noindex/CachingMapKitTileOverlay.build/Debug-watchos/CachingMapKitTileOverlay-t.build/DerivedSources/arm64_32 -Xcc -I/Users/admin/builder/spi-builder-workspace/.derivedData/Build/Intermediates.noindex/CachingMapKitTileOverlay.build/Debug-watchos/CachingMapKitTileOverlay-t.build/DerivedSources -Xcc -DSWIFT_PACKAGE -Xcc -DDEBUG\=1 -emit-objc-header -emit-objc-header-path /Users/admin/builder/spi-builder-workspace/.derivedData/Build/Intermediates.noindex/CachingMapKitTileOverlay.build/Debug-watchos/CachingMapKitTileOverlay-t.build/Objects-normal/arm64_32/CachingMapKitTileOverlay-Swift.h -working-directory /Users/admin/builder/spi-builder-workspace/.swiftpm/xcode -experimental-emit-module-separately -disable-cmo
SwiftDriver CachingMapKitTileOverlay normal arm64 com.apple.xcode.tools.swift.compiler (in target 'CachingMapKitTileOverlay' from project 'CachingMapKitTileOverlay')
cd /Users/admin/builder/spi-builder-workspace/.swiftpm/xcode
builtin-SwiftDriver -- /Applications/Xcode-27.0.0-Release.Candidate.app/Contents/Developer/Toolchains/XcodeDefault.xctoolchain/usr/bin/swiftc -parse-as-library -module-name CachingMapKitTileOverlay -Onone @/Users/admin/builder/spi-builder-workspace/.derivedData/Build/Intermediates.noindex/CachingMapKitTileOverlay.build/Debug-watchos/CachingMapKitTileOverlay-t.build/Objects-normal/arm64/CachingMapKitTileOverlay.SwiftFileList -DSWIFT_PACKAGE -DDEBUG -DSWIFT_MODULE_RESOURCE_BUNDLE_UNAVAILABLE -DXcode -enable-experimental-feature StrictConcurrency -plugin-path /Applications/Xcode-27.0.0-Release.Candidate.app/Contents/Developer/Toolchains/XcodeDefault.xctoolchain/usr/lib/swift/host/plugins/testing -enable-experimental-feature DebugDescriptionMacro -sdk /Applications/Xcode-27.0.0-Release.Candidate.app/Contents/Developer/Platforms/WatchOS.platform/Developer/SDKs/WatchOS27.0.sdk -target arm64-apple-watchos9.0 -g -module-cache-path /Users/admin/builder/spi-builder-workspace/.derivedData/ModuleCache.noindex -Xfrontend -serialize-debugging-options -profile-coverage-mapping -profile-generate -enable-testing -suppress-warnings -index-store-path /Users/admin/builder/spi-builder-workspace/.derivedData/Index.noindex/DataStore -Xcc -D_LIBCPP_HARDENING_MODE\=_LIBCPP_HARDENING_MODE_DEBUG -swift-version 5 -I /Users/admin/builder/spi-builder-workspace/.derivedData/Build/Products/Debug-watchos -Isystem /Applications/Xcode-27.0.0-Release.Candidate.app/Contents/Developer/Platforms/WatchOS.platform/Developer/usr/lib -F /Users/admin/builder/spi-builder-workspace/.derivedData/Build/Products/Debug-watchos -F /Applications/Xcode-27.0.0-Release.Candidate.app/Contents/Developer/Platforms/WatchOS.platform/Developer/Library/Frameworks -F /Applications/Xcode-27.0.0-Release.Candidate.app/Contents/Developer/Platforms/WatchOS.platform/Developer/SDKs/WatchOS27.0.sdk/Developer/Library/Frameworks -c -j10 -enable-batch-mode -incremental -Xcc -ivfsstatcache -Xcc /Users/admin/builder/spi-builder-workspace/.derivedData/SDKStatCaches.noindex/watchos27.0-24R360-e829b21a6f8c9b70876ba0858053c04477534ef55a1706bf4c1112bbb242f0a2.sdkstatcache -output-file-map /Users/admin/builder/spi-builder-workspace/.derivedData/Build/Intermediates.noindex/CachingMapKitTileOverlay.build/Debug-watchos/CachingMapKitTileOverlay-t.build/Objects-normal/arm64/CachingMapKitTileOverlay-OutputFileMap.json -save-temps -no-color-diagnostics -explicit-module-build -module-cache-path /Users/admin/builder/spi-builder-workspace/.derivedData/Build/Intermediates.noindex/SwiftExplicitPrecompiledModules -clang-scanner-module-cache-path /Users/admin/builder/spi-builder-workspace/.derivedData/ModuleCache.noindex -sdk-module-cache-path /Users/admin/builder/spi-builder-workspace/.derivedData/SDKExplicitPrecompiledModules -emit-dependencies -emit-module -emit-module-path /Users/admin/builder/spi-builder-workspace/.derivedData/Build/Intermediates.noindex/CachingMapKitTileOverlay.build/Debug-watchos/CachingMapKitTileOverlay-t.build/Objects-normal/arm64/CachingMapKitTileOverlay.swiftmodule -serialize-diagnostics -dependency-scan-serialize-diagnostics-path /Users/admin/builder/spi-builder-workspace/.derivedData/Build/Intermediates.noindex/CachingMapKitTileOverlay.build/Debug-watchos/CachingMapKitTileOverlay-t.build/Objects-normal/arm64/CachingMapKitTileOverlay-dependency-scan.dia -validate-clang-modules-once -clang-build-session-file /Users/admin/builder/spi-builder-workspace/.derivedData/ModuleCache.noindex/Session.modulevalidation -Xcc -fmodules-prune-interval\=86400 -Xcc -fmodules-prune-after\=345600 -package-name mapkit_caching_tile_overlay -emit-const-values -const-gather-protocols-list /Users/admin/builder/spi-builder-workspace/.derivedData/Build/Intermediates.noindex/CachingMapKitTileOverlay.build/Debug-watchos/CachingMapKitTileOverlay-t.build/Objects-normal/arm64/CachingMapKitTileOverlay_const_extract_protocols.json -Xcc -I/Users/admin/builder/spi-builder-workspace/.derivedData/Build/Products/Debug-watchos/include -Xcc -I/Users/admin/builder/spi-builder-workspace/.derivedData/Build/Intermediates.noindex/CachingMapKitTileOverlay.build/Debug-watchos/CachingMapKitTileOverlay-t.build/DerivedSources-normal/arm64 -Xcc -I/Users/admin/builder/spi-builder-workspace/.derivedData/Build/Intermediates.noindex/CachingMapKitTileOverlay.build/Debug-watchos/CachingMapKitTileOverlay-t.build/DerivedSources/arm64 -Xcc -I/Users/admin/builder/spi-builder-workspace/.derivedData/Build/Intermediates.noindex/CachingMapKitTileOverlay.build/Debug-watchos/CachingMapKitTileOverlay-t.build/DerivedSources -Xcc -DSWIFT_PACKAGE -Xcc -DDEBUG\=1 -emit-objc-header -emit-objc-header-path /Users/admin/builder/spi-builder-workspace/.derivedData/Build/Intermediates.noindex/CachingMapKitTileOverlay.build/Debug-watchos/CachingMapKitTileOverlay-t.build/Objects-normal/arm64/CachingMapKitTileOverlay-Swift.h -working-directory /Users/admin/builder/spi-builder-workspace/.swiftpm/xcode -experimental-emit-module-separately -disable-cmo
SwiftCompile normal arm64 Compiling\ Cropping.swift /Users/admin/builder/spi-builder-workspace/.dependencies/checkouts/mapkit-caching-tile-overlay/Sources/CachingMapKitTileOverlay/Cropping.swift (in target 'CachingMapKitTileOverlay' from project 'CachingMapKitTileOverlay')
SwiftCompile normal arm64 /Users/admin/builder/spi-builder-workspace/.dependencies/checkouts/mapkit-caching-tile-overlay/Sources/CachingMapKitTileOverlay/Cropping.swift (in target 'CachingMapKitTileOverlay' from project 'CachingMapKitTileOverlay')
cd /Users/admin/builder/spi-builder-workspace/.swiftpm/xcode
builtin-SwiftPerFileCompile Cropping.swift
SwiftCompile normal arm64 Compiling\ CachingTileOverlayRenderer.swift /Users/admin/builder/spi-builder-workspace/.dependencies/checkouts/mapkit-caching-tile-overlay/Sources/CachingMapKitTileOverlay/CachingTileOverlayRenderer.swift (in target 'CachingMapKitTileOverlay' from project 'CachingMapKitTileOverlay')
SwiftCompile normal arm64 /Users/admin/builder/spi-builder-workspace/.dependencies/checkouts/mapkit-caching-tile-overlay/Sources/CachingMapKitTileOverlay/CachingTileOverlayRenderer.swift (in target 'CachingMapKitTileOverlay' from project 'CachingMapKitTileOverlay')
cd /Users/admin/builder/spi-builder-workspace/.swiftpm/xcode
builtin-SwiftPerFileCompile CachingTileOverlayRenderer.swift
SwiftEmitModule normal arm64 Emitting\ module\ for\ CachingMapKitTileOverlay (in target 'CachingMapKitTileOverlay' from project 'CachingMapKitTileOverlay')
/Users/admin/builder/spi-builder-workspace/.dependencies/checkouts/mapkit-caching-tile-overlay/Sources/CachingMapKitTileOverlay/CachingTileOverlayRenderer.swift:14:42: error: 'MKOverlayRenderer' is unavailable in watchOS
12 | /// This class helps reduce flickering and blank map behavior when zooming
13 | /// which is prevalent in MapKit's MKTileOverlayRenderer.
14 | public class CachingTileOverlayRenderer: MKOverlayRenderer {
| `- error: 'MKOverlayRenderer' is unavailable in watchOS
15 | private var loadingTiles = AtomicSet<String>()
16 |
/Applications/Xcode-27.0.0-Release.Candidate.app/Contents/Developer/Platforms/WatchOS.platform/Developer/SDKs/WatchOS27.0.sdk/System/Library/Frameworks/MapKit.framework/Headers/MKOverlayRenderer.h:15:12: note: 'MKOverlayRenderer' has been explicitly marked unavailable here
13 |
14 | NS_CLASS_AVAILABLE(10_9, 7_0) __TVOS_AVAILABLE(9_2) API_UNAVAILABLE(watchos)
15 | @interface MKOverlayRenderer : NSObject
| `- note: 'MKOverlayRenderer' has been explicitly marked unavailable here
16 |
17 | - (instancetype)initWithOverlay:(id <MKOverlay>)overlay NS_DESIGNATED_INITIALIZER;
Failed frontend command:
/Applications/Xcode-27.0.0-Release.Candidate.app/Contents/Developer/Toolchains/XcodeDefault.xctoolchain/usr/bin/swift-frontend -frontend -emit-module -experimental-skip-non-inlinable-function-bodies-without-types /Users/admin/builder/spi-builder-workspace/.dependencies/checkouts/mapkit-caching-tile-overlay/Sources/CachingMapKitTileOverlay/AtomicSet.swift /Users/admin/builder/spi-builder-workspace/.dependencies/checkouts/mapkit-caching-tile-overlay/Sources/CachingMapKitTileOverlay/CachingTileOverlay.swift /Users/admin/builder/spi-builder-workspace/.dependencies/checkouts/mapkit-caching-tile-overlay/Sources/CachingMapKitTileOverlay/CachingTileOverlayRenderer.swift /Users/admin/builder/spi-builder-workspace/.dependencies/checkouts/mapkit-caching-tile-overlay/Sources/CachingMapKitTileOverlay/Cropping.swift /Users/admin/builder/spi-builder-workspace/.dependencies/checkouts/mapkit-caching-tile-overlay/Sources/CachingMapKitTileOverlay/Parent\ Tile.swift -target arm64-apple-watchos9.0 -module-can-import-version UIKit 9127.0.84.1 9127.0.84 -disable-cross-import-overlay-search -swift-module-cross-import MapKit /Applications/Xcode-27.0.0-Release.Candidate.app/Contents/Developer/Platforms/WatchOS.platform/Developer/SDKs/WatchOS.sdk/System/Library/Frameworks/MapKit.framework/Modules/MapKit.swiftcrossimport/SwiftUI.swiftoverlay -swift-module-cross-import MapKit /Applications/Xcode-27.0.0-Release.Candidate.app/Contents/Developer/Platforms/WatchOS.platform/Developer/SDKs/WatchOS27.0.sdk/System/Library/Frameworks/MapKit.framework/Modules/MapKit.swiftcrossimport/SwiftUI.swiftoverlay -load-resolved-plugin /Applications/Xcode-27.0.0-Release.Candidate.app/Contents/Developer/Platforms/WatchOS.platform/Developer/usr/lib/swift/host/plugins/libFoundationMacros.dylib\#/Applications/Xcode-27.0.0-Release.Candidate.app/Contents/Developer/Platforms/WatchOS.platform/Developer/usr/bin/swift-plugin-server\#FoundationMacros -load-resolved-plugin /Applications/Xcode-27.0.0-Release.Candidate.app/Contents/Developer/Platforms/WatchOS.platform/Developer/usr/lib/swift/host/plugins/libObservationMacros.dylib\#/Applications/Xcode-27.0.0-Release.Candidate.app/Contents/Developer/Platforms/WatchOS.platform/Developer/usr/bin/swift-plugin-server\#ObservationMacros -load-resolved-plugin /Applications/Xcode-27.0.0-Release.Candidate.app/Contents/Developer/Platforms/WatchOS.platform/Developer/usr/lib/swift/host/plugins/libSwiftMacros.dylib\#/Applications/Xcode-27.0.0-Release.Candidate.app/Contents/Developer/Platforms/WatchOS.platform/Developer/usr/bin/swift-plugin-server\#SwiftMacros -load-resolved-plugin /Applications/Xcode-27.0.0-Release.Candidate.app/Contents/Developer/Platforms/WatchOS.platform/Developer/usr/lib/swift/host/plugins/libSwiftUIMacros.dylib\#/Applications/Xcode-27.0.0-Release.Candidate.app/Contents/Developer/Platforms/WatchOS.platform/Developer/usr/bin/swift-plugin-server\#SwiftUIMacros -disable-implicit-swift-modules -Xcc -fno-implicit-modules -Xcc -fno-implicit-module-maps -explicit-swift-module-map-file /Users/admin/builder/spi-builder-workspace/.derivedData/Build/Intermediates.noindex/CachingMapKitTileOverlay.build/Debug-watchos/CachingMapKitTileOverlay-t.build/Objects-normal/arm64/CachingMapKitTileOverlay-dependencies-1.json -Xllvm -aarch64-use-tbi -enable-objc-interop -stack-check -sdk /Applications/Xcode-27.0.0-Release.Candidate.app/Contents/Developer/Platforms/WatchOS.platform/Developer/SDKs/WatchOS27.0.sdk -I /Users/admin/builder/spi-builder-workspace/.derivedData/Build/Products/Debug-watchos -Isystem /Applications/Xcode-27.0.0-Release.Candidate.app/Contents/Developer/Platforms/WatchOS.platform/Developer/usr/lib -F /Users/admin/builder/spi-builder-workspace/.derivedData/Build/Products/Debug-watchos -F /Applications/Xcode-27.0.0-Release.Candidate.app/Contents/Developer/Platforms/WatchOS.platform/Developer/Library/Frameworks -F /Applications/Xcode-27.0.0-Release.Candidate.app/Contents/Developer/Platforms/WatchOS.platform/Developer/SDKs/WatchOS27.0.sdk/Developer/Library/Frameworks -module-cache-path /Users/admin/builder/spi-builder-workspace/.derivedData/Build/Intermediates.noindex/SwiftExplicitPrecompiledModules -no-color-diagnostics -Xcc -fno-color-diagnostics -enable-testing -g -debug-info-format\=dwarf -dwarf-version\=4 -suppress-warnings -profile-generate -profile-coverage-mapping -swift-version 5 -Onone -D SWIFT_PACKAGE -D DEBUG -D SWIFT_MODULE_RESOURCE_BUNDLE_UNAVAILABLE -D Xcode -serialize-debugging-options -enable-experimental-feature StrictConcurrency -enable-experimental-feature DebugDescriptionMacro -empty-abi-descriptor -validate-clang-modules-once -clang-build-session-file /Users/admin/builder/spi-builder-workspace/.derivedData/ModuleCache.noindex/Session.modulevalidation -Xcc -working-directory -Xcc /Users/admin/builder/spi-builder-workspace/.swiftpm/xcode -enable-anonymous-context-mangled-names -file-compilation-dir /Users/admin/builder/spi-builder-workspace/.swiftpm/xcode -Xcc -D_LIBCPP_HARDENING_MODE\=_LIBCPP_HARDENING_MODE_DEBUG -Xcc -ivfsstatcache -Xcc /Users/admin/builder/spi-builder-workspace/.derivedData/SDKStatCaches.noindex/watchos27.0-24R360-e829b21a6f8c9b70876ba0858053c04477534ef55a1706bf4c1112bbb242f0a2.sdkstatcache -Xcc -fmodules-prune-interval\=86400 -Xcc -fmodules-prune-after\=345600 -Xcc -I/Users/admin/builder/spi-builder-workspace/.derivedData/Build/Products/Debug-watchos/include -Xcc -I/Users/admin/builder/spi-builder-workspace/.derivedData/Build/Intermediates.noindex/CachingMapKitTileOverlay.build/Debug-watchos/CachingMapKitTileOverlay-t.build/DerivedSources-normal/arm64 -Xcc -I/Users/admin/builder/spi-builder-workspace/.derivedData/Build/Intermediates.noindex/CachingMapKitTileOverlay.build/Debug-watchos/CachingMapKitTileOverlay-t.build/DerivedSources/arm64 -Xcc -I/Users/admin/builder/spi-builder-workspace/.derivedData/Build/Intermediates.noindex/CachingMapKitTileOverlay.build/Debug-watchos/CachingMapKitTileOverlay-t.build/DerivedSources -Xcc -DSWIFT_PACKAGE -Xcc -DDEBUG\=1 -no-auto-bridging-header-chaining -module-name CachingMapKitTileOverlay -package-name mapkit_caching_tile_overlay -const-gather-protocols-file /Users/admin/builder/spi-builder-workspace/.derivedData/Build/Intermediates.noindex/CachingMapKitTileOverlay.build/Debug-watchos/CachingMapKitTileOverlay-t.build/Objects-normal/arm64/CachingMapKitTileOverlay_const_extract_protocols.json -disable-clang-spi -clang-target arm64-apple-watchos27.0 -target-sdk-version 27.0 -target-sdk-name watchos27.0 -in-process-plugin-server-path /Applications/Xcode-27.0.0-Release.Candidate.app/Contents/Developer/Toolchains/XcodeDefault.xctoolchain/usr/lib/swift/host/libSwiftInProcPluginServer.dylib -emit-module-doc-path /Users/admin/builder/spi-builder-workspace/.derivedData/Build/Intermediates.noindex/CachingMapKitTileOverlay.build/Debug-watchos/CachingMapKitTileOverlay-t.build/Objects-normal/arm64/CachingMapKitTileOverlay.swiftdoc -emit-module-source-info-path /Users/admin/builder/spi-builder-workspace/.derivedData/Build/Intermediates.noindex/CachingMapKitTileOverlay.build/Debug-watchos/CachingMapKitTileOverlay-t.build/Objects-normal/arm64/CachingMapKitTileOverlay.swiftsourceinfo -emit-objc-header-path /Users/admin/builder/spi-builder-workspace/.derivedData/Build/Intermediates.noindex/CachingMapKitTileOverlay.build/Debug-watchos/CachingMapKitTileOverlay-t.build/Objects-normal/arm64/CachingMapKitTileOverlay-Swift.h -serialize-diagnostics-path /Users/admin/builder/spi-builder-workspace/.derivedData/Build/Intermediates.noindex/CachingMapKitTileOverlay.build/Debug-watchos/CachingMapKitTileOverlay-t.build/Objects-normal/arm64/CachingMapKitTileOverlay-primary-emit-module.dia -emit-dependencies-path /Users/admin/builder/spi-builder-workspace/.derivedData/Build/Intermediates.noindex/CachingMapKitTileOverlay.build/Debug-watchos/CachingMapKitTileOverlay-t.build/Objects-normal/arm64/CachingMapKitTileOverlay-primary-emit-module.d -parse-as-library -o /Users/admin/builder/spi-builder-workspace/.derivedData/Build/Intermediates.noindex/CachingMapKitTileOverlay.build/Debug-watchos/CachingMapKitTileOverlay-t.build/Objects-normal/arm64/CachingMapKitTileOverlay.swiftmodule -emit-abi-descriptor-path /Users/admin/builder/spi-builder-workspace/.derivedData/Build/Intermediates.noindex/CachingMapKitTileOverlay.build/Debug-watchos/CachingMapKitTileOverlay-t.build/Objects-normal/arm64/CachingMapKitTileOverlay.abi.json
SwiftCompile normal arm64 (in target 'CachingMapKitTileOverlay' from project 'CachingMapKitTileOverlay')
cd /Users/admin/builder/spi-builder-workspace/.swiftpm/xcode
SwiftCompile normal arm64 Compiling\ Parent\ Tile.swift /Users/admin/builder/spi-builder-workspace/.dependencies/checkouts/mapkit-caching-tile-overlay/Sources/CachingMapKitTileOverlay/Parent\ Tile.swift (in target 'CachingMapKitTileOverlay' from project 'CachingMapKitTileOverlay')
SwiftCompile normal arm64 /Users/admin/builder/spi-builder-workspace/.dependencies/checkouts/mapkit-caching-tile-overlay/Sources/CachingMapKitTileOverlay/Parent\ Tile.swift (in target 'CachingMapKitTileOverlay' from project 'CachingMapKitTileOverlay')
cd /Users/admin/builder/spi-builder-workspace/.swiftpm/xcode
builtin-SwiftPerFileCompile Parent\ Tile.swift
SwiftCompile normal arm64 Compiling\ AtomicSet.swift /Users/admin/builder/spi-builder-workspace/.dependencies/checkouts/mapkit-caching-tile-overlay/Sources/CachingMapKitTileOverlay/AtomicSet.swift (in target 'CachingMapKitTileOverlay' from project 'CachingMapKitTileOverlay')
SwiftCompile normal arm64 /Users/admin/builder/spi-builder-workspace/.dependencies/checkouts/mapkit-caching-tile-overlay/Sources/CachingMapKitTileOverlay/AtomicSet.swift (in target 'CachingMapKitTileOverlay' from project 'CachingMapKitTileOverlay')
cd /Users/admin/builder/spi-builder-workspace/.swiftpm/xcode
builtin-SwiftPerFileCompile AtomicSet.swift
SwiftCompile normal arm64 Compiling\ CachingTileOverlay.swift /Users/admin/builder/spi-builder-workspace/.dependencies/checkouts/mapkit-caching-tile-overlay/Sources/CachingMapKitTileOverlay/CachingTileOverlay.swift (in target 'CachingMapKitTileOverlay' from project 'CachingMapKitTileOverlay')
SwiftCompile normal arm64 /Users/admin/builder/spi-builder-workspace/.dependencies/checkouts/mapkit-caching-tile-overlay/Sources/CachingMapKitTileOverlay/CachingTileOverlay.swift (in target 'CachingMapKitTileOverlay' from project 'CachingMapKitTileOverlay')
cd /Users/admin/builder/spi-builder-workspace/.swiftpm/xcode
builtin-SwiftPerFileCompile CachingTileOverlay.swift
SwiftEmitModule normal arm64_32 Emitting\ module\ for\ CachingMapKitTileOverlay (in target 'CachingMapKitTileOverlay' from project 'CachingMapKitTileOverlay')
SwiftCompile normal arm64_32 (in target 'CachingMapKitTileOverlay' from project 'CachingMapKitTileOverlay')
cd /Users/admin/builder/spi-builder-workspace/.swiftpm/xcode
SwiftCompile normal arm64_32 Compiling\ CachingTileOverlay.swift /Users/admin/builder/spi-builder-workspace/.dependencies/checkouts/mapkit-caching-tile-overlay/Sources/CachingMapKitTileOverlay/CachingTileOverlay.swift (in target 'CachingMapKitTileOverlay' from project 'CachingMapKitTileOverlay')
SwiftCompile normal arm64_32 /Users/admin/builder/spi-builder-workspace/.dependencies/checkouts/mapkit-caching-tile-overlay/Sources/CachingMapKitTileOverlay/CachingTileOverlay.swift (in target 'CachingMapKitTileOverlay' from project 'CachingMapKitTileOverlay')
cd /Users/admin/builder/spi-builder-workspace/.swiftpm/xcode
builtin-SwiftPerFileCompile CachingTileOverlay.swift
SwiftCompile normal arm64_32 Compiling\ CachingTileOverlayRenderer.swift /Users/admin/builder/spi-builder-workspace/.dependencies/checkouts/mapkit-caching-tile-overlay/Sources/CachingMapKitTileOverlay/CachingTileOverlayRenderer.swift (in target 'CachingMapKitTileOverlay' from project 'CachingMapKitTileOverlay')
SwiftCompile normal arm64_32 /Users/admin/builder/spi-builder-workspace/.dependencies/checkouts/mapkit-caching-tile-overlay/Sources/CachingMapKitTileOverlay/CachingTileOverlayRenderer.swift (in target 'CachingMapKitTileOverlay' from project 'CachingMapKitTileOverlay')
cd /Users/admin/builder/spi-builder-workspace/.swiftpm/xcode
builtin-SwiftPerFileCompile CachingTileOverlayRenderer.swift
SwiftCompile normal arm64_32 Compiling\ Parent\ Tile.swift /Users/admin/builder/spi-builder-workspace/.dependencies/checkouts/mapkit-caching-tile-overlay/Sources/CachingMapKitTileOverlay/Parent\ Tile.swift (in target 'CachingMapKitTileOverlay' from project 'CachingMapKitTileOverlay')
SwiftCompile normal arm64_32 /Users/admin/builder/spi-builder-workspace/.dependencies/checkouts/mapkit-caching-tile-overlay/Sources/CachingMapKitTileOverlay/Parent\ Tile.swift (in target 'CachingMapKitTileOverlay' from project 'CachingMapKitTileOverlay')
cd /Users/admin/builder/spi-builder-workspace/.swiftpm/xcode
builtin-SwiftPerFileCompile Parent\ Tile.swift
SwiftCompile normal arm64_32 Compiling\ AtomicSet.swift /Users/admin/builder/spi-builder-workspace/.dependencies/checkouts/mapkit-caching-tile-overlay/Sources/CachingMapKitTileOverlay/AtomicSet.swift (in target 'CachingMapKitTileOverlay' from project 'CachingMapKitTileOverlay')
SwiftCompile normal arm64_32 /Users/admin/builder/spi-builder-workspace/.dependencies/checkouts/mapkit-caching-tile-overlay/Sources/CachingMapKitTileOverlay/AtomicSet.swift (in target 'CachingMapKitTileOverlay' from project 'CachingMapKitTileOverlay')
cd /Users/admin/builder/spi-builder-workspace/.swiftpm/xcode
builtin-SwiftPerFileCompile AtomicSet.swift
PruneExplicitPrecompiledModules /Users/admin/builder/spi-builder-workspace/.derivedData/Build/Intermediates.noindex/SwiftExplicitPrecompiledModules
PruneExplicitPrecompiledModules /Users/admin/builder/spi-builder-workspace/.derivedData/SDKExplicitPrecompiledModules
PruneExplicitPrecompiledModules /Users/admin/builder/spi-builder-workspace/.derivedData/Build/Intermediates.noindex/ExplicitPrecompiledModules
2026-09-21 17:00:50.402 xcodebuild[831:4846] [MT] IDERunDestination: Supported platforms for the buildables in the current scheme is empty.
** BUILD FAILED **
The following build commands failed:
SwiftEmitModule normal arm64 Emitting\ module\ for\ CachingMapKitTileOverlay (in target 'CachingMapKitTileOverlay' from project 'CachingMapKitTileOverlay')
SwiftCompile normal arm64 (in target 'CachingMapKitTileOverlay' from project 'CachingMapKitTileOverlay')
Building workspace StadiaMapsMapKit with scheme StadiaMapsMapKit
(3 failures)
BUILD FAILURE 6.4 watchOS