Build Information
Failed to build MapsIndoorsGoogleMaps, reference 4.22.0 (e85b86), with Swift 6.1 for iOS using Xcode 16.3 on 4 Oct 2026 09:56:06 UTC.
Build Command
env DEVELOPER_DIR=/Applications/Xcode-16.3.0.app xcrun xcodebuild -IDEClonedSourcePackagesDirPathOverride=$PWD/.dependencies -skipMacroValidation -skipPackagePluginValidation -derivedDataPath $PWD/.derivedData build -scheme MapsIndoorsGoogleMaps -destination generic/platform=iOSBuild Log
"module_type" : "SwiftTarget",
"name" : "MapsIndoorsGoogleMaps",
"path" : "Sources/MapsIndoorsGoogleMaps",
"product_dependencies" : [
"MapsIndoorsCore",
"GoogleMaps"
],
"product_memberships" : [
"MapsIndoorsGoogleMaps"
],
"sources" : [
"Constants.swift",
"Converters/LatLngBoundsConverter.swift",
"GMBaseMapCacheProvider.swift",
"GMCameraOperator.swift",
"GMCameraPosition.swift",
"GMCameraUpdate.swift",
"GMMapConfig.swift",
"GMPositionPresenter.swift",
"GMProjectionModel.swift",
"GMRouteRenderer.swift",
"GMTileProvider.swift",
"GoogleMapProvider.swift",
"GoogleMapViewDelegate.swift",
"OverlapEngine.swift",
"PathSmoother.swift",
"Renderer.swift",
"RouteLineAnimator.swift",
"Routing/GMDirectionsService.swift",
"Routing/GMDistanceMatrix.swift",
"Routing/GMDistanceMatrixService.swift",
"Routing/GMGoogleRoutingCapability.swift",
"Routing/GMRoute.swift",
"Routing/GMRoutesModels.swift",
"Routing/GMRoutesService.swift",
"Routing/GooglePolylineDecoder.swift",
"ViewState.swift"
],
"type" : "library"
}
],
"tools_version" : "5.10"
}
{
"workspace" : {
"name" : "spi-builder-workspace",
"schemes" : [
"MapsIndoorsGoogleMaps"
]
}
}
Running build ...
env DEVELOPER_DIR=/Applications/Xcode-16.3.0.app xcrun xcodebuild -IDEClonedSourcePackagesDirPathOverride=$PWD/.dependencies -skipMacroValidation -skipPackagePluginValidation -derivedDataPath $PWD/.derivedData build -scheme MapsIndoorsGoogleMaps -destination generic/platform=iOS OTHER_SWIFT_FLAGS=-stats-output-dir .stats -strict-concurrency=complete -enable-upcoming-feature StrictConcurrency -enable-upcoming-feature DisableOutwardActorInference -enable-upcoming-feature GlobalActorIsolatedTypesUsability -enable-upcoming-feature InferSendableFromCaptures
Command line invocation:
/Applications/Xcode-16.3.0.app/Contents/Developer/usr/bin/xcodebuild -IDEClonedSourcePackagesDirPathOverride=/Users/admin/builder/spi-builder-workspace/.dependencies -skipMacroValidation -skipPackagePluginValidation -derivedDataPath /Users/admin/builder/spi-builder-workspace/.derivedData build -scheme MapsIndoorsGoogleMaps -destination generic/platform=iOS "OTHER_SWIFT_FLAGS=-stats-output-dir .stats -strict-concurrency=complete -enable-upcoming-feature StrictConcurrency -enable-upcoming-feature DisableOutwardActorInference -enable-upcoming-feature GlobalActorIsolatedTypesUsability -enable-upcoming-feature InferSendableFromCaptures"
Build settings from command line:
OTHER_SWIFT_FLAGS = -stats-output-dir .stats -strict-concurrency=complete -enable-upcoming-feature StrictConcurrency -enable-upcoming-feature DisableOutwardActorInference -enable-upcoming-feature GlobalActorIsolatedTypesUsability -enable-upcoming-feature InferSendableFromCaptures
Resolve Package Graph
Resolve Package Graph
Resolved source packages:
GoogleMaps: https://github.com/googlemaps/ios-maps-sdk.git @ 10.15.0
MapsIndoorsGoogleMaps: /Users/admin/builder/spi-builder-workspace
MapsIndoorsCore: https://github.com/MapsPeople/mapsindoors-core-ios.git @ 4.22.0
MapsIndoors: https://github.com/MapsPeople/mapsindoors-ios.git @ 4.22.0
ComputePackagePrebuildTargetDependencyGraph
Prepare packages
CreateBuildRequest
SendProjectDescription
CreateBuildOperation
ComputeTargetDependencyGraph
note: Building targets in dependency order
note: Target dependency graph (8 targets)
Target 'MapsIndoorsGoogleMaps' in project 'MapsIndoorsGoogleMaps'
➜ Explicit dependency on target 'MapsIndoorsGoogleMaps' in project 'MapsIndoorsGoogleMaps'
➜ Explicit dependency on target 'MapsIndoorsCore' in project 'MapsIndoorsCore'
➜ Explicit dependency on target 'GoogleMaps' in project 'GoogleMaps'
Target 'MapsIndoorsGoogleMaps' in project 'MapsIndoorsGoogleMaps'
➜ Explicit dependency on target 'MapsIndoorsCore' in project 'MapsIndoorsCore'
➜ Explicit dependency on target 'GoogleMaps' in project 'GoogleMaps'
Target 'GoogleMaps' in project 'GoogleMaps'
➜ Explicit dependency on target 'GoogleMapsTarget' in project 'GoogleMaps'
➜ Explicit dependency on target 'GoogleMaps_GoogleMapsTarget' in project 'GoogleMaps'
Target 'GoogleMapsTarget' in project 'GoogleMaps'
➜ Explicit dependency on target 'GoogleMaps_GoogleMapsTarget' in project 'GoogleMaps'
Target 'GoogleMaps_GoogleMapsTarget' in project 'GoogleMaps' (no dependencies)
Target 'MapsIndoorsCore' in project 'MapsIndoorsCore'
➜ Explicit dependency on target 'MapsIndoorsCoreWrapper' in project 'MapsIndoorsCore'
➜ Explicit dependency on target 'MapsIndoors' in project 'MapsIndoors'
Target 'MapsIndoorsCoreWrapper' in project 'MapsIndoorsCore'
➜ Explicit dependency on target 'MapsIndoors' in project 'MapsIndoors'
Target 'MapsIndoors' in project 'MapsIndoors' (no dependencies)
GatherProvisioningInputs
CreateBuildDescription
ExecuteExternalTool /Applications/Xcode-16.3.0.app/Contents/Developer/Toolchains/XcodeDefault.xctoolchain/usr/bin/swiftc --version
ExecuteExternalTool /Applications/Xcode-16.3.0.app/Contents/Developer/Toolchains/XcodeDefault.xctoolchain/usr/bin/clang -v -E -dM -arch arm64 -isysroot /Applications/Xcode-16.3.0.app/Contents/Developer/Platforms/iPhoneOS.platform/Developer/SDKs/iPhoneOS18.4.sdk -x objective-c -c /dev/null
ExecuteExternalTool /Applications/Xcode-16.3.0.app/Contents/Developer/Toolchains/XcodeDefault.xctoolchain/usr/bin/clang -v -E -dM -isysroot /Applications/Xcode-16.3.0.app/Contents/Developer/Platforms/iPhoneOS.platform/Developer/SDKs/iPhoneOS18.4.sdk -x c -c /dev/null
ExecuteExternalTool /Applications/Xcode-16.3.0.app/Contents/Developer/Toolchains/XcodeDefault.xctoolchain/usr/bin/ld -version_details
ExecuteExternalTool /Applications/Xcode-16.3.0.app/Contents/Developer/Toolchains/XcodeDefault.xctoolchain/usr/bin/clang -v -E -dM -arch arm64 -isysroot /Applications/Xcode-16.3.0.app/Contents/Developer/Platforms/iPhoneOS.platform/Developer/SDKs/iPhoneOS18.4.sdk -x c -c /dev/null
Build description signature: ab21f4267b300d30e1efd0cbd9ce598f
Build description path: /Users/admin/builder/spi-builder-workspace/.derivedData/Build/Intermediates.noindex/XCBuildData/ab21f4267b300d30e1efd0cbd9ce598f.xcbuilddata
ClangStatCache /Applications/Xcode-16.3.0.app/Contents/Developer/Toolchains/XcodeDefault.xctoolchain/usr/bin/clang-stat-cache /Applications/Xcode-16.3.0.app/Contents/Developer/Platforms/iPhoneOS.platform/Developer/SDKs/iPhoneOS18.4.sdk /Users/admin/builder/spi-builder-workspace/.derivedData/SDKStatCaches.noindex/iphoneos18.4-22E235-339d34bc69d7fc736c3220795c36f340.sdkstatcache
cd /Users/admin/builder/spi-builder-workspace/.swiftpm/xcode
/Applications/Xcode-16.3.0.app/Contents/Developer/Toolchains/XcodeDefault.xctoolchain/usr/bin/clang-stat-cache /Applications/Xcode-16.3.0.app/Contents/Developer/Platforms/iPhoneOS.platform/Developer/SDKs/iPhoneOS18.4.sdk -o /Users/admin/builder/spi-builder-workspace/.derivedData/SDKStatCaches.noindex/iphoneos18.4-22E235-339d34bc69d7fc736c3220795c36f340.sdkstatcache
CreateBuildDirectory /Users/admin/builder/spi-builder-workspace/.derivedData/Build/Intermediates.noindex
cd /Users/admin/builder/spi-builder-workspace/.swiftpm/xcode
builtin-create-build-directory /Users/admin/builder/spi-builder-workspace/.derivedData/Build/Intermediates.noindex
CreateBuildDirectory /Users/admin/builder/spi-builder-workspace/.derivedData/Build/Products
cd /Users/admin/builder/spi-builder-workspace/.swiftpm/xcode
builtin-create-build-directory /Users/admin/builder/spi-builder-workspace/.derivedData/Build/Products
CreateBuildDirectory /Users/admin/builder/spi-builder-workspace/.derivedData/Build/Products/Debug-iphoneos
cd /Users/admin/builder/spi-builder-workspace/.swiftpm/xcode
builtin-create-build-directory /Users/admin/builder/spi-builder-workspace/.derivedData/Build/Products/Debug-iphoneos
CreateBuildDirectory /Users/admin/builder/spi-builder-workspace/.derivedData/Build/Intermediates.noindex/EagerLinkingTBDs/Debug-iphoneos
cd /Users/admin/builder/spi-builder-workspace/.swiftpm/xcode
builtin-create-build-directory /Users/admin/builder/spi-builder-workspace/.derivedData/Build/Intermediates.noindex/EagerLinkingTBDs/Debug-iphoneos
CreateBuildDirectory /Users/admin/builder/spi-builder-workspace/.derivedData/Build/Products/Debug-iphoneos/PackageFrameworks
cd /Users/admin/builder/spi-builder-workspace/.swiftpm/xcode
builtin-create-build-directory /Users/admin/builder/spi-builder-workspace/.derivedData/Build/Products/Debug-iphoneos/PackageFrameworks
WriteAuxiliaryFile /Users/admin/builder/spi-builder-workspace/.derivedData/Build/Intermediates.noindex/MapsIndoorsGoogleMaps.build/Debug-iphoneos/MapsIndoorsGoogleMaps.build/MapsIndoorsGoogleMaps.modulemap (in target 'MapsIndoorsGoogleMaps' from project 'MapsIndoorsGoogleMaps')
cd /Users/admin/builder/spi-builder-workspace
write-file /Users/admin/builder/spi-builder-workspace/.derivedData/Build/Intermediates.noindex/MapsIndoorsGoogleMaps.build/Debug-iphoneos/MapsIndoorsGoogleMaps.build/MapsIndoorsGoogleMaps.modulemap
WriteAuxiliaryFile /Users/admin/builder/spi-builder-workspace/.derivedData/Build/Intermediates.noindex/MapsIndoorsGoogleMaps.build/Debug-iphoneos/MapsIndoorsGoogleMaps.build/Objects-normal/arm64/MapsIndoorsGoogleMaps.SwiftFileList (in target 'MapsIndoorsGoogleMaps' from project 'MapsIndoorsGoogleMaps')
cd /Users/admin/builder/spi-builder-workspace
write-file /Users/admin/builder/spi-builder-workspace/.derivedData/Build/Intermediates.noindex/MapsIndoorsGoogleMaps.build/Debug-iphoneos/MapsIndoorsGoogleMaps.build/Objects-normal/arm64/MapsIndoorsGoogleMaps.SwiftFileList
WriteAuxiliaryFile /Users/admin/builder/spi-builder-workspace/.derivedData/Build/Intermediates.noindex/MapsIndoorsGoogleMaps.build/Debug-iphoneos/MapsIndoorsGoogleMaps.build/Objects-normal/arm64/MapsIndoorsGoogleMaps_const_extract_protocols.json (in target 'MapsIndoorsGoogleMaps' from project 'MapsIndoorsGoogleMaps')
cd /Users/admin/builder/spi-builder-workspace
write-file /Users/admin/builder/spi-builder-workspace/.derivedData/Build/Intermediates.noindex/MapsIndoorsGoogleMaps.build/Debug-iphoneos/MapsIndoorsGoogleMaps.build/Objects-normal/arm64/MapsIndoorsGoogleMaps_const_extract_protocols.json
WriteAuxiliaryFile /Users/admin/builder/spi-builder-workspace/.derivedData/Build/Intermediates.noindex/GoogleMaps.build/Debug-iphoneos/GoogleMaps_GoogleMapsTarget.build/GoogleMaps_GoogleMapsTarget.DependencyStaticMetadataFileList (in target 'GoogleMaps_GoogleMapsTarget' from project 'GoogleMaps')
cd /Users/admin/builder/spi-builder-workspace/.dependencies/checkouts/ios-maps-sdk
write-file /Users/admin/builder/spi-builder-workspace/.derivedData/Build/Intermediates.noindex/GoogleMaps.build/Debug-iphoneos/GoogleMaps_GoogleMapsTarget.build/GoogleMaps_GoogleMapsTarget.DependencyStaticMetadataFileList
WriteAuxiliaryFile /Users/admin/builder/spi-builder-workspace/.derivedData/Build/Intermediates.noindex/MapsIndoorsGoogleMaps.build/Debug-iphoneos/MapsIndoorsGoogleMaps.build/Objects-normal/arm64/MapsIndoorsGoogleMaps.SwiftConstValuesFileList (in target 'MapsIndoorsGoogleMaps' from project 'MapsIndoorsGoogleMaps')
cd /Users/admin/builder/spi-builder-workspace
write-file /Users/admin/builder/spi-builder-workspace/.derivedData/Build/Intermediates.noindex/MapsIndoorsGoogleMaps.build/Debug-iphoneos/MapsIndoorsGoogleMaps.build/Objects-normal/arm64/MapsIndoorsGoogleMaps.SwiftConstValuesFileList
WriteAuxiliaryFile /Users/admin/builder/spi-builder-workspace/.derivedData/Build/Intermediates.noindex/MapsIndoorsGoogleMaps.build/Debug-iphoneos/MapsIndoorsGoogleMaps.build/Objects-normal/arm64/MapsIndoorsGoogleMaps.LinkFileList (in target 'MapsIndoorsGoogleMaps' from project 'MapsIndoorsGoogleMaps')
cd /Users/admin/builder/spi-builder-workspace
write-file /Users/admin/builder/spi-builder-workspace/.derivedData/Build/Intermediates.noindex/MapsIndoorsGoogleMaps.build/Debug-iphoneos/MapsIndoorsGoogleMaps.build/Objects-normal/arm64/MapsIndoorsGoogleMaps.LinkFileList
WriteAuxiliaryFile /Users/admin/builder/spi-builder-workspace/.derivedData/Build/Intermediates.noindex/GoogleMaps.build/Debug-iphoneos/GoogleMaps_GoogleMapsTarget.build/GoogleMaps_GoogleMapsTarget.DependencyMetadataFileList (in target 'GoogleMaps_GoogleMapsTarget' from project 'GoogleMaps')
cd /Users/admin/builder/spi-builder-workspace/.dependencies/checkouts/ios-maps-sdk
write-file /Users/admin/builder/spi-builder-workspace/.derivedData/Build/Intermediates.noindex/GoogleMaps.build/Debug-iphoneos/GoogleMaps_GoogleMapsTarget.build/GoogleMaps_GoogleMapsTarget.DependencyMetadataFileList
WriteAuxiliaryFile /Users/admin/builder/spi-builder-workspace/.derivedData/Build/Intermediates.noindex/MapsIndoorsGoogleMaps.build/Debug-iphoneos/MapsIndoorsGoogleMaps.build/Objects-normal/arm64/MapsIndoorsGoogleMaps-OutputFileMap.json (in target 'MapsIndoorsGoogleMaps' from project 'MapsIndoorsGoogleMaps')
cd /Users/admin/builder/spi-builder-workspace
write-file /Users/admin/builder/spi-builder-workspace/.derivedData/Build/Intermediates.noindex/MapsIndoorsGoogleMaps.build/Debug-iphoneos/MapsIndoorsGoogleMaps.build/Objects-normal/arm64/MapsIndoorsGoogleMaps-OutputFileMap.json
WriteAuxiliaryFile /Users/admin/builder/spi-builder-workspace/.derivedData/Build/Intermediates.noindex/GoogleMaps.build/Debug-iphoneos/GoogleMaps_GoogleMapsTarget.build/empty-GoogleMaps_GoogleMapsTarget.plist (in target 'GoogleMaps_GoogleMapsTarget' from project 'GoogleMaps')
cd /Users/admin/builder/spi-builder-workspace/.dependencies/checkouts/ios-maps-sdk
write-file /Users/admin/builder/spi-builder-workspace/.derivedData/Build/Intermediates.noindex/GoogleMaps.build/Debug-iphoneos/GoogleMaps_GoogleMapsTarget.build/empty-GoogleMaps_GoogleMapsTarget.plist
WriteAuxiliaryFile /Users/admin/builder/spi-builder-workspace/.derivedData/Build/Intermediates.noindex/MapsIndoorsGoogleMaps.build/Debug-iphoneos/MapsIndoorsGoogleMaps.build/MapsIndoorsGoogleMaps.DependencyStaticMetadataFileList (in target 'MapsIndoorsGoogleMaps' from project 'MapsIndoorsGoogleMaps')
cd /Users/admin/builder/spi-builder-workspace
write-file /Users/admin/builder/spi-builder-workspace/.derivedData/Build/Intermediates.noindex/MapsIndoorsGoogleMaps.build/Debug-iphoneos/MapsIndoorsGoogleMaps.build/MapsIndoorsGoogleMaps.DependencyStaticMetadataFileList
WriteAuxiliaryFile /Users/admin/builder/spi-builder-workspace/.derivedData/Build/Intermediates.noindex/MapsIndoorsGoogleMaps.build/Debug-iphoneos/MapsIndoorsGoogleMaps.build/MapsIndoorsGoogleMaps.DependencyMetadataFileList (in target 'MapsIndoorsGoogleMaps' from project 'MapsIndoorsGoogleMaps')
cd /Users/admin/builder/spi-builder-workspace
write-file /Users/admin/builder/spi-builder-workspace/.derivedData/Build/Intermediates.noindex/MapsIndoorsGoogleMaps.build/Debug-iphoneos/MapsIndoorsGoogleMaps.build/MapsIndoorsGoogleMaps.DependencyMetadataFileList
MkDir /Users/admin/builder/spi-builder-workspace/.derivedData/Build/Products/Debug-iphoneos/GoogleMaps_GoogleMapsTarget.bundle (in target 'GoogleMaps_GoogleMapsTarget' from project 'GoogleMaps')
cd /Users/admin/builder/spi-builder-workspace/.dependencies/checkouts/ios-maps-sdk
/bin/mkdir -p /Users/admin/builder/spi-builder-workspace/.derivedData/Build/Products/Debug-iphoneos/GoogleMaps_GoogleMapsTarget.bundle
Copy /Users/admin/builder/spi-builder-workspace/.derivedData/Build/Intermediates.noindex/GeneratedModuleMaps-iphoneos/MapsIndoorsGoogleMaps.modulemap /Users/admin/builder/spi-builder-workspace/.derivedData/Build/Intermediates.noindex/MapsIndoorsGoogleMaps.build/Debug-iphoneos/MapsIndoorsGoogleMaps.build/MapsIndoorsGoogleMaps.modulemap (in target 'MapsIndoorsGoogleMaps' from project 'MapsIndoorsGoogleMaps')
cd /Users/admin/builder/spi-builder-workspace
builtin-copy -exclude .DS_Store -exclude CVS -exclude .svn -exclude .git -exclude .hg -resolve-src-symlinks /Users/admin/builder/spi-builder-workspace/.derivedData/Build/Intermediates.noindex/MapsIndoorsGoogleMaps.build/Debug-iphoneos/MapsIndoorsGoogleMaps.build/MapsIndoorsGoogleMaps.modulemap /Users/admin/builder/spi-builder-workspace/.derivedData/Build/Intermediates.noindex/GeneratedModuleMaps-iphoneos
ProcessXCFramework /Users/admin/builder/spi-builder-workspace/.dependencies/artifacts/ios-maps-sdk/GoogleMaps/GoogleMaps.xcframework /Users/admin/builder/spi-builder-workspace/.derivedData/Build/Products/Debug-iphoneos/GoogleMaps.a ios
cd /Users/admin/builder/spi-builder-workspace/.swiftpm/xcode
builtin-process-xcframework --xcframework /Users/admin/builder/spi-builder-workspace/.dependencies/artifacts/ios-maps-sdk/GoogleMaps/GoogleMaps.xcframework --platform ios --target-path /Users/admin/builder/spi-builder-workspace/.derivedData/Build/Products/Debug-iphoneos
ProcessInfoPlistFile /Users/admin/builder/spi-builder-workspace/.derivedData/Build/Products/Debug-iphoneos/GoogleMaps_GoogleMapsTarget.bundle/Info.plist /Users/admin/builder/spi-builder-workspace/.derivedData/Build/Intermediates.noindex/GoogleMaps.build/Debug-iphoneos/GoogleMaps_GoogleMapsTarget.build/empty-GoogleMaps_GoogleMapsTarget.plist (in target 'GoogleMaps_GoogleMapsTarget' from project 'GoogleMaps')
cd /Users/admin/builder/spi-builder-workspace/.dependencies/checkouts/ios-maps-sdk
builtin-infoPlistUtility /Users/admin/builder/spi-builder-workspace/.derivedData/Build/Intermediates.noindex/GoogleMaps.build/Debug-iphoneos/GoogleMaps_GoogleMapsTarget.build/empty-GoogleMaps_GoogleMapsTarget.plist -producttype com.apple.product-type.bundle -expandbuildsettings -format binary -platform iphoneos -requiredArchitecture arm64 -o /Users/admin/builder/spi-builder-workspace/.derivedData/Build/Products/Debug-iphoneos/GoogleMaps_GoogleMapsTarget.bundle/Info.plist
CpResource /Users/admin/builder/spi-builder-workspace/.derivedData/Build/Products/Debug-iphoneos/GoogleMaps_GoogleMapsTarget.bundle/GoogleMaps.bundle /Users/admin/builder/spi-builder-workspace/.dependencies/checkouts/ios-maps-sdk/Maps/Resources/GoogleMapsResources/GoogleMaps.bundle (in target 'GoogleMaps_GoogleMapsTarget' from project 'GoogleMaps')
cd /Users/admin/builder/spi-builder-workspace/.dependencies/checkouts/ios-maps-sdk
builtin-copy -exclude .DS_Store -exclude CVS -exclude .svn -exclude .git -exclude .hg -resolve-src-symlinks /Users/admin/builder/spi-builder-workspace/.dependencies/checkouts/ios-maps-sdk/Maps/Resources/GoogleMapsResources/GoogleMaps.bundle /Users/admin/builder/spi-builder-workspace/.derivedData/Build/Products/Debug-iphoneos/GoogleMaps_GoogleMapsTarget.bundle
ProcessXCFramework /Users/admin/builder/spi-builder-workspace/.dependencies/artifacts/mapsindoors-ios/MapsIndoors/MapsIndoors.xcframework /Users/admin/builder/spi-builder-workspace/.derivedData/Build/Products/Debug-iphoneos/MapsIndoors.framework ios
cd /Users/admin/builder/spi-builder-workspace/.swiftpm/xcode
builtin-process-xcframework --xcframework /Users/admin/builder/spi-builder-workspace/.dependencies/artifacts/mapsindoors-ios/MapsIndoors/MapsIndoors.xcframework --platform ios --target-path /Users/admin/builder/spi-builder-workspace/.derivedData/Build/Products/Debug-iphoneos
ProcessXCFramework /Users/admin/builder/spi-builder-workspace/.dependencies/artifacts/mapsindoors-core-ios/MapsIndoorsCore/MapsIndoorsCore.xcframework /Users/admin/builder/spi-builder-workspace/.derivedData/Build/Products/Debug-iphoneos/MapsIndoorsCore.framework ios
cd /Users/admin/builder/spi-builder-workspace/.swiftpm/xcode
builtin-process-xcframework --xcframework /Users/admin/builder/spi-builder-workspace/.dependencies/artifacts/mapsindoors-core-ios/MapsIndoorsCore/MapsIndoorsCore.xcframework --platform ios --target-path /Users/admin/builder/spi-builder-workspace/.derivedData/Build/Products/Debug-iphoneos
WriteAuxiliaryFile /Users/admin/builder/spi-builder-workspace/.derivedData/Build/Intermediates.noindex/MapsIndoorsCore.build/Debug-iphoneos/MapsIndoorsCoreWrapper.build/MapsIndoorsCoreWrapper.DependencyStaticMetadataFileList (in target 'MapsIndoorsCoreWrapper' from project 'MapsIndoorsCore')
cd /Users/admin/builder/spi-builder-workspace/.dependencies/checkouts/mapsindoors-core-ios
write-file /Users/admin/builder/spi-builder-workspace/.derivedData/Build/Intermediates.noindex/MapsIndoorsCore.build/Debug-iphoneos/MapsIndoorsCoreWrapper.build/MapsIndoorsCoreWrapper.DependencyStaticMetadataFileList
WriteAuxiliaryFile /Users/admin/builder/spi-builder-workspace/.derivedData/Build/Intermediates.noindex/MapsIndoorsCore.build/Debug-iphoneos/MapsIndoorsCoreWrapper.build/MapsIndoorsCoreWrapper.modulemap (in target 'MapsIndoorsCoreWrapper' from project 'MapsIndoorsCore')
cd /Users/admin/builder/spi-builder-workspace/.dependencies/checkouts/mapsindoors-core-ios
write-file /Users/admin/builder/spi-builder-workspace/.derivedData/Build/Intermediates.noindex/MapsIndoorsCore.build/Debug-iphoneos/MapsIndoorsCoreWrapper.build/MapsIndoorsCoreWrapper.modulemap
WriteAuxiliaryFile /Users/admin/builder/spi-builder-workspace/.derivedData/Build/Intermediates.noindex/MapsIndoorsCore.build/Debug-iphoneos/MapsIndoorsCoreWrapper.build/Objects-normal/arm64/MapsIndoorsCoreWrapper.LinkFileList (in target 'MapsIndoorsCoreWrapper' from project 'MapsIndoorsCore')
cd /Users/admin/builder/spi-builder-workspace/.dependencies/checkouts/mapsindoors-core-ios
write-file /Users/admin/builder/spi-builder-workspace/.derivedData/Build/Intermediates.noindex/MapsIndoorsCore.build/Debug-iphoneos/MapsIndoorsCoreWrapper.build/Objects-normal/arm64/MapsIndoorsCoreWrapper.LinkFileList
WriteAuxiliaryFile /Users/admin/builder/spi-builder-workspace/.derivedData/Build/Intermediates.noindex/MapsIndoorsCore.build/Debug-iphoneos/MapsIndoorsCoreWrapper.build/Objects-normal/arm64/MapsIndoorsCoreWrapper_const_extract_protocols.json (in target 'MapsIndoorsCoreWrapper' from project 'MapsIndoorsCore')
cd /Users/admin/builder/spi-builder-workspace/.dependencies/checkouts/mapsindoors-core-ios
write-file /Users/admin/builder/spi-builder-workspace/.derivedData/Build/Intermediates.noindex/MapsIndoorsCore.build/Debug-iphoneos/MapsIndoorsCoreWrapper.build/Objects-normal/arm64/MapsIndoorsCoreWrapper_const_extract_protocols.json
WriteAuxiliaryFile /Users/admin/builder/spi-builder-workspace/.derivedData/Build/Intermediates.noindex/MapsIndoorsCore.build/Debug-iphoneos/MapsIndoorsCoreWrapper.build/Objects-normal/arm64/MapsIndoorsCoreWrapper.SwiftFileList (in target 'MapsIndoorsCoreWrapper' from project 'MapsIndoorsCore')
cd /Users/admin/builder/spi-builder-workspace/.dependencies/checkouts/mapsindoors-core-ios
write-file /Users/admin/builder/spi-builder-workspace/.derivedData/Build/Intermediates.noindex/MapsIndoorsCore.build/Debug-iphoneos/MapsIndoorsCoreWrapper.build/Objects-normal/arm64/MapsIndoorsCoreWrapper.SwiftFileList
WriteAuxiliaryFile /Users/admin/builder/spi-builder-workspace/.derivedData/Build/Intermediates.noindex/MapsIndoorsCore.build/Debug-iphoneos/MapsIndoorsCoreWrapper.build/Objects-normal/arm64/MapsIndoorsCoreWrapper.SwiftConstValuesFileList (in target 'MapsIndoorsCoreWrapper' from project 'MapsIndoorsCore')
cd /Users/admin/builder/spi-builder-workspace/.dependencies/checkouts/mapsindoors-core-ios
write-file /Users/admin/builder/spi-builder-workspace/.derivedData/Build/Intermediates.noindex/MapsIndoorsCore.build/Debug-iphoneos/MapsIndoorsCoreWrapper.build/Objects-normal/arm64/MapsIndoorsCoreWrapper.SwiftConstValuesFileList
WriteAuxiliaryFile /Users/admin/builder/spi-builder-workspace/.derivedData/Build/Intermediates.noindex/MapsIndoorsCore.build/Debug-iphoneos/MapsIndoorsCoreWrapper.build/Objects-normal/arm64/MapsIndoorsCoreWrapper-OutputFileMap.json (in target 'MapsIndoorsCoreWrapper' from project 'MapsIndoorsCore')
cd /Users/admin/builder/spi-builder-workspace/.dependencies/checkouts/mapsindoors-core-ios
write-file /Users/admin/builder/spi-builder-workspace/.derivedData/Build/Intermediates.noindex/MapsIndoorsCore.build/Debug-iphoneos/MapsIndoorsCoreWrapper.build/Objects-normal/arm64/MapsIndoorsCoreWrapper-OutputFileMap.json
WriteAuxiliaryFile /Users/admin/builder/spi-builder-workspace/.derivedData/Build/Intermediates.noindex/MapsIndoorsCore.build/Debug-iphoneos/MapsIndoorsCoreWrapper.build/MapsIndoorsCoreWrapper.DependencyMetadataFileList (in target 'MapsIndoorsCoreWrapper' from project 'MapsIndoorsCore')
cd /Users/admin/builder/spi-builder-workspace/.dependencies/checkouts/mapsindoors-core-ios
write-file /Users/admin/builder/spi-builder-workspace/.derivedData/Build/Intermediates.noindex/MapsIndoorsCore.build/Debug-iphoneos/MapsIndoorsCoreWrapper.build/MapsIndoorsCoreWrapper.DependencyMetadataFileList
Copy /Users/admin/builder/spi-builder-workspace/.derivedData/Build/Intermediates.noindex/GeneratedModuleMaps-iphoneos/MapsIndoorsCoreWrapper.modulemap /Users/admin/builder/spi-builder-workspace/.derivedData/Build/Intermediates.noindex/MapsIndoorsCore.build/Debug-iphoneos/MapsIndoorsCoreWrapper.build/MapsIndoorsCoreWrapper.modulemap (in target 'MapsIndoorsCoreWrapper' from project 'MapsIndoorsCore')
cd /Users/admin/builder/spi-builder-workspace/.dependencies/checkouts/mapsindoors-core-ios
builtin-copy -exclude .DS_Store -exclude CVS -exclude .svn -exclude .git -exclude .hg -resolve-src-symlinks /Users/admin/builder/spi-builder-workspace/.derivedData/Build/Intermediates.noindex/MapsIndoorsCore.build/Debug-iphoneos/MapsIndoorsCoreWrapper.build/MapsIndoorsCoreWrapper.modulemap /Users/admin/builder/spi-builder-workspace/.derivedData/Build/Intermediates.noindex/GeneratedModuleMaps-iphoneos
RegisterExecutionPolicyException /Users/admin/builder/spi-builder-workspace/.derivedData/Build/Products/Debug-iphoneos/GoogleMaps_GoogleMapsTarget.bundle (in target 'GoogleMaps_GoogleMapsTarget' from project 'GoogleMaps')
cd /Users/admin/builder/spi-builder-workspace/.dependencies/checkouts/ios-maps-sdk
builtin-RegisterExecutionPolicyException /Users/admin/builder/spi-builder-workspace/.derivedData/Build/Products/Debug-iphoneos/GoogleMaps_GoogleMapsTarget.bundle
Touch /Users/admin/builder/spi-builder-workspace/.derivedData/Build/Products/Debug-iphoneos/GoogleMaps_GoogleMapsTarget.bundle (in target 'GoogleMaps_GoogleMapsTarget' from project 'GoogleMaps')
cd /Users/admin/builder/spi-builder-workspace/.dependencies/checkouts/ios-maps-sdk
/usr/bin/touch -c /Users/admin/builder/spi-builder-workspace/.derivedData/Build/Products/Debug-iphoneos/GoogleMaps_GoogleMapsTarget.bundle
WriteAuxiliaryFile /Users/admin/builder/spi-builder-workspace/.derivedData/Build/Intermediates.noindex/GoogleMaps.build/Debug-iphoneos/GoogleMapsTarget.build/GoogleMapsTarget.modulemap (in target 'GoogleMapsTarget' from project 'GoogleMaps')
cd /Users/admin/builder/spi-builder-workspace/.dependencies/checkouts/ios-maps-sdk
write-file /Users/admin/builder/spi-builder-workspace/.derivedData/Build/Intermediates.noindex/GoogleMaps.build/Debug-iphoneos/GoogleMapsTarget.build/GoogleMapsTarget.modulemap
WriteAuxiliaryFile /Users/admin/builder/spi-builder-workspace/.derivedData/Build/Intermediates.noindex/GoogleMaps.build/Debug-iphoneos/GoogleMapsTarget.build/GoogleMapsTarget.DependencyStaticMetadataFileList (in target 'GoogleMapsTarget' from project 'GoogleMaps')
cd /Users/admin/builder/spi-builder-workspace/.dependencies/checkouts/ios-maps-sdk
write-file /Users/admin/builder/spi-builder-workspace/.derivedData/Build/Intermediates.noindex/GoogleMaps.build/Debug-iphoneos/GoogleMapsTarget.build/GoogleMapsTarget.DependencyStaticMetadataFileList
WriteAuxiliaryFile /Users/admin/builder/spi-builder-workspace/.derivedData/Build/Intermediates.noindex/GoogleMaps.build/Debug-iphoneos/GoogleMapsTarget.build/GoogleMapsTarget.DependencyMetadataFileList (in target 'GoogleMapsTarget' from project 'GoogleMaps')
cd /Users/admin/builder/spi-builder-workspace/.dependencies/checkouts/ios-maps-sdk
write-file /Users/admin/builder/spi-builder-workspace/.derivedData/Build/Intermediates.noindex/GoogleMaps.build/Debug-iphoneos/GoogleMapsTarget.build/GoogleMapsTarget.DependencyMetadataFileList
WriteAuxiliaryFile /Users/admin/builder/spi-builder-workspace/.derivedData/Build/Intermediates.noindex/GoogleMaps.build/Debug-iphoneos/GoogleMapsTarget.build/DerivedSources/resource_bundle_accessor.m (in target 'GoogleMapsTarget' from project 'GoogleMaps')
cd /Users/admin/builder/spi-builder-workspace/.dependencies/checkouts/ios-maps-sdk
write-file /Users/admin/builder/spi-builder-workspace/.derivedData/Build/Intermediates.noindex/GoogleMaps.build/Debug-iphoneos/GoogleMapsTarget.build/DerivedSources/resource_bundle_accessor.m
WriteAuxiliaryFile /Users/admin/builder/spi-builder-workspace/.derivedData/Build/Intermediates.noindex/GoogleMaps.build/Debug-iphoneos/GoogleMapsTarget.build/DerivedSources/resource_bundle_accessor.h (in target 'GoogleMapsTarget' from project 'GoogleMaps')
cd /Users/admin/builder/spi-builder-workspace/.dependencies/checkouts/ios-maps-sdk
write-file /Users/admin/builder/spi-builder-workspace/.derivedData/Build/Intermediates.noindex/GoogleMaps.build/Debug-iphoneos/GoogleMapsTarget.build/DerivedSources/resource_bundle_accessor.h
WriteAuxiliaryFile /Users/admin/builder/spi-builder-workspace/.derivedData/Build/Intermediates.noindex/GoogleMaps.build/Debug-iphoneos/GoogleMapsTarget.build/Objects-normal/arm64/e6072d4f65d7061329687fe24e3d63a7-common-args.resp (in target 'GoogleMapsTarget' from project 'GoogleMaps')
cd /Users/admin/builder/spi-builder-workspace/.dependencies/checkouts/ios-maps-sdk
write-file /Users/admin/builder/spi-builder-workspace/.derivedData/Build/Intermediates.noindex/GoogleMaps.build/Debug-iphoneos/GoogleMapsTarget.build/Objects-normal/arm64/e6072d4f65d7061329687fe24e3d63a7-common-args.resp
-target arm64-apple-ios16.0 -fobjc-arc -fmodules -gmodules '-fmodules-cache-path=/Users/admin/builder/spi-builder-workspace/.derivedData/ModuleCache.noindex' '-fmodule-name=GoogleMapsTarget' -fpascal-strings -O0 -DSWIFT_PACKAGE '-DDEBUG=1' '-DOBJC_OLD_DISPATCH_PROTOTYPES=1' -isysroot /Applications/Xcode-16.3.0.app/Contents/Developer/Platforms/iPhoneOS.platform/Developer/SDKs/iPhoneOS18.4.sdk -g -I/Users/admin/builder/spi-builder-workspace/.derivedData/Build/Products/Debug-iphoneos/include -I/Users/admin/builder/spi-builder-workspace/.dependencies/checkouts/ios-maps-sdk/Maps/Sources -I/Users/admin/builder/spi-builder-workspace/.derivedData/Build/Intermediates.noindex/GoogleMaps.build/Debug-iphoneos/GoogleMapsTarget.build/DerivedSources-normal/arm64 -I/Users/admin/builder/spi-builder-workspace/.derivedData/Build/Intermediates.noindex/GoogleMaps.build/Debug-iphoneos/GoogleMapsTarget.build/DerivedSources/arm64 -I/Users/admin/builder/spi-builder-workspace/.derivedData/Build/Intermediates.noindex/GoogleMaps.build/Debug-iphoneos/GoogleMapsTarget.build/DerivedSources -F/Users/admin/builder/spi-builder-workspace/.derivedData/Build/Products/Debug-iphoneos -iframework /Applications/Xcode-16.3.0.app/Contents/Developer/Platforms/iPhoneOS.platform/Developer/Library/Frameworks -iframework /Applications/Xcode-16.3.0.app/Contents/Developer/Platforms/iPhoneOS.platform/Developer/SDKs/iPhoneOS18.4.sdk/Developer/Library/Frameworks -DXcode
WriteAuxiliaryFile /Users/admin/builder/spi-builder-workspace/.derivedData/Build/Intermediates.noindex/GoogleMaps.build/Debug-iphoneos/GoogleMapsTarget.build/Objects-normal/arm64/GoogleMapsTarget.LinkFileList (in target 'GoogleMapsTarget' from project 'GoogleMaps')
cd /Users/admin/builder/spi-builder-workspace/.dependencies/checkouts/ios-maps-sdk
write-file /Users/admin/builder/spi-builder-workspace/.derivedData/Build/Intermediates.noindex/GoogleMaps.build/Debug-iphoneos/GoogleMapsTarget.build/Objects-normal/arm64/GoogleMapsTarget.LinkFileList
Copy /Users/admin/builder/spi-builder-workspace/.derivedData/Build/Intermediates.noindex/GeneratedModuleMaps-iphoneos/GoogleMapsTarget.modulemap /Users/admin/builder/spi-builder-workspace/.derivedData/Build/Intermediates.noindex/GoogleMaps.build/Debug-iphoneos/GoogleMapsTarget.build/GoogleMapsTarget.modulemap (in target 'GoogleMapsTarget' from project 'GoogleMaps')
cd /Users/admin/builder/spi-builder-workspace/.dependencies/checkouts/ios-maps-sdk
builtin-copy -exclude .DS_Store -exclude CVS -exclude .svn -exclude .git -exclude .hg -resolve-src-symlinks /Users/admin/builder/spi-builder-workspace/.derivedData/Build/Intermediates.noindex/GoogleMaps.build/Debug-iphoneos/GoogleMapsTarget.build/GoogleMapsTarget.modulemap /Users/admin/builder/spi-builder-workspace/.derivedData/Build/Intermediates.noindex/GeneratedModuleMaps-iphoneos
SwiftDriver MapsIndoorsCoreWrapper normal arm64 com.apple.xcode.tools.swift.compiler (in target 'MapsIndoorsCoreWrapper' from project 'MapsIndoorsCore')
cd /Users/admin/builder/spi-builder-workspace/.swiftpm/xcode
builtin-SwiftDriver -- /Applications/Xcode-16.3.0.app/Contents/Developer/Toolchains/XcodeDefault.xctoolchain/usr/bin/swiftc -module-name MapsIndoorsCoreWrapper -Onone -enforce-exclusivity\=checked @/Users/admin/builder/spi-builder-workspace/.derivedData/Build/Intermediates.noindex/MapsIndoorsCore.build/Debug-iphoneos/MapsIndoorsCoreWrapper.build/Objects-normal/arm64/MapsIndoorsCoreWrapper.SwiftFileList -DSWIFT_PACKAGE -DDEBUG -stats-output-dir .stats -strict-concurrency\=complete -enable-upcoming-feature StrictConcurrency -enable-upcoming-feature DisableOutwardActorInference -enable-upcoming-feature GlobalActorIsolatedTypesUsability -enable-upcoming-feature InferSendableFromCaptures -plugin-path /Applications/Xcode-16.3.0.app/Contents/Developer/Toolchains/XcodeDefault.xctoolchain/usr/lib/swift/host/plugins/testing -enable-experimental-feature DebugDescriptionMacro -sdk /Applications/Xcode-16.3.0.app/Contents/Developer/Platforms/iPhoneOS.platform/Developer/SDKs/iPhoneOS18.4.sdk -target arm64-apple-ios16.0 -g -module-cache-path /Users/admin/builder/spi-builder-workspace/.derivedData/ModuleCache.noindex -Xfrontend -serialize-debugging-options -enable-testing -suppress-warnings -index-store-path /Users/admin/builder/spi-builder-workspace/.derivedData/Index.noindex/DataStore -swift-version 5 -I /Users/admin/builder/spi-builder-workspace/.derivedData/Build/Products/Debug-iphoneos -I /Applications/Xcode-16.3.0.app/Contents/Developer/Platforms/iPhoneOS.platform/Developer/usr/lib -F /Users/admin/builder/spi-builder-workspace/.derivedData/Build/Products/Debug-iphoneos -F /Applications/Xcode-16.3.0.app/Contents/Developer/Platforms/iPhoneOS.platform/Developer/Library/Frameworks -F /Applications/Xcode-16.3.0.app/Contents/Developer/Platforms/iPhoneOS.platform/Developer/SDKs/iPhoneOS18.4.sdk/Developer/Library/Frameworks -parse-as-library -c -j10 -enable-batch-mode -incremental -Xcc -ivfsstatcache -Xcc /Users/admin/builder/spi-builder-workspace/.derivedData/SDKStatCaches.noindex/iphoneos18.4-22E235-339d34bc69d7fc736c3220795c36f340.sdkstatcache -output-file-map /Users/admin/builder/spi-builder-workspace/.derivedData/Build/Intermediates.noindex/MapsIndoorsCore.build/Debug-iphoneos/MapsIndoorsCoreWrapper.build/Objects-normal/arm64/MapsIndoorsCoreWrapper-OutputFileMap.json -use-frontend-parseable-output -save-temps -no-color-diagnostics -serialize-diagnostics -emit-dependencies -emit-module -emit-module-path /Users/admin/builder/spi-builder-workspace/.derivedData/Build/Intermediates.noindex/MapsIndoorsCore.build/Debug-iphoneos/MapsIndoorsCoreWrapper.build/Objects-normal/arm64/MapsIndoorsCoreWrapper.swiftmodule -validate-clang-modules-once -clang-build-session-file /Users/admin/builder/spi-builder-workspace/.derivedData/ModuleCache.noindex/Session.modulevalidation -package-name mapsindoors_core_ios -Xcc -I/Users/admin/builder/spi-builder-workspace/.derivedData/Build/Intermediates.noindex/MapsIndoorsCore.build/Debug-iphoneos/MapsIndoorsCoreWrapper.build/swift-overrides.hmap -emit-const-values -Xfrontend -const-gather-protocols-file -Xfrontend /Users/admin/builder/spi-builder-workspace/.derivedData/Build/Intermediates.noindex/MapsIndoorsCore.build/Debug-iphoneos/MapsIndoorsCoreWrapper.build/Objects-normal/arm64/MapsIndoorsCoreWrapper_const_extract_protocols.json -Xcc -I/Users/admin/builder/spi-builder-workspace/.derivedData/Build/Products/Debug-iphoneos/include -Xcc -I/Users/admin/builder/spi-builder-workspace/.derivedData/Build/Intermediates.noindex/MapsIndoorsCore.build/Debug-iphoneos/MapsIndoorsCoreWrapper.build/DerivedSources-normal/arm64 -Xcc -I/Users/admin/builder/spi-builder-workspace/.derivedData/Build/Intermediates.noindex/MapsIndoorsCore.build/Debug-iphoneos/MapsIndoorsCoreWrapper.build/DerivedSources/arm64 -Xcc -I/Users/admin/builder/spi-builder-workspace/.derivedData/Build/Intermediates.noindex/MapsIndoorsCore.build/Debug-iphoneos/MapsIndoorsCoreWrapper.build/DerivedSources -Xcc -DSWIFT_PACKAGE -Xcc -DDEBUG\=1 -emit-objc-header -emit-objc-header-path /Users/admin/builder/spi-builder-workspace/.derivedData/Build/Intermediates.noindex/MapsIndoorsCore.build/Debug-iphoneos/MapsIndoorsCoreWrapper.build/Objects-normal/arm64/MapsIndoorsCoreWrapper-Swift.h -working-directory /Users/admin/builder/spi-builder-workspace/.swiftpm/xcode -experimental-emit-module-separately -disable-cmo
ScanDependencies /Users/admin/builder/spi-builder-workspace/.derivedData/Build/Intermediates.noindex/GoogleMaps.build/Debug-iphoneos/GoogleMapsTarget.build/Objects-normal/arm64/GMSEmpty.o /Users/admin/builder/spi-builder-workspace/.dependencies/checkouts/ios-maps-sdk/Maps/GMSEmpty.m normal arm64 objective-c com.apple.compilers.llvm.clang.1_0.compiler (in target 'GoogleMapsTarget' from project 'GoogleMaps')
cd /Users/admin/builder/spi-builder-workspace/.swiftpm/xcode
Using response file: /Users/admin/builder/spi-builder-workspace/.derivedData/Build/Intermediates.noindex/GoogleMaps.build/Debug-iphoneos/GoogleMapsTarget.build/Objects-normal/arm64/e6072d4f65d7061329687fe24e3d63a7-common-args.resp
builtin-ScanDependencies -o /Users/admin/builder/spi-builder-workspace/.derivedData/Build/Intermediates.noindex/GoogleMaps.build/Debug-iphoneos/GoogleMapsTarget.build/Objects-normal/arm64/GMSEmpty.o.scan -- /Applications/Xcode-16.3.0.app/Contents/Developer/Toolchains/XcodeDefault.xctoolchain/usr/bin/clang -x objective-c -ivfsstatcache /Users/admin/builder/spi-builder-workspace/.derivedData/SDKStatCaches.noindex/iphoneos18.4-22E235-339d34bc69d7fc736c3220795c36f340.sdkstatcache -fmessage-length\=0 -fdiagnostics-show-note-include-stack -fmacro-backtrace-limit\=0 -fno-color-diagnostics -fmodules-prune-interval\=86400 -fmodules-prune-after\=345600 -fbuild-session-file\=/Users/admin/builder/spi-builder-workspace/.derivedData/ModuleCache.noindex/Session.modulevalidation -fmodules-validate-once-per-build-session -Wnon-modular-include-in-framework-module -Werror\=non-modular-include-in-framework-module -Wno-trigraphs -Wno-missing-field-initializers -Wno-missing-prototypes -Wno-return-type -Wno-implicit-atomic-properties -Wno-objc-interface-ivars -Wno-arc-repeated-use-of-weak -Wno-missing-braces -Wparentheses -Wswitch -Wno-unused-function -Wno-unused-label -Wno-unused-parameter -Wno-unused-variable -Wunused-value -Wno-empty-body -Wno-uninitialized -Wno-unknown-pragmas -w -Wno-shadow -Wno-four-char-constants -Wno-conversion -Wno-constant-conversion -Wno-int-conversion -Wno-bool-conversion -Wno-enum-conversion -Wno-float-conversion -Wno-non-literal-null-conversion -Wno-objc-literal-conversion -Wshorten-64-to-32 -Wpointer-sign -Wno-newline-eof -Wno-selector -Wno-strict-selector-match -Wno-undeclared-selector -Wno-deprecated-implementations -Wno-implicit-fallthrough -fstrict-aliasing -Wprotocol -Wdeprecated-declarations -Wno-sign-conversion -Wno-infinite-recursion -Wno-comma -Wno-block-capture-autoreleasing -Wno-strict-prototypes -Wno-semicolon-before-method-body -index-store-path /Users/admin/builder/spi-builder-workspace/.derivedData/Index.noindex/DataStore @/Users/admin/builder/spi-builder-workspace/.derivedData/Build/Intermediates.noindex/GoogleMaps.build/Debug-iphoneos/GoogleMapsTarget.build/Objects-normal/arm64/e6072d4f65d7061329687fe24e3d63a7-common-args.resp -include /Users/admin/builder/spi-builder-workspace/.derivedData/Build/Intermediates.noindex/GoogleMaps.build/Debug-iphoneos/GoogleMapsTarget.build/DerivedSources/resource_bundle_accessor.h -MMD -MT dependencies -MF /Users/admin/builder/spi-builder-workspace/.derivedData/Build/Intermediates.noindex/GoogleMaps.build/Debug-iphoneos/GoogleMapsTarget.build/Objects-normal/arm64/GMSEmpty.d --serialize-diagnostics /Users/admin/builder/spi-builder-workspace/.derivedData/Build/Intermediates.noindex/GoogleMaps.build/Debug-iphoneos/GoogleMapsTarget.build/Objects-normal/arm64/GMSEmpty.dia -c /Users/admin/builder/spi-builder-workspace/.dependencies/checkouts/ios-maps-sdk/Maps/GMSEmpty.m -o /Users/admin/builder/spi-builder-workspace/.derivedData/Build/Intermediates.noindex/GoogleMaps.build/Debug-iphoneos/GoogleMapsTarget.build/Objects-normal/arm64/GMSEmpty.o -index-unit-output-path /GoogleMaps.build/Debug-iphoneos/GoogleMapsTarget.build/Objects-normal/arm64/GMSEmpty.o
ScanDependencies /Users/admin/builder/spi-builder-workspace/.derivedData/Build/Intermediates.noindex/GoogleMaps.build/Debug-iphoneos/GoogleMapsTarget.build/Objects-normal/arm64/resource_bundle_accessor.o /Users/admin/builder/spi-builder-workspace/.derivedData/Build/Intermediates.noindex/GoogleMaps.build/Debug-iphoneos/GoogleMapsTarget.build/DerivedSources/resource_bundle_accessor.m normal arm64 objective-c com.apple.compilers.llvm.clang.1_0.compiler (in target 'GoogleMapsTarget' from project 'GoogleMaps')
cd /Users/admin/builder/spi-builder-workspace/.swiftpm/xcode
Using response file: /Users/admin/builder/spi-builder-workspace/.derivedData/Build/Intermediates.noindex/GoogleMaps.build/Debug-iphoneos/GoogleMapsTarget.build/Objects-normal/arm64/e6072d4f65d7061329687fe24e3d63a7-common-args.resp
builtin-ScanDependencies -o /Users/admin/builder/spi-builder-workspace/.derivedData/Build/Intermediates.noindex/GoogleMaps.build/Debug-iphoneos/GoogleMapsTarget.build/Objects-normal/arm64/resource_bundle_accessor.o.scan -- /Applications/Xcode-16.3.0.app/Contents/Developer/Toolchains/XcodeDefault.xctoolchain/usr/bin/clang -x objective-c -ivfsstatcache /Users/admin/builder/spi-builder-workspace/.derivedData/SDKStatCaches.noindex/iphoneos18.4-22E235-339d34bc69d7fc736c3220795c36f340.sdkstatcache -fmessage-length\=0 -fdiagnostics-show-note-include-stack -fmacro-backtrace-limit\=0 -fno-color-diagnostics -fmodules-prune-interval\=86400 -fmodules-prune-after\=345600 -fbuild-session-file\=/Users/admin/builder/spi-builder-workspace/.derivedData/ModuleCache.noindex/Session.modulevalidation -fmodules-validate-once-per-build-session -Wnon-modular-include-in-framework-module -Werror\=non-modular-include-in-framework-module -Wno-trigraphs -Wno-missing-field-initializers -Wno-missing-prototypes -Wno-return-type -Wno-implicit-atomic-properties -Wno-objc-interface-ivars -Wno-arc-repeated-use-of-weak -Wno-missing-braces -Wparentheses -Wswitch -Wno-unused-function -Wno-unused-label -Wno-unused-parameter -Wno-unused-variable -Wunused-value -Wno-empty-body -Wno-uninitialized -Wno-unknown-pragmas -w -Wno-shadow -Wno-four-char-constants -Wno-conversion -Wno-constant-conversion -Wno-int-conversion -Wno-bool-conversion -Wno-enum-conversion -Wno-float-conversion -Wno-non-literal-null-conversion -Wno-objc-literal-conversion -Wshorten-64-to-32 -Wpointer-sign -Wno-newline-eof -Wno-selector -Wno-strict-selector-match -Wno-undeclared-selector -Wno-deprecated-implementations -Wno-implicit-fallthrough -fstrict-aliasing -Wprotocol -Wdeprecated-declarations -Wno-sign-conversion -Wno-infinite-recursion -Wno-comma -Wno-block-capture-autoreleasing -Wno-strict-prototypes -Wno-semicolon-before-method-body -index-store-path /Users/admin/builder/spi-builder-workspace/.derivedData/Index.noindex/DataStore @/Users/admin/builder/spi-builder-workspace/.derivedData/Build/Intermediates.noindex/GoogleMaps.build/Debug-iphoneos/GoogleMapsTarget.build/Objects-normal/arm64/e6072d4f65d7061329687fe24e3d63a7-common-args.resp -include /Users/admin/builder/spi-builder-workspace/.derivedData/Build/Intermediates.noindex/GoogleMaps.build/Debug-iphoneos/GoogleMapsTarget.build/DerivedSources/resource_bundle_accessor.h -MMD -MT dependencies -MF /Users/admin/builder/spi-builder-workspace/.derivedData/Build/Intermediates.noindex/GoogleMaps.build/Debug-iphoneos/GoogleMapsTarget.build/Objects-normal/arm64/resource_bundle_accessor.d --serialize-diagnostics /Users/admin/builder/spi-builder-workspace/.derivedData/Build/Intermediates.noindex/GoogleMaps.build/Debug-iphoneos/GoogleMapsTarget.build/Objects-normal/arm64/resource_bundle_accessor.dia -c /Users/admin/builder/spi-builder-workspace/.derivedData/Build/Intermediates.noindex/GoogleMaps.build/Debug-iphoneos/GoogleMapsTarget.build/DerivedSources/resource_bundle_accessor.m -o /Users/admin/builder/spi-builder-workspace/.derivedData/Build/Intermediates.noindex/GoogleMaps.build/Debug-iphoneos/GoogleMapsTarget.build/Objects-normal/arm64/resource_bundle_accessor.o -index-unit-output-path /GoogleMaps.build/Debug-iphoneos/GoogleMapsTarget.build/Objects-normal/arm64/resource_bundle_accessor.o
SwiftEmitModule normal arm64 Emitting\ module\ for\ MapsIndoorsCoreWrapper (in target 'MapsIndoorsCoreWrapper' from project 'MapsIndoorsCore')
SwiftCompile normal arm64 /Users/admin/builder/spi-builder-workspace/.dependencies/checkouts/mapsindoors-core-ios/Sources/MapsIndoorsCoreWrapper/MPEmpty.swift (in target 'MapsIndoorsCoreWrapper' from project 'MapsIndoorsCore')
cd /Users/admin/builder/spi-builder-workspace/.swiftpm/xcode
/Users/admin/builder/spi-builder-workspace/.derivedData/Build/Products/Debug-iphoneos/MapsIndoors.framework/Modules/MapsIndoors.swiftmodule/arm64-apple-ios.private.swiftinterface:98:92: error: cannot find type '_LocationEssentials' in scope
public func decodeLngLatArray(forKey key: Swift.KeyedDecodingContainer<K>.Key) throws -> _LocationEssentials.CLLocationCoordinate2D
^~~~~~~~~~~~~~~~~~~
/Users/admin/builder/spi-builder-workspace/.derivedData/Build/Products/Debug-iphoneos/MapsIndoors.framework/Modules/MapsIndoors.swiftmodule/arm64-apple-ios.private.swiftinterface:99:167: error: cannot find type '_LocationEssentials' in scope
public func decodeLngLatArrayIfPresent(forKey key: Swift.KeyedDecodingContainer<K>.Key, default defaultValue: _LocationEssentials.CLLocationCoordinate2D) throws -> _LocationEssentials.CLLocationCoordinate2D
^~~~~~~~~~~~~~~~~~~
/Users/admin/builder/spi-builder-workspace/.derivedData/Build/Products/Debug-iphoneos/MapsIndoors.framework/Modules/MapsIndoors.swiftmodule/arm64-apple-ios.private.swiftinterface:99:113: error: cannot find type '_LocationEssentials' in scope
public func decodeLngLatArrayIfPresent(forKey key: Swift.KeyedDecodingContainer<K>.Key, default defaultValue: _LocationEssentials.CLLocationCoordinate2D) throws -> _LocationEssentials.CLLocationCoordinate2D
^~~~~~~~~~~~~~~~~~~
/Users/admin/builder/spi-builder-workspace/.derivedData/Build/Products/Debug-iphoneos/MapsIndoors.framework/Modules/MapsIndoors.swiftmodule/arm64-apple-ios.private.swiftinterface:261:30: error: cannot find type '_LocationEssentials' in scope
@objc public var position: _LocationEssentials.CLLocationCoordinate2D {
^~~~~~~~~~~~~~~~~~~
/Users/admin/builder/spi-builder-workspace/.derivedData/Build/Products/Debug-iphoneos/MapsIndoors.framework/Modules/MapsIndoors.swiftmodule/arm64-apple-ios.private.swiftinterface:262:6: error: '@objc' getter for non-'@objc' property
@objc get
~^~~~~
/Users/admin/builder/spi-builder-workspace/.derivedData/Build/Products/Debug-iphoneos/MapsIndoors.framework/Modules/MapsIndoors.swiftmodule/arm64-apple-ios.private.swiftinterface:732:31: error: cannot find type '_LocationEssentials' in scope
public static func == (lhs: _LocationEssentials.CLLocationCoordinate2D, rhs: _LocationEssentials.CLLocationCoordinate2D) -> Swift.Bool
^~~~~~~~~~~~~~~~~~~
/Users/admin/builder/spi-builder-workspace/.derivedData/Build/Products/Debug-iphoneos/MapsIndoors.framework/Modules/MapsIndoors.swiftmodule/arm64-apple-ios.private.swiftinterface:732:80: error: cannot find type '_LocationEssentials' in scope
public static func == (lhs: _LocationEssentials.CLLocationCoordinate2D, rhs: _LocationEssentials.CLLocationCoordinate2D) -> Swift.Bool
^~~~~~~~~~~~~~~~~~~
/Users/admin/builder/spi-builder-workspace/.derivedData/Build/Products/Debug-iphoneos/MapsIndoors.framework/Modules/MapsIndoors.swiftmodule/arm64-apple-ios.private.swiftinterface:729:22: error: cannot find type '_LocationEssentials' in scope
func append(point: _LocationEssentials.CLLocationCoordinate2D)
^~~~~~~~~~~~~~~~~~~
/Users/admin/builder/spi-builder-workspace/.derivedData/Build/Products/Debug-iphoneos/MapsIndoors.framework/Modules/MapsIndoors.swiftmodule/arm64-apple-ios.private.swiftinterface:731:11: error: cannot find type '_LocationEssentials' in scope
extension _LocationEssentials.CLLocationCoordinate2D : @retroactive Swift.Equatable {
^~~~~~~~~~~~~~~~~~~
/Users/admin/builder/spi-builder-workspace/.derivedData/Build/Products/Debug-iphoneos/MapsIndoors.framework/Modules/MapsIndoors.swiftmodule/arm64-apple-ios.private.swiftinterface:737:32: error: cannot find type '_LocationEssentials' in scope
@objc public var coordinate: _LocationEssentials.CLLocationCoordinate2D {
^~~~~~~~~~~~~~~~~~~
/Users/admin/builder/spi-builder-workspace/.derivedData/Build/Products/Debug-iphoneos/MapsIndoors.framework/Modules/MapsIndoors.swiftmodule/arm64-apple-ios.private.swiftinterface:740:42: error: cannot find type '_LocationEssentials' in scope
@objc required public init(coordinate: _LocationEssentials.CLLocationCoordinate2D)
^~~~~~~~~~~~~~~~~~~
/Users/admin/builder/spi-builder-workspace/.derivedData/Build/Products/Debug-iphoneos/MapsIndoors.framework/Modules/MapsIndoors.swiftmodule/arm64-apple-ios.private.swiftinterface:758:41: error: cannot find type '_LocationEssentials' in scope
@objc required public init(southWest: _LocationEssentials.CLLocationCoordinate2D, northEast: _LocationEssentials.CLLocationCoordinate2D)
^~~~~~~~~~~~~~~~~~~
/Users/admin/builder/spi-builder-workspace/.derivedData/Build/Products/Debug-iphoneos/MapsIndoors.framework/Modules/MapsIndoors.swiftmodule/arm64-apple-ios.private.swiftinterface:758:96: error: cannot find type '_LocationEssentials' in scope
@objc required public init(southWest: _LocationEssentials.CLLocationCoordinate2D, northEast: _LocationEssentials.CLLocationCoordinate2D)
^~~~~~~~~~~~~~~~~~~
/Users/admin/builder/spi-builder-workspace/.derivedData/Build/Products/Debug-iphoneos/MapsIndoors.framework/Modules/MapsIndoors.swiftmodule/arm64-apple-ios.private.swiftinterface:759:39: error: cannot find type '_LocationEssentials' in scope
@objc required public init(points: [_LocationEssentials.CLLocationCoordinate2D])
^~~~~~~~~~~~~~~~~~~
/Users/admin/builder/spi-builder-workspace/.derivedData/Build/Products/Debug-iphoneos/MapsIndoors.framework/Modules/MapsIndoors.swiftmodule/arm64-apple-ios.private.swiftinterface:761:31: error: cannot find type '_LocationEssentials' in scope
@objc public var northEast: _LocationEssentials.CLLocationCoordinate2D {
^~~~~~~~~~~~~~~~~~~
/Users/admin/builder/spi-builder-workspace/.derivedData/Build/Products/Debug-iphoneos/MapsIndoors.framework/Modules/MapsIndoors.swiftmodule/arm64-apple-ios.private.swiftinterface:764:31: error: cannot find type '_LocationEssentials' in scope
@objc public var southWest: _LocationEssentials.CLLocationCoordinate2D {
^~~~~~~~~~~~~~~~~~~
/Users/admin/builder/spi-builder-workspace/.derivedData/Build/Products/Debug-iphoneos/MapsIndoors.framework/Modules/MapsIndoors.swiftmodule/arm64-apple-ios.private.swiftinterface:779:39: error: cannot find type '_LocationEssentials' in scope
@objc public func expandWith(coord: _LocationEssentials.CLLocationCoordinate2D) -> MapsIndoors.MPGeoBounds
^~~~~~~~~~~~~~~~~~~
/Users/admin/builder/spi-builder-workspace/.derivedData/Build/Products/Debug-iphoneos/MapsIndoors.framework/Modules/MapsIndoors.swiftmodule/arm64-apple-ios.private.swiftinterface:788:36: error: cannot find type '_LocationEssentials' in scope
@objc final public let nearLeft: _LocationEssentials.CLLocationCoordinate2D
^~~~~~~~~~~~~~~~~~~
/Users/admin/builder/spi-builder-workspace/.derivedData/Build/Products/Debug-iphoneos/MapsIndoors.framework/Modules/MapsIndoors.swiftmodule/arm64-apple-ios.private.swiftinterface:789:35: error: cannot find type '_LocationEssentials' in scope
@objc final public let farLeft: _LocationEssentials.CLLocationCoordinate2D
^~~~~~~~~~~~~~~~~~~
/Users/admin/builder/spi-builder-workspace/.derivedData/Build/Products/Debug-iphoneos/MapsIndoors.framework/Modules/MapsIndoors.swiftmodule/arm64-apple-ios.private.swiftinterface:790:36: error: cannot find type '_LocationEssentials' in scope
@objc final public let farRight: _LocationEssentials.CLLocationCoordinate2D
^~~~~~~~~~~~~~~~~~~
/Users/admin/builder/spi-builder-workspace/.derivedData/Build/Products/Debug-iphoneos/MapsIndoors.framework/Modules/MapsIndoors.swiftmodule/arm64-apple-ios.private.swiftinterface:791:37: error: cannot find type '_LocationEssentials' in scope
@objc final public let nearRight: _LocationEssentials.CLLocationCoordinate2D
^~~~~~~~~~~~~~~~~~~
/Users/admin/builder/spi-builder-workspace/.derivedData/Build/Products/Debug-iphoneos/MapsIndoors.framework/Modules/MapsIndoors.swiftmodule/arm64-apple-ios.private.swiftinterface:792:40: error: cannot find type '_LocationEssentials' in scope
@objc required public init(nearLeft: _LocationEssentials.CLLocationCoordinate2D, farLeft: _LocationEssentials.CLLocationCoordinate2D, farRight: _LocationEssentials.CLLocationCoordinate2D, nearRight: _LocationEssentials.CLLocationCoordinate2D)
^~~~~~~~~~~~~~~~~~~
/Users/admin/builder/spi-builder-workspace/.derivedData/Build/Products/Debug-iphoneos/MapsIndoors.framework/Modules/MapsIndoors.swiftmodule/arm64-apple-ios.private.swiftinterface:792:93: error: cannot find type '_LocationEssentials' in scope
@objc required public init(nearLeft: _LocationEssentials.CLLocationCoordinate2D, farLeft: _LocationEssentials.CLLocationCoordinate2D, farRight: _LocationEssentials.CLLocationCoordinate2D, nearRight: _LocationEssentials.CLLocationCoordinate2D)
^~~~~~~~~~~~~~~~~~~
/Users/admin/builder/spi-builder-workspace/.derivedData/Build/Products/Debug-iphoneos/MapsIndoors.framework/Modules/MapsIndoors.swiftmodule/arm64-apple-ios.private.swiftinterface:792:147: error: cannot find type '_LocationEssentials' in scope
@objc required public init(nearLeft: _LocationEssentials.CLLocationCoordinate2D, farLeft: _LocationEssentials.CLLocationCoordinate2D, farRight: _LocationEssentials.CLLocationCoordinate2D, nearRight: _LocationEssentials.CLLocationCoordinate2D)
^~~~~~~~~~~~~~~~~~~
/Users/admin/builder/spi-builder-workspace/.derivedData/Build/Products/Debug-iphoneos/MapsIndoors.framework/Modules/MapsIndoors.swiftmodule/arm64-apple-ios.private.swiftinterface:792:202: error: cannot find type '_LocationEssentials' in scope
@objc required public init(nearLeft: _LocationEssentials.CLLocationCoordinate2D, farLeft: _LocationEssentials.CLLocationCoordinate2D, farRight: _LocationEssentials.CLLocationCoordinate2D, nearRight: _LocationEssentials.CLLocationCoordinate2D)
^~~~~~~~~~~~~~~~~~~
/Users/admin/builder/spi-builder-workspace/.derivedData/Build/Products/Debug-iphoneos/MapsIndoors.framework/Modules/MapsIndoors.swiftmodule/arm64-apple-ios.private.swiftinterface:812:39: error: cannot find type '_LocationEssentials' in scope
@objc required public init(points: [_LocationEssentials.CLLocationCoordinate2D])
^~~~~~~~~~~~~~~~~~~
/Users/admin/builder/spi-builder-workspace/.derivedData/Build/Products/Debug-iphoneos/MapsIndoors.framework/Modules/MapsIndoors.swiftmodule/arm64-apple-ios.private.swiftinterface:822:29: error: cannot find type '_LocationEssentials' in scope
@objc public var points: [_LocationEssentials.CLLocationCoordinate2D] {
^~~~~~~~~~~~~~~~~~~
/Users/admin/builder/spi-builder-workspace/.derivedData/Build/Products/Debug-iphoneos/MapsIndoors.framework/Modules/MapsIndoors.swiftmodule/arm64-apple-ios.private.swiftinterface:825:35: error: cannot find type '_LocationEssentials' in scope
@objc public func append(point: _LocationEssentials.CLLocationCoordinate2D)
^~~~~~~~~~~~~~~~~~~
/Users/admin/builder/spi-builder-workspace/.derivedData/Build/Products/Debug-iphoneos/MapsIndoors.framework/Modules/MapsIndoors.swiftmodule/arm64-apple-ios.private.swiftinterface:836:39: error: cannot find type '_LocationEssentials' in scope
@objc required public init(points: [_LocationEssentials.CLLocationCoordinate2D])
^~~~~~~~~~~~~~~~~~~
/Users/admin/builder/spi-builder-workspace/.derivedData/Build/Products/Debug-iphoneos/MapsIndoors.framework/Modules/MapsIndoors.swiftmodule/arm64-apple-ios.private.swiftinterface:846:29: error: cannot find type '_LocationEssentials' in scope
@objc public var points: [_LocationEssentials.CLLocationCoordinate2D] {
^~~~~~~~~~~~~~~~~~~
/Users/admin/builder/spi-builder-workspace/.derivedData/Build/Products/Debug-iphoneos/MapsIndoors.framework/Modules/MapsIndoors.swiftmodule/arm64-apple-ios.private.swiftinterface:847:6: error: '@objc' getter for non-'@objc' property
@objc get
~^~~~~
/Users/admin/builder/spi-builder-workspace/.derivedData/Build/Products/Debug-iphoneos/MapsIndoors.framework/Modules/MapsIndoors.swiftmodule/arm64-apple-ios.private.swiftinterface:849:35: error: cannot find type '_LocationEssentials' in scope
@objc public func append(point: _LocationEssentials.CLLocationCoordinate2D)
^~~~~~~~~~~~~~~~~~~
/Users/admin/builder/spi-builder-workspace/.derivedData/Build/Products/Debug-iphoneos/MapsIndoors.framework/Modules/MapsIndoors.swiftmodule/arm64-apple-ios.private.swiftinterface:980:22: error: cannot find type '_LocationEssentials' in scope
@objc var bearing: _LocationEssentials.CLLocationDirection { get }
^~~~~~~~~~~~~~~~~~~
/Users/admin/builder/spi-builder-workspace/.derivedData/Build/Products/Debug-iphoneos/MapsIndoors.framework/Modules/MapsIndoors.swiftmodule/arm64-apple-ios.private.swiftinterface:981:21: error: cannot find type '_LocationEssentials' in scope
@objc var target: _LocationEssentials.CLLocationCoordinate2D { get }
^~~~~~~~~~~~~~~~~~~
/Users/admin/builder/spi-builder-workspace/.derivedData/Build/Products/Debug-iphoneos/MapsIndoors.framework/Modules/MapsIndoors.swiftmodule/arm64-apple-ios.private.swiftinterface:984:29: error: cannot find type '_LocationEssentials' in scope
@objc func camera(target: _LocationEssentials.CLLocationCoordinate2D, zoom: Swift.Float) -> (any MapsIndoors.MPCameraPosition)?
^~~~~~~~~~~~~~~~~~~
/Users/admin/builder/spi-builder-workspace/.derivedData/Build/Products/Debug-iphoneos/MapsIndoors.framework/Modules/MapsIndoors.swiftmodule/arm64-apple-ios.private.swiftinterface:1931:32: error: cannot find type '_LocationEssentials' in scope
@objc public var coordinate: _LocationEssentials.CLLocationCoordinate2D
^~~~~~~~~~~~~~~~~~~
/Users/admin/builder/spi-builder-workspace/.derivedData/Build/Products/Debug-iphoneos/MapsIndoors.framework/Modules/MapsIndoors.swiftmodule/arm64-apple-ios.private.swiftinterface:1932:30: error: cannot find type '_LocationEssentials' in scope
@objc public var distance: _LocationEssentials.CLLocationDistance
^~~~~~~~~~~~~~~~~~~
/Users/admin/builder/spi-builder-workspace/.derivedData/Build/Products/Debug-iphoneos/MapsIndoors.framework/Modules/MapsIndoors.swiftmodule/arm64-apple-ios.private.swiftinterface:1946:47: error: cannot find type '_LocationEssentials' in scope
@objc func containsCoordinate(_ coordinate: _LocationEssentials.CLLocationCoordinate2D) -> Swift.Bool
^~~~~~~~~~~~~~~~~~~
/Users/admin/builder/spi-builder-workspace/.derivedData/Build/Products/Debug-iphoneos/MapsIndoors.framework/Modules/MapsIndoors.swiftmodule/arm64-apple-ios.private.swiftinterface:1947:47: error: cannot find type '_LocationEssentials' in scope
@objc func containsCoordinate(_ coordinate: _LocationEssentials.CLLocationCoordinate2D, ignorePolygonHoles: Swift.Bool) -> Swift.Bool
^~~~~~~~~~~~~~~~~~~
/Users/admin/builder/spi-builder-workspace/.derivedData/Build/Products/Debug-iphoneos/MapsIndoors.framework/Modules/MapsIndoors.swiftmodule/arm64-apple-ios.private.swiftinterface:1948:47: error: cannot find type '_LocationEssentials' in scope
@objc func containsCoordinate(_ coordinate: _LocationEssentials.CLLocationCoordinate2D, ignorePolygonHoles: Swift.Bool, containmentMetadata: MapsIndoors.MPGeometryContainmentMetadata?) -> Swift.Bool
^~~~~~~~~~~~~~~~~~~
/Users/admin/builder/spi-builder-workspace/.derivedData/Build/Products/Debug-iphoneos/MapsIndoors.framework/Modules/MapsIndoors.swiftmodule/arm64-apple-ios.private.swiftinterface:1949:53: error: cannot find type '_LocationEssentials' in scope
@objc func containsLineSegmentFromCoordinate(_ u: _LocationEssentials.CLLocationCoordinate2D, toCoordinate v: _LocationEssentials.CLLocationCoordinate2D) -> Swift.Bool
^~~~~~~~~~~~~~~~~~~
/Users/admin/builder/spi-builder-workspace/.derivedData/Build/Products/Debug-iphoneos/MapsIndoors.framework/Modules/MapsIndoors.swiftmodule/arm64-apple-ios.private.swiftinterface:1949:113: error: cannot find type '_LocationEssentials' in scope
@objc func containsLineSegmentFromCoordinate(_ u: _LocationEssentials.CLLocationCoordinate2D, toCoordinate v: _LocationEssentials.CLLocationCoordinate2D) -> Swift.Bool
^~~~~~~~~~~~~~~~~~~
/Users/admin/builder/spi-builder-workspace/.derivedData/Build/Products/Debug-iphoneos/MapsIndoors.framework/Modules/MapsIndoors.swiftmodule/arm64-apple-ios.private.swiftinterface:1950:102: error: cannot find type '_LocationEssentials' in scope
@objc(squaredDistanceToClosestEdgeWithCoordinate:) func squaredDistanceToClosestEdge(_ coordinate: _LocationEssentials.CLLocationCoordinate2D) -> Swift.Double
^~~~~~~~~~~~~~~~~~~
/Users/admin/builder/spi-builder-workspace/.derivedData/Build/Products/Debug-iphoneos/MapsIndoors.framework/Modules/MapsIndoors.swiftmodule/arm64-apple-ios.private.swiftinterface:1954:55: error: cannot find type '_LocationEssentials' in scope
public static func computeBoundingBox(coordinates: [_LocationEssentials.CLLocationCoordinate2D]) -> MapsIndoors.MPGeoBounds
^~~~~~~~~~~~~~~~~~~
/Users/admin/builder/spi-builder-workspace/.derivedData/Build/Products/Debug-iphoneos/MapsIndoors.framework/Modules/MapsIndoors.swiftmodule/arm64-apple-ios.private.swiftinterface:1959:55: error: cannot find type '_LocationEssentials' in scope
@objc public static func bearingBetweenPoints(from: _LocationEssentials.CLLocationCoordinate2D, to: _LocationEssentials.CLLocationCoordinate2D) -> Swift.Double
^~~~~~~~~~~~~~~~~~~
/Users/admin/builder/spi-builder-workspace/.derivedData/Build/Products/Debug-iphoneos/MapsIndoors.framework/Modules/MapsIndoors.swiftmodule/arm64-apple-ios.private.swiftinterface:1959:103: error: cannot find type '_LocationEssentials' in scope
@objc public static func bearingBetweenPoints(from: _LocationEssentials.CLLocationCoordinate2D, to: _LocationEssentials.CLLocationCoordinate2D) -> Swift.Double
^~~~~~~~~~~~~~~~~~~
/Users/admin/builder/spi-builder-workspace/.derivedData/Build/Products/Debug-iphoneos/MapsIndoors.framework/Modules/MapsIndoors.swiftmodule/arm64-apple-ios.private.swiftinterface:1961:49: error: cannot find type '_LocationEssentials' in scope
public static func distancePointToLine(point: _LocationEssentials.CLLocationCoordinate2D, lineStart: _LocationEssentials.CLLocationCoordinate2D, lineEnd: _LocationEssentials.CLLocationCoordinate2D) -> Swift.Double
^~~~~~~~~~~~~~~~~~~
/Users/admin/builder/spi-builder-workspace/.derivedData/Build/Products/Debug-iphoneos/MapsIndoors.framework/Modules/MapsIndoors.swiftmodule/arm64-apple-ios.private.swiftinterface:1961:104: error: cannot find type '_LocationEssentials' in scope
public static func distancePointToLine(point: _LocationEssentials.CLLocationCoordinate2D, lineStart: _LocationEssentials.CLLocationCoordinate2D, lineEnd: _LocationEssentials.CLLocationCoordinate2D) -> Swift.Double
^~~~~~~~~~~~~~~~~~~
/Users/admin/builder/spi-builder-workspace/.derivedData/Build/Products/Debug-iphoneos/MapsIndoors.framework/Modules/MapsIndoors.swiftmodule/arm64-apple-ios.private.swiftinterface:1961:157: error: cannot find type '_LocationEssentials' in scope
public static func distancePointToLine(point: _LocationEssentials.CLLocationCoordinate2D, lineStart: _LocationEssentials.CLLocationCoordinate2D, lineEnd: _LocationEssentials.CLLocationCoordinate2D) -> Swift.Double
^~~~~~~~~~~~~~~~~~~
/Users/admin/builder/spi-builder-workspace/.derivedData/Build/Products/Debug-iphoneos/MapsIndoors.framework/Modules/MapsIndoors.swiftmodule/arm64-apple-ios.private.swiftinterface:1962:45: error: cannot find type '_LocationEssentials' in scope
public static func distanceLineToLine(a1: _LocationEssentials.CLLocationCoordinate2D, a2: _LocationEssentials.CLLocationCoordinate2D, b1: _LocationEssentials.CLLocationCoordinate2D, b2: _LocationEssentials.CLLocationCoordinate2D) -> Swift.Double
^~~~~~~~~~~~~~~~~~~
/Users/admin/builder/spi-builder-workspace/.derivedData/Build/Products/Debug-iphoneos/MapsIndoors.framework/Modules/MapsIndoors.swiftmodule/arm64-apple-ios.private.swiftinterface:1962:93: error: cannot find type '_LocationEssentials' in scope
public static func distanceLineToLine(a1: _LocationEssentials.CLLocationCoordinate2D, a2: _LocationEssentials.CLLocationCoordinate2D, b1: _LocationEssentials.CLLocationCoordinate2D, b2: _LocationEssentials.CLLocationCoordinate2D) -> Swift.Double
^~~~~~~~~~~~~~~~~~~
/Users/admin/builder/spi-builder-workspace/.derivedData/Build/Products/Debug-iphoneos/MapsIndoors.framework/Modules/MapsIndoors.swiftmodule/arm64-apple-ios.private.swiftinterface:1962:141: error: cannot find type '_LocationEssentials' in scope
public static func distanceLineToLine(a1: _LocationEssentials.CLLocationCoordinate2D, a2: _LocationEssentials.CLLocationCoordinate2D, b1: _LocationEssentials.CLLocationCoordinate2D, b2: _LocationEssentials.CLLocationCoordinate2D) -> Swift.Double
^~~~~~~~~~~~~~~~~~~
/Users/admin/builder/spi-builder-workspace/.derivedData/Build/Products/Debug-iphoneos/MapsIndoors.framework/Modules/MapsIndoors.swiftmodule/arm64-apple-ios.private.swiftinterface:1962:189: error: cannot find type '_LocationEssentials' in scope
public static func distanceLineToLine(a1: _LocationEssentials.CLLocationCoordinate2D, a2: _LocationEssentials.CLLocationCoordinate2D, b1: _LocationEssentials.CLLocationCoordinate2D, b2: _LocationEssentials.CLLocationCoordinate2D) -> Swift.Double
^~~~~~~~~~~~~~~~~~~
/Users/admin/builder/spi-builder-workspace/.derivedData/Build/Products/Debug-iphoneos/MapsIndoors.framework/Modules/MapsIndoors.swiftmodule/arm64-apple-ios.private.swiftinterface:1963:216: error: cannot find type '_LocationEssentials' in scope
@objc public static func closestPointOnLineSegment(point: _LocationEssentials.CLLocationCoordinate2D, lineStart: _LocationEssentials.CLLocationCoordinate2D, lineEnd: _LocationEssentials.CLLocationCoordinate2D) -> _LocationEssentials.CLLocationCoordinate2D
^~~~~~~~~~~~~~~~~~~
/Users/admin/builder/spi-builder-workspace/.derivedData/Build/Products/Debug-iphoneos/MapsIndoors.framework/Modules/MapsIndoors.swiftmodule/arm64-apple-ios.private.swiftinterface:1963:61: error: cannot find type '_LocationEssentials' in scope
@objc public static func closestPointOnLineSegment(point: _LocationEssentials.CLLocationCoordinate2D, lineStart: _LocationEssentials.CLLocationCoordinate2D, lineEnd: _LocationEssentials.CLLocationCoordinate2D) -> _LocationEssentials.CLLocationCoordinate2D
^~~~~~~~~~~~~~~~~~~
/Users/admin/builder/spi-builder-workspace/.derivedData/Build/Products/Debug-iphoneos/MapsIndoors.framework/Modules/MapsIndoors.swiftmodule/arm64-apple-ios.private.swiftinterface:1963:116: error: cannot find type '_LocationEssentials' in scope
@objc public static func closestPointOnLineSegment(point: _LocationEssentials.CLLocationCoordinate2D, lineStart: _LocationEssentials.CLLocationCoordinate2D, lineEnd: _LocationEssentials.CLLocationCoordinate2D) -> _LocationEssentials.CLLocationCoordinate2D
^~~~~~~~~~~~~~~~~~~
/Users/admin/builder/spi-builder-workspace/.derivedData/Build/Products/Debug-iphoneos/MapsIndoors.framework/Modules/MapsIndoors.swiftmodule/arm64-apple-ios.private.swiftinterface:1963:169: error: cannot find type '_LocationEssentials' in scope
@objc public static func closestPointOnLineSegment(point: _LocationEssentials.CLLocationCoordinate2D, lineStart: _LocationEssentials.CLLocationCoordinate2D, lineEnd: _LocationEssentials.CLLocationCoordinate2D) -> _LocationEssentials.CLLocationCoordinate2D
^~~~~~~~~~~~~~~~~~~
/Users/admin/builder/spi-builder-workspace/.derivedData/Build/Products/Debug-iphoneos/MapsIndoors.framework/Modules/MapsIndoors.swiftmodule/arm64-apple-ios.private.swiftinterface:1964:208: error: cannot find type '_LocationEssentials' in scope
public static func coordinateInQuadCurve(p0: _LocationEssentials.CLLocationCoordinate2D, p1: _LocationEssentials.CLLocationCoordinate2D, p2: _LocationEssentials.CLLocationCoordinate2D, t: Swift.Double) -> _LocationEssentials.CLLocationCoordinate2D
^~~~~~~~~~~~~~~~~~~
/Users/admin/builder/spi-builder-workspace/.derivedData/Build/Products/Debug-iphoneos/MapsIndoors.framework/Modules/MapsIndoors.swiftmodule/arm64-apple-ios.private.swiftinterface:1964:48: error: cannot find type '_LocationEssentials' in scope
public static func coordinateInQuadCurve(p0: _LocationEssentials.CLLocationCoordinate2D, p1: _LocationEssentials.CLLocationCoordinate2D, p2: _LocationEssentials.CLLocationCoordinate2D, t: Swift.Double) -> _LocationEssentials.CLLocationCoordinate2D
^~~~~~~~~~~~~~~~~~~
/Users/admin/builder/spi-builder-workspace/.derivedData/Build/Products/Debug-iphoneos/MapsIndoors.framework/Modules/MapsIndoors.swiftmodule/arm64-apple-ios.private.swiftinterface:1964:96: error: cannot find type '_LocationEssentials' in scope
public static func coordinateInQuadCurve(p0: _LocationEssentials.CLLocationCoordinate2D, p1: _LocationEssentials.CLLocationCoordinate2D, p2: _LocationEssentials.CLLocationCoordinate2D, t: Swift.Double) -> _LocationEssentials.CLLocationCoordinate2D
^~~~~~~~~~~~~~~~~~~
/Users/admin/builder/spi-builder-workspace/.derivedData/Build/Products/Debug-iphoneos/MapsIndoors.framework/Modules/MapsIndoors.swiftmodule/arm64-apple-ios.private.swiftinterface:1964:144: error: cannot find type '_LocationEssentials' in scope
public static func coordinateInQuadCurve(p0: _LocationEssentials.CLLocationCoordinate2D, p1: _LocationEssentials.CLLocationCoordinate2D, p2: _LocationEssentials.CLLocationCoordinate2D, t: Swift.Double) -> _LocationEssentials.CLLocationCoordinate2D
^~~~~~~~~~~~~~~~~~~
/Users/admin/builder/spi-builder-workspace/.derivedData/Build/Products/Debug-iphoneos/MapsIndoors.framework/Modules/MapsIndoors.swiftmodule/arm64-apple-ios.private.swiftinterface:1965:165: error: cannot find type '_LocationEssentials' in scope
@objc public static func interpolate(from: _LocationEssentials.CLLocationCoordinate2D, to: _LocationEssentials.CLLocationCoordinate2D, fraction: Swift.Double) -> _LocationEssentials.CLLocationCoordinate2D
^~~~~~~~~~~~~~~~~~~
/Users/admin/builder/spi-builder-workspace/.derivedData/Build/Products/Debug-iphoneos/MapsIndoors.framework/Modules/MapsIndoors.swiftmodule/arm64-apple-ios.private.swiftinterface:1965:46: error: cannot find type '_LocationEssentials' in scope
@objc public static func interpolate(from: _LocationEssentials.CLLocationCoordinate2D, to: _LocationEssentials.CLLocationCoordinate2D, fraction: Swift.Double) -> _LocationEssentials.CLLocationCoordinate2D
^~~~~~~~~~~~~~~~~~~
/Users/admin/builder/spi-builder-workspace/.derivedData/Build/Products/Debug-iphoneos/MapsIndoors.framework/Modules/MapsIndoors.swiftmodule/arm64-apple-ios.private.swiftinterface:1965:94: error: cannot find type '_LocationEssentials' in scope
@objc public static func interpolate(from: _LocationEssentials.CLLocationCoordinate2D, to: _LocationEssentials.CLLocationCoordinate2D, fraction: Swift.Double) -> _LocationEssentials.CLLocationCoordinate2D
^~~~~~~~~~~~~~~~~~~
/Users/admin/builder/spi-builder-workspace/.derivedData/Build/Products/Debug-iphoneos/MapsIndoors.framework/Modules/MapsIndoors.swiftmodule/arm64-apple-ios.private.swiftinterface:1966:129: error: cannot find type '_LocationEssentials' in scope
public static func computeOffset(from: _LocationEssentials.CLLocationCoordinate2D, dist: Swift.Double, head: Swift.Double) -> _LocationEssentials.CLLocationCoordinate2D
^~~~~~~~~~~~~~~~~~~
/Users/admin/builder/spi-builder-workspace/.derivedData/Build/Products/Debug-iphoneos/MapsIndoors.framework/Modules/MapsIndoors.swiftmodule/arm64-apple-ios.private.swiftinterface:1966:42: error: cannot find type '_LocationEssentials' in scope
public static func computeOffset(from: _LocationEssentials.CLLocationCoordinate2D, dist: Swift.Double, head: Swift.Double) -> _LocationEssentials.CLLocationCoordinate2D
^~~~~~~~~~~~~~~~~~~
/Users/admin/builder/spi-builder-workspace/.derivedData/Build/Products/Debug-iphoneos/MapsIndoors.framework/Modules/MapsIndoors.swiftmodule/arm64-apple-ios.private.swiftinterface:2102:23: error: cannot find type '_LocationEssentials' in scope
@objc var position: _LocationEssentials.CLLocationCoordinate2D { get set }
^~~~~~~~~~~~~~~~~~~
/Users/admin/builder/spi-builder-workspace/.derivedData/Build/Products/Debug-iphoneos/MapsIndoors.framework/Modules/MapsIndoors.swiftmodule/arm64-apple-ios.private.swiftinterface:2252:54: error: cannot find type '_LocationEssentials' in scope
@objc public func containsCoordinate(_ coordinate: _LocationEssentials.CLLocationCoordinate2D) -> Swift.Bool
^~~~~~~~~~~~~~~~~~~
/Users/admin/builder/spi-builder-workspace/.derivedData/Build/Products/Debug-iphoneos/MapsIndoors.framework/Modules/MapsIndoors.swiftmodule/arm64-apple-ios.private.swiftinterface:2253:54: error: cannot find type '_LocationEssentials' in scope
@objc public func containsCoordinate(_ coordinate: _LocationEssentials.CLLocationCoordinate2D, ignorePolygonHoles: Swift.Bool) -> Swift.Bool
^~~~~~~~~~~~~~~~~~~
/Users/admin/builder/spi-builder-workspace/.derivedData/Build/Products/Debug-iphoneos/MapsIndoors.framework/Modules/MapsIndoors.swiftmodule/arm64-apple-ios.private.swiftinterface:2254:54: error: cannot find type '_LocationEssentials' in scope
@objc public func containsCoordinate(_ coordinate: _LocationEssentials.CLLocationCoordinate2D, ignorePolygonHoles: Swift.Bool, containmentMetadata: MapsIndoors.MPGeometryContainmentMetadata?) -> Swift.Bool
^~~~~~~~~~~~~~~~~~~
/Users/admin/builder/spi-builder-workspace/.derivedData/Build/Products/Debug-iphoneos/MapsIndoors.framework/Modules/MapsIndoors.swiftmodule/arm64-apple-ios.private.swiftinterface:2255:60: error: cannot find type '_LocationEssentials' in scope
@objc public func containsLineSegmentFromCoordinate(_ u: _LocationEssentials.CLLocationCoordinate2D, toCoordinate v: _LocationEssentials.CLLocationCoordinate2D) -> Swift.Bool
^~~~~~~~~~~~~~~~~~~
/Users/admin/builder/spi-builder-workspace/.derivedData/Build/Products/Debug-iphoneos/MapsIndoors.framework/Modules/MapsIndoors.swiftmodule/arm64-apple-ios.private.swiftinterface:2255:120: error: cannot find type '_LocationEssentials' in scope
@objc public func containsLineSegmentFromCoordinate(_ u: _LocationEssentials.CLLocationCoordinate2D, toCoordinate v: _LocationEssentials.CLLocationCoordinate2D) -> Swift.Bool
^~~~~~~~~~~~~~~~~~~
/Users/admin/builder/spi-builder-workspace/.derivedData/Build/Products/Debug-iphoneos/MapsIndoors.framework/Modules/MapsIndoors.swiftmodule/arm64-apple-ios.private.swiftinterface:2256:64: error: cannot find type '_LocationEssentials' in scope
@objc public func squaredDistanceToClosestEdge(_ coordinate: _LocationEssentials.CLLocationCoordinate2D) -> Swift.Double
^~~~~~~~~~~~~~~~~~~
/Users/admin/builder/spi-builder-workspace/.derivedData/Build/Products/Debug-iphoneos/MapsIndoors.framework/Modules/MapsIndoors.swiftmodule/arm64-apple-ios.private.swiftinterface:2275:32: error: cannot find type '_LocationEssentials' in scope
@objc public var coordinate: _LocationEssentials.CLLocationCoordinate2D {
^~~~~~~~~~~~~~~~~~~
/Users/admin/builder/spi-builder-workspace/.derivedData/Build/Products/Debug-iphoneos/MapsIndoors.framework/Modules/MapsIndoors.swiftmodule/arm64-apple-ios.private.swiftinterface:2276:6: error: '@objc' getter for non-'@objc' property
@objc get
~^~~~~
/Users/admin/builder/spi-builder-workspace/.derivedData/Build/Products/Debug-iphoneos/MapsIndoors.framework/Modules/MapsIndoors.swiftmodule/arm64-apple-ios.private.swiftinterface:2297:54: error: cannot find type '_LocationEssentials' in scope
@objc required convenience public init(coordinate: _LocationEssentials.CLLocationCoordinate2D)
^~~~~~~~~~~~~~~~~~~
/Users/admin/builder/spi-builder-workspace/.derivedData/Build/Products/Debug-iphoneos/MapsIndoors.framework/Modules/MapsIndoors.swiftmodule/arm64-apple-ios.private.swiftinterface:2326:54: error: cannot find type '_LocationEssentials' in scope
@objc public func containsCoordinate(_ coordinate: _LocationEssentials.CLLocationCoordinate2D) -> Swift.Bool
^~~~~~~~~~~~~~~~~~~
/Users/admin/builder/spi-builder-workspace/.derivedData/Build/Products/Debug-iphoneos/MapsIndoors.framework/Modules/MapsIndoors.swiftmodule/arm64-apple-ios.private.swiftinterface:2327:54: error: cannot find type '_LocationEssentials' in scope
@objc public func containsCoordinate(_ coordinate: _LocationEssentials.CLLocationCoordinate2D, ignorePolygonHoles: Swift.Bool) -> Swift.Bool
^~~~~~~~~~~~~~~~~~~
/Users/admin/builder/spi-builder-workspace/.derivedData/Build/Products/Debug-iphoneos/MapsIndoors.framework/Modules/MapsIndoors.swiftmodule/arm64-apple-ios.private.swiftinterface:2328:54: error: cannot find type '_LocationEssentials' in scope
@objc public func containsCoordinate(_ coordinate: _LocationEssentials.CLLocationCoordinate2D, ignorePolygonHoles: Swift.Bool, containmentMetadata: MapsIndoors.MPGeometryContainmentMetadata?) -> Swift.Bool
^~~~~~~~~~~~~~~~~~~
/Users/admin/builder/spi-builder-workspace/.derivedData/Build/Products/Debug-iphoneos/MapsIndoors.framework/Modules/MapsIndoors.swiftmodule/arm64-apple-ios.private.swiftinterface:2329:60: error: cannot find type '_LocationEssentials' in scope
@objc public func containsLineSegmentFromCoordinate(_ u: _LocationEssentials.CLLocationCoordinate2D, toCoordinate v: _LocationEssentials.CLLocationCoordinate2D) -> Swift.Bool
^~~~~~~~~~~~~~~~~~~
/Users/admin/builder/spi-builder-workspace/.derivedData/Build/Products/Debug-iphoneos/MapsIndoors.framework/Modules/MapsIndoors.swiftmodule/arm64-apple-ios.private.swiftinterface:2329:120: error: cannot find type '_LocationEssentials' in scope
@objc public func containsLineSegmentFromCoordinate(_ u: _LocationEssentials.CLLocationCoordinate2D, toCoordinate v: _LocationEssentials.CLLocationCoordinate2D) -> Swift.Bool
^~~~~~~~~~~~~~~~~~~
/Users/admin/builder/spi-builder-workspace/.derivedData/Build/Products/Debug-iphoneos/MapsIndoors.framework/Modules/MapsIndoors.swiftmodule/arm64-apple-ios.private.swiftinterface:2333:109: error: cannot find type '_LocationEssentials' in scope
@objc(squaredDistanceToClosestEdgeWithCoordinate:) public func squaredDistanceToClosestEdge(_ coordinate: _LocationEssentials.CLLocationCoordinate2D) -> Swift.Double
^~~~~~~~~~~~~~~~~~~
/Users/admin/builder/spi-builder-workspace/.derivedData/Build/Products/Debug-iphoneos/MapsIndoors.framework/Modules/MapsIndoors.swiftmodule/arm64-apple-ios.private.swiftinterface:2346:42: error: cannot find type '_LocationEssentials' in scope
@objc required public init(coordinate: _LocationEssentials.CLLocationCoordinate2D, floorIndex: Swift.Int = 0, accuracy: Swift.Double = 0, bearing: Swift.Double = 0)
^~~~~~~~~~~~~~~~~~~
/Users/admin/builder/spi-builder-workspace/.derivedData/Build/Products/Debug-iphoneos/MapsIndoors.framework/Modules/MapsIndoors.swiftmodule/arm64-apple-ios.private.swiftinterface:2349:32: error: cannot find type '_LocationEssentials' in scope
@objc public var coordinate: _LocationEssentials.CLLocationCoordinate2D
^~~~~~~~~~~~~~~~~~~
/Users/admin/builder/spi-builder-workspace/.dependencies/checkouts/mapsindoors-core-ios/Sources/MapsIndoorsCoreWrapper/MPEmpty.swift:9:8: error: failed to build module 'MapsIndoors'; this SDK is not supported by the compiler (the SDK is built with 'Apple Swift version 6.3.3 (swiftlang-6.3.3.1.3 clang-2100.1.1.101)', while this compiler is 'Apple Swift version 6.1 (swiftlang-6.1.0.110.21 clang-1700.0.13.3)'). Please select a toolchain which matches the SDK.
import MapsIndoors
^
<module-includes>:1:9: note: in file included from <module-includes>:1:
#import "Headers/MapsIndoors-Swift.h"
^
Failed frontend command:
/Applications/Xcode-16.3.0.app/Contents/Developer/Toolchains/XcodeDefault.xctoolchain/usr/bin/swift-frontend -frontend -emit-module -experimental-skip-non-inlinable-function-bodies-without-types /Users/admin/builder/spi-builder-workspace/.dependencies/checkouts/mapsindoors-core-ios/Sources/MapsIndoorsCoreWrapper/MPEmpty.swift -target arm64-apple-ios16.0 -Xllvm -aarch64-use-tbi -enable-objc-interop -stack-check -sdk /Applications/Xcode-16.3.0.app/Contents/Developer/Platforms/iPhoneOS.platform/Developer/SDKs/iPhoneOS18.4.sdk -I /Users/admin/builder/spi-builder-workspace/.derivedData/Build/Products/Debug-iphoneos -I /Applications/Xcode-16.3.0.app/Contents/Developer/Platforms/iPhoneOS.platform/Developer/usr/lib -F /Users/admin/builder/spi-builder-workspace/.derivedData/Build/Products/Debug-iphoneos -F /Applications/Xcode-16.3.0.app/Contents/Developer/Platforms/iPhoneOS.platform/Developer/Library/Frameworks -F /Applications/Xcode-16.3.0.app/Contents/Developer/Platforms/iPhoneOS.platform/Developer/SDKs/iPhoneOS18.4.sdk/Developer/Library/Frameworks -no-color-diagnostics -enable-testing -g -debug-info-format\=dwarf -dwarf-version\=4 -module-cache-path /Users/admin/builder/spi-builder-workspace/.derivedData/ModuleCache.noindex -suppress-warnings -swift-version 5 -enforce-exclusivity\=checked -stats-output-dir /Users/admin/builder/spi-builder-workspace/.swiftpm/xcode/.stats -Onone -D SWIFT_PACKAGE -D DEBUG -serialize-debugging-options -const-gather-protocols-file /Users/admin/builder/spi-builder-workspace/.derivedData/Build/Intermediates.noindex/MapsIndoorsCore.build/Debug-iphoneos/MapsIndoorsCoreWrapper.build/Objects-normal/arm64/MapsIndoorsCoreWrapper_const_extract_protocols.json -enable-upcoming-feature StrictConcurrency -enable-upcoming-feature DisableOutwardActorInference -enable-upcoming-feature GlobalActorIsolatedTypesUsability -enable-upcoming-feature InferSendableFromCaptures -enable-experimental-feature DebugDescriptionMacro -strict-concurrency\=complete -empty-abi-descriptor -plugin-path /Applications/Xcode-16.3.0.app/Contents/Developer/Toolchains/XcodeDefault.xctoolchain/usr/lib/swift/host/plugins/testing -validate-clang-modules-once -clang-build-session-file /Users/admin/builder/spi-builder-workspace/.derivedData/ModuleCache.noindex/Session.modulevalidation -Xcc -working-directory -Xcc /Users/admin/builder/spi-builder-workspace/.swiftpm/xcode -resource-dir /Applications/Xcode-16.3.0.app/Contents/Developer/Toolchains/XcodeDefault.xctoolchain/usr/lib/swift -enable-anonymous-context-mangled-names -file-compilation-dir /Users/admin/builder/spi-builder-workspace/.swiftpm/xcode -Xcc -ivfsstatcache -Xcc /Users/admin/builder/spi-builder-workspace/.derivedData/SDKStatCaches.noindex/iphoneos18.4-22E235-339d34bc69d7fc736c3220795c36f340.sdkstatcache -Xcc -I/Users/admin/builder/spi-builder-workspace/.derivedData/Build/Intermediates.noindex/MapsIndoorsCore.build/Debug-iphoneos/MapsIndoorsCoreWrapper.build/swift-overrides.hmap -Xcc -I/Users/admin/builder/spi-builder-workspace/.derivedData/Build/Products/Debug-iphoneos/include -Xcc -I/Users/admin/builder/spi-builder-workspace/.derivedData/Build/Intermediates.noindex/MapsIndoorsCore.build/Debug-iphoneos/MapsIndoorsCoreWrapper.build/DerivedSources-normal/arm64 -Xcc -I/Users/admin/builder/spi-builder-workspace/.derivedData/Build/Intermediates.noindex/MapsIndoorsCore.build/Debug-iphoneos/MapsIndoorsCoreWrapper.build/DerivedSources/arm64 -Xcc -I/Users/admin/builder/spi-builder-workspace/.derivedData/Build/Intermediates.noindex/MapsIndoorsCore.build/Debug-iphoneos/MapsIndoorsCoreWrapper.build/DerivedSources -Xcc -DSWIFT_PACKAGE -Xcc -DDEBUG\=1 -module-name MapsIndoorsCoreWrapper -package-name mapsindoors_core_ios -frontend-parseable-output -disable-clang-spi -target-sdk-version 18.4 -target-sdk-name iphoneos18.4 -external-plugin-path /Applications/Xcode-16.3.0.app/Contents/Developer/Platforms/iPhoneOS.platform/Developer/usr/lib/swift/host/plugins\#/Applications/Xcode-16.3.0.app/Contents/Developer/Platforms/iPhoneOS.platform/Developer/usr/bin/swift-plugin-server -external-plugin-path /Applications/Xcode-16.3.0.app/Contents/Developer/Platforms/iPhoneOS.platform/Developer/usr/local/lib/swift/host/plugins\#/Applications/Xcode-16.3.0.app/Contents/Developer/Platforms/iPhoneOS.platform/Developer/usr/bin/swift-plugin-server -in-process-plugin-server-path /Applications/Xcode-16.3.0.app/Contents/Developer/Toolchains/XcodeDefault.xctoolchain/usr/lib/swift/host/libSwiftInProcPluginServer.dylib -plugin-path /Applications/Xcode-16.3.0.app/Contents/Developer/Toolchains/XcodeDefault.xctoolchain/usr/lib/swift/host/plugins -plugin-path /Applications/Xcode-16.3.0.app/Contents/Developer/Toolchains/XcodeDefault.xctoolchain/usr/local/lib/swift/host/plugins -emit-module-doc-path /Users/admin/builder/spi-builder-workspace/.derivedData/Build/Intermediates.noindex/MapsIndoorsCore.build/Debug-iphoneos/MapsIndoorsCoreWrapper.build/Objects-normal/arm64/MapsIndoorsCoreWrapper.swiftdoc -emit-module-source-info-path /Users/admin/builder/spi-builder-workspace/.derivedData/Build/Intermediates.noindex/MapsIndoorsCore.build/Debug-iphoneos/MapsIndoorsCoreWrapper.build/Objects-normal/arm64/MapsIndoorsCoreWrapper.swiftsourceinfo -emit-objc-header-path /Users/admin/builder/spi-builder-workspace/.derivedData/Build/Intermediates.noindex/MapsIndoorsCore.build/Debug-iphoneos/MapsIndoorsCoreWrapper.build/Objects-normal/arm64/MapsIndoorsCoreWrapper-Swift.h -serialize-diagnostics-path /Users/admin/builder/spi-builder-workspace/.derivedData/Build/Intermediates.noindex/MapsIndoorsCore.build/Debug-iphoneos/MapsIndoorsCoreWrapper.build/Objects-normal/arm64/MapsIndoorsCoreWrapper-master-emit-module.dia -emit-dependencies-path /Users/admin/builder/spi-builder-workspace/.derivedData/Build/Intermediates.noindex/MapsIndoorsCore.build/Debug-iphoneos/MapsIndoorsCoreWrapper.build/Objects-normal/arm64/MapsIndoorsCoreWrapper-master-emit-module.d -parse-as-library -o /Users/admin/builder/spi-builder-workspace/.derivedData/Build/Intermediates.noindex/MapsIndoorsCore.build/Debug-iphoneos/MapsIndoorsCoreWrapper.build/Objects-normal/arm64/MapsIndoorsCoreWrapper.swiftmodule -emit-abi-descriptor-path /Users/admin/builder/spi-builder-workspace/.derivedData/Build/Intermediates.noindex/MapsIndoorsCore.build/Debug-iphoneos/MapsIndoorsCoreWrapper.build/Objects-normal/arm64/MapsIndoorsCoreWrapper.abi.json
SwiftCompile normal arm64 Compiling\ MPEmpty.swift /Users/admin/builder/spi-builder-workspace/.dependencies/checkouts/mapsindoors-core-ios/Sources/MapsIndoorsCoreWrapper/MPEmpty.swift (in target 'MapsIndoorsCoreWrapper' from project 'MapsIndoorsCore')
SwiftCompile normal arm64 /Users/admin/builder/spi-builder-workspace/.dependencies/checkouts/mapsindoors-core-ios/Sources/MapsIndoorsCoreWrapper/MPEmpty.swift (in target 'MapsIndoorsCoreWrapper' from project 'MapsIndoorsCore')
cd /Users/admin/builder/spi-builder-workspace/.swiftpm/xcode
PrecompileModule /Users/admin/builder/spi-builder-workspace/.derivedData/Build/Intermediates.noindex/ExplicitPrecompiledModules/TargetConditionals-EVET9WHA9DDOJ5YBFAZKHL2E8.scan
cd /Users/admin/builder/spi-builder-workspace/.swiftpm/xcode
builtin-precompileModule /Users/admin/builder/spi-builder-workspace/.derivedData/Build/Intermediates.noindex/ExplicitPrecompiledModules/TargetConditionals-EVET9WHA9DDOJ5YBFAZKHL2E8.scan
PrecompileModule /Users/admin/builder/spi-builder-workspace/.derivedData/Build/Intermediates.noindex/ExplicitPrecompiledModules/_Builtin_stdarg-633ES16I9DEV63MU9UR849PLZ.scan
cd /Users/admin/builder/spi-builder-workspace/.swiftpm/xcode
builtin-precompileModule /Users/admin/builder/spi-builder-workspace/.derivedData/Build/Intermediates.noindex/ExplicitPrecompiledModules/_Builtin_stdarg-633ES16I9DEV63MU9UR849PLZ.scan
PrecompileModule /Users/admin/builder/spi-builder-workspace/.derivedData/Build/Intermediates.noindex/ExplicitPrecompiledModules/ptrauth-6OINNCZZB5XTO1NOBJ8SSXUX1.scan
cd /Users/admin/builder/spi-builder-workspace/.swiftpm/xcode
builtin-precompileModule /Users/admin/builder/spi-builder-workspace/.derivedData/Build/Intermediates.noindex/ExplicitPrecompiledModules/ptrauth-6OINNCZZB5XTO1NOBJ8SSXUX1.scan
PrecompileModule /Users/admin/builder/spi-builder-workspace/.derivedData/Build/Intermediates.noindex/ExplicitPrecompiledModules/ptrcheck-54GBOLD75P5X7ZGMR1UX3Z11G.scan
cd /Users/admin/builder/spi-builder-workspace/.swiftpm/xcode
builtin-precompileModule /Users/admin/builder/spi-builder-workspace/.derivedData/Build/Intermediates.noindex/ExplicitPrecompiledModules/ptrcheck-54GBOLD75P5X7ZGMR1UX3Z11G.scan
PrecompileModule /Users/admin/builder/spi-builder-workspace/.derivedData/Build/Intermediates.noindex/ExplicitPrecompiledModules/_Builtin_stdbool-4HJFGHGWPRA1E0830CTD5W22G.scan
cd /Users/admin/builder/spi-builder-workspace/.swiftpm/xcode
builtin-precompileModule /Users/admin/builder/spi-builder-workspace/.derivedData/Build/Intermediates.noindex/ExplicitPrecompiledModules/_Builtin_stdbool-4HJFGHGWPRA1E0830CTD5W22G.scan
PrecompileModule /Users/admin/builder/spi-builder-workspace/.derivedData/Build/Intermediates.noindex/ExplicitPrecompiledModules/os_availability_internal-8A72NF6Y4VGQ0WVJCYRUEUJQB.scan
cd /Users/admin/builder/spi-builder-workspace/.swiftpm/xcode
builtin-precompileModule /Users/admin/builder/spi-builder-workspace/.derivedData/Build/Intermediates.noindex/ExplicitPrecompiledModules/os_availability_internal-8A72NF6Y4VGQ0WVJCYRUEUJQB.scan
PrecompileModule /Users/admin/builder/spi-builder-workspace/.derivedData/Build/Intermediates.noindex/ExplicitPrecompiledModules/_fenv-4A69PXOGULWLYZRE3RTW3HTNE.scan
cd /Users/admin/builder/spi-builder-workspace/.swiftpm/xcode
builtin-precompileModule /Users/admin/builder/spi-builder-workspace/.derivedData/Build/Intermediates.noindex/ExplicitPrecompiledModules/_fenv-4A69PXOGULWLYZRE3RTW3HTNE.scan
PrecompileModule /Users/admin/builder/spi-builder-workspace/.derivedData/Build/Intermediates.noindex/ExplicitPrecompiledModules/_float-BR4JND44P96S3X6DSOLEXRPYG.scan
cd /Users/admin/builder/spi-builder-workspace/.swiftpm/xcode
builtin-precompileModule /Users/admin/builder/spi-builder-workspace/.derivedData/Build/Intermediates.noindex/ExplicitPrecompiledModules/_float-BR4JND44P96S3X6DSOLEXRPYG.scan
PrecompileModule /Users/admin/builder/spi-builder-workspace/.derivedData/Build/Intermediates.noindex/ExplicitPrecompiledModules/_Builtin_iso646-34MDZRUNWDFXDERFZ209VAVZQ.scan
cd /Users/admin/builder/spi-builder-workspace/.swiftpm/xcode
builtin-precompileModule /Users/admin/builder/spi-builder-workspace/.derivedData/Build/Intermediates.noindex/ExplicitPrecompiledModules/_Builtin_iso646-34MDZRUNWDFXDERFZ209VAVZQ.scan
PrecompileModule /Users/admin/builder/spi-builder-workspace/.derivedData/Build/Intermediates.noindex/ExplicitPrecompiledModules/_Builtin_stddef-826E4BKIUZ8IUL90Y86NGC5HW.scan
cd /Users/admin/builder/spi-builder-workspace/.swiftpm/xcode
builtin-precompileModule /Users/admin/builder/spi-builder-workspace/.derivedData/Build/Intermediates.noindex/ExplicitPrecompiledModules/_Builtin_stddef-826E4BKIUZ8IUL90Y86NGC5HW.scan
PrecompileModule /Users/admin/builder/spi-builder-workspace/.derivedData/Build/Intermediates.noindex/ExplicitPrecompiledModules/os_availability-8VUH2CLAL3FBP9IDVPQXQ3V5C.scan
cd /Users/admin/builder/spi-builder-workspace/.swiftpm/xcode
builtin-precompileModule /Users/admin/builder/spi-builder-workspace/.derivedData/Build/Intermediates.noindex/ExplicitPrecompiledModules/os_availability-8VUH2CLAL3FBP9IDVPQXQ3V5C.scan
PrecompileModule /Users/admin/builder/spi-builder-workspace/.derivedData/Build/Intermediates.noindex/ExplicitPrecompiledModules/_Builtin_float-64EAURKJF83N58TJONU7BAZ15.scan
cd /Users/admin/builder/spi-builder-workspace/.swiftpm/xcode
builtin-precompileModule /Users/admin/builder/spi-builder-workspace/.derivedData/Build/Intermediates.noindex/ExplicitPrecompiledModules/_Builtin_float-64EAURKJF83N58TJONU7BAZ15.scan
PrecompileModule /Users/admin/builder/spi-builder-workspace/.derivedData/Build/Intermediates.noindex/ExplicitPrecompiledModules/AvailabilityMacros-15U5MTWGQ38SUMS9KW15JUVLQ.scan
cd /Users/admin/builder/spi-builder-workspace/.swiftpm/xcode
builtin-precompileModule /Users/admin/builder/spi-builder-workspace/.derivedData/Build/Intermediates.noindex/ExplicitPrecompiledModules/AvailabilityMacros-15U5MTWGQ38SUMS9KW15JUVLQ.scan
PrecompileModule /Users/admin/builder/spi-builder-workspace/.derivedData/Build/Intermediates.noindex/ExplicitPrecompiledModules/DarwinFoundation-EU8KXFBWQNM7NQLLURFOJ6QX3.scan
cd /Users/admin/builder/spi-builder-workspace/.swiftpm/xcode
builtin-precompileModule /Users/admin/builder/spi-builder-workspace/.derivedData/Build/Intermediates.noindex/ExplicitPrecompiledModules/DarwinFoundation-EU8KXFBWQNM7NQLLURFOJ6QX3.scan
PrecompileModule /Users/admin/builder/spi-builder-workspace/.derivedData/Build/Intermediates.noindex/ExplicitPrecompiledModules/runetype-C87JJXWIJAHRFPGSQIWXJGHS7.scan
cd /Users/admin/builder/spi-builder-workspace/.swiftpm/xcode
builtin-precompileModule /Users/admin/builder/spi-builder-workspace/.derivedData/Build/Intermediates.noindex/ExplicitPrecompiledModules/runetype-C87JJXWIJAHRFPGSQIWXJGHS7.scan
PrecompileModule /Users/admin/builder/spi-builder-workspace/.derivedData/Build/Intermediates.noindex/ExplicitPrecompiledModules/_useconds_t-CWX5KK177VUE07DC1XORQ1R9Y.scan
cd /Users/admin/builder/spi-builder-workspace/.swiftpm/xcode
builtin-precompileModule /Users/admin/builder/spi-builder-workspace/.derivedData/Build/Intermediates.noindex/ExplicitPrecompiledModules/_useconds_t-CWX5KK177VUE07DC1XORQ1R9Y.scan
PrecompileModule /Users/admin/builder/spi-builder-workspace/.derivedData/Build/Intermediates.noindex/ExplicitPrecompiledModules/netinet_in-3XYAO2GA4HF0AUGKDU0GDACFJ.scan
cd /Users/admin/builder/spi-builder-workspace/.swiftpm/xcode
builtin-precompileModule /Users/admin/builder/spi-builder-workspace/.derivedData/Build/Intermediates.noindex/ExplicitPrecompiledModules/netinet_in-3XYAO2GA4HF0AUGKDU0GDACFJ.scan
PrecompileModule /Users/admin/builder/spi-builder-workspace/.derivedData/Build/Intermediates.noindex/ExplicitPrecompiledModules/_stdint-5FEEYSF0ET0MEA2Y40XG7XMRI.scan
cd /Users/admin/builder/spi-builder-workspace/.swiftpm/xcode
builtin-precompileModule /Users/admin/builder/spi-builder-workspace/.derivedData/Build/Intermediates.noindex/ExplicitPrecompiledModules/_stdint-5FEEYSF0ET0MEA2Y40XG7XMRI.scan
PrecompileModule /Users/admin/builder/spi-builder-workspace/.derivedData/Build/Intermediates.noindex/ExplicitPrecompiledModules/alloca-7QMZS8J399X903KA227H34PCX.scan
cd /Users/admin/builder/spi-builder-workspace/.swiftpm/xcode
builtin-precompileModule /Users/admin/builder/spi-builder-workspace/.derivedData/Build/Intermediates.noindex/ExplicitPrecompiledModules/alloca-7QMZS8J399X903KA227H34PCX.scan
PrecompileModule /Users/admin/builder/spi-builder-workspace/.derivedData/Build/Intermediates.noindex/ExplicitPrecompiledModules/_locale-BRE4FUAWKXE1AR805GSWVZGU7.scan
cd /Users/admin/builder/spi-builder-workspace/.swiftpm/xcode
builtin-precompileModule /Users/admin/builder/spi-builder-workspace/.derivedData/Build/Intermediates.noindex/ExplicitPrecompiledModules/_locale-BRE4FUAWKXE1AR805GSWVZGU7.scan
PrecompileModule /Users/admin/builder/spi-builder-workspace/.derivedData/Build/Intermediates.noindex/ExplicitPrecompiledModules/_math-18W2QKL8F02VAOML0RVOLXWKP.scan
cd /Users/admin/builder/spi-builder-workspace/.swiftpm/xcode
builtin-precompileModule /Users/admin/builder/spi-builder-workspace/.derivedData/Build/Intermediates.noindex/ExplicitPrecompiledModules/_math-18W2QKL8F02VAOML0RVOLXWKP.scan
PrecompileModule /Users/admin/builder/spi-builder-workspace/.derivedData/Build/Intermediates.noindex/ExplicitPrecompiledModules/mach-1WP5INTRGW6GDUKO11RMT5Y15.scan
cd /Users/admin/builder/spi-builder-workspace/.swiftpm/xcode
builtin-precompileModule /Users/admin/builder/spi-builder-workspace/.derivedData/Build/Intermediates.noindex/ExplicitPrecompiledModules/mach-1WP5INTRGW6GDUKO11RMT5Y15.scan
PrecompileModule /Users/admin/builder/spi-builder-workspace/.derivedData/Build/Intermediates.noindex/ExplicitPrecompiledModules/_ctype-3YEUHLEM4POZNFX8HD34FJR6O.scan
cd /Users/admin/builder/spi-builder-workspace/.swiftpm/xcode
builtin-precompileModule /Users/admin/builder/spi-builder-workspace/.derivedData/Build/Intermediates.noindex/ExplicitPrecompiledModules/_ctype-3YEUHLEM4POZNFX8HD34FJR6O.scan
PrecompileModule /Users/admin/builder/spi-builder-workspace/.derivedData/Build/Intermediates.noindex/ExplicitPrecompiledModules/_complex-8N98UEDGWYWXSXHUIHA468VZT.scan
cd /Users/admin/builder/spi-builder-workspace/.swiftpm/xcode
builtin-precompileModule /Users/admin/builder/spi-builder-workspace/.derivedData/Build/Intermediates.noindex/ExplicitPrecompiledModules/_complex-8N98UEDGWYWXSXHUIHA468VZT.scan
PrecompileModule /Users/admin/builder/spi-builder-workspace/.derivedData/Build/Intermediates.noindex/ExplicitPrecompiledModules/uuid-9FJ98ZQV4O7AF504YMHPV5K2R.scan
cd /Users/admin/builder/spi-builder-workspace/.swiftpm/xcode
builtin-precompileModule /Users/admin/builder/spi-builder-workspace/.derivedData/Build/Intermediates.noindex/ExplicitPrecompiledModules/uuid-9FJ98ZQV4O7AF504YMHPV5K2R.scan
PrecompileModule /Users/admin/builder/spi-builder-workspace/.derivedData/Build/Intermediates.noindex/ExplicitPrecompiledModules/_assert-1Q6E3ZBOF1I9UCEJTRY79LSLO.scan
cd /Users/admin/builder/spi-builder-workspace/.swiftpm/xcode
builtin-precompileModule /Users/admin/builder/spi-builder-workspace/.derivedData/Build/Intermediates.noindex/ExplicitPrecompiledModules/_assert-1Q6E3ZBOF1I9UCEJTRY79LSLO.scan
PrecompileModule /Users/admin/builder/spi-builder-workspace/.derivedData/Build/Intermediates.noindex/ExplicitPrecompiledModules/_Builtin_stdint-6QVT8B65HGZAF6NMEJN0SYM7P.scan
cd /Users/admin/builder/spi-builder-workspace/.swiftpm/xcode
builtin-precompileModule /Users/admin/builder/spi-builder-workspace/.derivedData/Build/Intermediates.noindex/ExplicitPrecompiledModules/_Builtin_stdint-6QVT8B65HGZAF6NMEJN0SYM7P.scan
PrecompileModule /Users/admin/builder/spi-builder-workspace/.derivedData/Build/Intermediates.noindex/ExplicitPrecompiledModules/xlocale-4PE2L9RCLTLINE1D8WTB87HOQ.scan
cd /Users/admin/builder/spi-builder-workspace/.swiftpm/xcode
builtin-precompileModule /Users/admin/builder/spi-builder-workspace/.derivedData/Build/Intermediates.noindex/ExplicitPrecompiledModules/xlocale-4PE2L9RCLTLINE1D8WTB87HOQ.scan
PrecompileModule /Users/admin/builder/spi-builder-workspace/.derivedData/Build/Intermediates.noindex/ExplicitPrecompiledModules/_sys_select-BZ8CRPN0AI7TKIFLEY1GQ5NLF.scan
cd /Users/admin/builder/spi-builder-workspace/.swiftpm/xcode
builtin-precompileModule /Users/admin/builder/spi-builder-workspace/.derivedData/Build/Intermediates.noindex/ExplicitPrecompiledModules/_sys_select-BZ8CRPN0AI7TKIFLEY1GQ5NLF.scan
PrecompileModule /Users/admin/builder/spi-builder-workspace/.derivedData/Build/Intermediates.noindex/ExplicitPrecompiledModules/_strings-3F8LS2I0UZCRUKRJ1SWKM6RBO.scan
cd /Users/admin/builder/spi-builder-workspace/.swiftpm/xcode
builtin-precompileModule /Users/admin/builder/spi-builder-workspace/.derivedData/Build/Intermediates.noindex/ExplicitPrecompiledModules/_strings-3F8LS2I0UZCRUKRJ1SWKM6RBO.scan
PrecompileModule /Users/admin/builder/spi-builder-workspace/.derivedData/Build/Intermediates.noindex/ExplicitPrecompiledModules/_tgmath-BWNU4W6JH6UJHNQYX01EKPDFJ.scan
cd /Users/admin/builder/spi-builder-workspace/.swiftpm/xcode
builtin-precompileModule /Users/admin/builder/spi-builder-workspace/.derivedData/Build/Intermediates.noindex/ExplicitPrecompiledModules/_tgmath-BWNU4W6JH6UJHNQYX01EKPDFJ.scan
PrecompileModule /Users/admin/builder/spi-builder-workspace/.derivedData/Build/Intermediates.noindex/ExplicitPrecompiledModules/_limits-95QD2QDS5WEYWIIAXMRZFHGDV.scan
cd /Users/admin/builder/spi-builder-workspace/.swiftpm/xcode
builtin-precompileModule /Users/admin/builder/spi-builder-workspace/.derivedData/Build/Intermediates.noindex/ExplicitPrecompiledModules/_limits-95QD2QDS5WEYWIIAXMRZFHGDV.scan
PrecompileModule /Users/admin/builder/spi-builder-workspace/.derivedData/Build/Intermediates.noindex/ExplicitPrecompiledModules/_errno-1BEWEBDUASTKHON7PAITY7IQJ.scan
cd /Users/admin/builder/spi-builder-workspace/.swiftpm/xcode
builtin-precompileModule /Users/admin/builder/spi-builder-workspace/.derivedData/Build/Intermediates.noindex/ExplicitPrecompiledModules/_errno-1BEWEBDUASTKHON7PAITY7IQJ.scan
PrecompileModule /Users/admin/builder/spi-builder-workspace/.derivedData/Build/Intermediates.noindex/ExplicitPrecompiledModules/_Builtin_stdatomic-6CXYTHMY92HRC2QXPLFYWDMWM.scan
cd /Users/admin/builder/spi-builder-workspace/.swiftpm/xcode
builtin-precompileModule /Users/admin/builder/spi-builder-workspace/.derivedData/Build/Intermediates.noindex/ExplicitPrecompiledModules/_Builtin_stdatomic-6CXYTHMY92HRC2QXPLFYWDMWM.scan
PrecompileModule /Users/admin/builder/spi-builder-workspace/.derivedData/Build/Intermediates.noindex/ExplicitPrecompiledModules/_inttypes-9RSONAF76D8QPH7E6461Q203M.scan
cd /Users/admin/builder/spi-builder-workspace/.swiftpm/xcode
builtin-precompileModule /Users/admin/builder/spi-builder-workspace/.derivedData/Build/Intermediates.noindex/ExplicitPrecompiledModules/_inttypes-9RSONAF76D8QPH7E6461Q203M.scan
PrecompileModule /Users/admin/builder/spi-builder-workspace/.derivedData/Build/Intermediates.noindex/ExplicitPrecompiledModules/__wctype-3LDJMWHMJU1X9CJP2G1BB3DED.scan
cd /Users/admin/builder/spi-builder-workspace/.swiftpm/xcode
builtin-precompileModule /Users/admin/builder/spi-builder-workspace/.derivedData/Build/Intermediates.noindex/ExplicitPrecompiledModules/__wctype-3LDJMWHMJU1X9CJP2G1BB3DED.scan
PrecompileModule /Users/admin/builder/spi-builder-workspace/.derivedData/Build/Intermediates.noindex/ExplicitPrecompiledModules/sys_time-1EY69HTK2X3UMVM1ZXW1SX19H.scan
cd /Users/admin/builder/spi-builder-workspace/.swiftpm/xcode
builtin-precompileModule /Users/admin/builder/spi-builder-workspace/.derivedData/Build/Intermediates.noindex/ExplicitPrecompiledModules/sys_time-1EY69HTK2X3UMVM1ZXW1SX19H.scan
PrecompileModule /Users/admin/builder/spi-builder-workspace/.derivedData/Build/Intermediates.noindex/ExplicitPrecompiledModules/_setjmp-C922TA4DNYY7QOQBJAN8IF1E9.scan
cd /Users/admin/builder/spi-builder-workspace/.swiftpm/xcode
builtin-precompileModule /Users/admin/builder/spi-builder-workspace/.derivedData/Build/Intermediates.noindex/ExplicitPrecompiledModules/_setjmp-C922TA4DNYY7QOQBJAN8IF1E9.scan
PrecompileModule /Users/admin/builder/spi-builder-workspace/.derivedData/Build/Intermediates.noindex/ExplicitPrecompiledModules/sys_types-C8IQVNHZHJVZ8MTETPJSJFSXX.scan
cd /Users/admin/builder/spi-builder-workspace/.swiftpm/xcode
builtin-precompileModule /Users/admin/builder/spi-builder-workspace/.derivedData/Build/Intermediates.noindex/ExplicitPrecompiledModules/sys_types-C8IQVNHZHJVZ8MTETPJSJFSXX.scan
PrecompileModule /Users/admin/builder/spi-builder-workspace/.derivedData/Build/Intermediates.noindex/ExplicitPrecompiledModules/_Builtin_limits-1ULX0Z8402EA4MY1OZ7BOI9JD.scan
cd /Users/admin/builder/spi-builder-workspace/.swiftpm/xcode
builtin-precompileModule /Users/admin/builder/spi-builder-workspace/.derivedData/Build/Intermediates.noindex/ExplicitPrecompiledModules/_Builtin_limits-1ULX0Z8402EA4MY1OZ7BOI9JD.scan
PrecompileModule /Users/admin/builder/spi-builder-workspace/.derivedData/Build/Intermediates.noindex/ExplicitPrecompiledModules/_Builtin_tgmath-791CK37P3AS6JB6CY982C9AJT.scan
cd /Users/admin/builder/spi-builder-workspace/.swiftpm/xcode
builtin-precompileModule /Users/admin/builder/spi-builder-workspace/.derivedData/Build/Intermediates.noindex/ExplicitPrecompiledModules/_Builtin_tgmath-791CK37P3AS6JB6CY982C9AJT.scan
PrecompileModule /Users/admin/builder/spi-builder-workspace/.derivedData/Build/Intermediates.noindex/ExplicitPrecompiledModules/_Builtin_inttypes-DR68ZN50R3CKCK8IXXNQG95CT.scan
cd /Users/admin/builder/spi-builder-workspace/.swiftpm/xcode
builtin-precompileModule /Users/admin/builder/spi-builder-workspace/.derivedData/Build/Intermediates.noindex/ExplicitPrecompiledModules/_Builtin_inttypes-DR68ZN50R3CKCK8IXXNQG95CT.scan
PrecompileModule /Users/admin/builder/spi-builder-workspace/.derivedData/Build/Intermediates.noindex/ExplicitPrecompiledModules/_wctype-5E7Q5Q91QSEKYSPQDHDCG3IBW.scan
cd /Users/admin/builder/spi-builder-workspace/.swiftpm/xcode
builtin-precompileModule /Users/admin/builder/spi-builder-workspace/.derivedData/Build/Intermediates.noindex/ExplicitPrecompiledModules/_wctype-5E7Q5Q91QSEKYSPQDHDCG3IBW.scan
PrecompileModule /Users/admin/builder/spi-builder-workspace/.derivedData/Build/Intermediates.noindex/ExplicitPrecompiledModules/sys_resource-7Q4250LOJCQDISD2GN66J41LG.scan
cd /Users/admin/builder/spi-builder-workspace/.swiftpm/xcode
builtin-precompileModule /Users/admin/builder/spi-builder-workspace/.derivedData/Build/Intermediates.noindex/ExplicitPrecompiledModules/sys_resource-7Q4250LOJCQDISD2GN66J41LG.scan
PrecompileModule /Users/admin/builder/spi-builder-workspace/.derivedData/Build/Intermediates.noindex/ExplicitPrecompiledModules/_string-6BFOSN1849I76VI57H2F6H2ZU.scan
cd /Users/admin/builder/spi-builder-workspace/.swiftpm/xcode
builtin-precompileModule /Users/admin/builder/spi-builder-workspace/.derivedData/Build/Intermediates.noindex/ExplicitPrecompiledModules/_string-6BFOSN1849I76VI57H2F6H2ZU.scan
PrecompileModule /Users/admin/builder/spi-builder-workspace/.derivedData/Build/Intermediates.noindex/ExplicitPrecompiledModules/_time-KAYMDX2U4KA8ERP5R9MDS9H5.scan
cd /Users/admin/builder/spi-builder-workspace/.swiftpm/xcode
builtin-precompileModule /Users/admin/builder/spi-builder-workspace/.derivedData/Build/Intermediates.noindex/ExplicitPrecompiledModules/_time-KAYMDX2U4KA8ERP5R9MDS9H5.scan
PrecompileModule /Users/admin/builder/spi-builder-workspace/.derivedData/Build/Intermediates.noindex/ExplicitPrecompiledModules/_signal-5ILJCXB0U762LTETFUG0CE8HQ.scan
cd /Users/admin/builder/spi-builder-workspace/.swiftpm/xcode
builtin-precompileModule /Users/admin/builder/spi-builder-workspace/.derivedData/Build/Intermediates.noindex/ExplicitPrecompiledModules/_signal-5ILJCXB0U762LTETFUG0CE8HQ.scan
PrecompileModule /Users/admin/builder/spi-builder-workspace/.derivedData/Build/Intermediates.noindex/ExplicitPrecompiledModules/_stdio-9TLUF0MYJG6M1FPJFFFYZLOBP.scan
cd /Users/admin/builder/spi-builder-workspace/.swiftpm/xcode
builtin-precompileModule /Users/admin/builder/spi-builder-workspace/.derivedData/Build/Intermediates.noindex/ExplicitPrecompiledModules/_stdio-9TLUF0MYJG6M1FPJFFFYZLOBP.scan
PrecompileModule /Users/admin/builder/spi-builder-workspace/.derivedData/Build/Intermediates.noindex/ExplicitPrecompiledModules/nl_types-3EYW518EUR2E62CN8RWP82X7O.scan
cd /Users/admin/builder/spi-builder-workspace/.swiftpm/xcode
builtin-precompileModule /Users/admin/builder/spi-builder-workspace/.derivedData/Build/Intermediates.noindex/ExplicitPrecompiledModules/nl_types-3EYW518EUR2E62CN8RWP82X7O.scan
PrecompileModule /Users/admin/builder/spi-builder-workspace/.derivedData/Build/Intermediates.noindex/ExplicitPrecompiledModules/gethostuuid-67LG5Y65PG1F4FRR4D4D64EGD.scan
cd /Users/admin/builder/spi-builder-workspace/.swiftpm/xcode
builtin-precompileModule /Users/admin/builder/spi-builder-workspace/.derivedData/Build/Intermediates.noindex/ExplicitPrecompiledModules/gethostuuid-67LG5Y65PG1F4FRR4D4D64EGD.scan
PrecompileModule /Users/admin/builder/spi-builder-workspace/.derivedData/Build/Intermediates.noindex/ExplicitPrecompiledModules/sys_select-793WIQ66NV1C8FUN16QQ7SR7B.scan
cd /Users/admin/builder/spi-builder-workspace/.swiftpm/xcode
builtin-precompileModule /Users/admin/builder/spi-builder-workspace/.derivedData/Build/Intermediates.noindex/ExplicitPrecompiledModules/sys_select-793WIQ66NV1C8FUN16QQ7SR7B.scan
PrecompileModule /Users/admin/builder/spi-builder-workspace/.derivedData/Build/Intermediates.noindex/ExplicitPrecompiledModules/pthread-4P4N744ULMD0O2LBYOI0C88U8.scan
cd /Users/admin/builder/spi-builder-workspace/.swiftpm/xcode
builtin-precompileModule /Users/admin/builder/spi-builder-workspace/.derivedData/Build/Intermediates.noindex/ExplicitPrecompiledModules/pthread-4P4N744ULMD0O2LBYOI0C88U8.scan
PrecompileModule /Users/admin/builder/spi-builder-workspace/.derivedData/Build/Intermediates.noindex/ExplicitPrecompiledModules/sys_wait-5TOV0EPNVLRQUT49JK05U3R5P.scan
cd /Users/admin/builder/spi-builder-workspace/.swiftpm/xcode
builtin-precompileModule /Users/admin/builder/spi-builder-workspace/.derivedData/Build/Intermediates.noindex/ExplicitPrecompiledModules/sys_wait-5TOV0EPNVLRQUT49JK05U3R5P.scan
PrecompileModule /Users/admin/builder/spi-builder-workspace/.derivedData/Build/Intermediates.noindex/ExplicitPrecompiledModules/_wchar-22CWICH5Y73RJ2FGP4OBBLZIN.scan
cd /Users/admin/builder/spi-builder-workspace/.swiftpm/xcode
builtin-precompileModule /Users/admin/builder/spi-builder-workspace/.derivedData/Build/Intermediates.noindex/ExplicitPrecompiledModules/_wchar-22CWICH5Y73RJ2FGP4OBBLZIN.scan
PrecompileModule /Users/admin/builder/spi-builder-workspace/.derivedData/Build/Intermediates.noindex/ExplicitPrecompiledModules/unistd-EW7AX3JSRBMZ2JDWQWK4WQ80C.scan
cd /Users/admin/builder/spi-builder-workspace/.swiftpm/xcode
builtin-precompileModule /Users/admin/builder/spi-builder-workspace/.derivedData/Build/Intermediates.noindex/ExplicitPrecompiledModules/unistd-EW7AX3JSRBMZ2JDWQWK4WQ80C.scan
PrecompileModule /Users/admin/builder/spi-builder-workspace/.derivedData/Build/Intermediates.noindex/ExplicitPrecompiledModules/_stdlib-ASWNQPU6Q7IZ6D2Z6XBO6ZZKX.scan
cd /Users/admin/builder/spi-builder-workspace/.swiftpm/xcode
builtin-precompileModule /Users/admin/builder/spi-builder-workspace/.derivedData/Build/Intermediates.noindex/ExplicitPrecompiledModules/_stdlib-ASWNQPU6Q7IZ6D2Z6XBO6ZZKX.scan
PrecompileModule /Users/admin/builder/spi-builder-workspace/.derivedData/Build/Intermediates.noindex/ExplicitPrecompiledModules/Darwin-CSWN1ICRGT0SR97TEZ4PQ8SMC.scan
cd /Users/admin/builder/spi-builder-workspace/.swiftpm/xcode
builtin-precompileModule /Users/admin/builder/spi-builder-workspace/.derivedData/Build/Intermediates.noindex/ExplicitPrecompiledModules/Darwin-CSWN1ICRGT0SR97TEZ4PQ8SMC.scan
PrecompileModule /Users/admin/builder/spi-builder-workspace/.derivedData/Build/Intermediates.noindex/ExplicitPrecompiledModules/ObjectiveC-30WC0WHL241W6FGK3YO5XNV7F.scan
cd /Users/admin/builder/spi-builder-workspace/.swiftpm/xcode
builtin-precompileModule /Users/admin/builder/spi-builder-workspace/.derivedData/Build/Intermediates.noindex/ExplicitPrecompiledModules/ObjectiveC-30WC0WHL241W6FGK3YO5XNV7F.scan
PrecompileModule /Users/admin/builder/spi-builder-workspace/.derivedData/Build/Intermediates.noindex/ExplicitPrecompiledModules/os_object-8DMJ8CXKIQ44J1UR2VPIXW2GY.scan
cd /Users/admin/builder/spi-builder-workspace/.swiftpm/xcode
builtin-precompileModule /Users/admin/builder/spi-builder-workspace/.derivedData/Build/Intermediates.noindex/ExplicitPrecompiledModules/os_object-8DMJ8CXKIQ44J1UR2VPIXW2GY.scan
PrecompileModule /Users/admin/builder/spi-builder-workspace/.derivedData/Build/Intermediates.noindex/ExplicitPrecompiledModules/os_workgroup-1050FV83DKHOLVJ69UD3IZZ4B.scan
cd /Users/admin/builder/spi-builder-workspace/.swiftpm/xcode
builtin-precompileModule /Users/admin/builder/spi-builder-workspace/.derivedData/Build/Intermediates.noindex/ExplicitPrecompiledModules/os_workgroup-1050FV83DKHOLVJ69UD3IZZ4B.scan
PrecompileModule /Users/admin/builder/spi-builder-workspace/.derivedData/Build/Intermediates.noindex/ExplicitPrecompiledModules/Dispatch-8TPUPHHBKX5NGKGUEKFLA4LC.scan
cd /Users/admin/builder/spi-builder-workspace/.swiftpm/xcode
builtin-precompileModule /Users/admin/builder/spi-builder-workspace/.derivedData/Build/Intermediates.noindex/ExplicitPrecompiledModules/Dispatch-8TPUPHHBKX5NGKGUEKFLA4LC.scan
PrecompileModule /Users/admin/builder/spi-builder-workspace/.derivedData/Build/Intermediates.noindex/ExplicitPrecompiledModules/XPC-2K1CC8KRU7PZGJYE3N2RUUFD2.scan
cd /Users/admin/builder/spi-builder-workspace/.swiftpm/xcode
builtin-precompileModule /Users/admin/builder/spi-builder-workspace/.derivedData/Build/Intermediates.noindex/ExplicitPrecompiledModules/XPC-2K1CC8KRU7PZGJYE3N2RUUFD2.scan
PrecompileModule /Users/admin/builder/spi-builder-workspace/.derivedData/Build/Intermediates.noindex/ExplicitPrecompiledModules/CoreFoundation-9VKXIE4CISVNCFBP49XTMAJE8.scan
cd /Users/admin/builder/spi-builder-workspace/.swiftpm/xcode
builtin-precompileModule /Users/admin/builder/spi-builder-workspace/.derivedData/Build/Intermediates.noindex/ExplicitPrecompiledModules/CoreFoundation-9VKXIE4CISVNCFBP49XTMAJE8.scan
PrecompileModule /Users/admin/builder/spi-builder-workspace/.derivedData/Build/Intermediates.noindex/ExplicitPrecompiledModules/Security-3AF6S87SNAA7S85V9Z7QUXDFK.scan
cd /Users/admin/builder/spi-builder-workspace/.swiftpm/xcode
builtin-precompileModule /Users/admin/builder/spi-builder-workspace/.derivedData/Build/Intermediates.noindex/ExplicitPrecompiledModules/Security-3AF6S87SNAA7S85V9Z7QUXDFK.scan
PrecompileModule /Users/admin/builder/spi-builder-workspace/.derivedData/Build/Intermediates.noindex/ExplicitPrecompiledModules/CoreGraphics-A0KT7BHQX7OEONZ4XD3J5WXFM.scan
cd /Users/admin/builder/spi-builder-workspace/.swiftpm/xcode
builtin-precompileModule /Users/admin/builder/spi-builder-workspace/.derivedData/Build/Intermediates.noindex/ExplicitPrecompiledModules/CoreGraphics-A0KT7BHQX7OEONZ4XD3J5WXFM.scan
PrecompileModule /Users/admin/builder/spi-builder-workspace/.derivedData/Build/Intermediates.noindex/ExplicitPrecompiledModules/CFNetwork-7C4J1NR34WY28WEEDFDXRZFGB.scan
cd /Users/admin/builder/spi-builder-workspace/.swiftpm/xcode
builtin-precompileModule /Users/admin/builder/spi-builder-workspace/.derivedData/Build/Intermediates.noindex/ExplicitPrecompiledModules/CFNetwork-7C4J1NR34WY28WEEDFDXRZFGB.scan
PrecompileModule /Users/admin/builder/spi-builder-workspace/.derivedData/Build/Intermediates.noindex/ExplicitPrecompiledModules/Foundation-81I7TW3LRH69O8NX5E4BWE5WD.scan
cd /Users/admin/builder/spi-builder-workspace/.swiftpm/xcode
builtin-precompileModule /Users/admin/builder/spi-builder-workspace/.derivedData/Build/Intermediates.noindex/ExplicitPrecompiledModules/Foundation-81I7TW3LRH69O8NX5E4BWE5WD.scan
PrecompileModule /Users/admin/builder/spi-builder-workspace/.derivedData/Build/Intermediates.noindex/ExplicitPrecompiledModules/CoreText-B5SAEXBHMFBJJ7OU6LFYWGXCT.scan
cd /Users/admin/builder/spi-builder-workspace/.swiftpm/xcode
builtin-precompileModule /Users/admin/builder/spi-builder-workspace/.derivedData/Build/Intermediates.noindex/ExplicitPrecompiledModules/CoreText-B5SAEXBHMFBJJ7OU6LFYWGXCT.scan
PrecompileModule /Users/admin/builder/spi-builder-workspace/.derivedData/Build/Intermediates.noindex/ExplicitPrecompiledModules/ImageIO-ED9D5C05GJB9VN3L3X02Y3OW0.scan
cd /Users/admin/builder/spi-builder-workspace/.swiftpm/xcode
builtin-precompileModule /Users/admin/builder/spi-builder-workspace/.derivedData/Build/Intermediates.noindex/ExplicitPrecompiledModules/ImageIO-ED9D5C05GJB9VN3L3X02Y3OW0.scan
PrecompileModule /Users/admin/builder/spi-builder-workspace/.derivedData/Build/Intermediates.noindex/ExplicitPrecompiledModules/FileProvider-6ZLLB3JSOD5XO30D6R6QZRHC6.scan
cd /Users/admin/builder/spi-builder-workspace/.swiftpm/xcode
builtin-precompileModule /Users/admin/builder/spi-builder-workspace/.derivedData/Build/Intermediates.noindex/ExplicitPrecompiledModules/FileProvider-6ZLLB3JSOD5XO30D6R6QZRHC6.scan
CompileC /Users/admin/builder/spi-builder-workspace/.derivedData/Build/Intermediates.noindex/GoogleMaps.build/Debug-iphoneos/GoogleMapsTarget.build/Objects-normal/arm64/resource_bundle_accessor.o /Users/admin/builder/spi-builder-workspace/.derivedData/Build/Intermediates.noindex/GoogleMaps.build/Debug-iphoneos/GoogleMapsTarget.build/DerivedSources/resource_bundle_accessor.m normal arm64 objective-c com.apple.compilers.llvm.clang.1_0.compiler (in target 'GoogleMapsTarget' from project 'GoogleMaps')
cd /Users/admin/builder/spi-builder-workspace/.swiftpm/xcode
Using response file: /Users/admin/builder/spi-builder-workspace/.derivedData/Build/Intermediates.noindex/GoogleMaps.build/Debug-iphoneos/GoogleMapsTarget.build/Objects-normal/arm64/e6072d4f65d7061329687fe24e3d63a7-common-args.resp
/Applications/Xcode-16.3.0.app/Contents/Developer/Toolchains/XcodeDefault.xctoolchain/usr/bin/clang -x objective-c -ivfsstatcache /Users/admin/builder/spi-builder-workspace/.derivedData/SDKStatCaches.noindex/iphoneos18.4-22E235-339d34bc69d7fc736c3220795c36f340.sdkstatcache -fmessage-length\=0 -fdiagnostics-show-note-include-stack -fmacro-backtrace-limit\=0 -fno-color-diagnostics -fmodules-prune-interval\=86400 -fmodules-prune-after\=345600 -fbuild-session-file\=/Users/admin/builder/spi-builder-workspace/.derivedData/ModuleCache.noindex/Session.modulevalidation -fmodules-validate-once-per-build-session -Wnon-modular-include-in-framework-module -Werror\=non-modular-include-in-framework-module -Wno-trigraphs -Wno-missing-field-initializers -Wno-missing-prototypes -Wno-return-type -Wno-implicit-atomic-properties -Wno-objc-interface-ivars -Wno-arc-repeated-use-of-weak -Wno-missing-braces -Wparentheses -Wswitch -Wno-unused-function -Wno-unused-label -Wno-unused-parameter -Wno-unused-variable -Wunused-value -Wno-empty-body -Wno-uninitialized -Wno-unknown-pragmas -w -Wno-shadow -Wno-four-char-constants -Wno-conversion -Wno-constant-conversion -Wno-int-conversion -Wno-bool-conversion -Wno-enum-conversion -Wno-float-conversion -Wno-non-literal-null-conversion -Wno-objc-literal-conversion -Wshorten-64-to-32 -Wpointer-sign -Wno-newline-eof -Wno-selector -Wno-strict-selector-match -Wno-undeclared-selector -Wno-deprecated-implementations -Wno-implicit-fallthrough -fstrict-aliasing -Wprotocol -Wdeprecated-declarations -Wno-sign-conversion -Wno-infinite-recursion -Wno-comma -Wno-block-capture-autoreleasing -Wno-strict-prototypes -Wno-semicolon-before-method-body -index-store-path /Users/admin/builder/spi-builder-workspace/.derivedData/Index.noindex/DataStore @/Users/admin/builder/spi-builder-workspace/.derivedData/Build/Intermediates.noindex/GoogleMaps.build/Debug-iphoneos/GoogleMapsTarget.build/Objects-normal/arm64/e6072d4f65d7061329687fe24e3d63a7-common-args.resp -include /Users/admin/builder/spi-builder-workspace/.derivedData/Build/Intermediates.noindex/GoogleMaps.build/Debug-iphoneos/GoogleMapsTarget.build/DerivedSources/resource_bundle_accessor.h -MMD -MT dependencies -MF /Users/admin/builder/spi-builder-workspace/.derivedData/Build/Intermediates.noindex/GoogleMaps.build/Debug-iphoneos/GoogleMapsTarget.build/Objects-normal/arm64/resource_bundle_accessor.d --serialize-diagnostics /Users/admin/builder/spi-builder-workspace/.derivedData/Build/Intermediates.noindex/GoogleMaps.build/Debug-iphoneos/GoogleMapsTarget.build/Objects-normal/arm64/resource_bundle_accessor.dia -c /Users/admin/builder/spi-builder-workspace/.derivedData/Build/Intermediates.noindex/GoogleMaps.build/Debug-iphoneos/GoogleMapsTarget.build/DerivedSources/resource_bundle_accessor.m -o /Users/admin/builder/spi-builder-workspace/.derivedData/Build/Intermediates.noindex/GoogleMaps.build/Debug-iphoneos/GoogleMapsTarget.build/Objects-normal/arm64/resource_bundle_accessor.o -index-unit-output-path /GoogleMaps.build/Debug-iphoneos/GoogleMapsTarget.build/Objects-normal/arm64/resource_bundle_accessor.o
PrecompileModule /Users/admin/builder/spi-builder-workspace/.derivedData/Build/Intermediates.noindex/ExplicitPrecompiledModules/UserNotifications-2RP18IACZCXNENVWZ15RW7CCI.scan
cd /Users/admin/builder/spi-builder-workspace/.swiftpm/xcode
builtin-precompileModule /Users/admin/builder/spi-builder-workspace/.derivedData/Build/Intermediates.noindex/ExplicitPrecompiledModules/UserNotifications-2RP18IACZCXNENVWZ15RW7CCI.scan
PrecompileModule /Users/admin/builder/spi-builder-workspace/.derivedData/Build/Intermediates.noindex/ExplicitPrecompiledModules/CoreLocation-4Z52UMMOTKJS71PQC05FGXD8I.scan
cd /Users/admin/builder/spi-builder-workspace/.swiftpm/xcode
builtin-precompileModule /Users/admin/builder/spi-builder-workspace/.derivedData/Build/Intermediates.noindex/ExplicitPrecompiledModules/CoreLocation-4Z52UMMOTKJS71PQC05FGXD8I.scan
PrecompileModule /Users/admin/builder/spi-builder-workspace/.derivedData/Build/Intermediates.noindex/ExplicitPrecompiledModules/Symbols-3O2Z377UIIMMZOF72ZJPGQQRF.scan
cd /Users/admin/builder/spi-builder-workspace/.swiftpm/xcode
builtin-precompileModule /Users/admin/builder/spi-builder-workspace/.derivedData/Build/Intermediates.noindex/ExplicitPrecompiledModules/Symbols-3O2Z377UIIMMZOF72ZJPGQQRF.scan
PrecompileModule /Users/admin/builder/spi-builder-workspace/.derivedData/Build/Intermediates.noindex/ExplicitPrecompiledModules/IOSurface-BJ583FEAT02VYCS5WGQL75X59.scan
cd /Users/admin/builder/spi-builder-workspace/.swiftpm/xcode
builtin-precompileModule /Users/admin/builder/spi-builder-workspace/.derivedData/Build/Intermediates.noindex/ExplicitPrecompiledModules/IOSurface-BJ583FEAT02VYCS5WGQL75X59.scan
PrecompileModule /Users/admin/builder/spi-builder-workspace/.derivedData/Build/Intermediates.noindex/ExplicitPrecompiledModules/OpenGLES-3L872Q1H5YET2TXXK4OIQ8D4M.scan
cd /Users/admin/builder/spi-builder-workspace/.swiftpm/xcode
builtin-precompileModule /Users/admin/builder/spi-builder-workspace/.derivedData/Build/Intermediates.noindex/ExplicitPrecompiledModules/OpenGLES-3L872Q1H5YET2TXXK4OIQ8D4M.scan
PrecompileModule /Users/admin/builder/spi-builder-workspace/.derivedData/Build/Intermediates.noindex/ExplicitPrecompiledModules/Metal-2RGZSTIFOQMA79VAR6KJGKJ9H.scan
cd /Users/admin/builder/spi-builder-workspace/.swiftpm/xcode
builtin-precompileModule /Users/admin/builder/spi-builder-workspace/.derivedData/Build/Intermediates.noindex/ExplicitPrecompiledModules/Metal-2RGZSTIFOQMA79VAR6KJGKJ9H.scan
PrecompileModule /Users/admin/builder/spi-builder-workspace/.derivedData/Build/Intermediates.noindex/ExplicitPrecompiledModules/CoreVideo-DJE5A7FTLKPZ76KUSEQVA232U.scan
cd /Users/admin/builder/spi-builder-workspace/.swiftpm/xcode
builtin-precompileModule /Users/admin/builder/spi-builder-workspace/.derivedData/Build/Intermediates.noindex/ExplicitPrecompiledModules/CoreVideo-DJE5A7FTLKPZ76KUSEQVA232U.scan
PrecompileModule /Users/admin/builder/spi-builder-workspace/.derivedData/Build/Intermediates.noindex/ExplicitPrecompiledModules/QuartzCore-1LV58CT5W73Q9RPNS39AIWGFV.scan
cd /Users/admin/builder/spi-builder-workspace/.swiftpm/xcode
builtin-precompileModule /Users/admin/builder/spi-builder-workspace/.derivedData/Build/Intermediates.noindex/ExplicitPrecompiledModules/QuartzCore-1LV58CT5W73Q9RPNS39AIWGFV.scan
PrecompileModule /Users/admin/builder/spi-builder-workspace/.derivedData/Build/Intermediates.noindex/ExplicitPrecompiledModules/CoreImage-BSIJYMLLH8SRXI0BODWPTJ740.scan
cd /Users/admin/builder/spi-builder-workspace/.swiftpm/xcode
builtin-precompileModule /Users/admin/builder/spi-builder-workspace/.derivedData/Build/Intermediates.noindex/ExplicitPrecompiledModules/CoreImage-BSIJYMLLH8SRXI0BODWPTJ740.scan
PrecompileModule /Users/admin/builder/spi-builder-workspace/.derivedData/Build/Intermediates.noindex/ExplicitPrecompiledModules/UIKit-5UNLCB8WG9UZWOTQSPSSRPN9R.scan
cd /Users/admin/builder/spi-builder-workspace/.swiftpm/xcode
builtin-precompileModule /Users/admin/builder/spi-builder-workspace/.derivedData/Build/Intermediates.noindex/ExplicitPrecompiledModules/UIKit-5UNLCB8WG9UZWOTQSPSSRPN9R.scan
PrecompileModule /Users/admin/builder/spi-builder-workspace/.derivedData/Build/Intermediates.noindex/ExplicitPrecompiledModules/GoogleMaps-9B18CU4F9X05V4MIXQT5AJUM1.scan
cd /Users/admin/builder/spi-builder-workspace/.swiftpm/xcode
builtin-precompileModule /Users/admin/builder/spi-builder-workspace/.derivedData/Build/Intermediates.noindex/ExplicitPrecompiledModules/GoogleMaps-9B18CU4F9X05V4MIXQT5AJUM1.scan
CompileC /Users/admin/builder/spi-builder-workspace/.derivedData/Build/Intermediates.noindex/GoogleMaps.build/Debug-iphoneos/GoogleMapsTarget.build/Objects-normal/arm64/GMSEmpty.o /Users/admin/builder/spi-builder-workspace/.dependencies/checkouts/ios-maps-sdk/Maps/GMSEmpty.m normal arm64 objective-c com.apple.compilers.llvm.clang.1_0.compiler (in target 'GoogleMapsTarget' from project 'GoogleMaps')
cd /Users/admin/builder/spi-builder-workspace/.swiftpm/xcode
Using response file: /Users/admin/builder/spi-builder-workspace/.derivedData/Build/Intermediates.noindex/GoogleMaps.build/Debug-iphoneos/GoogleMapsTarget.build/Objects-normal/arm64/e6072d4f65d7061329687fe24e3d63a7-common-args.resp
/Applications/Xcode-16.3.0.app/Contents/Developer/Toolchains/XcodeDefault.xctoolchain/usr/bin/clang -x objective-c -ivfsstatcache /Users/admin/builder/spi-builder-workspace/.derivedData/SDKStatCaches.noindex/iphoneos18.4-22E235-339d34bc69d7fc736c3220795c36f340.sdkstatcache -fmessage-length\=0 -fdiagnostics-show-note-include-stack -fmacro-backtrace-limit\=0 -fno-color-diagnostics -fmodules-prune-interval\=86400 -fmodules-prune-after\=345600 -fbuild-session-file\=/Users/admin/builder/spi-builder-workspace/.derivedData/ModuleCache.noindex/Session.modulevalidation -fmodules-validate-once-per-build-session -Wnon-modular-include-in-framework-module -Werror\=non-modular-include-in-framework-module -Wno-trigraphs -Wno-missing-field-initializers -Wno-missing-prototypes -Wno-return-type -Wno-implicit-atomic-properties -Wno-objc-interface-ivars -Wno-arc-repeated-use-of-weak -Wno-missing-braces -Wparentheses -Wswitch -Wno-unused-function -Wno-unused-label -Wno-unused-parameter -Wno-unused-variable -Wunused-value -Wno-empty-body -Wno-uninitialized -Wno-unknown-pragmas -w -Wno-shadow -Wno-four-char-constants -Wno-conversion -Wno-constant-conversion -Wno-int-conversion -Wno-bool-conversion -Wno-enum-conversion -Wno-float-conversion -Wno-non-literal-null-conversion -Wno-objc-literal-conversion -Wshorten-64-to-32 -Wpointer-sign -Wno-newline-eof -Wno-selector -Wno-strict-selector-match -Wno-undeclared-selector -Wno-deprecated-implementations -Wno-implicit-fallthrough -fstrict-aliasing -Wprotocol -Wdeprecated-declarations -Wno-sign-conversion -Wno-infinite-recursion -Wno-comma -Wno-block-capture-autoreleasing -Wno-strict-prototypes -Wno-semicolon-before-method-body -index-store-path /Users/admin/builder/spi-builder-workspace/.derivedData/Index.noindex/DataStore @/Users/admin/builder/spi-builder-workspace/.derivedData/Build/Intermediates.noindex/GoogleMaps.build/Debug-iphoneos/GoogleMapsTarget.build/Objects-normal/arm64/e6072d4f65d7061329687fe24e3d63a7-common-args.resp -include /Users/admin/builder/spi-builder-workspace/.derivedData/Build/Intermediates.noindex/GoogleMaps.build/Debug-iphoneos/GoogleMapsTarget.build/DerivedSources/resource_bundle_accessor.h -MMD -MT dependencies -MF /Users/admin/builder/spi-builder-workspace/.derivedData/Build/Intermediates.noindex/GoogleMaps.build/Debug-iphoneos/GoogleMapsTarget.build/Objects-normal/arm64/GMSEmpty.d --serialize-diagnostics /Users/admin/builder/spi-builder-workspace/.derivedData/Build/Intermediates.noindex/GoogleMaps.build/Debug-iphoneos/GoogleMapsTarget.build/Objects-normal/arm64/GMSEmpty.dia -c /Users/admin/builder/spi-builder-workspace/.dependencies/checkouts/ios-maps-sdk/Maps/GMSEmpty.m -o /Users/admin/builder/spi-builder-workspace/.derivedData/Build/Intermediates.noindex/GoogleMaps.build/Debug-iphoneos/GoogleMapsTarget.build/Objects-normal/arm64/GMSEmpty.o -index-unit-output-path /GoogleMaps.build/Debug-iphoneos/GoogleMapsTarget.build/Objects-normal/arm64/GMSEmpty.o
Ld /Users/admin/builder/spi-builder-workspace/.derivedData/Build/Products/Debug-iphoneos/GoogleMapsTarget.o normal (in target 'GoogleMapsTarget' from project 'GoogleMaps')
cd /Users/admin/builder/spi-builder-workspace/.dependencies/checkouts/ios-maps-sdk
/Applications/Xcode-16.3.0.app/Contents/Developer/Toolchains/XcodeDefault.xctoolchain/usr/bin/clang -Xlinker -reproducible -target arm64-apple-ios16.0 -r -isysroot /Applications/Xcode-16.3.0.app/Contents/Developer/Platforms/iPhoneOS.platform/Developer/SDKs/iPhoneOS18.4.sdk -O0 -w -L/Users/admin/builder/spi-builder-workspace/.derivedData/Build/Intermediates.noindex/EagerLinkingTBDs/Debug-iphoneos -L/Users/admin/builder/spi-builder-workspace/.derivedData/Build/Products/Debug-iphoneos -L/Applications/Xcode-16.3.0.app/Contents/Developer/Platforms/iPhoneOS.platform/Developer/usr/lib -F/Users/admin/builder/spi-builder-workspace/.derivedData/Build/Intermediates.noindex/EagerLinkingTBDs/Debug-iphoneos -F/Users/admin/builder/spi-builder-workspace/.derivedData/Build/Products/Debug-iphoneos -iframework /Applications/Xcode-16.3.0.app/Contents/Developer/Platforms/iPhoneOS.platform/Developer/Library/Frameworks -iframework /Applications/Xcode-16.3.0.app/Contents/Developer/Platforms/iPhoneOS.platform/Developer/SDKs/iPhoneOS18.4.sdk/Developer/Library/Frameworks -filelist /Users/admin/builder/spi-builder-workspace/.derivedData/Build/Intermediates.noindex/GoogleMaps.build/Debug-iphoneos/GoogleMapsTarget.build/Objects-normal/arm64/GoogleMapsTarget.LinkFileList -nostdlib -Xlinker -object_path_lto -Xlinker /Users/admin/builder/spi-builder-workspace/.derivedData/Build/Intermediates.noindex/GoogleMaps.build/Debug-iphoneos/GoogleMapsTarget.build/Objects-normal/arm64/GoogleMapsTarget_lto.o -rdynamic -Xlinker -no_deduplicate -Xlinker -dependency_info -Xlinker /Users/admin/builder/spi-builder-workspace/.derivedData/Build/Intermediates.noindex/GoogleMaps.build/Debug-iphoneos/GoogleMapsTarget.build/Objects-normal/arm64/GoogleMapsTarget_dependency_info.dat -fobjc-arc -fobjc-link-runtime -o /Users/admin/builder/spi-builder-workspace/.derivedData/Build/Products/Debug-iphoneos/GoogleMapsTarget.o
RegisterExecutionPolicyException /Users/admin/builder/spi-builder-workspace/.derivedData/Build/Products/Debug-iphoneos/GoogleMapsTarget.o (in target 'GoogleMapsTarget' from project 'GoogleMaps')
cd /Users/admin/builder/spi-builder-workspace/.dependencies/checkouts/ios-maps-sdk
builtin-RegisterExecutionPolicyException /Users/admin/builder/spi-builder-workspace/.derivedData/Build/Products/Debug-iphoneos/GoogleMapsTarget.o
** BUILD FAILED **
The following build commands failed:
SwiftCompile normal arm64 /Users/admin/builder/spi-builder-workspace/.dependencies/checkouts/mapsindoors-core-ios/Sources/MapsIndoorsCoreWrapper/MPEmpty.swift (in target 'MapsIndoorsCoreWrapper' from project 'MapsIndoorsCore')
SwiftEmitModule normal arm64 Emitting\ module\ for\ MapsIndoorsCoreWrapper (in target 'MapsIndoorsCoreWrapper' from project 'MapsIndoorsCore')
Building workspace spi-builder-workspace with scheme MapsIndoorsGoogleMaps
(3 failures)
Command line invocation:
/Applications/Xcode-16.3.0.app/Contents/Developer/usr/bin/xcodebuild -IDEClonedSourcePackagesDirPathOverride=/Users/admin/builder/spi-builder-workspace/.dependencies -resolvePackageDependencies
Resolve Package Graph
Resolved source packages:
GoogleMaps: https://github.com/googlemaps/ios-maps-sdk.git @ 10.15.0
MapsIndoorsGoogleMaps: /Users/admin/builder/spi-builder-workspace
MapsIndoorsCore: https://github.com/MapsPeople/mapsindoors-core-ios.git @ 4.22.0
MapsIndoors: https://github.com/MapsPeople/mapsindoors-ios.git @ 4.22.0
resolved source packages: GoogleMaps, MapsIndoorsGoogleMaps, MapsIndoorsCore, MapsIndoors
{
"dependencies" : [
{
"identity" : "mapsindoors-core-ios",
"requirement" : {
"exact" : [
"4.22.0"
]
},
"type" : "sourceControl",
"url" : "https://github.com/MapsPeople/mapsindoors-core-ios.git"
},
{
"identity" : "ios-maps-sdk",
"requirement" : {
"exact" : [
"10.15.0"
]
},
"type" : "sourceControl",
"url" : "https://github.com/googlemaps/ios-maps-sdk.git"
}
],
"manifest_display_name" : "MapsIndoorsGoogleMaps",
"name" : "MapsIndoorsGoogleMaps",
"path" : "/Users/admin/builder/spi-builder-workspace",
"platforms" : [
{
"name" : "ios",
"version" : "16.0"
}
],
"products" : [
{
"name" : "MapsIndoorsGoogleMaps",
"targets" : [
"MapsIndoorsGoogleMaps"
],
"type" : {
"library" : [
"automatic"
]
}
}
],
"targets" : [
{
"c99name" : "MapsIndoorsGoogleMaps",
"module_type" : "SwiftTarget",
"name" : "MapsIndoorsGoogleMaps",
"path" : "Sources/MapsIndoorsGoogleMaps",
"product_dependencies" : [
"MapsIndoorsCore",
"GoogleMaps"
],
"product_memberships" : [
"MapsIndoorsGoogleMaps"
],
"sources" : [
"Constants.swift",
"Converters/LatLngBoundsConverter.swift",
"GMBaseMapCacheProvider.swift",
"GMCameraOperator.swift",
"GMCameraPosition.swift",
"GMCameraUpdate.swift",
"GMMapConfig.swift",
"GMPositionPresenter.swift",
"GMProjectionModel.swift",
"GMRouteRenderer.swift",
"GMTileProvider.swift",
"GoogleMapProvider.swift",
"GoogleMapViewDelegate.swift",
"OverlapEngine.swift",
"PathSmoother.swift",
"Renderer.swift",
"RouteLineAnimator.swift",
"Routing/GMDirectionsService.swift",
"Routing/GMDistanceMatrix.swift",
"Routing/GMDistanceMatrixService.swift",
"Routing/GMGoogleRoutingCapability.swift",
"Routing/GMRoute.swift",
"Routing/GMRoutesModels.swift",
"Routing/GMRoutesService.swift",
"Routing/GooglePolylineDecoder.swift",
"ViewState.swift"
],
"type" : "library"
}
],
"tools_version" : "5.10"
}
{
"workspace" : {
"name" : "spi-builder-workspace",
"schemes" : [
"MapsIndoorsGoogleMaps"
]
}
}
Running build ...
env DEVELOPER_DIR=/Applications/Xcode-16.3.0.app xcrun xcodebuild -IDEClonedSourcePackagesDirPathOverride=$PWD/.dependencies -skipMacroValidation -skipPackagePluginValidation -derivedDataPath $PWD/.derivedData build -scheme MapsIndoorsGoogleMaps -destination generic/platform=iOS
Command line invocation:
/Applications/Xcode-16.3.0.app/Contents/Developer/usr/bin/xcodebuild -IDEClonedSourcePackagesDirPathOverride=/Users/admin/builder/spi-builder-workspace/.dependencies -skipMacroValidation -skipPackagePluginValidation -derivedDataPath /Users/admin/builder/spi-builder-workspace/.derivedData build -scheme MapsIndoorsGoogleMaps -destination generic/platform=iOS
Resolve Package Graph
Resolved source packages:
MapsIndoorsGoogleMaps: /Users/admin/builder/spi-builder-workspace
MapsIndoors: https://github.com/MapsPeople/mapsindoors-ios.git @ 4.22.0
GoogleMaps: https://github.com/googlemaps/ios-maps-sdk.git @ 10.15.0
MapsIndoorsCore: https://github.com/MapsPeople/mapsindoors-core-ios.git @ 4.22.0
ComputePackagePrebuildTargetDependencyGraph
Prepare packages
CreateBuildRequest
SendProjectDescription
CreateBuildOperation
ComputeTargetDependencyGraph
note: Building targets in dependency order
note: Target dependency graph (8 targets)
Target 'MapsIndoorsGoogleMaps' in project 'MapsIndoorsGoogleMaps'
➜ Explicit dependency on target 'MapsIndoorsGoogleMaps' in project 'MapsIndoorsGoogleMaps'
➜ Explicit dependency on target 'MapsIndoorsCore' in project 'MapsIndoorsCore'
➜ Explicit dependency on target 'GoogleMaps' in project 'GoogleMaps'
Target 'MapsIndoorsGoogleMaps' in project 'MapsIndoorsGoogleMaps'
➜ Explicit dependency on target 'MapsIndoorsCore' in project 'MapsIndoorsCore'
➜ Explicit dependency on target 'GoogleMaps' in project 'GoogleMaps'
Target 'GoogleMaps' in project 'GoogleMaps'
➜ Explicit dependency on target 'GoogleMapsTarget' in project 'GoogleMaps'
➜ Explicit dependency on target 'GoogleMaps_GoogleMapsTarget' in project 'GoogleMaps'
Target 'GoogleMapsTarget' in project 'GoogleMaps'
➜ Explicit dependency on target 'GoogleMaps_GoogleMapsTarget' in project 'GoogleMaps'
Target 'GoogleMaps_GoogleMapsTarget' in project 'GoogleMaps' (no dependencies)
Target 'MapsIndoorsCore' in project 'MapsIndoorsCore'
➜ Explicit dependency on target 'MapsIndoorsCoreWrapper' in project 'MapsIndoorsCore'
➜ Explicit dependency on target 'MapsIndoors' in project 'MapsIndoors'
Target 'MapsIndoorsCoreWrapper' in project 'MapsIndoorsCore'
➜ Explicit dependency on target 'MapsIndoors' in project 'MapsIndoors'
Target 'MapsIndoors' in project 'MapsIndoors' (no dependencies)
GatherProvisioningInputs
CreateBuildDescription
ExecuteExternalTool /Applications/Xcode-16.3.0.app/Contents/Developer/Toolchains/XcodeDefault.xctoolchain/usr/bin/swiftc --version
ExecuteExternalTool /Applications/Xcode-16.3.0.app/Contents/Developer/Toolchains/XcodeDefault.xctoolchain/usr/bin/clang -v -E -dM -arch arm64 -isysroot /Applications/Xcode-16.3.0.app/Contents/Developer/Platforms/iPhoneOS.platform/Developer/SDKs/iPhoneOS18.4.sdk -x objective-c -c /dev/null
ExecuteExternalTool /Applications/Xcode-16.3.0.app/Contents/Developer/Toolchains/XcodeDefault.xctoolchain/usr/bin/clang -v -E -dM -isysroot /Applications/Xcode-16.3.0.app/Contents/Developer/Platforms/iPhoneOS.platform/Developer/SDKs/iPhoneOS18.4.sdk -x c -c /dev/null
ExecuteExternalTool /Applications/Xcode-16.3.0.app/Contents/Developer/Toolchains/XcodeDefault.xctoolchain/usr/bin/ld -version_details
ExecuteExternalTool /Applications/Xcode-16.3.0.app/Contents/Developer/Toolchains/XcodeDefault.xctoolchain/usr/bin/clang -v -E -dM -arch arm64 -isysroot /Applications/Xcode-16.3.0.app/Contents/Developer/Platforms/iPhoneOS.platform/Developer/SDKs/iPhoneOS18.4.sdk -x c -c /dev/null
Build description signature: 566dac90c18bfafe8bce8f1be67f0945
Build description path: /Users/admin/builder/spi-builder-workspace/.derivedData/Build/Intermediates.noindex/XCBuildData/566dac90c18bfafe8bce8f1be67f0945.xcbuilddata
ClangStatCache /Applications/Xcode-16.3.0.app/Contents/Developer/Toolchains/XcodeDefault.xctoolchain/usr/bin/clang-stat-cache /Applications/Xcode-16.3.0.app/Contents/Developer/Platforms/iPhoneOS.platform/Developer/SDKs/iPhoneOS18.4.sdk /Users/admin/builder/spi-builder-workspace/.derivedData/SDKStatCaches.noindex/iphoneos18.4-22E235-339d34bc69d7fc736c3220795c36f340.sdkstatcache
cd /Users/admin/builder/spi-builder-workspace/.swiftpm/xcode
/Applications/Xcode-16.3.0.app/Contents/Developer/Toolchains/XcodeDefault.xctoolchain/usr/bin/clang-stat-cache /Applications/Xcode-16.3.0.app/Contents/Developer/Platforms/iPhoneOS.platform/Developer/SDKs/iPhoneOS18.4.sdk -o /Users/admin/builder/spi-builder-workspace/.derivedData/SDKStatCaches.noindex/iphoneos18.4-22E235-339d34bc69d7fc736c3220795c36f340.sdkstatcache
ProcessInfoPlistFile /Users/admin/builder/spi-builder-workspace/.derivedData/Build/Products/Debug-iphoneos/GoogleMaps_GoogleMapsTarget.bundle/Info.plist /Users/admin/builder/spi-builder-workspace/.derivedData/Build/Intermediates.noindex/GoogleMaps.build/Debug-iphoneos/GoogleMaps_GoogleMapsTarget.build/empty-GoogleMaps_GoogleMapsTarget.plist (in target 'GoogleMaps_GoogleMapsTarget' from project 'GoogleMaps')
cd /Users/admin/builder/spi-builder-workspace/.dependencies/checkouts/ios-maps-sdk
builtin-infoPlistUtility /Users/admin/builder/spi-builder-workspace/.derivedData/Build/Intermediates.noindex/GoogleMaps.build/Debug-iphoneos/GoogleMaps_GoogleMapsTarget.build/empty-GoogleMaps_GoogleMapsTarget.plist -producttype com.apple.product-type.bundle -expandbuildsettings -format binary -platform iphoneos -requiredArchitecture arm64 -o /Users/admin/builder/spi-builder-workspace/.derivedData/Build/Products/Debug-iphoneos/GoogleMaps_GoogleMapsTarget.bundle/Info.plist
SwiftDriver MapsIndoorsCoreWrapper normal arm64 com.apple.xcode.tools.swift.compiler (in target 'MapsIndoorsCoreWrapper' from project 'MapsIndoorsCore')
cd /Users/admin/builder/spi-builder-workspace/.swiftpm/xcode
builtin-SwiftDriver -- /Applications/Xcode-16.3.0.app/Contents/Developer/Toolchains/XcodeDefault.xctoolchain/usr/bin/swiftc -module-name MapsIndoorsCoreWrapper -Onone -enforce-exclusivity\=checked @/Users/admin/builder/spi-builder-workspace/.derivedData/Build/Intermediates.noindex/MapsIndoorsCore.build/Debug-iphoneos/MapsIndoorsCoreWrapper.build/Objects-normal/arm64/MapsIndoorsCoreWrapper.SwiftFileList -DSWIFT_PACKAGE -DDEBUG -DXcode -plugin-path /Applications/Xcode-16.3.0.app/Contents/Developer/Toolchains/XcodeDefault.xctoolchain/usr/lib/swift/host/plugins/testing -enable-experimental-feature DebugDescriptionMacro -sdk /Applications/Xcode-16.3.0.app/Contents/Developer/Platforms/iPhoneOS.platform/Developer/SDKs/iPhoneOS18.4.sdk -target arm64-apple-ios16.0 -g -module-cache-path /Users/admin/builder/spi-builder-workspace/.derivedData/ModuleCache.noindex -Xfrontend -serialize-debugging-options -enable-testing -suppress-warnings -index-store-path /Users/admin/builder/spi-builder-workspace/.derivedData/Index.noindex/DataStore -swift-version 5 -I /Users/admin/builder/spi-builder-workspace/.derivedData/Build/Products/Debug-iphoneos -I /Applications/Xcode-16.3.0.app/Contents/Developer/Platforms/iPhoneOS.platform/Developer/usr/lib -F /Users/admin/builder/spi-builder-workspace/.derivedData/Build/Products/Debug-iphoneos -F /Applications/Xcode-16.3.0.app/Contents/Developer/Platforms/iPhoneOS.platform/Developer/Library/Frameworks -F /Applications/Xcode-16.3.0.app/Contents/Developer/Platforms/iPhoneOS.platform/Developer/SDKs/iPhoneOS18.4.sdk/Developer/Library/Frameworks -parse-as-library -c -j10 -enable-batch-mode -incremental -Xcc -ivfsstatcache -Xcc /Users/admin/builder/spi-builder-workspace/.derivedData/SDKStatCaches.noindex/iphoneos18.4-22E235-339d34bc69d7fc736c3220795c36f340.sdkstatcache -output-file-map /Users/admin/builder/spi-builder-workspace/.derivedData/Build/Intermediates.noindex/MapsIndoorsCore.build/Debug-iphoneos/MapsIndoorsCoreWrapper.build/Objects-normal/arm64/MapsIndoorsCoreWrapper-OutputFileMap.json -use-frontend-parseable-output -save-temps -no-color-diagnostics -serialize-diagnostics -emit-dependencies -emit-module -emit-module-path /Users/admin/builder/spi-builder-workspace/.derivedData/Build/Intermediates.noindex/MapsIndoorsCore.build/Debug-iphoneos/MapsIndoorsCoreWrapper.build/Objects-normal/arm64/MapsIndoorsCoreWrapper.swiftmodule -validate-clang-modules-once -clang-build-session-file /Users/admin/builder/spi-builder-workspace/.derivedData/ModuleCache.noindex/Session.modulevalidation -package-name mapsindoors_core_ios -Xcc -I/Users/admin/builder/spi-builder-workspace/.derivedData/Build/Intermediates.noindex/MapsIndoorsCore.build/Debug-iphoneos/MapsIndoorsCoreWrapper.build/swift-overrides.hmap -emit-const-values -Xfrontend -const-gather-protocols-file -Xfrontend /Users/admin/builder/spi-builder-workspace/.derivedData/Build/Intermediates.noindex/MapsIndoorsCore.build/Debug-iphoneos/MapsIndoorsCoreWrapper.build/Objects-normal/arm64/MapsIndoorsCoreWrapper_const_extract_protocols.json -Xcc -I/Users/admin/builder/spi-builder-workspace/.derivedData/Build/Products/Debug-iphoneos/include -Xcc -I/Users/admin/builder/spi-builder-workspace/.derivedData/Build/Intermediates.noindex/MapsIndoorsCore.build/Debug-iphoneos/MapsIndoorsCoreWrapper.build/DerivedSources-normal/arm64 -Xcc -I/Users/admin/builder/spi-builder-workspace/.derivedData/Build/Intermediates.noindex/MapsIndoorsCore.build/Debug-iphoneos/MapsIndoorsCoreWrapper.build/DerivedSources/arm64 -Xcc -I/Users/admin/builder/spi-builder-workspace/.derivedData/Build/Intermediates.noindex/MapsIndoorsCore.build/Debug-iphoneos/MapsIndoorsCoreWrapper.build/DerivedSources -Xcc -DSWIFT_PACKAGE -Xcc -DDEBUG\=1 -emit-objc-header -emit-objc-header-path /Users/admin/builder/spi-builder-workspace/.derivedData/Build/Intermediates.noindex/MapsIndoorsCore.build/Debug-iphoneos/MapsIndoorsCoreWrapper.build/Objects-normal/arm64/MapsIndoorsCoreWrapper-Swift.h -working-directory /Users/admin/builder/spi-builder-workspace/.swiftpm/xcode -experimental-emit-module-separately -disable-cmo
SwiftEmitModule normal arm64 Emitting\ module\ for\ MapsIndoorsCoreWrapper (in target 'MapsIndoorsCoreWrapper' from project 'MapsIndoorsCore')
SwiftCompile normal arm64 /Users/admin/builder/spi-builder-workspace/.dependencies/checkouts/mapsindoors-core-ios/Sources/MapsIndoorsCoreWrapper/MPEmpty.swift (in target 'MapsIndoorsCoreWrapper' from project 'MapsIndoorsCore')
cd /Users/admin/builder/spi-builder-workspace/.swiftpm/xcode
/Users/admin/builder/spi-builder-workspace/.derivedData/Build/Products/Debug-iphoneos/MapsIndoors.framework/Modules/MapsIndoors.swiftmodule/arm64-apple-ios.private.swiftinterface:98:92: error: cannot find type '_LocationEssentials' in scope
public func decodeLngLatArray(forKey key: Swift.KeyedDecodingContainer<K>.Key) throws -> _LocationEssentials.CLLocationCoordinate2D
^~~~~~~~~~~~~~~~~~~
/Users/admin/builder/spi-builder-workspace/.derivedData/Build/Products/Debug-iphoneos/MapsIndoors.framework/Modules/MapsIndoors.swiftmodule/arm64-apple-ios.private.swiftinterface:99:167: error: cannot find type '_LocationEssentials' in scope
public func decodeLngLatArrayIfPresent(forKey key: Swift.KeyedDecodingContainer<K>.Key, default defaultValue: _LocationEssentials.CLLocationCoordinate2D) throws -> _LocationEssentials.CLLocationCoordinate2D
^~~~~~~~~~~~~~~~~~~
/Users/admin/builder/spi-builder-workspace/.derivedData/Build/Products/Debug-iphoneos/MapsIndoors.framework/Modules/MapsIndoors.swiftmodule/arm64-apple-ios.private.swiftinterface:99:113: error: cannot find type '_LocationEssentials' in scope
public func decodeLngLatArrayIfPresent(forKey key: Swift.KeyedDecodingContainer<K>.Key, default defaultValue: _LocationEssentials.CLLocationCoordinate2D) throws -> _LocationEssentials.CLLocationCoordinate2D
^~~~~~~~~~~~~~~~~~~
/Users/admin/builder/spi-builder-workspace/.derivedData/Build/Products/Debug-iphoneos/MapsIndoors.framework/Modules/MapsIndoors.swiftmodule/arm64-apple-ios.private.swiftinterface:261:30: error: cannot find type '_LocationEssentials' in scope
@objc public var position: _LocationEssentials.CLLocationCoordinate2D {
^~~~~~~~~~~~~~~~~~~
/Users/admin/builder/spi-builder-workspace/.derivedData/Build/Products/Debug-iphoneos/MapsIndoors.framework/Modules/MapsIndoors.swiftmodule/arm64-apple-ios.private.swiftinterface:262:6: error: '@objc' getter for non-'@objc' property
@objc get
~^~~~~
/Users/admin/builder/spi-builder-workspace/.derivedData/Build/Products/Debug-iphoneos/MapsIndoors.framework/Modules/MapsIndoors.swiftmodule/arm64-apple-ios.private.swiftinterface:732:31: error: cannot find type '_LocationEssentials' in scope
public static func == (lhs: _LocationEssentials.CLLocationCoordinate2D, rhs: _LocationEssentials.CLLocationCoordinate2D) -> Swift.Bool
^~~~~~~~~~~~~~~~~~~
/Users/admin/builder/spi-builder-workspace/.derivedData/Build/Products/Debug-iphoneos/MapsIndoors.framework/Modules/MapsIndoors.swiftmodule/arm64-apple-ios.private.swiftinterface:732:80: error: cannot find type '_LocationEssentials' in scope
public static func == (lhs: _LocationEssentials.CLLocationCoordinate2D, rhs: _LocationEssentials.CLLocationCoordinate2D) -> Swift.Bool
^~~~~~~~~~~~~~~~~~~
/Users/admin/builder/spi-builder-workspace/.derivedData/Build/Products/Debug-iphoneos/MapsIndoors.framework/Modules/MapsIndoors.swiftmodule/arm64-apple-ios.private.swiftinterface:729:22: error: cannot find type '_LocationEssentials' in scope
func append(point: _LocationEssentials.CLLocationCoordinate2D)
^~~~~~~~~~~~~~~~~~~
/Users/admin/builder/spi-builder-workspace/.derivedData/Build/Products/Debug-iphoneos/MapsIndoors.framework/Modules/MapsIndoors.swiftmodule/arm64-apple-ios.private.swiftinterface:731:11: error: cannot find type '_LocationEssentials' in scope
extension _LocationEssentials.CLLocationCoordinate2D : @retroactive Swift.Equatable {
^~~~~~~~~~~~~~~~~~~
/Users/admin/builder/spi-builder-workspace/.derivedData/Build/Products/Debug-iphoneos/MapsIndoors.framework/Modules/MapsIndoors.swiftmodule/arm64-apple-ios.private.swiftinterface:737:32: error: cannot find type '_LocationEssentials' in scope
@objc public var coordinate: _LocationEssentials.CLLocationCoordinate2D {
^~~~~~~~~~~~~~~~~~~
/Users/admin/builder/spi-builder-workspace/.derivedData/Build/Products/Debug-iphoneos/MapsIndoors.framework/Modules/MapsIndoors.swiftmodule/arm64-apple-ios.private.swiftinterface:740:42: error: cannot find type '_LocationEssentials' in scope
@objc required public init(coordinate: _LocationEssentials.CLLocationCoordinate2D)
^~~~~~~~~~~~~~~~~~~
/Users/admin/builder/spi-builder-workspace/.derivedData/Build/Products/Debug-iphoneos/MapsIndoors.framework/Modules/MapsIndoors.swiftmodule/arm64-apple-ios.private.swiftinterface:758:41: error: cannot find type '_LocationEssentials' in scope
@objc required public init(southWest: _LocationEssentials.CLLocationCoordinate2D, northEast: _LocationEssentials.CLLocationCoordinate2D)
^~~~~~~~~~~~~~~~~~~
/Users/admin/builder/spi-builder-workspace/.derivedData/Build/Products/Debug-iphoneos/MapsIndoors.framework/Modules/MapsIndoors.swiftmodule/arm64-apple-ios.private.swiftinterface:758:96: error: cannot find type '_LocationEssentials' in scope
@objc required public init(southWest: _LocationEssentials.CLLocationCoordinate2D, northEast: _LocationEssentials.CLLocationCoordinate2D)
^~~~~~~~~~~~~~~~~~~
/Users/admin/builder/spi-builder-workspace/.derivedData/Build/Products/Debug-iphoneos/MapsIndoors.framework/Modules/MapsIndoors.swiftmodule/arm64-apple-ios.private.swiftinterface:759:39: error: cannot find type '_LocationEssentials' in scope
@objc required public init(points: [_LocationEssentials.CLLocationCoordinate2D])
^~~~~~~~~~~~~~~~~~~
/Users/admin/builder/spi-builder-workspace/.derivedData/Build/Products/Debug-iphoneos/MapsIndoors.framework/Modules/MapsIndoors.swiftmodule/arm64-apple-ios.private.swiftinterface:761:31: error: cannot find type '_LocationEssentials' in scope
@objc public var northEast: _LocationEssentials.CLLocationCoordinate2D {
^~~~~~~~~~~~~~~~~~~
/Users/admin/builder/spi-builder-workspace/.derivedData/Build/Products/Debug-iphoneos/MapsIndoors.framework/Modules/MapsIndoors.swiftmodule/arm64-apple-ios.private.swiftinterface:764:31: error: cannot find type '_LocationEssentials' in scope
@objc public var southWest: _LocationEssentials.CLLocationCoordinate2D {
^~~~~~~~~~~~~~~~~~~
/Users/admin/builder/spi-builder-workspace/.derivedData/Build/Products/Debug-iphoneos/MapsIndoors.framework/Modules/MapsIndoors.swiftmodule/arm64-apple-ios.private.swiftinterface:779:39: error: cannot find type '_LocationEssentials' in scope
@objc public func expandWith(coord: _LocationEssentials.CLLocationCoordinate2D) -> MapsIndoors.MPGeoBounds
^~~~~~~~~~~~~~~~~~~
/Users/admin/builder/spi-builder-workspace/.derivedData/Build/Products/Debug-iphoneos/MapsIndoors.framework/Modules/MapsIndoors.swiftmodule/arm64-apple-ios.private.swiftinterface:788:36: error: cannot find type '_LocationEssentials' in scope
@objc final public let nearLeft: _LocationEssentials.CLLocationCoordinate2D
^~~~~~~~~~~~~~~~~~~
/Users/admin/builder/spi-builder-workspace/.derivedData/Build/Products/Debug-iphoneos/MapsIndoors.framework/Modules/MapsIndoors.swiftmodule/arm64-apple-ios.private.swiftinterface:789:35: error: cannot find type '_LocationEssentials' in scope
@objc final public let farLeft: _LocationEssentials.CLLocationCoordinate2D
^~~~~~~~~~~~~~~~~~~
/Users/admin/builder/spi-builder-workspace/.derivedData/Build/Products/Debug-iphoneos/MapsIndoors.framework/Modules/MapsIndoors.swiftmodule/arm64-apple-ios.private.swiftinterface:790:36: error: cannot find type '_LocationEssentials' in scope
@objc final public let farRight: _LocationEssentials.CLLocationCoordinate2D
^~~~~~~~~~~~~~~~~~~
/Users/admin/builder/spi-builder-workspace/.derivedData/Build/Products/Debug-iphoneos/MapsIndoors.framework/Modules/MapsIndoors.swiftmodule/arm64-apple-ios.private.swiftinterface:791:37: error: cannot find type '_LocationEssentials' in scope
@objc final public let nearRight: _LocationEssentials.CLLocationCoordinate2D
^~~~~~~~~~~~~~~~~~~
/Users/admin/builder/spi-builder-workspace/.derivedData/Build/Products/Debug-iphoneos/MapsIndoors.framework/Modules/MapsIndoors.swiftmodule/arm64-apple-ios.private.swiftinterface:792:40: error: cannot find type '_LocationEssentials' in scope
@objc required public init(nearLeft: _LocationEssentials.CLLocationCoordinate2D, farLeft: _LocationEssentials.CLLocationCoordinate2D, farRight: _LocationEssentials.CLLocationCoordinate2D, nearRight: _LocationEssentials.CLLocationCoordinate2D)
^~~~~~~~~~~~~~~~~~~
/Users/admin/builder/spi-builder-workspace/.derivedData/Build/Products/Debug-iphoneos/MapsIndoors.framework/Modules/MapsIndoors.swiftmodule/arm64-apple-ios.private.swiftinterface:792:93: error: cannot find type '_LocationEssentials' in scope
@objc required public init(nearLeft: _LocationEssentials.CLLocationCoordinate2D, farLeft: _LocationEssentials.CLLocationCoordinate2D, farRight: _LocationEssentials.CLLocationCoordinate2D, nearRight: _LocationEssentials.CLLocationCoordinate2D)
^~~~~~~~~~~~~~~~~~~
/Users/admin/builder/spi-builder-workspace/.derivedData/Build/Products/Debug-iphoneos/MapsIndoors.framework/Modules/MapsIndoors.swiftmodule/arm64-apple-ios.private.swiftinterface:792:147: error: cannot find type '_LocationEssentials' in scope
@objc required public init(nearLeft: _LocationEssentials.CLLocationCoordinate2D, farLeft: _LocationEssentials.CLLocationCoordinate2D, farRight: _LocationEssentials.CLLocationCoordinate2D, nearRight: _LocationEssentials.CLLocationCoordinate2D)
^~~~~~~~~~~~~~~~~~~
/Users/admin/builder/spi-builder-workspace/.derivedData/Build/Products/Debug-iphoneos/MapsIndoors.framework/Modules/MapsIndoors.swiftmodule/arm64-apple-ios.private.swiftinterface:792:202: error: cannot find type '_LocationEssentials' in scope
@objc required public init(nearLeft: _LocationEssentials.CLLocationCoordinate2D, farLeft: _LocationEssentials.CLLocationCoordinate2D, farRight: _LocationEssentials.CLLocationCoordinate2D, nearRight: _LocationEssentials.CLLocationCoordinate2D)
^~~~~~~~~~~~~~~~~~~
/Users/admin/builder/spi-builder-workspace/.derivedData/Build/Products/Debug-iphoneos/MapsIndoors.framework/Modules/MapsIndoors.swiftmodule/arm64-apple-ios.private.swiftinterface:812:39: error: cannot find type '_LocationEssentials' in scope
@objc required public init(points: [_LocationEssentials.CLLocationCoordinate2D])
^~~~~~~~~~~~~~~~~~~
/Users/admin/builder/spi-builder-workspace/.derivedData/Build/Products/Debug-iphoneos/MapsIndoors.framework/Modules/MapsIndoors.swiftmodule/arm64-apple-ios.private.swiftinterface:822:29: error: cannot find type '_LocationEssentials' in scope
@objc public var points: [_LocationEssentials.CLLocationCoordinate2D] {
^~~~~~~~~~~~~~~~~~~
/Users/admin/builder/spi-builder-workspace/.derivedData/Build/Products/Debug-iphoneos/MapsIndoors.framework/Modules/MapsIndoors.swiftmodule/arm64-apple-ios.private.swiftinterface:825:35: error: cannot find type '_LocationEssentials' in scope
@objc public func append(point: _LocationEssentials.CLLocationCoordinate2D)
^~~~~~~~~~~~~~~~~~~
/Users/admin/builder/spi-builder-workspace/.derivedData/Build/Products/Debug-iphoneos/MapsIndoors.framework/Modules/MapsIndoors.swiftmodule/arm64-apple-ios.private.swiftinterface:836:39: error: cannot find type '_LocationEssentials' in scope
@objc required public init(points: [_LocationEssentials.CLLocationCoordinate2D])
^~~~~~~~~~~~~~~~~~~
/Users/admin/builder/spi-builder-workspace/.derivedData/Build/Products/Debug-iphoneos/MapsIndoors.framework/Modules/MapsIndoors.swiftmodule/arm64-apple-ios.private.swiftinterface:846:29: error: cannot find type '_LocationEssentials' in scope
@objc public var points: [_LocationEssentials.CLLocationCoordinate2D] {
^~~~~~~~~~~~~~~~~~~
/Users/admin/builder/spi-builder-workspace/.derivedData/Build/Products/Debug-iphoneos/MapsIndoors.framework/Modules/MapsIndoors.swiftmodule/arm64-apple-ios.private.swiftinterface:847:6: error: '@objc' getter for non-'@objc' property
@objc get
~^~~~~
/Users/admin/builder/spi-builder-workspace/.derivedData/Build/Products/Debug-iphoneos/MapsIndoors.framework/Modules/MapsIndoors.swiftmodule/arm64-apple-ios.private.swiftinterface:849:35: error: cannot find type '_LocationEssentials' in scope
@objc public func append(point: _LocationEssentials.CLLocationCoordinate2D)
^~~~~~~~~~~~~~~~~~~
/Users/admin/builder/spi-builder-workspace/.derivedData/Build/Products/Debug-iphoneos/MapsIndoors.framework/Modules/MapsIndoors.swiftmodule/arm64-apple-ios.private.swiftinterface:980:22: error: cannot find type '_LocationEssentials' in scope
@objc var bearing: _LocationEssentials.CLLocationDirection { get }
^~~~~~~~~~~~~~~~~~~
/Users/admin/builder/spi-builder-workspace/.derivedData/Build/Products/Debug-iphoneos/MapsIndoors.framework/Modules/MapsIndoors.swiftmodule/arm64-apple-ios.private.swiftinterface:981:21: error: cannot find type '_LocationEssentials' in scope
@objc var target: _LocationEssentials.CLLocationCoordinate2D { get }
^~~~~~~~~~~~~~~~~~~
/Users/admin/builder/spi-builder-workspace/.derivedData/Build/Products/Debug-iphoneos/MapsIndoors.framework/Modules/MapsIndoors.swiftmodule/arm64-apple-ios.private.swiftinterface:984:29: error: cannot find type '_LocationEssentials' in scope
@objc func camera(target: _LocationEssentials.CLLocationCoordinate2D, zoom: Swift.Float) -> (any MapsIndoors.MPCameraPosition)?
^~~~~~~~~~~~~~~~~~~
/Users/admin/builder/spi-builder-workspace/.derivedData/Build/Products/Debug-iphoneos/MapsIndoors.framework/Modules/MapsIndoors.swiftmodule/arm64-apple-ios.private.swiftinterface:1931:32: error: cannot find type '_LocationEssentials' in scope
@objc public var coordinate: _LocationEssentials.CLLocationCoordinate2D
^~~~~~~~~~~~~~~~~~~
/Users/admin/builder/spi-builder-workspace/.derivedData/Build/Products/Debug-iphoneos/MapsIndoors.framework/Modules/MapsIndoors.swiftmodule/arm64-apple-ios.private.swiftinterface:1932:30: error: cannot find type '_LocationEssentials' in scope
@objc public var distance: _LocationEssentials.CLLocationDistance
^~~~~~~~~~~~~~~~~~~
/Users/admin/builder/spi-builder-workspace/.derivedData/Build/Products/Debug-iphoneos/MapsIndoors.framework/Modules/MapsIndoors.swiftmodule/arm64-apple-ios.private.swiftinterface:1946:47: error: cannot find type '_LocationEssentials' in scope
@objc func containsCoordinate(_ coordinate: _LocationEssentials.CLLocationCoordinate2D) -> Swift.Bool
^~~~~~~~~~~~~~~~~~~
/Users/admin/builder/spi-builder-workspace/.derivedData/Build/Products/Debug-iphoneos/MapsIndoors.framework/Modules/MapsIndoors.swiftmodule/arm64-apple-ios.private.swiftinterface:1947:47: error: cannot find type '_LocationEssentials' in scope
@objc func containsCoordinate(_ coordinate: _LocationEssentials.CLLocationCoordinate2D, ignorePolygonHoles: Swift.Bool) -> Swift.Bool
^~~~~~~~~~~~~~~~~~~
/Users/admin/builder/spi-builder-workspace/.derivedData/Build/Products/Debug-iphoneos/MapsIndoors.framework/Modules/MapsIndoors.swiftmodule/arm64-apple-ios.private.swiftinterface:1948:47: error: cannot find type '_LocationEssentials' in scope
@objc func containsCoordinate(_ coordinate: _LocationEssentials.CLLocationCoordinate2D, ignorePolygonHoles: Swift.Bool, containmentMetadata: MapsIndoors.MPGeometryContainmentMetadata?) -> Swift.Bool
^~~~~~~~~~~~~~~~~~~
/Users/admin/builder/spi-builder-workspace/.derivedData/Build/Products/Debug-iphoneos/MapsIndoors.framework/Modules/MapsIndoors.swiftmodule/arm64-apple-ios.private.swiftinterface:1949:53: error: cannot find type '_LocationEssentials' in scope
@objc func containsLineSegmentFromCoordinate(_ u: _LocationEssentials.CLLocationCoordinate2D, toCoordinate v: _LocationEssentials.CLLocationCoordinate2D) -> Swift.Bool
^~~~~~~~~~~~~~~~~~~
/Users/admin/builder/spi-builder-workspace/.derivedData/Build/Products/Debug-iphoneos/MapsIndoors.framework/Modules/MapsIndoors.swiftmodule/arm64-apple-ios.private.swiftinterface:1949:113: error: cannot find type '_LocationEssentials' in scope
@objc func containsLineSegmentFromCoordinate(_ u: _LocationEssentials.CLLocationCoordinate2D, toCoordinate v: _LocationEssentials.CLLocationCoordinate2D) -> Swift.Bool
^~~~~~~~~~~~~~~~~~~
/Users/admin/builder/spi-builder-workspace/.derivedData/Build/Products/Debug-iphoneos/MapsIndoors.framework/Modules/MapsIndoors.swiftmodule/arm64-apple-ios.private.swiftinterface:1950:102: error: cannot find type '_LocationEssentials' in scope
@objc(squaredDistanceToClosestEdgeWithCoordinate:) func squaredDistanceToClosestEdge(_ coordinate: _LocationEssentials.CLLocationCoordinate2D) -> Swift.Double
^~~~~~~~~~~~~~~~~~~
/Users/admin/builder/spi-builder-workspace/.derivedData/Build/Products/Debug-iphoneos/MapsIndoors.framework/Modules/MapsIndoors.swiftmodule/arm64-apple-ios.private.swiftinterface:1954:55: error: cannot find type '_LocationEssentials' in scope
public static func computeBoundingBox(coordinates: [_LocationEssentials.CLLocationCoordinate2D]) -> MapsIndoors.MPGeoBounds
^~~~~~~~~~~~~~~~~~~
/Users/admin/builder/spi-builder-workspace/.derivedData/Build/Products/Debug-iphoneos/MapsIndoors.framework/Modules/MapsIndoors.swiftmodule/arm64-apple-ios.private.swiftinterface:1959:55: error: cannot find type '_LocationEssentials' in scope
@objc public static func bearingBetweenPoints(from: _LocationEssentials.CLLocationCoordinate2D, to: _LocationEssentials.CLLocationCoordinate2D) -> Swift.Double
^~~~~~~~~~~~~~~~~~~
/Users/admin/builder/spi-builder-workspace/.derivedData/Build/Products/Debug-iphoneos/MapsIndoors.framework/Modules/MapsIndoors.swiftmodule/arm64-apple-ios.private.swiftinterface:1959:103: error: cannot find type '_LocationEssentials' in scope
@objc public static func bearingBetweenPoints(from: _LocationEssentials.CLLocationCoordinate2D, to: _LocationEssentials.CLLocationCoordinate2D) -> Swift.Double
^~~~~~~~~~~~~~~~~~~
/Users/admin/builder/spi-builder-workspace/.derivedData/Build/Products/Debug-iphoneos/MapsIndoors.framework/Modules/MapsIndoors.swiftmodule/arm64-apple-ios.private.swiftinterface:1961:49: error: cannot find type '_LocationEssentials' in scope
public static func distancePointToLine(point: _LocationEssentials.CLLocationCoordinate2D, lineStart: _LocationEssentials.CLLocationCoordinate2D, lineEnd: _LocationEssentials.CLLocationCoordinate2D) -> Swift.Double
^~~~~~~~~~~~~~~~~~~
/Users/admin/builder/spi-builder-workspace/.derivedData/Build/Products/Debug-iphoneos/MapsIndoors.framework/Modules/MapsIndoors.swiftmodule/arm64-apple-ios.private.swiftinterface:1961:104: error: cannot find type '_LocationEssentials' in scope
public static func distancePointToLine(point: _LocationEssentials.CLLocationCoordinate2D, lineStart: _LocationEssentials.CLLocationCoordinate2D, lineEnd: _LocationEssentials.CLLocationCoordinate2D) -> Swift.Double
^~~~~~~~~~~~~~~~~~~
/Users/admin/builder/spi-builder-workspace/.derivedData/Build/Products/Debug-iphoneos/MapsIndoors.framework/Modules/MapsIndoors.swiftmodule/arm64-apple-ios.private.swiftinterface:1961:157: error: cannot find type '_LocationEssentials' in scope
public static func distancePointToLine(point: _LocationEssentials.CLLocationCoordinate2D, lineStart: _LocationEssentials.CLLocationCoordinate2D, lineEnd: _LocationEssentials.CLLocationCoordinate2D) -> Swift.Double
^~~~~~~~~~~~~~~~~~~
/Users/admin/builder/spi-builder-workspace/.derivedData/Build/Products/Debug-iphoneos/MapsIndoors.framework/Modules/MapsIndoors.swiftmodule/arm64-apple-ios.private.swiftinterface:1962:45: error: cannot find type '_LocationEssentials' in scope
public static func distanceLineToLine(a1: _LocationEssentials.CLLocationCoordinate2D, a2: _LocationEssentials.CLLocationCoordinate2D, b1: _LocationEssentials.CLLocationCoordinate2D, b2: _LocationEssentials.CLLocationCoordinate2D) -> Swift.Double
^~~~~~~~~~~~~~~~~~~
/Users/admin/builder/spi-builder-workspace/.derivedData/Build/Products/Debug-iphoneos/MapsIndoors.framework/Modules/MapsIndoors.swiftmodule/arm64-apple-ios.private.swiftinterface:1962:93: error: cannot find type '_LocationEssentials' in scope
public static func distanceLineToLine(a1: _LocationEssentials.CLLocationCoordinate2D, a2: _LocationEssentials.CLLocationCoordinate2D, b1: _LocationEssentials.CLLocationCoordinate2D, b2: _LocationEssentials.CLLocationCoordinate2D) -> Swift.Double
^~~~~~~~~~~~~~~~~~~
/Users/admin/builder/spi-builder-workspace/.derivedData/Build/Products/Debug-iphoneos/MapsIndoors.framework/Modules/MapsIndoors.swiftmodule/arm64-apple-ios.private.swiftinterface:1962:141: error: cannot find type '_LocationEssentials' in scope
public static func distanceLineToLine(a1: _LocationEssentials.CLLocationCoordinate2D, a2: _LocationEssentials.CLLocationCoordinate2D, b1: _LocationEssentials.CLLocationCoordinate2D, b2: _LocationEssentials.CLLocationCoordinate2D) -> Swift.Double
^~~~~~~~~~~~~~~~~~~
/Users/admin/builder/spi-builder-workspace/.derivedData/Build/Products/Debug-iphoneos/MapsIndoors.framework/Modules/MapsIndoors.swiftmodule/arm64-apple-ios.private.swiftinterface:1962:189: error: cannot find type '_LocationEssentials' in scope
public static func distanceLineToLine(a1: _LocationEssentials.CLLocationCoordinate2D, a2: _LocationEssentials.CLLocationCoordinate2D, b1: _LocationEssentials.CLLocationCoordinate2D, b2: _LocationEssentials.CLLocationCoordinate2D) -> Swift.Double
^~~~~~~~~~~~~~~~~~~
/Users/admin/builder/spi-builder-workspace/.derivedData/Build/Products/Debug-iphoneos/MapsIndoors.framework/Modules/MapsIndoors.swiftmodule/arm64-apple-ios.private.swiftinterface:1963:216: error: cannot find type '_LocationEssentials' in scope
@objc public static func closestPointOnLineSegment(point: _LocationEssentials.CLLocationCoordinate2D, lineStart: _LocationEssentials.CLLocationCoordinate2D, lineEnd: _LocationEssentials.CLLocationCoordinate2D) -> _LocationEssentials.CLLocationCoordinate2D
^~~~~~~~~~~~~~~~~~~
/Users/admin/builder/spi-builder-workspace/.derivedData/Build/Products/Debug-iphoneos/MapsIndoors.framework/Modules/MapsIndoors.swiftmodule/arm64-apple-ios.private.swiftinterface:1963:61: error: cannot find type '_LocationEssentials' in scope
@objc public static func closestPointOnLineSegment(point: _LocationEssentials.CLLocationCoordinate2D, lineStart: _LocationEssentials.CLLocationCoordinate2D, lineEnd: _LocationEssentials.CLLocationCoordinate2D) -> _LocationEssentials.CLLocationCoordinate2D
^~~~~~~~~~~~~~~~~~~
/Users/admin/builder/spi-builder-workspace/.derivedData/Build/Products/Debug-iphoneos/MapsIndoors.framework/Modules/MapsIndoors.swiftmodule/arm64-apple-ios.private.swiftinterface:1963:116: error: cannot find type '_LocationEssentials' in scope
@objc public static func closestPointOnLineSegment(point: _LocationEssentials.CLLocationCoordinate2D, lineStart: _LocationEssentials.CLLocationCoordinate2D, lineEnd: _LocationEssentials.CLLocationCoordinate2D) -> _LocationEssentials.CLLocationCoordinate2D
^~~~~~~~~~~~~~~~~~~
/Users/admin/builder/spi-builder-workspace/.derivedData/Build/Products/Debug-iphoneos/MapsIndoors.framework/Modules/MapsIndoors.swiftmodule/arm64-apple-ios.private.swiftinterface:1963:169: error: cannot find type '_LocationEssentials' in scope
@objc public static func closestPointOnLineSegment(point: _LocationEssentials.CLLocationCoordinate2D, lineStart: _LocationEssentials.CLLocationCoordinate2D, lineEnd: _LocationEssentials.CLLocationCoordinate2D) -> _LocationEssentials.CLLocationCoordinate2D
^~~~~~~~~~~~~~~~~~~
/Users/admin/builder/spi-builder-workspace/.derivedData/Build/Products/Debug-iphoneos/MapsIndoors.framework/Modules/MapsIndoors.swiftmodule/arm64-apple-ios.private.swiftinterface:1964:208: error: cannot find type '_LocationEssentials' in scope
public static func coordinateInQuadCurve(p0: _LocationEssentials.CLLocationCoordinate2D, p1: _LocationEssentials.CLLocationCoordinate2D, p2: _LocationEssentials.CLLocationCoordinate2D, t: Swift.Double) -> _LocationEssentials.CLLocationCoordinate2D
^~~~~~~~~~~~~~~~~~~
/Users/admin/builder/spi-builder-workspace/.derivedData/Build/Products/Debug-iphoneos/MapsIndoors.framework/Modules/MapsIndoors.swiftmodule/arm64-apple-ios.private.swiftinterface:1964:48: error: cannot find type '_LocationEssentials' in scope
public static func coordinateInQuadCurve(p0: _LocationEssentials.CLLocationCoordinate2D, p1: _LocationEssentials.CLLocationCoordinate2D, p2: _LocationEssentials.CLLocationCoordinate2D, t: Swift.Double) -> _LocationEssentials.CLLocationCoordinate2D
^~~~~~~~~~~~~~~~~~~
/Users/admin/builder/spi-builder-workspace/.derivedData/Build/Products/Debug-iphoneos/MapsIndoors.framework/Modules/MapsIndoors.swiftmodule/arm64-apple-ios.private.swiftinterface:1964:96: error: cannot find type '_LocationEssentials' in scope
public static func coordinateInQuadCurve(p0: _LocationEssentials.CLLocationCoordinate2D, p1: _LocationEssentials.CLLocationCoordinate2D, p2: _LocationEssentials.CLLocationCoordinate2D, t: Swift.Double) -> _LocationEssentials.CLLocationCoordinate2D
^~~~~~~~~~~~~~~~~~~
/Users/admin/builder/spi-builder-workspace/.derivedData/Build/Products/Debug-iphoneos/MapsIndoors.framework/Modules/MapsIndoors.swiftmodule/arm64-apple-ios.private.swiftinterface:1964:144: error: cannot find type '_LocationEssentials' in scope
public static func coordinateInQuadCurve(p0: _LocationEssentials.CLLocationCoordinate2D, p1: _LocationEssentials.CLLocationCoordinate2D, p2: _LocationEssentials.CLLocationCoordinate2D, t: Swift.Double) -> _LocationEssentials.CLLocationCoordinate2D
^~~~~~~~~~~~~~~~~~~
/Users/admin/builder/spi-builder-workspace/.derivedData/Build/Products/Debug-iphoneos/MapsIndoors.framework/Modules/MapsIndoors.swiftmodule/arm64-apple-ios.private.swiftinterface:1965:165: error: cannot find type '_LocationEssentials' in scope
@objc public static func interpolate(from: _LocationEssentials.CLLocationCoordinate2D, to: _LocationEssentials.CLLocationCoordinate2D, fraction: Swift.Double) -> _LocationEssentials.CLLocationCoordinate2D
^~~~~~~~~~~~~~~~~~~
/Users/admin/builder/spi-builder-workspace/.derivedData/Build/Products/Debug-iphoneos/MapsIndoors.framework/Modules/MapsIndoors.swiftmodule/arm64-apple-ios.private.swiftinterface:1965:46: error: cannot find type '_LocationEssentials' in scope
@objc public static func interpolate(from: _LocationEssentials.CLLocationCoordinate2D, to: _LocationEssentials.CLLocationCoordinate2D, fraction: Swift.Double) -> _LocationEssentials.CLLocationCoordinate2D
^~~~~~~~~~~~~~~~~~~
/Users/admin/builder/spi-builder-workspace/.derivedData/Build/Products/Debug-iphoneos/MapsIndoors.framework/Modules/MapsIndoors.swiftmodule/arm64-apple-ios.private.swiftinterface:1965:94: error: cannot find type '_LocationEssentials' in scope
@objc public static func interpolate(from: _LocationEssentials.CLLocationCoordinate2D, to: _LocationEssentials.CLLocationCoordinate2D, fraction: Swift.Double) -> _LocationEssentials.CLLocationCoordinate2D
^~~~~~~~~~~~~~~~~~~
/Users/admin/builder/spi-builder-workspace/.derivedData/Build/Products/Debug-iphoneos/MapsIndoors.framework/Modules/MapsIndoors.swiftmodule/arm64-apple-ios.private.swiftinterface:1966:129: error: cannot find type '_LocationEssentials' in scope
public static func computeOffset(from: _LocationEssentials.CLLocationCoordinate2D, dist: Swift.Double, head: Swift.Double) -> _LocationEssentials.CLLocationCoordinate2D
^~~~~~~~~~~~~~~~~~~
/Users/admin/builder/spi-builder-workspace/.derivedData/Build/Products/Debug-iphoneos/MapsIndoors.framework/Modules/MapsIndoors.swiftmodule/arm64-apple-ios.private.swiftinterface:1966:42: error: cannot find type '_LocationEssentials' in scope
public static func computeOffset(from: _LocationEssentials.CLLocationCoordinate2D, dist: Swift.Double, head: Swift.Double) -> _LocationEssentials.CLLocationCoordinate2D
^~~~~~~~~~~~~~~~~~~
/Users/admin/builder/spi-builder-workspace/.derivedData/Build/Products/Debug-iphoneos/MapsIndoors.framework/Modules/MapsIndoors.swiftmodule/arm64-apple-ios.private.swiftinterface:2102:23: error: cannot find type '_LocationEssentials' in scope
@objc var position: _LocationEssentials.CLLocationCoordinate2D { get set }
^~~~~~~~~~~~~~~~~~~
/Users/admin/builder/spi-builder-workspace/.derivedData/Build/Products/Debug-iphoneos/MapsIndoors.framework/Modules/MapsIndoors.swiftmodule/arm64-apple-ios.private.swiftinterface:2252:54: error: cannot find type '_LocationEssentials' in scope
@objc public func containsCoordinate(_ coordinate: _LocationEssentials.CLLocationCoordinate2D) -> Swift.Bool
^~~~~~~~~~~~~~~~~~~
/Users/admin/builder/spi-builder-workspace/.derivedData/Build/Products/Debug-iphoneos/MapsIndoors.framework/Modules/MapsIndoors.swiftmodule/arm64-apple-ios.private.swiftinterface:2253:54: error: cannot find type '_LocationEssentials' in scope
@objc public func containsCoordinate(_ coordinate: _LocationEssentials.CLLocationCoordinate2D, ignorePolygonHoles: Swift.Bool) -> Swift.Bool
^~~~~~~~~~~~~~~~~~~
/Users/admin/builder/spi-builder-workspace/.derivedData/Build/Products/Debug-iphoneos/MapsIndoors.framework/Modules/MapsIndoors.swiftmodule/arm64-apple-ios.private.swiftinterface:2254:54: error: cannot find type '_LocationEssentials' in scope
@objc public func containsCoordinate(_ coordinate: _LocationEssentials.CLLocationCoordinate2D, ignorePolygonHoles: Swift.Bool, containmentMetadata: MapsIndoors.MPGeometryContainmentMetadata?) -> Swift.Bool
^~~~~~~~~~~~~~~~~~~
/Users/admin/builder/spi-builder-workspace/.derivedData/Build/Products/Debug-iphoneos/MapsIndoors.framework/Modules/MapsIndoors.swiftmodule/arm64-apple-ios.private.swiftinterface:2255:60: error: cannot find type '_LocationEssentials' in scope
@objc public func containsLineSegmentFromCoordinate(_ u: _LocationEssentials.CLLocationCoordinate2D, toCoordinate v: _LocationEssentials.CLLocationCoordinate2D) -> Swift.Bool
^~~~~~~~~~~~~~~~~~~
/Users/admin/builder/spi-builder-workspace/.derivedData/Build/Products/Debug-iphoneos/MapsIndoors.framework/Modules/MapsIndoors.swiftmodule/arm64-apple-ios.private.swiftinterface:2255:120: error: cannot find type '_LocationEssentials' in scope
@objc public func containsLineSegmentFromCoordinate(_ u: _LocationEssentials.CLLocationCoordinate2D, toCoordinate v: _LocationEssentials.CLLocationCoordinate2D) -> Swift.Bool
^~~~~~~~~~~~~~~~~~~
/Users/admin/builder/spi-builder-workspace/.derivedData/Build/Products/Debug-iphoneos/MapsIndoors.framework/Modules/MapsIndoors.swiftmodule/arm64-apple-ios.private.swiftinterface:2256:64: error: cannot find type '_LocationEssentials' in scope
@objc public func squaredDistanceToClosestEdge(_ coordinate: _LocationEssentials.CLLocationCoordinate2D) -> Swift.Double
^~~~~~~~~~~~~~~~~~~
/Users/admin/builder/spi-builder-workspace/.derivedData/Build/Products/Debug-iphoneos/MapsIndoors.framework/Modules/MapsIndoors.swiftmodule/arm64-apple-ios.private.swiftinterface:2275:32: error: cannot find type '_LocationEssentials' in scope
@objc public var coordinate: _LocationEssentials.CLLocationCoordinate2D {
^~~~~~~~~~~~~~~~~~~
/Users/admin/builder/spi-builder-workspace/.derivedData/Build/Products/Debug-iphoneos/MapsIndoors.framework/Modules/MapsIndoors.swiftmodule/arm64-apple-ios.private.swiftinterface:2276:6: error: '@objc' getter for non-'@objc' property
@objc get
~^~~~~
/Users/admin/builder/spi-builder-workspace/.derivedData/Build/Products/Debug-iphoneos/MapsIndoors.framework/Modules/MapsIndoors.swiftmodule/arm64-apple-ios.private.swiftinterface:2297:54: error: cannot find type '_LocationEssentials' in scope
@objc required convenience public init(coordinate: _LocationEssentials.CLLocationCoordinate2D)
^~~~~~~~~~~~~~~~~~~
/Users/admin/builder/spi-builder-workspace/.derivedData/Build/Products/Debug-iphoneos/MapsIndoors.framework/Modules/MapsIndoors.swiftmodule/arm64-apple-ios.private.swiftinterface:2326:54: error: cannot find type '_LocationEssentials' in scope
@objc public func containsCoordinate(_ coordinate: _LocationEssentials.CLLocationCoordinate2D) -> Swift.Bool
^~~~~~~~~~~~~~~~~~~
/Users/admin/builder/spi-builder-workspace/.derivedData/Build/Products/Debug-iphoneos/MapsIndoors.framework/Modules/MapsIndoors.swiftmodule/arm64-apple-ios.private.swiftinterface:2327:54: error: cannot find type '_LocationEssentials' in scope
@objc public func containsCoordinate(_ coordinate: _LocationEssentials.CLLocationCoordinate2D, ignorePolygonHoles: Swift.Bool) -> Swift.Bool
^~~~~~~~~~~~~~~~~~~
/Users/admin/builder/spi-builder-workspace/.derivedData/Build/Products/Debug-iphoneos/MapsIndoors.framework/Modules/MapsIndoors.swiftmodule/arm64-apple-ios.private.swiftinterface:2328:54: error: cannot find type '_LocationEssentials' in scope
@objc public func containsCoordinate(_ coordinate: _LocationEssentials.CLLocationCoordinate2D, ignorePolygonHoles: Swift.Bool, containmentMetadata: MapsIndoors.MPGeometryContainmentMetadata?) -> Swift.Bool
^~~~~~~~~~~~~~~~~~~
/Users/admin/builder/spi-builder-workspace/.derivedData/Build/Products/Debug-iphoneos/MapsIndoors.framework/Modules/MapsIndoors.swiftmodule/arm64-apple-ios.private.swiftinterface:2329:60: error: cannot find type '_LocationEssentials' in scope
@objc public func containsLineSegmentFromCoordinate(_ u: _LocationEssentials.CLLocationCoordinate2D, toCoordinate v: _LocationEssentials.CLLocationCoordinate2D) -> Swift.Bool
^~~~~~~~~~~~~~~~~~~
/Users/admin/builder/spi-builder-workspace/.derivedData/Build/Products/Debug-iphoneos/MapsIndoors.framework/Modules/MapsIndoors.swiftmodule/arm64-apple-ios.private.swiftinterface:2329:120: error: cannot find type '_LocationEssentials' in scope
@objc public func containsLineSegmentFromCoordinate(_ u: _LocationEssentials.CLLocationCoordinate2D, toCoordinate v: _LocationEssentials.CLLocationCoordinate2D) -> Swift.Bool
^~~~~~~~~~~~~~~~~~~
/Users/admin/builder/spi-builder-workspace/.derivedData/Build/Products/Debug-iphoneos/MapsIndoors.framework/Modules/MapsIndoors.swiftmodule/arm64-apple-ios.private.swiftinterface:2333:109: error: cannot find type '_LocationEssentials' in scope
@objc(squaredDistanceToClosestEdgeWithCoordinate:) public func squaredDistanceToClosestEdge(_ coordinate: _LocationEssentials.CLLocationCoordinate2D) -> Swift.Double
^~~~~~~~~~~~~~~~~~~
/Users/admin/builder/spi-builder-workspace/.derivedData/Build/Products/Debug-iphoneos/MapsIndoors.framework/Modules/MapsIndoors.swiftmodule/arm64-apple-ios.private.swiftinterface:2346:42: error: cannot find type '_LocationEssentials' in scope
@objc required public init(coordinate: _LocationEssentials.CLLocationCoordinate2D, floorIndex: Swift.Int = 0, accuracy: Swift.Double = 0, bearing: Swift.Double = 0)
^~~~~~~~~~~~~~~~~~~
/Users/admin/builder/spi-builder-workspace/.derivedData/Build/Products/Debug-iphoneos/MapsIndoors.framework/Modules/MapsIndoors.swiftmodule/arm64-apple-ios.private.swiftinterface:2349:32: error: cannot find type '_LocationEssentials' in scope
@objc public var coordinate: _LocationEssentials.CLLocationCoordinate2D
^~~~~~~~~~~~~~~~~~~
/Users/admin/builder/spi-builder-workspace/.dependencies/checkouts/mapsindoors-core-ios/Sources/MapsIndoorsCoreWrapper/MPEmpty.swift:9:8: error: failed to build module 'MapsIndoors'; this SDK is not supported by the compiler (the SDK is built with 'Apple Swift version 6.3.3 (swiftlang-6.3.3.1.3 clang-2100.1.1.101)', while this compiler is 'Apple Swift version 6.1 (swiftlang-6.1.0.110.21 clang-1700.0.13.3)'). Please select a toolchain which matches the SDK.
import MapsIndoors
^
<module-includes>:1:9: note: in file included from <module-includes>:1:
#import "Headers/MapsIndoors-Swift.h"
^
Failed frontend command:
/Applications/Xcode-16.3.0.app/Contents/Developer/Toolchains/XcodeDefault.xctoolchain/usr/bin/swift-frontend -frontend -emit-module -experimental-skip-non-inlinable-function-bodies-without-types /Users/admin/builder/spi-builder-workspace/.dependencies/checkouts/mapsindoors-core-ios/Sources/MapsIndoorsCoreWrapper/MPEmpty.swift -target arm64-apple-ios16.0 -Xllvm -aarch64-use-tbi -enable-objc-interop -stack-check -sdk /Applications/Xcode-16.3.0.app/Contents/Developer/Platforms/iPhoneOS.platform/Developer/SDKs/iPhoneOS18.4.sdk -I /Users/admin/builder/spi-builder-workspace/.derivedData/Build/Products/Debug-iphoneos -I /Applications/Xcode-16.3.0.app/Contents/Developer/Platforms/iPhoneOS.platform/Developer/usr/lib -F /Users/admin/builder/spi-builder-workspace/.derivedData/Build/Products/Debug-iphoneos -F /Applications/Xcode-16.3.0.app/Contents/Developer/Platforms/iPhoneOS.platform/Developer/Library/Frameworks -F /Applications/Xcode-16.3.0.app/Contents/Developer/Platforms/iPhoneOS.platform/Developer/SDKs/iPhoneOS18.4.sdk/Developer/Library/Frameworks -no-color-diagnostics -enable-testing -g -debug-info-format\=dwarf -dwarf-version\=4 -module-cache-path /Users/admin/builder/spi-builder-workspace/.derivedData/ModuleCache.noindex -suppress-warnings -swift-version 5 -enforce-exclusivity\=checked -Onone -D SWIFT_PACKAGE -D DEBUG -D Xcode -serialize-debugging-options -const-gather-protocols-file /Users/admin/builder/spi-builder-workspace/.derivedData/Build/Intermediates.noindex/MapsIndoorsCore.build/Debug-iphoneos/MapsIndoorsCoreWrapper.build/Objects-normal/arm64/MapsIndoorsCoreWrapper_const_extract_protocols.json -enable-experimental-feature DebugDescriptionMacro -empty-abi-descriptor -plugin-path /Applications/Xcode-16.3.0.app/Contents/Developer/Toolchains/XcodeDefault.xctoolchain/usr/lib/swift/host/plugins/testing -validate-clang-modules-once -clang-build-session-file /Users/admin/builder/spi-builder-workspace/.derivedData/ModuleCache.noindex/Session.modulevalidation -Xcc -working-directory -Xcc /Users/admin/builder/spi-builder-workspace/.swiftpm/xcode -resource-dir /Applications/Xcode-16.3.0.app/Contents/Developer/Toolchains/XcodeDefault.xctoolchain/usr/lib/swift -enable-anonymous-context-mangled-names -file-compilation-dir /Users/admin/builder/spi-builder-workspace/.swiftpm/xcode -Xcc -ivfsstatcache -Xcc /Users/admin/builder/spi-builder-workspace/.derivedData/SDKStatCaches.noindex/iphoneos18.4-22E235-339d34bc69d7fc736c3220795c36f340.sdkstatcache -Xcc -I/Users/admin/builder/spi-builder-workspace/.derivedData/Build/Intermediates.noindex/MapsIndoorsCore.build/Debug-iphoneos/MapsIndoorsCoreWrapper.build/swift-overrides.hmap -Xcc -I/Users/admin/builder/spi-builder-workspace/.derivedData/Build/Products/Debug-iphoneos/include -Xcc -I/Users/admin/builder/spi-builder-workspace/.derivedData/Build/Intermediates.noindex/MapsIndoorsCore.build/Debug-iphoneos/MapsIndoorsCoreWrapper.build/DerivedSources-normal/arm64 -Xcc -I/Users/admin/builder/spi-builder-workspace/.derivedData/Build/Intermediates.noindex/MapsIndoorsCore.build/Debug-iphoneos/MapsIndoorsCoreWrapper.build/DerivedSources/arm64 -Xcc -I/Users/admin/builder/spi-builder-workspace/.derivedData/Build/Intermediates.noindex/MapsIndoorsCore.build/Debug-iphoneos/MapsIndoorsCoreWrapper.build/DerivedSources -Xcc -DSWIFT_PACKAGE -Xcc -DDEBUG\=1 -module-name MapsIndoorsCoreWrapper -package-name mapsindoors_core_ios -frontend-parseable-output -disable-clang-spi -target-sdk-version 18.4 -target-sdk-name iphoneos18.4 -external-plugin-path /Applications/Xcode-16.3.0.app/Contents/Developer/Platforms/iPhoneOS.platform/Developer/usr/lib/swift/host/plugins\#/Applications/Xcode-16.3.0.app/Contents/Developer/Platforms/iPhoneOS.platform/Developer/usr/bin/swift-plugin-server -external-plugin-path /Applications/Xcode-16.3.0.app/Contents/Developer/Platforms/iPhoneOS.platform/Developer/usr/local/lib/swift/host/plugins\#/Applications/Xcode-16.3.0.app/Contents/Developer/Platforms/iPhoneOS.platform/Developer/usr/bin/swift-plugin-server -in-process-plugin-server-path /Applications/Xcode-16.3.0.app/Contents/Developer/Toolchains/XcodeDefault.xctoolchain/usr/lib/swift/host/libSwiftInProcPluginServer.dylib -plugin-path /Applications/Xcode-16.3.0.app/Contents/Developer/Toolchains/XcodeDefault.xctoolchain/usr/lib/swift/host/plugins -plugin-path /Applications/Xcode-16.3.0.app/Contents/Developer/Toolchains/XcodeDefault.xctoolchain/usr/local/lib/swift/host/plugins -emit-module-doc-path /Users/admin/builder/spi-builder-workspace/.derivedData/Build/Intermediates.noindex/MapsIndoorsCore.build/Debug-iphoneos/MapsIndoorsCoreWrapper.build/Objects-normal/arm64/MapsIndoorsCoreWrapper.swiftdoc -emit-module-source-info-path /Users/admin/builder/spi-builder-workspace/.derivedData/Build/Intermediates.noindex/MapsIndoorsCore.build/Debug-iphoneos/MapsIndoorsCoreWrapper.build/Objects-normal/arm64/MapsIndoorsCoreWrapper.swiftsourceinfo -emit-objc-header-path /Users/admin/builder/spi-builder-workspace/.derivedData/Build/Intermediates.noindex/MapsIndoorsCore.build/Debug-iphoneos/MapsIndoorsCoreWrapper.build/Objects-normal/arm64/MapsIndoorsCoreWrapper-Swift.h -serialize-diagnostics-path /Users/admin/builder/spi-builder-workspace/.derivedData/Build/Intermediates.noindex/MapsIndoorsCore.build/Debug-iphoneos/MapsIndoorsCoreWrapper.build/Objects-normal/arm64/MapsIndoorsCoreWrapper-master-emit-module.dia -emit-dependencies-path /Users/admin/builder/spi-builder-workspace/.derivedData/Build/Intermediates.noindex/MapsIndoorsCore.build/Debug-iphoneos/MapsIndoorsCoreWrapper.build/Objects-normal/arm64/MapsIndoorsCoreWrapper-master-emit-module.d -parse-as-library -o /Users/admin/builder/spi-builder-workspace/.derivedData/Build/Intermediates.noindex/MapsIndoorsCore.build/Debug-iphoneos/MapsIndoorsCoreWrapper.build/Objects-normal/arm64/MapsIndoorsCoreWrapper.swiftmodule -emit-abi-descriptor-path /Users/admin/builder/spi-builder-workspace/.derivedData/Build/Intermediates.noindex/MapsIndoorsCore.build/Debug-iphoneos/MapsIndoorsCoreWrapper.build/Objects-normal/arm64/MapsIndoorsCoreWrapper.abi.json
SwiftCompile normal arm64 Compiling\ MPEmpty.swift /Users/admin/builder/spi-builder-workspace/.dependencies/checkouts/mapsindoors-core-ios/Sources/MapsIndoorsCoreWrapper/MPEmpty.swift (in target 'MapsIndoorsCoreWrapper' from project 'MapsIndoorsCore')
SwiftCompile normal arm64 /Users/admin/builder/spi-builder-workspace/.dependencies/checkouts/mapsindoors-core-ios/Sources/MapsIndoorsCoreWrapper/MPEmpty.swift (in target 'MapsIndoorsCoreWrapper' from project 'MapsIndoorsCore')
cd /Users/admin/builder/spi-builder-workspace/.swiftpm/xcode
** BUILD FAILED **
The following build commands failed:
SwiftCompile normal arm64 /Users/admin/builder/spi-builder-workspace/.dependencies/checkouts/mapsindoors-core-ios/Sources/MapsIndoorsCoreWrapper/MPEmpty.swift (in target 'MapsIndoorsCoreWrapper' from project 'MapsIndoorsCore')
SwiftEmitModule normal arm64 Emitting\ module\ for\ MapsIndoorsCoreWrapper (in target 'MapsIndoorsCoreWrapper' from project 'MapsIndoorsCore')
Building workspace spi-builder-workspace with scheme MapsIndoorsGoogleMaps
(3 failures)
BUILD FAILURE 6.1 iOS