The Swift Package Index logo.Swift Package Index

Track the adoption of Swift 6 strict concurrency checks for data race safety. How many packages are Ready for Swift 6?

Build Information

Failed to build DTFoundation with Swift 5.10 for visionOS using Xcode 15.4 at develop.

Build Command

env DEVELOPER_DIR=/Applications/Xcode-15.3.0-Beta.2.app xcrun xcodebuild -IDEClonedSourcePackagesDirPathOverride=$workDir/.dependencies -skipMacroValidation -skipPackagePluginValidation -derivedDataPath $workDir/.derivedData build -scheme DTFoundation -destination generic/platform=xros

Build Log

========================================
RunAll
========================================
Builder version: 4.29.0
Interrupt handler set up.
========================================
Checkout
========================================
Clone URL: https://github.com/Cocoanetics/DTFoundation.git
Reference: develop
Initialized empty Git repository in /Users/builder/builds/UKfvDsi8u/1/finestructure/swiftpackageindex-builder/spi-builder-workspace/.git/
From https://github.com/Cocoanetics/DTFoundation
 * branch            develop    -> FETCH_HEAD
 * [new branch]      develop    -> origin/develop
HEAD is now at 4ff5967 Xcode 13 upgrade check, fixed warning
Cloned https://github.com/Cocoanetics/DTFoundation.git
Revision (git rev-parse @):
4ff59679e1654e7dc85e931f3279ca280e8d347e
SUCCESS checkout https://github.com/Cocoanetics/DTFoundation.git at develop
========================================
Build
========================================
Selected platform:         visionOS
Swift version:             5.10
Building package at path:  $workDir
https://github.com/Cocoanetics/DTFoundation.git
Command line invocation:
    /Applications/Xcode-15.3.0-Beta.2.app/Contents/Developer/usr/bin/xcodebuild -IDEClonedSourcePackagesDirPathOverride=/Users/builder/builds/UKfvDsi8u/1/finestructure/swiftpackageindex-builder/spi-builder-workspace/.dependencies -resolvePackageDependencies
User defaults from command line:
    IDEClonedSourcePackagesDirPathOverride = /Users/builder/builds/UKfvDsi8u/1/finestructure/swiftpackageindex-builder/spi-builder-workspace/.dependencies
    IDEPackageSupportUseBuiltinSCM = YES
Resolve Package Graph
Resolved source packages:
  DTFoundation: /Users/builder/builds/UKfvDsi8u/1/finestructure/swiftpackageindex-builder/spi-builder-workspace
resolved source packages: DTFoundation
2024-02-15 01:02:26.758 xcodebuild[85301:10017063] Requested but did not find extension point with identifier Xcode.DVTDeviceFoundation.Aspect for extension Xcode.IDEiOSSupportCore.Aspect.NBDD of plug-in com.apple.dt.IDE.IDEiOSSupportCore
2024-02-15 01:02:27.156 xcodebuild[85301:10017063] [MT] DVTPlugInQuery: Requested but did not find extension point with identifier 'Xcode.DVTDeviceFoundation.CompatibleDeviceFamilyPair'. This is programmer error; code should only request extension points that are defined by itself or its dependencies.
{
  "project" : {
    "configurations" : [
      "Debug",
      "Coverage",
      "Release"
    ],
    "name" : "DTFoundation",
    "schemes" : [
      "Documentation",
      "DTActionSheet Demo",
      "DTAnimatedGIF (iOS)",
      "DTAnimatedGIF Demo",
      "DTASN1 (iOS)",
      "DTAWS (iOS)",
      "DTFoundation (iOS)",
      "DTFoundation (OSX)",
      "DTFoundation (tvOS)",
      "DTFoundation-Package",
      "DTHTMLParser (iOS)",
      "DTHTMLParser (Mac)",
      "DTProgressHUD (iOS)",
      "DTProgressHUD Demo",
      "DTReachability (iOS)",
      "DTReachability (Mac)",
      "DTReachability Demo",
      "DTSidePanels Demo",
      "DTSQLite (iOS)",
      "DTSQLite (Mac)",
      "DTUTI (iOS)",
      "DTUTI (Mac)",
      "DTZipArchive (iOS)",
      "DTZipArchive (Mac)",
      "DTZipArchive Demo",
      "Static Library",
      "Static Library (Mac)",
      "Static Library (tvOS)",
      "Unit Tests"
    ],
    "targets" : [
      "Documentation",
      "Static Library",
      "Static Library (tvOS)",
      "Static Library (Mac)",
      "DTAnimatedGIF (iOS)",
      "DTAWS (iOS)",
      "DTASN1 (iOS)",
      "DTHTMLParser (iOS)",
      "DTHTMLParser (Mac)",
      "DTProgressHUD (iOS)",
      "DTReachability (iOS)",
      "DTReachability (Mac)",
      "DTSQLite (iOS)",
      "DTSQLite (Mac)",
      "DTUTI (iOS)",
      "DTUTI (Mac)",
      "DTZipArchive (iOS)",
      "DTZipArchive (Mac)",
      "DTAnimatedGIF Demo",
      "DTProgressHUD Demo",
      "DTReachability Demo",
      "DTSidePanels Demo",
      "DTZipArchive Demo",
      "DTActionSheet Demo",
      "Unit Tests",
      "DTFoundation (iOS)",
      "DTFoundation (OSX)",
      "DTFoundation (tvOS)"
    ]
  }
}
2024-02-15 01:02:27.535 xcodebuild[85409:10017345] Requested but did not find extension point with identifier Xcode.DVTDeviceFoundation.Aspect for extension Xcode.IDEiOSSupportCore.Aspect.NBDD of plug-in com.apple.dt.IDE.IDEiOSSupportCore
2024-02-15 01:02:27.919 xcodebuild[85409:10017345] [MT] DVTPlugInQuery: Requested but did not find extension point with identifier 'Xcode.DVTDeviceFoundation.CompatibleDeviceFamilyPair'. This is programmer error; code should only request extension points that are defined by itself or its dependencies.
{
  "workspace" : {
    "name" : "spi-builder-workspace",
    "schemes" : [
      "DTFoundation"
    ]
  }
}
2024-02-15 01:02:28.269 xcodebuild[85420:10017443] Requested but did not find extension point with identifier Xcode.DVTDeviceFoundation.Aspect for extension Xcode.IDEiOSSupportCore.Aspect.NBDD of plug-in com.apple.dt.IDE.IDEiOSSupportCore
2024-02-15 01:02:28.663 xcodebuild[85420:10017443] [MT] DVTPlugInQuery: Requested but did not find extension point with identifier 'Xcode.DVTDeviceFoundation.CompatibleDeviceFamilyPair'. This is programmer error; code should only request extension points that are defined by itself or its dependencies.
Running build ...
env DEVELOPER_DIR=/Applications/Xcode-15.3.0-Beta.2.app xcrun xcodebuild -IDEClonedSourcePackagesDirPathOverride=$workDir/.dependencies -skipMacroValidation -skipPackagePluginValidation -derivedDataPath $workDir/.derivedData build -scheme DTFoundation -destination generic/platform=xros
Command line invocation:
    /Applications/Xcode-15.3.0-Beta.2.app/Contents/Developer/usr/bin/xcodebuild -IDEClonedSourcePackagesDirPathOverride=/Users/builder/builds/UKfvDsi8u/1/finestructure/swiftpackageindex-builder/spi-builder-workspace/.dependencies -skipMacroValidation -skipPackagePluginValidation -derivedDataPath /Users/builder/builds/UKfvDsi8u/1/finestructure/swiftpackageindex-builder/spi-builder-workspace/.derivedData build -scheme DTFoundation -destination generic/platform=xros
User defaults from command line:
    IDEClonedSourcePackagesDirPathOverride = /Users/builder/builds/UKfvDsi8u/1/finestructure/swiftpackageindex-builder/spi-builder-workspace/.dependencies
    IDEDerivedDataPathOverride = /Users/builder/builds/UKfvDsi8u/1/finestructure/swiftpackageindex-builder/spi-builder-workspace/.derivedData
    IDEPackageSupportUseBuiltinSCM = YES
Resolve Package Graph
Resolved source packages:
  DTFoundation: /Users/builder/builds/UKfvDsi8u/1/finestructure/swiftpackageindex-builder/spi-builder-workspace
Prepare packages
ComputeTargetDependencyGraph
note: Building targets in dependency order
note: Target dependency graph (2 targets)
    Target 'DTFoundation' in project 'DTFoundation'
        ➜ Explicit dependency on target 'DTFoundation' in project 'DTFoundation'
    Target 'DTFoundation' in project 'DTFoundation' (no dependencies)
GatherProvisioningInputs
CreateBuildDescription
ExecuteExternalTool /Applications/Xcode-15.3.0-Beta.2.app/Contents/Developer/Toolchains/XcodeDefault.xctoolchain/usr/bin/clang -v -E -dM -isysroot /Applications/Xcode-15.3.0-Beta.2.app/Contents/Developer/Platforms/XROS.platform/Developer/SDKs/XROS1.1.sdk -x c -c /dev/null
ExecuteExternalTool /Applications/Xcode-15.3.0-Beta.2.app/Contents/Developer/Toolchains/XcodeDefault.xctoolchain/usr/bin/clang -v -E -dM -arch arm64 -isysroot /Applications/Xcode-15.3.0-Beta.2.app/Contents/Developer/Platforms/XROS.platform/Developer/SDKs/XROS1.1.sdk -x objective-c -c /dev/null
ExecuteExternalTool /Applications/Xcode-15.3.0-Beta.2.app/Contents/Developer/Toolchains/XcodeDefault.xctoolchain/usr/bin/clang -v -E -dM -arch arm64 -isysroot /Applications/Xcode-15.3.0-Beta.2.app/Contents/Developer/Platforms/XROS.platform/Developer/SDKs/XROS1.1.sdk -x c -c /dev/null
ExecuteExternalTool /Applications/Xcode-15.3.0-Beta.2.app/Contents/Developer/Toolchains/XcodeDefault.xctoolchain/usr/bin/ld -version_details
Build description signature: b969364ed2a4b5f7cb72c7ba902da63d
Build description path: /Users/builder/builds/UKfvDsi8u/1/finestructure/swiftpackageindex-builder/spi-builder-workspace/.derivedData/Build/Intermediates.noindex/XCBuildData/b969364ed2a4b5f7cb72c7ba902da63d.xcbuilddata
CreateBuildDirectory /Users/builder/builds/UKfvDsi8u/1/finestructure/swiftpackageindex-builder/spi-builder-workspace/.derivedData/Build/Intermediates.noindex
    cd /Users/builder/builds/UKfvDsi8u/1/finestructure/swiftpackageindex-builder/spi-builder-workspace/.swiftpm/xcode
    builtin-create-build-directory /Users/builder/builds/UKfvDsi8u/1/finestructure/swiftpackageindex-builder/spi-builder-workspace/.derivedData/Build/Intermediates.noindex
CreateBuildDirectory /Users/builder/builds/UKfvDsi8u/1/finestructure/swiftpackageindex-builder/spi-builder-workspace/.derivedData/Build/Products
    cd /Users/builder/builds/UKfvDsi8u/1/finestructure/swiftpackageindex-builder/spi-builder-workspace/.swiftpm/xcode
    builtin-create-build-directory /Users/builder/builds/UKfvDsi8u/1/finestructure/swiftpackageindex-builder/spi-builder-workspace/.derivedData/Build/Products
ClangStatCache /Applications/Xcode-15.3.0-Beta.2.app/Contents/Developer/Toolchains/XcodeDefault.xctoolchain/usr/bin/clang-stat-cache /Applications/Xcode-15.3.0-Beta.2.app/Contents/Developer/Platforms/XROS.platform/Developer/SDKs/XROS1.1.sdk /Users/builder/builds/UKfvDsi8u/1/finestructure/swiftpackageindex-builder/spi-builder-workspace/.derivedData/SDKStatCaches.noindex/xros1.1-21O5181e-ee5c1ba7e8e63f56232e286fb9e6086d.sdkstatcache
    cd /Users/builder/builds/UKfvDsi8u/1/finestructure/swiftpackageindex-builder/spi-builder-workspace/.swiftpm/xcode
    /Applications/Xcode-15.3.0-Beta.2.app/Contents/Developer/Toolchains/XcodeDefault.xctoolchain/usr/bin/clang-stat-cache /Applications/Xcode-15.3.0-Beta.2.app/Contents/Developer/Platforms/XROS.platform/Developer/SDKs/XROS1.1.sdk -o /Users/builder/builds/UKfvDsi8u/1/finestructure/swiftpackageindex-builder/spi-builder-workspace/.derivedData/SDKStatCaches.noindex/xros1.1-21O5181e-ee5c1ba7e8e63f56232e286fb9e6086d.sdkstatcache
CreateBuildDirectory /Users/builder/builds/UKfvDsi8u/1/finestructure/swiftpackageindex-builder/spi-builder-workspace/.derivedData/Build/Products/Debug-xros
    cd /Users/builder/builds/UKfvDsi8u/1/finestructure/swiftpackageindex-builder/spi-builder-workspace/.swiftpm/xcode
    builtin-create-build-directory /Users/builder/builds/UKfvDsi8u/1/finestructure/swiftpackageindex-builder/spi-builder-workspace/.derivedData/Build/Products/Debug-xros
CreateBuildDirectory /Users/builder/builds/UKfvDsi8u/1/finestructure/swiftpackageindex-builder/spi-builder-workspace/.derivedData/Build/Intermediates.noindex/EagerLinkingTBDs/Debug-xros
    cd /Users/builder/builds/UKfvDsi8u/1/finestructure/swiftpackageindex-builder/spi-builder-workspace/.swiftpm/xcode
    builtin-create-build-directory /Users/builder/builds/UKfvDsi8u/1/finestructure/swiftpackageindex-builder/spi-builder-workspace/.derivedData/Build/Intermediates.noindex/EagerLinkingTBDs/Debug-xros
CreateBuildDirectory /Users/builder/builds/UKfvDsi8u/1/finestructure/swiftpackageindex-builder/spi-builder-workspace/.derivedData/Build/Products/Debug-xros/PackageFrameworks
    cd /Users/builder/builds/UKfvDsi8u/1/finestructure/swiftpackageindex-builder/spi-builder-workspace/.swiftpm/xcode
    builtin-create-build-directory /Users/builder/builds/UKfvDsi8u/1/finestructure/swiftpackageindex-builder/spi-builder-workspace/.derivedData/Build/Products/Debug-xros/PackageFrameworks
WriteAuxiliaryFile /Users/builder/builds/UKfvDsi8u/1/finestructure/swiftpackageindex-builder/spi-builder-workspace/.derivedData/Build/Intermediates.noindex/DTFoundation.build/Debug-xros/DTFoundation.build/DTFoundation.modulemap (in target 'DTFoundation' from project 'DTFoundation')
    cd /Users/builder/builds/UKfvDsi8u/1/finestructure/swiftpackageindex-builder/spi-builder-workspace
    write-file /Users/builder/builds/UKfvDsi8u/1/finestructure/swiftpackageindex-builder/spi-builder-workspace/.derivedData/Build/Intermediates.noindex/DTFoundation.build/Debug-xros/DTFoundation.build/DTFoundation.modulemap
Copy /Users/builder/builds/UKfvDsi8u/1/finestructure/swiftpackageindex-builder/spi-builder-workspace/.derivedData/Build/Intermediates.noindex/GeneratedModuleMaps-xros/DTFoundation.modulemap /Users/builder/builds/UKfvDsi8u/1/finestructure/swiftpackageindex-builder/spi-builder-workspace/.derivedData/Build/Intermediates.noindex/DTFoundation.build/Debug-xros/DTFoundation.build/DTFoundation.modulemap (in target 'DTFoundation' from project 'DTFoundation')
    cd /Users/builder/builds/UKfvDsi8u/1/finestructure/swiftpackageindex-builder/spi-builder-workspace
    builtin-copy -exclude .DS_Store -exclude CVS -exclude .svn -exclude .git -exclude .hg -resolve-src-symlinks /Users/builder/builds/UKfvDsi8u/1/finestructure/swiftpackageindex-builder/spi-builder-workspace/.derivedData/Build/Intermediates.noindex/DTFoundation.build/Debug-xros/DTFoundation.build/DTFoundation.modulemap /Users/builder/builds/UKfvDsi8u/1/finestructure/swiftpackageindex-builder/spi-builder-workspace/.derivedData/Build/Intermediates.noindex/GeneratedModuleMaps-xros
WriteAuxiliaryFile /Users/builder/builds/UKfvDsi8u/1/finestructure/swiftpackageindex-builder/spi-builder-workspace/.derivedData/Build/Intermediates.noindex/DTFoundation.build/Debug-xros/DTFoundation.build/Objects-normal/arm64/7187679823f38a2a940e0043cdf9d637-common-args.resp (in target 'DTFoundation' from project 'DTFoundation')
    cd /Users/builder/builds/UKfvDsi8u/1/finestructure/swiftpackageindex-builder/spi-builder-workspace
    write-file /Users/builder/builds/UKfvDsi8u/1/finestructure/swiftpackageindex-builder/spi-builder-workspace/.derivedData/Build/Intermediates.noindex/DTFoundation.build/Debug-xros/DTFoundation.build/Objects-normal/arm64/7187679823f38a2a940e0043cdf9d637-common-args.resp
-target arm64-apple-xros1.0 -fmodules -gmodules '-fmodules-cache-path=/Users/builder/builds/UKfvDsi8u/1/finestructure/swiftpackageindex-builder/spi-builder-workspace/.derivedData/ModuleCache.noindex' '-fmodule-name=DTFoundation' -fpascal-strings -O0 -DSWIFT_PACKAGE '-DDEBUG=1' '-DBITCODE_GENERATION_MODE=bitcode' '-DENABLE_BITCODE=YES' -isysroot /Applications/Xcode-15.3.0-Beta.2.app/Contents/Developer/Platforms/XROS.platform/Developer/SDKs/XROS1.1.sdk -g -fprofile-instr-generate -fcoverage-mapping -I/Users/builder/builds/UKfvDsi8u/1/finestructure/swiftpackageindex-builder/spi-builder-workspace/.derivedData/Build/Products/Debug-xros/include -I/Users/builder/builds/UKfvDsi8u/1/finestructure/swiftpackageindex-builder/spi-builder-workspace/Core/include -I/Users/builder/builds/UKfvDsi8u/1/finestructure/swiftpackageindex-builder/spi-builder-workspace/Core/include/DTFoundation -I/Users/builder/builds/UKfvDsi8u/1/finestructure/swiftpackageindex-builder/spi-builder-workspace/Core/Source/Externals/minizip -I/Users/builder/builds/UKfvDsi8u/1/finestructure/swiftpackageindex-builder/spi-builder-workspace/.derivedData/Build/Intermediates.noindex/DTFoundation.build/Debug-xros/DTFoundation.build/DerivedSources-normal/arm64 -I/Users/builder/builds/UKfvDsi8u/1/finestructure/swiftpackageindex-builder/spi-builder-workspace/.derivedData/Build/Intermediates.noindex/DTFoundation.build/Debug-xros/DTFoundation.build/DerivedSources/arm64 -I/Users/builder/builds/UKfvDsi8u/1/finestructure/swiftpackageindex-builder/spi-builder-workspace/.derivedData/Build/Intermediates.noindex/DTFoundation.build/Debug-xros/DTFoundation.build/DerivedSources -F/Users/builder/builds/UKfvDsi8u/1/finestructure/swiftpackageindex-builder/spi-builder-workspace/.derivedData/Build/Products/Debug-xros -iframework /Applications/Xcode-15.3.0-Beta.2.app/Contents/Developer/Platforms/XROS.platform/Developer/Library/Frameworks -iframework /Applications/Xcode-15.3.0-Beta.2.app/Contents/Developer/Platforms/XROS.platform/Developer/SDKs/XROS1.1.sdk/Developer/Library/Frameworks -DXcode
WriteAuxiliaryFile /Users/builder/builds/UKfvDsi8u/1/finestructure/swiftpackageindex-builder/spi-builder-workspace/.derivedData/Build/Intermediates.noindex/DTFoundation.build/Debug-xros/DTFoundation.build/Objects-normal/arm64/e6072d4f65d7061329687fe24e3d63a7-common-args.resp (in target 'DTFoundation' from project 'DTFoundation')
    cd /Users/builder/builds/UKfvDsi8u/1/finestructure/swiftpackageindex-builder/spi-builder-workspace
    write-file /Users/builder/builds/UKfvDsi8u/1/finestructure/swiftpackageindex-builder/spi-builder-workspace/.derivedData/Build/Intermediates.noindex/DTFoundation.build/Debug-xros/DTFoundation.build/Objects-normal/arm64/e6072d4f65d7061329687fe24e3d63a7-common-args.resp
-target arm64-apple-xros1.0 -fobjc-arc -fmodules -gmodules '-fmodules-cache-path=/Users/builder/builds/UKfvDsi8u/1/finestructure/swiftpackageindex-builder/spi-builder-workspace/.derivedData/ModuleCache.noindex' '-fmodule-name=DTFoundation' -fpascal-strings -O0 -DSWIFT_PACKAGE '-DDEBUG=1' '-DBITCODE_GENERATION_MODE=bitcode' '-DENABLE_BITCODE=YES' '-DOBJC_OLD_DISPATCH_PROTOTYPES=1' -isysroot /Applications/Xcode-15.3.0-Beta.2.app/Contents/Developer/Platforms/XROS.platform/Developer/SDKs/XROS1.1.sdk -g -fprofile-instr-generate -fcoverage-mapping -I/Users/builder/builds/UKfvDsi8u/1/finestructure/swiftpackageindex-builder/spi-builder-workspace/.derivedData/Build/Products/Debug-xros/include -I/Users/builder/builds/UKfvDsi8u/1/finestructure/swiftpackageindex-builder/spi-builder-workspace/Core/include -I/Users/builder/builds/UKfvDsi8u/1/finestructure/swiftpackageindex-builder/spi-builder-workspace/Core/include/DTFoundation -I/Users/builder/builds/UKfvDsi8u/1/finestructure/swiftpackageindex-builder/spi-builder-workspace/Core/Source/Externals/minizip -I/Users/builder/builds/UKfvDsi8u/1/finestructure/swiftpackageindex-builder/spi-builder-workspace/.derivedData/Build/Intermediates.noindex/DTFoundation.build/Debug-xros/DTFoundation.build/DerivedSources-normal/arm64 -I/Users/builder/builds/UKfvDsi8u/1/finestructure/swiftpackageindex-builder/spi-builder-workspace/.derivedData/Build/Intermediates.noindex/DTFoundation.build/Debug-xros/DTFoundation.build/DerivedSources/arm64 -I/Users/builder/builds/UKfvDsi8u/1/finestructure/swiftpackageindex-builder/spi-builder-workspace/.derivedData/Build/Intermediates.noindex/DTFoundation.build/Debug-xros/DTFoundation.build/DerivedSources -F/Users/builder/builds/UKfvDsi8u/1/finestructure/swiftpackageindex-builder/spi-builder-workspace/.derivedData/Build/Products/Debug-xros -iframework /Applications/Xcode-15.3.0-Beta.2.app/Contents/Developer/Platforms/XROS.platform/Developer/Library/Frameworks -iframework /Applications/Xcode-15.3.0-Beta.2.app/Contents/Developer/Platforms/XROS.platform/Developer/SDKs/XROS1.1.sdk/Developer/Library/Frameworks -DXcode
WriteAuxiliaryFile /Users/builder/builds/UKfvDsi8u/1/finestructure/swiftpackageindex-builder/spi-builder-workspace/.derivedData/Build/Intermediates.noindex/DTFoundation.build/Debug-xros/DTFoundation.build/Objects-normal/arm64/DTFoundation.LinkFileList (in target 'DTFoundation' from project 'DTFoundation')
    cd /Users/builder/builds/UKfvDsi8u/1/finestructure/swiftpackageindex-builder/spi-builder-workspace
    write-file /Users/builder/builds/UKfvDsi8u/1/finestructure/swiftpackageindex-builder/spi-builder-workspace/.derivedData/Build/Intermediates.noindex/DTFoundation.build/Debug-xros/DTFoundation.build/Objects-normal/arm64/DTFoundation.LinkFileList
CompileC /Users/builder/builds/UKfvDsi8u/1/finestructure/swiftpackageindex-builder/spi-builder-workspace/.derivedData/Build/Intermediates.noindex/DTFoundation.build/Debug-xros/DTFoundation.build/Objects-normal/arm64/zip.o /Users/builder/builds/UKfvDsi8u/1/finestructure/swiftpackageindex-builder/spi-builder-workspace/Core/Source/Externals/minizip/zip.c normal arm64 c com.apple.compilers.llvm.clang.1_0.compiler (in target 'DTFoundation' from project 'DTFoundation')
    cd /Users/builder/builds/UKfvDsi8u/1/finestructure/swiftpackageindex-builder/spi-builder-workspace
    /Applications/Xcode-15.3.0-Beta.2.app/Contents/Developer/Toolchains/XcodeDefault.xctoolchain/usr/bin/clang -x c -ivfsstatcache /Users/builder/builds/UKfvDsi8u/1/finestructure/swiftpackageindex-builder/spi-builder-workspace/.derivedData/SDKStatCaches.noindex/xros1.1-21O5181e-ee5c1ba7e8e63f56232e286fb9e6086d.sdkstatcache -fmessage-length\=0 -fdiagnostics-show-note-include-stack -fmacro-backtrace-limit\=0 -fno-color-diagnostics -fmodules-prune-interval\=86400 -fmodules-prune-after\=345600 -fbuild-session-file\=/Users/builder/builds/UKfvDsi8u/1/finestructure/swiftpackageindex-builder/spi-builder-workspace/.derivedData/ModuleCache.noindex/Session.modulevalidation -fmodules-validate-once-per-build-session -Wnon-modular-include-in-framework-module -Werror\=non-modular-include-in-framework-module -Wno-trigraphs -Wno-missing-field-initializers -Wno-missing-prototypes -Wno-return-type -Wno-missing-braces -Wparentheses -Wswitch -Wno-unused-function -Wno-unused-label -Wno-unused-parameter -Wno-unused-variable -Wunused-value -Wno-empty-body -Wno-uninitialized -Wno-unknown-pragmas -Wno-shadow -Wno-four-char-constants -Wno-conversion -Wno-constant-conversion -Wno-int-conversion -Wno-bool-conversion -Wno-enum-conversion -Wno-float-conversion -Wno-non-literal-null-conversion -Wno-objc-literal-conversion -Wshorten-64-to-32 -Wpointer-sign -Wno-newline-eof -Wno-implicit-fallthrough -fstrict-aliasing -Wdeprecated-declarations -Wno-sign-conversion -Wno-infinite-recursion -Wno-comma -Wno-block-capture-autoreleasing -Wno-strict-prototypes -Wno-semicolon-before-method-body -index-store-path /Users/builder/builds/UKfvDsi8u/1/finestructure/swiftpackageindex-builder/spi-builder-workspace/.derivedData/Index.noindex/DataStore @/Users/builder/builds/UKfvDsi8u/1/finestructure/swiftpackageindex-builder/spi-builder-workspace/.derivedData/Build/Intermediates.noindex/DTFoundation.build/Debug-xros/DTFoundation.build/Objects-normal/arm64/7187679823f38a2a940e0043cdf9d637-common-args.resp -MMD -MT dependencies -MF /Users/builder/builds/UKfvDsi8u/1/finestructure/swiftpackageindex-builder/spi-builder-workspace/.derivedData/Build/Intermediates.noindex/DTFoundation.build/Debug-xros/DTFoundation.build/Objects-normal/arm64/zip.d --serialize-diagnostics /Users/builder/builds/UKfvDsi8u/1/finestructure/swiftpackageindex-builder/spi-builder-workspace/.derivedData/Build/Intermediates.noindex/DTFoundation.build/Debug-xros/DTFoundation.build/Objects-normal/arm64/zip.dia -c /Users/builder/builds/UKfvDsi8u/1/finestructure/swiftpackageindex-builder/spi-builder-workspace/Core/Source/Externals/minizip/zip.c -o /Users/builder/builds/UKfvDsi8u/1/finestructure/swiftpackageindex-builder/spi-builder-workspace/.derivedData/Build/Intermediates.noindex/DTFoundation.build/Debug-xros/DTFoundation.build/Objects-normal/arm64/zip.o -index-unit-output-path /DTFoundation.build/Debug-xros/DTFoundation.build/Objects-normal/arm64/zip.o
CompileC /Users/builder/builds/UKfvDsi8u/1/finestructure/swiftpackageindex-builder/spi-builder-workspace/.derivedData/Build/Intermediates.noindex/DTFoundation.build/Debug-xros/DTFoundation.build/Objects-normal/arm64/unzip.o /Users/builder/builds/UKfvDsi8u/1/finestructure/swiftpackageindex-builder/spi-builder-workspace/Core/Source/Externals/minizip/unzip.c normal arm64 c com.apple.compilers.llvm.clang.1_0.compiler (in target 'DTFoundation' from project 'DTFoundation')
    cd /Users/builder/builds/UKfvDsi8u/1/finestructure/swiftpackageindex-builder/spi-builder-workspace
    /Applications/Xcode-15.3.0-Beta.2.app/Contents/Developer/Toolchains/XcodeDefault.xctoolchain/usr/bin/clang -x c -ivfsstatcache /Users/builder/builds/UKfvDsi8u/1/finestructure/swiftpackageindex-builder/spi-builder-workspace/.derivedData/SDKStatCaches.noindex/xros1.1-21O5181e-ee5c1ba7e8e63f56232e286fb9e6086d.sdkstatcache -fmessage-length\=0 -fdiagnostics-show-note-include-stack -fmacro-backtrace-limit\=0 -fno-color-diagnostics -fmodules-prune-interval\=86400 -fmodules-prune-after\=345600 -fbuild-session-file\=/Users/builder/builds/UKfvDsi8u/1/finestructure/swiftpackageindex-builder/spi-builder-workspace/.derivedData/ModuleCache.noindex/Session.modulevalidation -fmodules-validate-once-per-build-session -Wnon-modular-include-in-framework-module -Werror\=non-modular-include-in-framework-module -Wno-trigraphs -Wno-missing-field-initializers -Wno-missing-prototypes -Wno-return-type -Wno-missing-braces -Wparentheses -Wswitch -Wno-unused-function -Wno-unused-label -Wno-unused-parameter -Wno-unused-variable -Wunused-value -Wno-empty-body -Wno-uninitialized -Wno-unknown-pragmas -Wno-shadow -Wno-four-char-constants -Wno-conversion -Wno-constant-conversion -Wno-int-conversion -Wno-bool-conversion -Wno-enum-conversion -Wno-float-conversion -Wno-non-literal-null-conversion -Wno-objc-literal-conversion -Wshorten-64-to-32 -Wpointer-sign -Wno-newline-eof -Wno-implicit-fallthrough -fstrict-aliasing -Wdeprecated-declarations -Wno-sign-conversion -Wno-infinite-recursion -Wno-comma -Wno-block-capture-autoreleasing -Wno-strict-prototypes -Wno-semicolon-before-method-body -index-store-path /Users/builder/builds/UKfvDsi8u/1/finestructure/swiftpackageindex-builder/spi-builder-workspace/.derivedData/Index.noindex/DataStore @/Users/builder/builds/UKfvDsi8u/1/finestructure/swiftpackageindex-builder/spi-builder-workspace/.derivedData/Build/Intermediates.noindex/DTFoundation.build/Debug-xros/DTFoundation.build/Objects-normal/arm64/7187679823f38a2a940e0043cdf9d637-common-args.resp -MMD -MT dependencies -MF /Users/builder/builds/UKfvDsi8u/1/finestructure/swiftpackageindex-builder/spi-builder-workspace/.derivedData/Build/Intermediates.noindex/DTFoundation.build/Debug-xros/DTFoundation.build/Objects-normal/arm64/unzip.d --serialize-diagnostics /Users/builder/builds/UKfvDsi8u/1/finestructure/swiftpackageindex-builder/spi-builder-workspace/.derivedData/Build/Intermediates.noindex/DTFoundation.build/Debug-xros/DTFoundation.build/Objects-normal/arm64/unzip.dia -c /Users/builder/builds/UKfvDsi8u/1/finestructure/swiftpackageindex-builder/spi-builder-workspace/Core/Source/Externals/minizip/unzip.c -o /Users/builder/builds/UKfvDsi8u/1/finestructure/swiftpackageindex-builder/spi-builder-workspace/.derivedData/Build/Intermediates.noindex/DTFoundation.build/Debug-xros/DTFoundation.build/Objects-normal/arm64/unzip.o -index-unit-output-path /DTFoundation.build/Debug-xros/DTFoundation.build/Objects-normal/arm64/unzip.o
CompileC /Users/builder/builds/UKfvDsi8u/1/finestructure/swiftpackageindex-builder/spi-builder-workspace/.derivedData/Build/Intermediates.noindex/DTFoundation.build/Debug-xros/DTFoundation.build/Objects-normal/arm64/UIViewController+DTSidePanelController.o /Users/builder/builds/UKfvDsi8u/1/finestructure/swiftpackageindex-builder/spi-builder-workspace/Core/Source/iOS/DTSidePanel/UIViewController+DTSidePanelController.m normal arm64 objective-c com.apple.compilers.llvm.clang.1_0.compiler (in target 'DTFoundation' from project 'DTFoundation')
    cd /Users/builder/builds/UKfvDsi8u/1/finestructure/swiftpackageindex-builder/spi-builder-workspace
    /Applications/Xcode-15.3.0-Beta.2.app/Contents/Developer/Toolchains/XcodeDefault.xctoolchain/usr/bin/clang -x objective-c -ivfsstatcache /Users/builder/builds/UKfvDsi8u/1/finestructure/swiftpackageindex-builder/spi-builder-workspace/.derivedData/SDKStatCaches.noindex/xros1.1-21O5181e-ee5c1ba7e8e63f56232e286fb9e6086d.sdkstatcache -fmessage-length\=0 -fdiagnostics-show-note-include-stack -fmacro-backtrace-limit\=0 -fno-color-diagnostics -fmodules-prune-interval\=86400 -fmodules-prune-after\=345600 -fbuild-session-file\=/Users/builder/builds/UKfvDsi8u/1/finestructure/swiftpackageindex-builder/spi-builder-workspace/.derivedData/ModuleCache.noindex/Session.modulevalidation -fmodules-validate-once-per-build-session -Wnon-modular-include-in-framework-module -Werror\=non-modular-include-in-framework-module -Wno-trigraphs -Wno-missing-field-initializers -Wno-missing-prototypes -Wno-return-type -Wno-implicit-atomic-properties -Wno-objc-interface-ivars -Wno-arc-repeated-use-of-weak -Wno-missing-braces -Wparentheses -Wswitch -Wno-unused-function -Wno-unused-label -Wno-unused-parameter -Wno-unused-variable -Wunused-value -Wno-empty-body -Wno-uninitialized -Wno-unknown-pragmas -Wno-shadow -Wno-four-char-constants -Wno-conversion -Wno-constant-conversion -Wno-int-conversion -Wno-bool-conversion -Wno-enum-conversion -Wno-float-conversion -Wno-non-literal-null-conversion -Wno-objc-literal-conversion -Wshorten-64-to-32 -Wpointer-sign -Wno-newline-eof -Wno-selector -Wno-strict-selector-match -Wno-undeclared-selector -Wno-deprecated-implementations -Wno-implicit-fallthrough -fstrict-aliasing -Wprotocol -Wdeprecated-declarations -Wno-sign-conversion -Wno-infinite-recursion -Wno-comma -Wno-block-capture-autoreleasing -Wno-strict-prototypes -Wno-semicolon-before-method-body -index-store-path /Users/builder/builds/UKfvDsi8u/1/finestructure/swiftpackageindex-builder/spi-builder-workspace/.derivedData/Index.noindex/DataStore @/Users/builder/builds/UKfvDsi8u/1/finestructure/swiftpackageindex-builder/spi-builder-workspace/.derivedData/Build/Intermediates.noindex/DTFoundation.build/Debug-xros/DTFoundation.build/Objects-normal/arm64/e6072d4f65d7061329687fe24e3d63a7-common-args.resp -MMD -MT dependencies -MF /Users/builder/builds/UKfvDsi8u/1/finestructure/swiftpackageindex-builder/spi-builder-workspace/.derivedData/Build/Intermediates.noindex/DTFoundation.build/Debug-xros/DTFoundation.build/Objects-normal/arm64/UIViewController+DTSidePanelController.d --serialize-diagnostics /Users/builder/builds/UKfvDsi8u/1/finestructure/swiftpackageindex-builder/spi-builder-workspace/.derivedData/Build/Intermediates.noindex/DTFoundation.build/Debug-xros/DTFoundation.build/Objects-normal/arm64/UIViewController+DTSidePanelController.dia -c /Users/builder/builds/UKfvDsi8u/1/finestructure/swiftpackageindex-builder/spi-builder-workspace/Core/Source/iOS/DTSidePanel/UIViewController+DTSidePanelController.m -o /Users/builder/builds/UKfvDsi8u/1/finestructure/swiftpackageindex-builder/spi-builder-workspace/.derivedData/Build/Intermediates.noindex/DTFoundation.build/Debug-xros/DTFoundation.build/Objects-normal/arm64/UIViewController+DTSidePanelController.o -index-unit-output-path /DTFoundation.build/Debug-xros/DTFoundation.build/Objects-normal/arm64/UIViewController+DTSidePanelController.o
CompileC /Users/builder/builds/UKfvDsi8u/1/finestructure/swiftpackageindex-builder/spi-builder-workspace/.derivedData/Build/Intermediates.noindex/DTFoundation.build/Debug-xros/DTFoundation.build/Objects-normal/arm64/ioapi.o /Users/builder/builds/UKfvDsi8u/1/finestructure/swiftpackageindex-builder/spi-builder-workspace/Core/Source/Externals/minizip/ioapi.c normal arm64 c com.apple.compilers.llvm.clang.1_0.compiler (in target 'DTFoundation' from project 'DTFoundation')
    cd /Users/builder/builds/UKfvDsi8u/1/finestructure/swiftpackageindex-builder/spi-builder-workspace
    /Applications/Xcode-15.3.0-Beta.2.app/Contents/Developer/Toolchains/XcodeDefault.xctoolchain/usr/bin/clang -x c -ivfsstatcache /Users/builder/builds/UKfvDsi8u/1/finestructure/swiftpackageindex-builder/spi-builder-workspace/.derivedData/SDKStatCaches.noindex/xros1.1-21O5181e-ee5c1ba7e8e63f56232e286fb9e6086d.sdkstatcache -fmessage-length\=0 -fdiagnostics-show-note-include-stack -fmacro-backtrace-limit\=0 -fno-color-diagnostics -fmodules-prune-interval\=86400 -fmodules-prune-after\=345600 -fbuild-session-file\=/Users/builder/builds/UKfvDsi8u/1/finestructure/swiftpackageindex-builder/spi-builder-workspace/.derivedData/ModuleCache.noindex/Session.modulevalidation -fmodules-validate-once-per-build-session -Wnon-modular-include-in-framework-module -Werror\=non-modular-include-in-framework-module -Wno-trigraphs -Wno-missing-field-initializers -Wno-missing-prototypes -Wno-return-type -Wno-missing-braces -Wparentheses -Wswitch -Wno-unused-function -Wno-unused-label -Wno-unused-parameter -Wno-unused-variable -Wunused-value -Wno-empty-body -Wno-uninitialized -Wno-unknown-pragmas -Wno-shadow -Wno-four-char-constants -Wno-conversion -Wno-constant-conversion -Wno-int-conversion -Wno-bool-conversion -Wno-enum-conversion -Wno-float-conversion -Wno-non-literal-null-conversion -Wno-objc-literal-conversion -Wshorten-64-to-32 -Wpointer-sign -Wno-newline-eof -Wno-implicit-fallthrough -fstrict-aliasing -Wdeprecated-declarations -Wno-sign-conversion -Wno-infinite-recursion -Wno-comma -Wno-block-capture-autoreleasing -Wno-strict-prototypes -Wno-semicolon-before-method-body -index-store-path /Users/builder/builds/UKfvDsi8u/1/finestructure/swiftpackageindex-builder/spi-builder-workspace/.derivedData/Index.noindex/DataStore @/Users/builder/builds/UKfvDsi8u/1/finestructure/swiftpackageindex-builder/spi-builder-workspace/.derivedData/Build/Intermediates.noindex/DTFoundation.build/Debug-xros/DTFoundation.build/Objects-normal/arm64/7187679823f38a2a940e0043cdf9d637-common-args.resp -MMD -MT dependencies -MF /Users/builder/builds/UKfvDsi8u/1/finestructure/swiftpackageindex-builder/spi-builder-workspace/.derivedData/Build/Intermediates.noindex/DTFoundation.build/Debug-xros/DTFoundation.build/Objects-normal/arm64/ioapi.d --serialize-diagnostics /Users/builder/builds/UKfvDsi8u/1/finestructure/swiftpackageindex-builder/spi-builder-workspace/.derivedData/Build/Intermediates.noindex/DTFoundation.build/Debug-xros/DTFoundation.build/Objects-normal/arm64/ioapi.dia -c /Users/builder/builds/UKfvDsi8u/1/finestructure/swiftpackageindex-builder/spi-builder-workspace/Core/Source/Externals/minizip/ioapi.c -o /Users/builder/builds/UKfvDsi8u/1/finestructure/swiftpackageindex-builder/spi-builder-workspace/.derivedData/Build/Intermediates.noindex/DTFoundation.build/Debug-xros/DTFoundation.build/Objects-normal/arm64/ioapi.o -index-unit-output-path /DTFoundation.build/Debug-xros/DTFoundation.build/Objects-normal/arm64/ioapi.o
CompileC /Users/builder/builds/UKfvDsi8u/1/finestructure/swiftpackageindex-builder/spi-builder-workspace/.derivedData/Build/Intermediates.noindex/DTFoundation.build/Debug-xros/DTFoundation.build/Objects-normal/arm64/UIView+DTDebug.o /Users/builder/builds/UKfvDsi8u/1/finestructure/swiftpackageindex-builder/spi-builder-workspace/Core/Source/iOS/Debug/UIView+DTDebug.m normal arm64 objective-c com.apple.compilers.llvm.clang.1_0.compiler (in target 'DTFoundation' from project 'DTFoundation')
    cd /Users/builder/builds/UKfvDsi8u/1/finestructure/swiftpackageindex-builder/spi-builder-workspace
    /Applications/Xcode-15.3.0-Beta.2.app/Contents/Developer/Toolchains/XcodeDefault.xctoolchain/usr/bin/clang -x objective-c -ivfsstatcache /Users/builder/builds/UKfvDsi8u/1/finestructure/swiftpackageindex-builder/spi-builder-workspace/.derivedData/SDKStatCaches.noindex/xros1.1-21O5181e-ee5c1ba7e8e63f56232e286fb9e6086d.sdkstatcache -fmessage-length\=0 -fdiagnostics-show-note-include-stack -fmacro-backtrace-limit\=0 -fno-color-diagnostics -fmodules-prune-interval\=86400 -fmodules-prune-after\=345600 -fbuild-session-file\=/Users/builder/builds/UKfvDsi8u/1/finestructure/swiftpackageindex-builder/spi-builder-workspace/.derivedData/ModuleCache.noindex/Session.modulevalidation -fmodules-validate-once-per-build-session -Wnon-modular-include-in-framework-module -Werror\=non-modular-include-in-framework-module -Wno-trigraphs -Wno-missing-field-initializers -Wno-missing-prototypes -Wno-return-type -Wno-implicit-atomic-properties -Wno-objc-interface-ivars -Wno-arc-repeated-use-of-weak -Wno-missing-braces -Wparentheses -Wswitch -Wno-unused-function -Wno-unused-label -Wno-unused-parameter -Wno-unused-variable -Wunused-value -Wno-empty-body -Wno-uninitialized -Wno-unknown-pragmas -Wno-shadow -Wno-four-char-constants -Wno-conversion -Wno-constant-conversion -Wno-int-conversion -Wno-bool-conversion -Wno-enum-conversion -Wno-float-conversion -Wno-non-literal-null-conversion -Wno-objc-literal-conversion -Wshorten-64-to-32 -Wpointer-sign -Wno-newline-eof -Wno-selector -Wno-strict-selector-match -Wno-undeclared-selector -Wno-deprecated-implementations -Wno-implicit-fallthrough -fstrict-aliasing -Wprotocol -Wdeprecated-declarations -Wno-sign-conversion -Wno-infinite-recursion -Wno-comma -Wno-block-capture-autoreleasing -Wno-strict-prototypes -Wno-semicolon-before-method-body -index-store-path /Users/builder/builds/UKfvDsi8u/1/finestructure/swiftpackageindex-builder/spi-builder-workspace/.derivedData/Index.noindex/DataStore @/Users/builder/builds/UKfvDsi8u/1/finestructure/swiftpackageindex-builder/spi-builder-workspace/.derivedData/Build/Intermediates.noindex/DTFoundation.build/Debug-xros/DTFoundation.build/Objects-normal/arm64/e6072d4f65d7061329687fe24e3d63a7-common-args.resp -MMD -MT dependencies -MF /Users/builder/builds/UKfvDsi8u/1/finestructure/swiftpackageindex-builder/spi-builder-workspace/.derivedData/Build/Intermediates.noindex/DTFoundation.build/Debug-xros/DTFoundation.build/Objects-normal/arm64/UIView+DTDebug.d --serialize-diagnostics /Users/builder/builds/UKfvDsi8u/1/finestructure/swiftpackageindex-builder/spi-builder-workspace/.derivedData/Build/Intermediates.noindex/DTFoundation.build/Debug-xros/DTFoundation.build/Objects-normal/arm64/UIView+DTDebug.dia -c /Users/builder/builds/UKfvDsi8u/1/finestructure/swiftpackageindex-builder/spi-builder-workspace/Core/Source/iOS/Debug/UIView+DTDebug.m -o /Users/builder/builds/UKfvDsi8u/1/finestructure/swiftpackageindex-builder/spi-builder-workspace/.derivedData/Build/Intermediates.noindex/DTFoundation.build/Debug-xros/DTFoundation.build/Objects-normal/arm64/UIView+DTDebug.o -index-unit-output-path /DTFoundation.build/Debug-xros/DTFoundation.build/Objects-normal/arm64/UIView+DTDebug.o
CompileC /Users/builder/builds/UKfvDsi8u/1/finestructure/swiftpackageindex-builder/spi-builder-workspace/.derivedData/Build/Intermediates.noindex/DTFoundation.build/Debug-xros/DTFoundation.build/Objects-normal/arm64/UIView+DTFoundation.o /Users/builder/builds/UKfvDsi8u/1/finestructure/swiftpackageindex-builder/spi-builder-workspace/Core/Source/iOS/UIView+DTFoundation.m normal arm64 objective-c com.apple.compilers.llvm.clang.1_0.compiler (in target 'DTFoundation' from project 'DTFoundation')
    cd /Users/builder/builds/UKfvDsi8u/1/finestructure/swiftpackageindex-builder/spi-builder-workspace
    /Applications/Xcode-15.3.0-Beta.2.app/Contents/Developer/Toolchains/XcodeDefault.xctoolchain/usr/bin/clang -x objective-c -ivfsstatcache /Users/builder/builds/UKfvDsi8u/1/finestructure/swiftpackageindex-builder/spi-builder-workspace/.derivedData/SDKStatCaches.noindex/xros1.1-21O5181e-ee5c1ba7e8e63f56232e286fb9e6086d.sdkstatcache -fmessage-length\=0 -fdiagnostics-show-note-include-stack -fmacro-backtrace-limit\=0 -fno-color-diagnostics -fmodules-prune-interval\=86400 -fmodules-prune-after\=345600 -fbuild-session-file\=/Users/builder/builds/UKfvDsi8u/1/finestructure/swiftpackageindex-builder/spi-builder-workspace/.derivedData/ModuleCache.noindex/Session.modulevalidation -fmodules-validate-once-per-build-session -Wnon-modular-include-in-framework-module -Werror\=non-modular-include-in-framework-module -Wno-trigraphs -Wno-missing-field-initializers -Wno-missing-prototypes -Wno-return-type -Wno-implicit-atomic-properties -Wno-objc-interface-ivars -Wno-arc-repeated-use-of-weak -Wno-missing-braces -Wparentheses -Wswitch -Wno-unused-function -Wno-unused-label -Wno-unused-parameter -Wno-unused-variable -Wunused-value -Wno-empty-body -Wno-uninitialized -Wno-unknown-pragmas -Wno-shadow -Wno-four-char-constants -Wno-conversion -Wno-constant-conversion -Wno-int-conversion -Wno-bool-conversion -Wno-enum-conversion -Wno-float-conversion -Wno-non-literal-null-conversion -Wno-objc-literal-conversion -Wshorten-64-to-32 -Wpointer-sign -Wno-newline-eof -Wno-selector -Wno-strict-selector-match -Wno-undeclared-selector -Wno-deprecated-implementations -Wno-implicit-fallthrough -fstrict-aliasing -Wprotocol -Wdeprecated-declarations -Wno-sign-conversion -Wno-infinite-recursion -Wno-comma -Wno-block-capture-autoreleasing -Wno-strict-prototypes -Wno-semicolon-before-method-body -index-store-path /Users/builder/builds/UKfvDsi8u/1/finestructure/swiftpackageindex-builder/spi-builder-workspace/.derivedData/Index.noindex/DataStore @/Users/builder/builds/UKfvDsi8u/1/finestructure/swiftpackageindex-builder/spi-builder-workspace/.derivedData/Build/Intermediates.noindex/DTFoundation.build/Debug-xros/DTFoundation.build/Objects-normal/arm64/e6072d4f65d7061329687fe24e3d63a7-common-args.resp -MMD -MT dependencies -MF /Users/builder/builds/UKfvDsi8u/1/finestructure/swiftpackageindex-builder/spi-builder-workspace/.derivedData/Build/Intermediates.noindex/DTFoundation.build/Debug-xros/DTFoundation.build/Objects-normal/arm64/UIView+DTFoundation.d --serialize-diagnostics /Users/builder/builds/UKfvDsi8u/1/finestructure/swiftpackageindex-builder/spi-builder-workspace/.derivedData/Build/Intermediates.noindex/DTFoundation.build/Debug-xros/DTFoundation.build/Objects-normal/arm64/UIView+DTFoundation.dia -c /Users/builder/builds/UKfvDsi8u/1/finestructure/swiftpackageindex-builder/spi-builder-workspace/Core/Source/iOS/UIView+DTFoundation.m -o /Users/builder/builds/UKfvDsi8u/1/finestructure/swiftpackageindex-builder/spi-builder-workspace/.derivedData/Build/Intermediates.noindex/DTFoundation.build/Debug-xros/DTFoundation.build/Objects-normal/arm64/UIView+DTFoundation.o -index-unit-output-path /DTFoundation.build/Debug-xros/DTFoundation.build/Objects-normal/arm64/UIView+DTFoundation.o
CompileC /Users/builder/builds/UKfvDsi8u/1/finestructure/swiftpackageindex-builder/spi-builder-workspace/.derivedData/Build/Intermediates.noindex/DTFoundation.build/Debug-xros/DTFoundation.build/Objects-normal/arm64/mztools.o /Users/builder/builds/UKfvDsi8u/1/finestructure/swiftpackageindex-builder/spi-builder-workspace/Core/Source/Externals/minizip/mztools.c normal arm64 c com.apple.compilers.llvm.clang.1_0.compiler (in target 'DTFoundation' from project 'DTFoundation')
    cd /Users/builder/builds/UKfvDsi8u/1/finestructure/swiftpackageindex-builder/spi-builder-workspace
    /Applications/Xcode-15.3.0-Beta.2.app/Contents/Developer/Toolchains/XcodeDefault.xctoolchain/usr/bin/clang -x c -ivfsstatcache /Users/builder/builds/UKfvDsi8u/1/finestructure/swiftpackageindex-builder/spi-builder-workspace/.derivedData/SDKStatCaches.noindex/xros1.1-21O5181e-ee5c1ba7e8e63f56232e286fb9e6086d.sdkstatcache -fmessage-length\=0 -fdiagnostics-show-note-include-stack -fmacro-backtrace-limit\=0 -fno-color-diagnostics -fmodules-prune-interval\=86400 -fmodules-prune-after\=345600 -fbuild-session-file\=/Users/builder/builds/UKfvDsi8u/1/finestructure/swiftpackageindex-builder/spi-builder-workspace/.derivedData/ModuleCache.noindex/Session.modulevalidation -fmodules-validate-once-per-build-session -Wnon-modular-include-in-framework-module -Werror\=non-modular-include-in-framework-module -Wno-trigraphs -Wno-missing-field-initializers -Wno-missing-prototypes -Wno-return-type -Wno-missing-braces -Wparentheses -Wswitch -Wno-unused-function -Wno-unused-label -Wno-unused-parameter -Wno-unused-variable -Wunused-value -Wno-empty-body -Wno-uninitialized -Wno-unknown-pragmas -Wno-shadow -Wno-four-char-constants -Wno-conversion -Wno-constant-conversion -Wno-int-conversion -Wno-bool-conversion -Wno-enum-conversion -Wno-float-conversion -Wno-non-literal-null-conversion -Wno-objc-literal-conversion -Wshorten-64-to-32 -Wpointer-sign -Wno-newline-eof -Wno-implicit-fallthrough -fstrict-aliasing -Wdeprecated-declarations -Wno-sign-conversion -Wno-infinite-recursion -Wno-comma -Wno-block-capture-autoreleasing -Wno-strict-prototypes -Wno-semicolon-before-method-body -index-store-path /Users/builder/builds/UKfvDsi8u/1/finestructure/swiftpackageindex-builder/spi-builder-workspace/.derivedData/Index.noindex/DataStore @/Users/builder/builds/UKfvDsi8u/1/finestructure/swiftpackageindex-builder/spi-builder-workspace/.derivedData/Build/Intermediates.noindex/DTFoundation.build/Debug-xros/DTFoundation.build/Objects-normal/arm64/7187679823f38a2a940e0043cdf9d637-common-args.resp -MMD -MT dependencies -MF /Users/builder/builds/UKfvDsi8u/1/finestructure/swiftpackageindex-builder/spi-builder-workspace/.derivedData/Build/Intermediates.noindex/DTFoundation.build/Debug-xros/DTFoundation.build/Objects-normal/arm64/mztools.d --serialize-diagnostics /Users/builder/builds/UKfvDsi8u/1/finestructure/swiftpackageindex-builder/spi-builder-workspace/.derivedData/Build/Intermediates.noindex/DTFoundation.build/Debug-xros/DTFoundation.build/Objects-normal/arm64/mztools.dia -c /Users/builder/builds/UKfvDsi8u/1/finestructure/swiftpackageindex-builder/spi-builder-workspace/Core/Source/Externals/minizip/mztools.c -o /Users/builder/builds/UKfvDsi8u/1/finestructure/swiftpackageindex-builder/spi-builder-workspace/.derivedData/Build/Intermediates.noindex/DTFoundation.build/Debug-xros/DTFoundation.build/Objects-normal/arm64/mztools.o -index-unit-output-path /DTFoundation.build/Debug-xros/DTFoundation.build/Objects-normal/arm64/mztools.o
CompileC /Users/builder/builds/UKfvDsi8u/1/finestructure/swiftpackageindex-builder/spi-builder-workspace/.derivedData/Build/Intermediates.noindex/DTFoundation.build/Debug-xros/DTFoundation.build/Objects-normal/arm64/UIView+DTActionHandlers.o /Users/builder/builds/UKfvDsi8u/1/finestructure/swiftpackageindex-builder/spi-builder-workspace/Core/Source/iOS/BlocksAdditions/UIView+DTActionHandlers.m normal arm64 objective-c com.apple.compilers.llvm.clang.1_0.compiler (in target 'DTFoundation' from project 'DTFoundation')
    cd /Users/builder/builds/UKfvDsi8u/1/finestructure/swiftpackageindex-builder/spi-builder-workspace
    /Applications/Xcode-15.3.0-Beta.2.app/Contents/Developer/Toolchains/XcodeDefault.xctoolchain/usr/bin/clang -x objective-c -ivfsstatcache /Users/builder/builds/UKfvDsi8u/1/finestructure/swiftpackageindex-builder/spi-builder-workspace/.derivedData/SDKStatCaches.noindex/xros1.1-21O5181e-ee5c1ba7e8e63f56232e286fb9e6086d.sdkstatcache -fmessage-length\=0 -fdiagnostics-show-note-include-stack -fmacro-backtrace-limit\=0 -fno-color-diagnostics -fmodules-prune-interval\=86400 -fmodules-prune-after\=345600 -fbuild-session-file\=/Users/builder/builds/UKfvDsi8u/1/finestructure/swiftpackageindex-builder/spi-builder-workspace/.derivedData/ModuleCache.noindex/Session.modulevalidation -fmodules-validate-once-per-build-session -Wnon-modular-include-in-framework-module -Werror\=non-modular-include-in-framework-module -Wno-trigraphs -Wno-missing-field-initializers -Wno-missing-prototypes -Wno-return-type -Wno-implicit-atomic-properties -Wno-objc-interface-ivars -Wno-arc-repeated-use-of-weak -Wno-missing-braces -Wparentheses -Wswitch -Wno-unused-function -Wno-unused-label -Wno-unused-parameter -Wno-unused-variable -Wunused-value -Wno-empty-body -Wno-uninitialized -Wno-unknown-pragmas -Wno-shadow -Wno-four-char-constants -Wno-conversion -Wno-constant-conversion -Wno-int-conversion -Wno-bool-conversion -Wno-enum-conversion -Wno-float-conversion -Wno-non-literal-null-conversion -Wno-objc-literal-conversion -Wshorten-64-to-32 -Wpointer-sign -Wno-newline-eof -Wno-selector -Wno-strict-selector-match -Wno-undeclared-selector -Wno-deprecated-implementations -Wno-implicit-fallthrough -fstrict-aliasing -Wprotocol -Wdeprecated-declarations -Wno-sign-conversion -Wno-infinite-recursion -Wno-comma -Wno-block-capture-autoreleasing -Wno-strict-prototypes -Wno-semicolon-before-method-body -index-store-path /Users/builder/builds/UKfvDsi8u/1/finestructure/swiftpackageindex-builder/spi-builder-workspace/.derivedData/Index.noindex/DataStore @/Users/builder/builds/UKfvDsi8u/1/finestructure/swiftpackageindex-builder/spi-builder-workspace/.derivedData/Build/Intermediates.noindex/DTFoundation.build/Debug-xros/DTFoundation.build/Objects-normal/arm64/e6072d4f65d7061329687fe24e3d63a7-common-args.resp -MMD -MT dependencies -MF /Users/builder/builds/UKfvDsi8u/1/finestructure/swiftpackageindex-builder/spi-builder-workspace/.derivedData/Build/Intermediates.noindex/DTFoundation.build/Debug-xros/DTFoundation.build/Objects-normal/arm64/UIView+DTActionHandlers.d --serialize-diagnostics /Users/builder/builds/UKfvDsi8u/1/finestructure/swiftpackageindex-builder/spi-builder-workspace/.derivedData/Build/Intermediates.noindex/DTFoundation.build/Debug-xros/DTFoundation.build/Objects-normal/arm64/UIView+DTActionHandlers.dia -c /Users/builder/builds/UKfvDsi8u/1/finestructure/swiftpackageindex-builder/spi-builder-workspace/Core/Source/iOS/BlocksAdditions/UIView+DTActionHandlers.m -o /Users/builder/builds/UKfvDsi8u/1/finestructure/swiftpackageindex-builder/spi-builder-workspace/.derivedData/Build/Intermediates.noindex/DTFoundation.build/Debug-xros/DTFoundation.build/Objects-normal/arm64/UIView+DTActionHandlers.o -index-unit-output-path /DTFoundation.build/Debug-xros/DTFoundation.build/Objects-normal/arm64/UIView+DTActionHandlers.o
CompileC /Users/builder/builds/UKfvDsi8u/1/finestructure/swiftpackageindex-builder/spi-builder-workspace/.derivedData/Build/Intermediates.noindex/DTFoundation.build/Debug-xros/DTFoundation.build/Objects-normal/arm64/UIScreen+DTFoundation.o /Users/builder/builds/UKfvDsi8u/1/finestructure/swiftpackageindex-builder/spi-builder-workspace/Core/Source/iOS/UIScreen+DTFoundation.m normal arm64 objective-c com.apple.compilers.llvm.clang.1_0.compiler (in target 'DTFoundation' from project 'DTFoundation')
    cd /Users/builder/builds/UKfvDsi8u/1/finestructure/swiftpackageindex-builder/spi-builder-workspace
    /Applications/Xcode-15.3.0-Beta.2.app/Contents/Developer/Toolchains/XcodeDefault.xctoolchain/usr/bin/clang -x objective-c -ivfsstatcache /Users/builder/builds/UKfvDsi8u/1/finestructure/swiftpackageindex-builder/spi-builder-workspace/.derivedData/SDKStatCaches.noindex/xros1.1-21O5181e-ee5c1ba7e8e63f56232e286fb9e6086d.sdkstatcache -fmessage-length\=0 -fdiagnostics-show-note-include-stack -fmacro-backtrace-limit\=0 -fno-color-diagnostics -fmodules-prune-interval\=86400 -fmodules-prune-after\=345600 -fbuild-session-file\=/Users/builder/builds/UKfvDsi8u/1/finestructure/swiftpackageindex-builder/spi-builder-workspace/.derivedData/ModuleCache.noindex/Session.modulevalidation -fmodules-validate-once-per-build-session -Wnon-modular-include-in-framework-module -Werror\=non-modular-include-in-framework-module -Wno-trigraphs -Wno-missing-field-initializers -Wno-missing-prototypes -Wno-return-type -Wno-implicit-atomic-properties -Wno-objc-interface-ivars -Wno-arc-repeated-use-of-weak -Wno-missing-braces -Wparentheses -Wswitch -Wno-unused-function -Wno-unused-label -Wno-unused-parameter -Wno-unused-variable -Wunused-value -Wno-empty-body -Wno-uninitialized -Wno-unknown-pragmas -Wno-shadow -Wno-four-char-constants -Wno-conversion -Wno-constant-conversion -Wno-int-conversion -Wno-bool-conversion -Wno-enum-conversion -Wno-float-conversion -Wno-non-literal-null-conversion -Wno-objc-literal-conversion -Wshorten-64-to-32 -Wpointer-sign -Wno-newline-eof -Wno-selector -Wno-strict-selector-match -Wno-undeclared-selector -Wno-deprecated-implementations -Wno-implicit-fallthrough -fstrict-aliasing -Wprotocol -Wdeprecated-declarations -Wno-sign-conversion -Wno-infinite-recursion -Wno-comma -Wno-block-capture-autoreleasing -Wno-strict-prototypes -Wno-semicolon-before-method-body -index-store-path /Users/builder/builds/UKfvDsi8u/1/finestructure/swiftpackageindex-builder/spi-builder-workspace/.derivedData/Index.noindex/DataStore @/Users/builder/builds/UKfvDsi8u/1/finestructure/swiftpackageindex-builder/spi-builder-workspace/.derivedData/Build/Intermediates.noindex/DTFoundation.build/Debug-xros/DTFoundation.build/Objects-normal/arm64/e6072d4f65d7061329687fe24e3d63a7-common-args.resp -MMD -MT dependencies -MF /Users/builder/builds/UKfvDsi8u/1/finestructure/swiftpackageindex-builder/spi-builder-workspace/.derivedData/Build/Intermediates.noindex/DTFoundation.build/Debug-xros/DTFoundation.build/Objects-normal/arm64/UIScreen+DTFoundation.d --serialize-diagnostics /Users/builder/builds/UKfvDsi8u/1/finestructure/swiftpackageindex-builder/spi-builder-workspace/.derivedData/Build/Intermediates.noindex/DTFoundation.build/Debug-xros/DTFoundation.build/Objects-normal/arm64/UIScreen+DTFoundation.dia -c /Users/builder/builds/UKfvDsi8u/1/finestructure/swiftpackageindex-builder/spi-builder-workspace/Core/Source/iOS/UIScreen+DTFoundation.m -o /Users/builder/builds/UKfvDsi8u/1/finestructure/swiftpackageindex-builder/spi-builder-workspace/.derivedData/Build/Intermediates.noindex/DTFoundation.build/Debug-xros/DTFoundation.build/Objects-normal/arm64/UIScreen+DTFoundation.o -index-unit-output-path /DTFoundation.build/Debug-xros/DTFoundation.build/Objects-normal/arm64/UIScreen+DTFoundation.o
CompileC /Users/builder/builds/UKfvDsi8u/1/finestructure/swiftpackageindex-builder/spi-builder-workspace/.derivedData/Build/Intermediates.noindex/DTFoundation.build/Debug-xros/DTFoundation.build/Objects-normal/arm64/UIImage+DTFoundation.o /Users/builder/builds/UKfvDsi8u/1/finestructure/swiftpackageindex-builder/spi-builder-workspace/Core/Source/iOS/UIImage+DTFoundation.m normal arm64 objective-c com.apple.compilers.llvm.clang.1_0.compiler (in target 'DTFoundation' from project 'DTFoundation')
    cd /Users/builder/builds/UKfvDsi8u/1/finestructure/swiftpackageindex-builder/spi-builder-workspace
    /Applications/Xcode-15.3.0-Beta.2.app/Contents/Developer/Toolchains/XcodeDefault.xctoolchain/usr/bin/clang -x objective-c -ivfsstatcache /Users/builder/builds/UKfvDsi8u/1/finestructure/swiftpackageindex-builder/spi-builder-workspace/.derivedData/SDKStatCaches.noindex/xros1.1-21O5181e-ee5c1ba7e8e63f56232e286fb9e6086d.sdkstatcache -fmessage-length\=0 -fdiagnostics-show-note-include-stack -fmacro-backtrace-limit\=0 -fno-color-diagnostics -fmodules-prune-interval\=86400 -fmodules-prune-after\=345600 -fbuild-session-file\=/Users/builder/builds/UKfvDsi8u/1/finestructure/swiftpackageindex-builder/spi-builder-workspace/.derivedData/ModuleCache.noindex/Session.modulevalidation -fmodules-validate-once-per-build-session -Wnon-modular-include-in-framework-module -Werror\=non-modular-include-in-framework-module -Wno-trigraphs -Wno-missing-field-initializers -Wno-missing-prototypes -Wno-return-type -Wno-implicit-atomic-properties -Wno-objc-interface-ivars -Wno-arc-repeated-use-of-weak -Wno-missing-braces -Wparentheses -Wswitch -Wno-unused-function -Wno-unused-label -Wno-unused-parameter -Wno-unused-variable -Wunused-value -Wno-empty-body -Wno-uninitialized -Wno-unknown-pragmas -Wno-shadow -Wno-four-char-constants -Wno-conversion -Wno-constant-conversion -Wno-int-conversion -Wno-bool-conversion -Wno-enum-conversion -Wno-float-conversion -Wno-non-literal-null-conversion -Wno-objc-literal-conversion -Wshorten-64-to-32 -Wpointer-sign -Wno-newline-eof -Wno-selector -Wno-strict-selector-match -Wno-undeclared-selector -Wno-deprecated-implementations -Wno-implicit-fallthrough -fstrict-aliasing -Wprotocol -Wdeprecated-declarations -Wno-sign-conversion -Wno-infinite-recursion -Wno-comma -Wno-block-capture-autoreleasing -Wno-strict-prototypes -Wno-semicolon-before-method-body -index-store-path /Users/builder/builds/UKfvDsi8u/1/finestructure/swiftpackageindex-builder/spi-builder-workspace/.derivedData/Index.noindex/DataStore @/Users/builder/builds/UKfvDsi8u/1/finestructure/swiftpackageindex-builder/spi-builder-workspace/.derivedData/Build/Intermediates.noindex/DTFoundation.build/Debug-xros/DTFoundation.build/Objects-normal/arm64/e6072d4f65d7061329687fe24e3d63a7-common-args.resp -MMD -MT dependencies -MF /Users/builder/builds/UKfvDsi8u/1/finestructure/swiftpackageindex-builder/spi-builder-workspace/.derivedData/Build/Intermediates.noindex/DTFoundation.build/Debug-xros/DTFoundation.build/Objects-normal/arm64/UIImage+DTFoundation.d --serialize-diagnostics /Users/builder/builds/UKfvDsi8u/1/finestructure/swiftpackageindex-builder/spi-builder-workspace/.derivedData/Build/Intermediates.noindex/DTFoundation.build/Debug-xros/DTFoundation.build/Objects-normal/arm64/UIImage+DTFoundation.dia -c /Users/builder/builds/UKfvDsi8u/1/finestructure/swiftpackageindex-builder/spi-builder-workspace/Core/Source/iOS/UIImage+DTFoundation.m -o /Users/builder/builds/UKfvDsi8u/1/finestructure/swiftpackageindex-builder/spi-builder-workspace/.derivedData/Build/Intermediates.noindex/DTFoundation.build/Debug-xros/DTFoundation.build/Objects-normal/arm64/UIImage+DTFoundation.o -index-unit-output-path /DTFoundation.build/Debug-xros/DTFoundation.build/Objects-normal/arm64/UIImage+DTFoundation.o
CompileC /Users/builder/builds/UKfvDsi8u/1/finestructure/swiftpackageindex-builder/spi-builder-workspace/.derivedData/Build/Intermediates.noindex/DTFoundation.build/Debug-xros/DTFoundation.build/Objects-normal/arm64/UIColor+DTDebug.o /Users/builder/builds/UKfvDsi8u/1/finestructure/swiftpackageindex-builder/spi-builder-workspace/Core/Source/iOS/Debug/UIColor+DTDebug.m normal arm64 objective-c com.apple.compilers.llvm.clang.1_0.compiler (in target 'DTFoundation' from project 'DTFoundation')
    cd /Users/builder/builds/UKfvDsi8u/1/finestructure/swiftpackageindex-builder/spi-builder-workspace
    /Applications/Xcode-15.3.0-Beta.2.app/Contents/Developer/Toolchains/XcodeDefault.xctoolchain/usr/bin/clang -x objective-c -ivfsstatcache /Users/builder/builds/UKfvDsi8u/1/finestructure/swiftpackageindex-builder/spi-builder-workspace/.derivedData/SDKStatCaches.noindex/xros1.1-21O5181e-ee5c1ba7e8e63f56232e286fb9e6086d.sdkstatcache -fmessage-length\=0 -fdiagnostics-show-note-include-stack -fmacro-backtrace-limit\=0 -fno-color-diagnostics -fmodules-prune-interval\=86400 -fmodules-prune-after\=345600 -fbuild-session-file\=/Users/builder/builds/UKfvDsi8u/1/finestructure/swiftpackageindex-builder/spi-builder-workspace/.derivedData/ModuleCache.noindex/Session.modulevalidation -fmodules-validate-once-per-build-session -Wnon-modular-include-in-framework-module -Werror\=non-modular-include-in-framework-module -Wno-trigraphs -Wno-missing-field-initializers -Wno-missing-prototypes -Wno-return-type -Wno-implicit-atomic-properties -Wno-objc-interface-ivars -Wno-arc-repeated-use-of-weak -Wno-missing-braces -Wparentheses -Wswitch -Wno-unused-function -Wno-unused-label -Wno-unused-parameter -Wno-unused-variable -Wunused-value -Wno-empty-body -Wno-uninitialized -Wno-unknown-pragmas -Wno-shadow -Wno-four-char-constants -Wno-conversion -Wno-constant-conversion -Wno-int-conversion -Wno-bool-conversion -Wno-enum-conversion -Wno-float-conversion -Wno-non-literal-null-conversion -Wno-objc-literal-conversion -Wshorten-64-to-32 -Wpointer-sign -Wno-newline-eof -Wno-selector -Wno-strict-selector-match -Wno-undeclared-selector -Wno-deprecated-implementations -Wno-implicit-fallthrough -fstrict-aliasing -Wprotocol -Wdeprecated-declarations -Wno-sign-conversion -Wno-infinite-recursion -Wno-comma -Wno-block-capture-autoreleasing -Wno-strict-prototypes -Wno-semicolon-before-method-body -index-store-path /Users/builder/builds/UKfvDsi8u/1/finestructure/swiftpackageindex-builder/spi-builder-workspace/.derivedData/Index.noindex/DataStore @/Users/builder/builds/UKfvDsi8u/1/finestructure/swiftpackageindex-builder/spi-builder-workspace/.derivedData/Build/Intermediates.noindex/DTFoundation.build/Debug-xros/DTFoundation.build/Objects-normal/arm64/e6072d4f65d7061329687fe24e3d63a7-common-args.resp -MMD -MT dependencies -MF /Users/builder/builds/UKfvDsi8u/1/finestructure/swiftpackageindex-builder/spi-builder-workspace/.derivedData/Build/Intermediates.noindex/DTFoundation.build/Debug-xros/DTFoundation.build/Objects-normal/arm64/UIColor+DTDebug.d --serialize-diagnostics /Users/builder/builds/UKfvDsi8u/1/finestructure/swiftpackageindex-builder/spi-builder-workspace/.derivedData/Build/Intermediates.noindex/DTFoundation.build/Debug-xros/DTFoundation.build/Objects-normal/arm64/UIColor+DTDebug.dia -c /Users/builder/builds/UKfvDsi8u/1/finestructure/swiftpackageindex-builder/spi-builder-workspace/Core/Source/iOS/Debug/UIColor+DTDebug.m -o /Users/builder/builds/UKfvDsi8u/1/finestructure/swiftpackageindex-builder/spi-builder-workspace/.derivedData/Build/Intermediates.noindex/DTFoundation.build/Debug-xros/DTFoundation.build/Objects-normal/arm64/UIColor+DTDebug.o -index-unit-output-path /DTFoundation.build/Debug-xros/DTFoundation.build/Objects-normal/arm64/UIColor+DTDebug.o
CompileC /Users/builder/builds/UKfvDsi8u/1/finestructure/swiftpackageindex-builder/spi-builder-workspace/.derivedData/Build/Intermediates.noindex/DTFoundation.build/Debug-xros/DTFoundation.build/Objects-normal/arm64/UIApplication+DTNetworkActivity.o /Users/builder/builds/UKfvDsi8u/1/finestructure/swiftpackageindex-builder/spi-builder-workspace/Core/Source/iOS/UIApplication+DTNetworkActivity.m normal arm64 objective-c com.apple.compilers.llvm.clang.1_0.compiler (in target 'DTFoundation' from project 'DTFoundation')
    cd /Users/builder/builds/UKfvDsi8u/1/finestructure/swiftpackageindex-builder/spi-builder-workspace
    /Applications/Xcode-15.3.0-Beta.2.app/Contents/Developer/Toolchains/XcodeDefault.xctoolchain/usr/bin/clang -x objective-c -ivfsstatcache /Users/builder/builds/UKfvDsi8u/1/finestructure/swiftpackageindex-builder/spi-builder-workspace/.derivedData/SDKStatCaches.noindex/xros1.1-21O5181e-ee5c1ba7e8e63f56232e286fb9e6086d.sdkstatcache -fmessage-length\=0 -fdiagnostics-show-note-include-stack -fmacro-backtrace-limit\=0 -fno-color-diagnostics -fmodules-prune-interval\=86400 -fmodules-prune-after\=345600 -fbuild-session-file\=/Users/builder/builds/UKfvDsi8u/1/finestructure/swiftpackageindex-builder/spi-builder-workspace/.derivedData/ModuleCache.noindex/Session.modulevalidation -fmodules-validate-once-per-build-session -Wnon-modular-include-in-framework-module -Werror\=non-modular-include-in-framework-module -Wno-trigraphs -Wno-missing-field-initializers -Wno-missing-prototypes -Wno-return-type -Wno-implicit-atomic-properties -Wno-objc-interface-ivars -Wno-arc-repeated-use-of-weak -Wno-missing-braces -Wparentheses -Wswitch -Wno-unused-function -Wno-unused-label -Wno-unused-parameter -Wno-unused-variable -Wunused-value -Wno-empty-body -Wno-uninitialized -Wno-unknown-pragmas -Wno-shadow -Wno-four-char-constants -Wno-conversion -Wno-constant-conversion -Wno-int-conversion -Wno-bool-conversion -Wno-enum-conversion -Wno-float-conversion -Wno-non-literal-null-conversion -Wno-objc-literal-conversion -Wshorten-64-to-32 -Wpointer-sign -Wno-newline-eof -Wno-selector -Wno-strict-selector-match -Wno-undeclared-selector -Wno-deprecated-implementations -Wno-implicit-fallthrough -fstrict-aliasing -Wprotocol -Wdeprecated-declarations -Wno-sign-conversion -Wno-infinite-recursion -Wno-comma -Wno-block-capture-autoreleasing -Wno-strict-prototypes -Wno-semicolon-before-method-body -index-store-path /Users/builder/builds/UKfvDsi8u/1/finestructure/swiftpackageindex-builder/spi-builder-workspace/.derivedData/Index.noindex/DataStore @/Users/builder/builds/UKfvDsi8u/1/finestructure/swiftpackageindex-builder/spi-builder-workspace/.derivedData/Build/Intermediates.noindex/DTFoundation.build/Debug-xros/DTFoundation.build/Objects-normal/arm64/e6072d4f65d7061329687fe24e3d63a7-common-args.resp -MMD -MT dependencies -MF /Users/builder/builds/UKfvDsi8u/1/finestructure/swiftpackageindex-builder/spi-builder-workspace/.derivedData/Build/Intermediates.noindex/DTFoundation.build/Debug-xros/DTFoundation.build/Objects-normal/arm64/UIApplication+DTNetworkActivity.d --serialize-diagnostics /Users/builder/builds/UKfvDsi8u/1/finestructure/swiftpackageindex-builder/spi-builder-workspace/.derivedData/Build/Intermediates.noindex/DTFoundation.build/Debug-xros/DTFoundation.build/Objects-normal/arm64/UIApplication+DTNetworkActivity.dia -c /Users/builder/builds/UKfvDsi8u/1/finestructure/swiftpackageindex-builder/spi-builder-workspace/Core/Source/iOS/UIApplication+DTNetworkActivity.m -o /Users/builder/builds/UKfvDsi8u/1/finestructure/swiftpackageindex-builder/spi-builder-workspace/.derivedData/Build/Intermediates.noindex/DTFoundation.build/Debug-xros/DTFoundation.build/Objects-normal/arm64/UIApplication+DTNetworkActivity.o -index-unit-output-path /DTFoundation.build/Debug-xros/DTFoundation.build/Objects-normal/arm64/UIApplication+DTNetworkActivity.o
/Users/builder/builds/UKfvDsi8u/1/finestructure/swiftpackageindex-builder/spi-builder-workspace/Core/Source/iOS/UIApplication+DTNetworkActivity.m:30:10: error: 'networkActivityIndicatorVisible' is unavailable: not available on visionOS
                                self.networkActivityIndicatorVisible = YES;
                                     ^
In module 'UIKit' imported from /Users/builder/builds/UKfvDsi8u/1/finestructure/swiftpackageindex-builder/spi-builder-workspace/Core/Source/iOS/UIApplication+DTNetworkActivity.h:14:
/Applications/Xcode-15.3.0-Beta.2.app/Contents/Developer/Platforms/XROS.platform/Developer/SDKs/XROS1.1.sdk/System/Library/Frameworks/UIKit.framework/Headers/UIApplication.h:113:68: note: 'networkActivityIndicatorVisible' has been explicitly marked unavailable here
@property(nonatomic,getter=isNetworkActivityIndicatorVisible) BOOL networkActivityIndicatorVisible API_UNAVAILABLE(tvos) API_DEPRECATED("Provide a custom network activity UI in your app if desired.", ios(2.0, 13.0)) API_UNAVAILABLE(visionos);
                                                                   ^
/Users/builder/builds/UKfvDsi8u/1/finestructure/swiftpackageindex-builder/spi-builder-workspace/Core/Source/iOS/UIApplication+DTNetworkActivity.m:52:10: error: 'networkActivityIndicatorVisible' is unavailable: not available on visionOS
                                self.networkActivityIndicatorVisible = NO;
                                     ^
In module 'UIKit' imported from /Users/builder/builds/UKfvDsi8u/1/finestructure/swiftpackageindex-builder/spi-builder-workspace/Core/Source/iOS/UIApplication+DTNetworkActivity.h:14:
/Applications/Xcode-15.3.0-Beta.2.app/Contents/Developer/Platforms/XROS.platform/Developer/SDKs/XROS1.1.sdk/System/Library/Frameworks/UIKit.framework/Headers/UIApplication.h:113:68: note: 'networkActivityIndicatorVisible' has been explicitly marked unavailable here
@property(nonatomic,getter=isNetworkActivityIndicatorVisible) BOOL networkActivityIndicatorVisible API_UNAVAILABLE(tvos) API_DEPRECATED("Provide a custom network activity UI in your app if desired.", ios(2.0, 13.0)) API_UNAVAILABLE(visionos);
                                                                   ^
2 errors generated.
CompileC /Users/builder/builds/UKfvDsi8u/1/finestructure/swiftpackageindex-builder/spi-builder-workspace/.derivedData/Build/Intermediates.noindex/DTFoundation.build/Debug-xros/DTFoundation.build/Objects-normal/arm64/NSWindowController+DTPanelControllerPresenting.o /Users/builder/builds/UKfvDsi8u/1/finestructure/swiftpackageindex-builder/spi-builder-workspace/Core/Source/OSX/NSWindowController+DTPanelControllerPresenting.m normal arm64 objective-c com.apple.compilers.llvm.clang.1_0.compiler (in target 'DTFoundation' from project 'DTFoundation')
    cd /Users/builder/builds/UKfvDsi8u/1/finestructure/swiftpackageindex-builder/spi-builder-workspace
    /Applications/Xcode-15.3.0-Beta.2.app/Contents/Developer/Toolchains/XcodeDefault.xctoolchain/usr/bin/clang -x objective-c -ivfsstatcache /Users/builder/builds/UKfvDsi8u/1/finestructure/swiftpackageindex-builder/spi-builder-workspace/.derivedData/SDKStatCaches.noindex/xros1.1-21O5181e-ee5c1ba7e8e63f56232e286fb9e6086d.sdkstatcache -fmessage-length\=0 -fdiagnostics-show-note-include-stack -fmacro-backtrace-limit\=0 -fno-color-diagnostics -fmodules-prune-interval\=86400 -fmodules-prune-after\=345600 -fbuild-session-file\=/Users/builder/builds/UKfvDsi8u/1/finestructure/swiftpackageindex-builder/spi-builder-workspace/.derivedData/ModuleCache.noindex/Session.modulevalidation -fmodules-validate-once-per-build-session -Wnon-modular-include-in-framework-module -Werror\=non-modular-include-in-framework-module -Wno-trigraphs -Wno-missing-field-initializers -Wno-missing-prototypes -Wno-return-type -Wno-implicit-atomic-properties -Wno-objc-interface-ivars -Wno-arc-repeated-use-of-weak -Wno-missing-braces -Wparentheses -Wswitch -Wno-unused-function -Wno-unused-label -Wno-unused-parameter -Wno-unused-variable -Wunused-value -Wno-empty-body -Wno-uninitialized -Wno-unknown-pragmas -Wno-shadow -Wno-four-char-constants -Wno-conversion -Wno-constant-conversion -Wno-int-conversion -Wno-bool-conversion -Wno-enum-conversion -Wno-float-conversion -Wno-non-literal-null-conversion -Wno-objc-literal-conversion -Wshorten-64-to-32 -Wpointer-sign -Wno-newline-eof -Wno-selector -Wno-strict-selector-match -Wno-undeclared-selector -Wno-deprecated-implementations -Wno-implicit-fallthrough -fstrict-aliasing -Wprotocol -Wdeprecated-declarations -Wno-sign-conversion -Wno-infinite-recursion -Wno-comma -Wno-block-capture-autoreleasing -Wno-strict-prototypes -Wno-semicolon-before-method-body -index-store-path /Users/builder/builds/UKfvDsi8u/1/finestructure/swiftpackageindex-builder/spi-builder-workspace/.derivedData/Index.noindex/DataStore @/Users/builder/builds/UKfvDsi8u/1/finestructure/swiftpackageindex-builder/spi-builder-workspace/.derivedData/Build/Intermediates.noindex/DTFoundation.build/Debug-xros/DTFoundation.build/Objects-normal/arm64/e6072d4f65d7061329687fe24e3d63a7-common-args.resp -MMD -MT dependencies -MF /Users/builder/builds/UKfvDsi8u/1/finestructure/swiftpackageindex-builder/spi-builder-workspace/.derivedData/Build/Intermediates.noindex/DTFoundation.build/Debug-xros/DTFoundation.build/Objects-normal/arm64/NSWindowController+DTPanelControllerPresenting.d --serialize-diagnostics /Users/builder/builds/UKfvDsi8u/1/finestructure/swiftpackageindex-builder/spi-builder-workspace/.derivedData/Build/Intermediates.noindex/DTFoundation.build/Debug-xros/DTFoundation.build/Objects-normal/arm64/NSWindowController+DTPanelControllerPresenting.dia -c /Users/builder/builds/UKfvDsi8u/1/finestructure/swiftpackageindex-builder/spi-builder-workspace/Core/Source/OSX/NSWindowController+DTPanelControllerPresenting.m -o /Users/builder/builds/UKfvDsi8u/1/finestructure/swiftpackageindex-builder/spi-builder-workspace/.derivedData/Build/Intermediates.noindex/DTFoundation.build/Debug-xros/DTFoundation.build/Objects-normal/arm64/NSWindowController+DTPanelControllerPresenting.o -index-unit-output-path /DTFoundation.build/Debug-xros/DTFoundation.build/Objects-normal/arm64/NSWindowController+DTPanelControllerPresenting.o
CompileC /Users/builder/builds/UKfvDsi8u/1/finestructure/swiftpackageindex-builder/spi-builder-workspace/.derivedData/Build/Intermediates.noindex/DTFoundation.build/Debug-xros/DTFoundation.build/Objects-normal/arm64/NSView+DTAutoLayout.o /Users/builder/builds/UKfvDsi8u/1/finestructure/swiftpackageindex-builder/spi-builder-workspace/Core/Source/OSX/NSView+DTAutoLayout.m normal arm64 objective-c com.apple.compilers.llvm.clang.1_0.compiler (in target 'DTFoundation' from project 'DTFoundation')
    cd /Users/builder/builds/UKfvDsi8u/1/finestructure/swiftpackageindex-builder/spi-builder-workspace
    /Applications/Xcode-15.3.0-Beta.2.app/Contents/Developer/Toolchains/XcodeDefault.xctoolchain/usr/bin/clang -x objective-c -ivfsstatcache /Users/builder/builds/UKfvDsi8u/1/finestructure/swiftpackageindex-builder/spi-builder-workspace/.derivedData/SDKStatCaches.noindex/xros1.1-21O5181e-ee5c1ba7e8e63f56232e286fb9e6086d.sdkstatcache -fmessage-length\=0 -fdiagnostics-show-note-include-stack -fmacro-backtrace-limit\=0 -fno-color-diagnostics -fmodules-prune-interval\=86400 -fmodules-prune-after\=345600 -fbuild-session-file\=/Users/builder/builds/UKfvDsi8u/1/finestructure/swiftpackageindex-builder/spi-builder-workspace/.derivedData/ModuleCache.noindex/Session.modulevalidation -fmodules-validate-once-per-build-session -Wnon-modular-include-in-framework-module -Werror\=non-modular-include-in-framework-module -Wno-trigraphs -Wno-missing-field-initializers -Wno-missing-prototypes -Wno-return-type -Wno-implicit-atomic-properties -Wno-objc-interface-ivars -Wno-arc-repeated-use-of-weak -Wno-missing-braces -Wparentheses -Wswitch -Wno-unused-function -Wno-unused-label -Wno-unused-parameter -Wno-unused-variable -Wunused-value -Wno-empty-body -Wno-uninitialized -Wno-unknown-pragmas -Wno-shadow -Wno-four-char-constants -Wno-conversion -Wno-constant-conversion -Wno-int-conversion -Wno-bool-conversion -Wno-enum-conversion -Wno-float-conversion -Wno-non-literal-null-conversion -Wno-objc-literal-conversion -Wshorten-64-to-32 -Wpointer-sign -Wno-newline-eof -Wno-selector -Wno-strict-selector-match -Wno-undeclared-selector -Wno-deprecated-implementations -Wno-implicit-fallthrough -fstrict-aliasing -Wprotocol -Wdeprecated-declarations -Wno-sign-conversion -Wno-infinite-recursion -Wno-comma -Wno-block-capture-autoreleasing -Wno-strict-prototypes -Wno-semicolon-before-method-body -index-store-path /Users/builder/builds/UKfvDsi8u/1/finestructure/swiftpackageindex-builder/spi-builder-workspace/.derivedData/Index.noindex/DataStore @/Users/builder/builds/UKfvDsi8u/1/finestructure/swiftpackageindex-builder/spi-builder-workspace/.derivedData/Build/Intermediates.noindex/DTFoundation.build/Debug-xros/DTFoundation.build/Objects-normal/arm64/e6072d4f65d7061329687fe24e3d63a7-common-args.resp -MMD -MT dependencies -MF /Users/builder/builds/UKfvDsi8u/1/finestructure/swiftpackageindex-builder/spi-builder-workspace/.derivedData/Build/Intermediates.noindex/DTFoundation.build/Debug-xros/DTFoundation.build/Objects-normal/arm64/NSView+DTAutoLayout.d --serialize-diagnostics /Users/builder/builds/UKfvDsi8u/1/finestructure/swiftpackageindex-builder/spi-builder-workspace/.derivedData/Build/Intermediates.noindex/DTFoundation.build/Debug-xros/DTFoundation.build/Objects-normal/arm64/NSView+DTAutoLayout.dia -c /Users/builder/builds/UKfvDsi8u/1/finestructure/swiftpackageindex-builder/spi-builder-workspace/Core/Source/OSX/NSView+DTAutoLayout.m -o /Users/builder/builds/UKfvDsi8u/1/finestructure/swiftpackageindex-builder/spi-builder-workspace/.derivedData/Build/Intermediates.noindex/DTFoundation.build/Debug-xros/DTFoundation.build/Objects-normal/arm64/NSView+DTAutoLayout.o -index-unit-output-path /DTFoundation.build/Debug-xros/DTFoundation.build/Objects-normal/arm64/NSView+DTAutoLayout.o
CompileC /Users/builder/builds/UKfvDsi8u/1/finestructure/swiftpackageindex-builder/spi-builder-workspace/.derivedData/Build/Intermediates.noindex/DTFoundation.build/Debug-xros/DTFoundation.build/Objects-normal/arm64/NSValue+DTConversion.o /Users/builder/builds/UKfvDsi8u/1/finestructure/swiftpackageindex-builder/spi-builder-workspace/Core/Source/OSX/NSValue+DTConversion.m normal arm64 objective-c com.apple.compilers.llvm.clang.1_0.compiler (in target 'DTFoundation' from project 'DTFoundation')
    cd /Users/builder/builds/UKfvDsi8u/1/finestructure/swiftpackageindex-builder/spi-builder-workspace
    /Applications/Xcode-15.3.0-Beta.2.app/Contents/Developer/Toolchains/XcodeDefault.xctoolchain/usr/bin/clang -x objective-c -ivfsstatcache /Users/builder/builds/UKfvDsi8u/1/finestructure/swiftpackageindex-builder/spi-builder-workspace/.derivedData/SDKStatCaches.noindex/xros1.1-21O5181e-ee5c1ba7e8e63f56232e286fb9e6086d.sdkstatcache -fmessage-length\=0 -fdiagnostics-show-note-include-stack -fmacro-backtrace-limit\=0 -fno-color-diagnostics -fmodules-prune-interval\=86400 -fmodules-prune-after\=345600 -fbuild-session-file\=/Users/builder/builds/UKfvDsi8u/1/finestructure/swiftpackageindex-builder/spi-builder-workspace/.derivedData/ModuleCache.noindex/Session.modulevalidation -fmodules-validate-once-per-build-session -Wnon-modular-include-in-framework-module -Werror\=non-modular-include-in-framework-module -Wno-trigraphs -Wno-missing-field-initializers -Wno-missing-prototypes -Wno-return-type -Wno-implicit-atomic-properties -Wno-objc-interface-ivars -Wno-arc-repeated-use-of-weak -Wno-missing-braces -Wparentheses -Wswitch -Wno-unused-function -Wno-unused-label -Wno-unused-parameter -Wno-unused-variable -Wunused-value -Wno-empty-body -Wno-uninitialized -Wno-unknown-pragmas -Wno-shadow -Wno-four-char-constants -Wno-conversion -Wno-constant-conversion -Wno-int-conversion -Wno-bool-conversion -Wno-enum-conversion -Wno-float-conversion -Wno-non-literal-null-conversion -Wno-objc-literal-conversion -Wshorten-64-to-32 -Wpointer-sign -Wno-newline-eof -Wno-selector -Wno-strict-selector-match -Wno-undeclared-selector -Wno-deprecated-implementations -Wno-implicit-fallthrough -fstrict-aliasing -Wprotocol -Wdeprecated-declarations -Wno-sign-conversion -Wno-infinite-recursion -Wno-comma -Wno-block-capture-autoreleasing -Wno-strict-prototypes -Wno-semicolon-before-method-body -index-store-path /Users/builder/builds/UKfvDsi8u/1/finestructure/swiftpackageindex-builder/spi-builder-workspace/.derivedData/Index.noindex/DataStore @/Users/builder/builds/UKfvDsi8u/1/finestructure/swiftpackageindex-builder/spi-builder-workspace/.derivedData/Build/Intermediates.noindex/DTFoundation.build/Debug-xros/DTFoundation.build/Objects-normal/arm64/e6072d4f65d7061329687fe24e3d63a7-common-args.resp -MMD -MT dependencies -MF /Users/builder/builds/UKfvDsi8u/1/finestructure/swiftpackageindex-builder/spi-builder-workspace/.derivedData/Build/Intermediates.noindex/DTFoundation.build/Debug-xros/DTFoundation.build/Objects-normal/arm64/NSValue+DTConversion.d --serialize-diagnostics /Users/builder/builds/UKfvDsi8u/1/finestructure/swiftpackageindex-builder/spi-builder-workspace/.derivedData/Build/Intermediates.noindex/DTFoundation.build/Debug-xros/DTFoundation.build/Objects-normal/arm64/NSValue+DTConversion.dia -c /Users/builder/builds/UKfvDsi8u/1/finestructure/swiftpackageindex-builder/spi-builder-workspace/Core/Source/OSX/NSValue+DTConversion.m -o /Users/builder/builds/UKfvDsi8u/1/finestructure/swiftpackageindex-builder/spi-builder-workspace/.derivedData/Build/Intermediates.noindex/DTFoundation.build/Debug-xros/DTFoundation.build/Objects-normal/arm64/NSValue+DTConversion.o -index-unit-output-path /DTFoundation.build/Debug-xros/DTFoundation.build/Objects-normal/arm64/NSValue+DTConversion.o
CompileC /Users/builder/builds/UKfvDsi8u/1/finestructure/swiftpackageindex-builder/spi-builder-workspace/.derivedData/Build/Intermediates.noindex/DTFoundation.build/Debug-xros/DTFoundation.build/Objects-normal/arm64/NSURL+DTUnshorten.o /Users/builder/builds/UKfvDsi8u/1/finestructure/swiftpackageindex-builder/spi-builder-workspace/Core/Source/NSURL+DTUnshorten.m normal arm64 objective-c com.apple.compilers.llvm.clang.1_0.compiler (in target 'DTFoundation' from project 'DTFoundation')
    cd /Users/builder/builds/UKfvDsi8u/1/finestructure/swiftpackageindex-builder/spi-builder-workspace
    /Applications/Xcode-15.3.0-Beta.2.app/Contents/Developer/Toolchains/XcodeDefault.xctoolchain/usr/bin/clang -x objective-c -ivfsstatcache /Users/builder/builds/UKfvDsi8u/1/finestructure/swiftpackageindex-builder/spi-builder-workspace/.derivedData/SDKStatCaches.noindex/xros1.1-21O5181e-ee5c1ba7e8e63f56232e286fb9e6086d.sdkstatcache -fmessage-length\=0 -fdiagnostics-show-note-include-stack -fmacro-backtrace-limit\=0 -fno-color-diagnostics -fmodules-prune-interval\=86400 -fmodules-prune-after\=345600 -fbuild-session-file\=/Users/builder/builds/UKfvDsi8u/1/finestructure/swiftpackageindex-builder/spi-builder-workspace/.derivedData/ModuleCache.noindex/Session.modulevalidation -fmodules-validate-once-per-build-session -Wnon-modular-include-in-framework-module -Werror\=non-modular-include-in-framework-module -Wno-trigraphs -Wno-missing-field-initializers -Wno-missing-prototypes -Wno-return-type -Wno-implicit-atomic-properties -Wno-objc-interface-ivars -Wno-arc-repeated-use-of-weak -Wno-missing-braces -Wparentheses -Wswitch -Wno-unused-function -Wno-unused-label -Wno-unused-parameter -Wno-unused-variable -Wunused-value -Wno-empty-body -Wno-uninitialized -Wno-unknown-pragmas -Wno-shadow -Wno-four-char-constants -Wno-conversion -Wno-constant-conversion -Wno-int-conversion -Wno-bool-conversion -Wno-enum-conversion -Wno-float-conversion -Wno-non-literal-null-conversion -Wno-objc-literal-conversion -Wshorten-64-to-32 -Wpointer-sign -Wno-newline-eof -Wno-selector -Wno-strict-selector-match -Wno-undeclared-selector -Wno-deprecated-implementations -Wno-implicit-fallthrough -fstrict-aliasing -Wprotocol -Wdeprecated-declarations -Wno-sign-conversion -Wno-infinite-recursion -Wno-comma -Wno-block-capture-autoreleasing -Wno-strict-prototypes -Wno-semicolon-before-method-body -index-store-path /Users/builder/builds/UKfvDsi8u/1/finestructure/swiftpackageindex-builder/spi-builder-workspace/.derivedData/Index.noindex/DataStore @/Users/builder/builds/UKfvDsi8u/1/finestructure/swiftpackageindex-builder/spi-builder-workspace/.derivedData/Build/Intermediates.noindex/DTFoundation.build/Debug-xros/DTFoundation.build/Objects-normal/arm64/e6072d4f65d7061329687fe24e3d63a7-common-args.resp -MMD -MT dependencies -MF /Users/builder/builds/UKfvDsi8u/1/finestructure/swiftpackageindex-builder/spi-builder-workspace/.derivedData/Build/Intermediates.noindex/DTFoundation.build/Debug-xros/DTFoundation.build/Objects-normal/arm64/NSURL+DTUnshorten.d --serialize-diagnostics /Users/builder/builds/UKfvDsi8u/1/finestructure/swiftpackageindex-builder/spi-builder-workspace/.derivedData/Build/Intermediates.noindex/DTFoundation.build/Debug-xros/DTFoundation.build/Objects-normal/arm64/NSURL+DTUnshorten.dia -c /Users/builder/builds/UKfvDsi8u/1/finestructure/swiftpackageindex-builder/spi-builder-workspace/Core/Source/NSURL+DTUnshorten.m -o /Users/builder/builds/UKfvDsi8u/1/finestructure/swiftpackageindex-builder/spi-builder-workspace/.derivedData/Build/Intermediates.noindex/DTFoundation.build/Debug-xros/DTFoundation.build/Objects-normal/arm64/NSURL+DTUnshorten.o -index-unit-output-path /DTFoundation.build/Debug-xros/DTFoundation.build/Objects-normal/arm64/NSURL+DTUnshorten.o
CompileC /Users/builder/builds/UKfvDsi8u/1/finestructure/swiftpackageindex-builder/spi-builder-workspace/.derivedData/Build/Intermediates.noindex/DTFoundation.build/Debug-xros/DTFoundation.build/Objects-normal/arm64/NSURL+DTComparing.o /Users/builder/builds/UKfvDsi8u/1/finestructure/swiftpackageindex-builder/spi-builder-workspace/Core/Source/NSURL+DTComparing.m normal arm64 objective-c com.apple.compilers.llvm.clang.1_0.compiler (in target 'DTFoundation' from project 'DTFoundation')
    cd /Users/builder/builds/UKfvDsi8u/1/finestructure/swiftpackageindex-builder/spi-builder-workspace
    /Applications/Xcode-15.3.0-Beta.2.app/Contents/Developer/Toolchains/XcodeDefault.xctoolchain/usr/bin/clang -x objective-c -ivfsstatcache /Users/builder/builds/UKfvDsi8u/1/finestructure/swiftpackageindex-builder/spi-builder-workspace/.derivedData/SDKStatCaches.noindex/xros1.1-21O5181e-ee5c1ba7e8e63f56232e286fb9e6086d.sdkstatcache -fmessage-length\=0 -fdiagnostics-show-note-include-stack -fmacro-backtrace-limit\=0 -fno-color-diagnostics -fmodules-prune-interval\=86400 -fmodules-prune-after\=345600 -fbuild-session-file\=/Users/builder/builds/UKfvDsi8u/1/finestructure/swiftpackageindex-builder/spi-builder-workspace/.derivedData/ModuleCache.noindex/Session.modulevalidation -fmodules-validate-once-per-build-session -Wnon-modular-include-in-framework-module -Werror\=non-modular-include-in-framework-module -Wno-trigraphs -Wno-missing-field-initializers -Wno-missing-prototypes -Wno-return-type -Wno-implicit-atomic-properties -Wno-objc-interface-ivars -Wno-arc-repeated-use-of-weak -Wno-missing-braces -Wparentheses -Wswitch -Wno-unused-function -Wno-unused-label -Wno-unused-parameter -Wno-unused-variable -Wunused-value -Wno-empty-body -Wno-uninitialized -Wno-unknown-pragmas -Wno-shadow -Wno-four-char-constants -Wno-conversion -Wno-constant-conversion -Wno-int-conversion -Wno-bool-conversion -Wno-enum-conversion -Wno-float-conversion -Wno-non-literal-null-conversion -Wno-objc-literal-conversion -Wshorten-64-to-32 -Wpointer-sign -Wno-newline-eof -Wno-selector -Wno-strict-selector-match -Wno-undeclared-selector -Wno-deprecated-implementations -Wno-implicit-fallthrough -fstrict-aliasing -Wprotocol -Wdeprecated-declarations -Wno-sign-conversion -Wno-infinite-recursion -Wno-comma -Wno-block-capture-autoreleasing -Wno-strict-prototypes -Wno-semicolon-before-method-body -index-store-path /Users/builder/builds/UKfvDsi8u/1/finestructure/swiftpackageindex-builder/spi-builder-workspace/.derivedData/Index.noindex/DataStore @/Users/builder/builds/UKfvDsi8u/1/finestructure/swiftpackageindex-builder/spi-builder-workspace/.derivedData/Build/Intermediates.noindex/DTFoundation.build/Debug-xros/DTFoundation.build/Objects-normal/arm64/e6072d4f65d7061329687fe24e3d63a7-common-args.resp -MMD -MT dependencies -MF /Users/builder/builds/UKfvDsi8u/1/finestructure/swiftpackageindex-builder/spi-builder-workspace/.derivedData/Build/Intermediates.noindex/DTFoundation.build/Debug-xros/DTFoundation.build/Objects-normal/arm64/NSURL+DTComparing.d --serialize-diagnostics /Users/builder/builds/UKfvDsi8u/1/finestructure/swiftpackageindex-builder/spi-builder-workspace/.derivedData/Build/Intermediates.noindex/DTFoundation.build/Debug-xros/DTFoundation.build/Objects-normal/arm64/NSURL+DTComparing.dia -c /Users/builder/builds/UKfvDsi8u/1/finestructure/swiftpackageindex-builder/spi-builder-workspace/Core/Source/NSURL+DTComparing.m -o /Users/builder/builds/UKfvDsi8u/1/finestructure/swiftpackageindex-builder/spi-builder-workspace/.derivedData/Build/Intermediates.noindex/DTFoundation.build/Debug-xros/DTFoundation.build/Objects-normal/arm64/NSURL+DTComparing.o -index-unit-output-path /DTFoundation.build/Debug-xros/DTFoundation.build/Objects-normal/arm64/NSURL+DTComparing.o
CompileC /Users/builder/builds/UKfvDsi8u/1/finestructure/swiftpackageindex-builder/spi-builder-workspace/.derivedData/Build/Intermediates.noindex/DTFoundation.build/Debug-xros/DTFoundation.build/Objects-normal/arm64/NSURL+DTAppLinks.o /Users/builder/builds/UKfvDsi8u/1/finestructure/swiftpackageindex-builder/spi-builder-workspace/Core/Source/iOS/NSURL+DTAppLinks.m normal arm64 objective-c com.apple.compilers.llvm.clang.1_0.compiler (in target 'DTFoundation' from project 'DTFoundation')
    cd /Users/builder/builds/UKfvDsi8u/1/finestructure/swiftpackageindex-builder/spi-builder-workspace
    /Applications/Xcode-15.3.0-Beta.2.app/Contents/Developer/Toolchains/XcodeDefault.xctoolchain/usr/bin/clang -x objective-c -ivfsstatcache /Users/builder/builds/UKfvDsi8u/1/finestructure/swiftpackageindex-builder/spi-builder-workspace/.derivedData/SDKStatCaches.noindex/xros1.1-21O5181e-ee5c1ba7e8e63f56232e286fb9e6086d.sdkstatcache -fmessage-length\=0 -fdiagnostics-show-note-include-stack -fmacro-backtrace-limit\=0 -fno-color-diagnostics -fmodules-prune-interval\=86400 -fmodules-prune-after\=345600 -fbuild-session-file\=/Users/builder/builds/UKfvDsi8u/1/finestructure/swiftpackageindex-builder/spi-builder-workspace/.derivedData/ModuleCache.noindex/Session.modulevalidation -fmodules-validate-once-per-build-session -Wnon-modular-include-in-framework-module -Werror\=non-modular-include-in-framework-module -Wno-trigraphs -Wno-missing-field-initializers -Wno-missing-prototypes -Wno-return-type -Wno-implicit-atomic-properties -Wno-objc-interface-ivars -Wno-arc-repeated-use-of-weak -Wno-missing-braces -Wparentheses -Wswitch -Wno-unused-function -Wno-unused-label -Wno-unused-parameter -Wno-unused-variable -Wunused-value -Wno-empty-body -Wno-uninitialized -Wno-unknown-pragmas -Wno-shadow -Wno-four-char-constants -Wno-conversion -Wno-constant-conversion -Wno-int-conversion -Wno-bool-conversion -Wno-enum-conversion -Wno-float-conversion -Wno-non-literal-null-conversion -Wno-objc-literal-conversion -Wshorten-64-to-32 -Wpointer-sign -Wno-newline-eof -Wno-selector -Wno-strict-selector-match -Wno-undeclared-selector -Wno-deprecated-implementations -Wno-implicit-fallthrough -fstrict-aliasing -Wprotocol -Wdeprecated-declarations -Wno-sign-conversion -Wno-infinite-recursion -Wno-comma -Wno-block-capture-autoreleasing -Wno-strict-prototypes -Wno-semicolon-before-method-body -index-store-path /Users/builder/builds/UKfvDsi8u/1/finestructure/swiftpackageindex-builder/spi-builder-workspace/.derivedData/Index.noindex/DataStore @/Users/builder/builds/UKfvDsi8u/1/finestructure/swiftpackageindex-builder/spi-builder-workspace/.derivedData/Build/Intermediates.noindex/DTFoundation.build/Debug-xros/DTFoundation.build/Objects-normal/arm64/e6072d4f65d7061329687fe24e3d63a7-common-args.resp -MMD -MT dependencies -MF /Users/builder/builds/UKfvDsi8u/1/finestructure/swiftpackageindex-builder/spi-builder-workspace/.derivedData/Build/Intermediates.noindex/DTFoundation.build/Debug-xros/DTFoundation.build/Objects-normal/arm64/NSURL+DTAppLinks.d --serialize-diagnostics /Users/builder/builds/UKfvDsi8u/1/finestructure/swiftpackageindex-builder/spi-builder-workspace/.derivedData/Build/Intermediates.noindex/DTFoundation.build/Debug-xros/DTFoundation.build/Objects-normal/arm64/NSURL+DTAppLinks.dia -c /Users/builder/builds/UKfvDsi8u/1/finestructure/swiftpackageindex-builder/spi-builder-workspace/Core/Source/iOS/NSURL+DTAppLinks.m -o /Users/builder/builds/UKfvDsi8u/1/finestructure/swiftpackageindex-builder/spi-builder-workspace/.derivedData/Build/Intermediates.noindex/DTFoundation.build/Debug-xros/DTFoundation.build/Objects-normal/arm64/NSURL+DTAppLinks.o -index-unit-output-path /DTFoundation.build/Debug-xros/DTFoundation.build/Objects-normal/arm64/NSURL+DTAppLinks.o
CompileC /Users/builder/builds/UKfvDsi8u/1/finestructure/swiftpackageindex-builder/spi-builder-workspace/.derivedData/Build/Intermediates.noindex/DTFoundation.build/Debug-xros/DTFoundation.build/Objects-normal/arm64/NSURL+DTAWS.o /Users/builder/builds/UKfvDsi8u/1/finestructure/swiftpackageindex-builder/spi-builder-workspace/Core/Source/DTAWS/NSURL+DTAWS.m normal arm64 objective-c com.apple.compilers.llvm.clang.1_0.compiler (in target 'DTFoundation' from project 'DTFoundation')
    cd /Users/builder/builds/UKfvDsi8u/1/finestructure/swiftpackageindex-builder/spi-builder-workspace
    /Applications/Xcode-15.3.0-Beta.2.app/Contents/Developer/Toolchains/XcodeDefault.xctoolchain/usr/bin/clang -x objective-c -ivfsstatcache /Users/builder/builds/UKfvDsi8u/1/finestructure/swiftpackageindex-builder/spi-builder-workspace/.derivedData/SDKStatCaches.noindex/xros1.1-21O5181e-ee5c1ba7e8e63f56232e286fb9e6086d.sdkstatcache -fmessage-length\=0 -fdiagnostics-show-note-include-stack -fmacro-backtrace-limit\=0 -fno-color-diagnostics -fmodules-prune-interval\=86400 -fmodules-prune-after\=345600 -fbuild-session-file\=/Users/builder/builds/UKfvDsi8u/1/finestructure/swiftpackageindex-builder/spi-builder-workspace/.derivedData/ModuleCache.noindex/Session.modulevalidation -fmodules-validate-once-per-build-session -Wnon-modular-include-in-framework-module -Werror\=non-modular-include-in-framework-module -Wno-trigraphs -Wno-missing-field-initializers -Wno-missing-prototypes -Wno-return-type -Wno-implicit-atomic-properties -Wno-objc-interface-ivars -Wno-arc-repeated-use-of-weak -Wno-missing-braces -Wparentheses -Wswitch -Wno-unused-function -Wno-unused-label -Wno-unused-parameter -Wno-unused-variable -Wunused-value -Wno-empty-body -Wno-uninitialized -Wno-unknown-pragmas -Wno-shadow -Wno-four-char-constants -Wno-conversion -Wno-constant-conversion -Wno-int-conversion -Wno-bool-conversion -Wno-enum-conversion -Wno-float-conversion -Wno-non-literal-null-conversion -Wno-objc-literal-conversion -Wshorten-64-to-32 -Wpointer-sign -Wno-newline-eof -Wno-selector -Wno-strict-selector-match -Wno-undeclared-selector -Wno-deprecated-implementations -Wno-implicit-fallthrough -fstrict-aliasing -Wprotocol -Wdeprecated-declarations -Wno-sign-conversion -Wno-infinite-recursion -Wno-comma -Wno-block-capture-autoreleasing -Wno-strict-prototypes -Wno-semicolon-before-method-body -index-store-path /Users/builder/builds/UKfvDsi8u/1/finestructure/swiftpackageindex-builder/spi-builder-workspace/.derivedData/Index.noindex/DataStore @/Users/builder/builds/UKfvDsi8u/1/finestructure/swiftpackageindex-builder/spi-builder-workspace/.derivedData/Build/Intermediates.noindex/DTFoundation.build/Debug-xros/DTFoundation.build/Objects-normal/arm64/e6072d4f65d7061329687fe24e3d63a7-common-args.resp -MMD -MT dependencies -MF /Users/builder/builds/UKfvDsi8u/1/finestructure/swiftpackageindex-builder/spi-builder-workspace/.derivedData/Build/Intermediates.noindex/DTFoundation.build/Debug-xros/DTFoundation.build/Objects-normal/arm64/NSURL+DTAWS.d --serialize-diagnostics /Users/builder/builds/UKfvDsi8u/1/finestructure/swiftpackageindex-builder/spi-builder-workspace/.derivedData/Build/Intermediates.noindex/DTFoundation.build/Debug-xros/DTFoundation.build/Objects-normal/arm64/NSURL+DTAWS.dia -c /Users/builder/builds/UKfvDsi8u/1/finestructure/swiftpackageindex-builder/spi-builder-workspace/Core/Source/DTAWS/NSURL+DTAWS.m -o /Users/builder/builds/UKfvDsi8u/1/finestructure/swiftpackageindex-builder/spi-builder-workspace/.derivedData/Build/Intermediates.noindex/DTFoundation.build/Debug-xros/DTFoundation.build/Objects-normal/arm64/NSURL+DTAWS.o -index-unit-output-path /DTFoundation.build/Debug-xros/DTFoundation.build/Objects-normal/arm64/NSURL+DTAWS.o
2024-02-15 01:02:28.914 xcodebuild[85424:10017499] Requested but did not find extension point with identifier Xcode.DVTDeviceFoundation.Aspect for extension Xcode.IDEiOSSupportCore.Aspect.NBDD of plug-in com.apple.dt.IDE.IDEiOSSupportCore
2024-02-15 01:02:29.302 xcodebuild[85424:10017499] [MT] DVTPlugInQuery: Requested but did not find extension point with identifier 'Xcode.DVTDeviceFoundation.CompatibleDeviceFamilyPair'. This is programmer error; code should only request extension points that are defined by itself or its dependencies.
** BUILD FAILED **
The following build commands failed:
	CompileC /Users/builder/builds/UKfvDsi8u/1/finestructure/swiftpackageindex-builder/spi-builder-workspace/.derivedData/Build/Intermediates.noindex/DTFoundation.build/Debug-xros/DTFoundation.build/Objects-normal/arm64/UIApplication+DTNetworkActivity.o /Users/builder/builds/UKfvDsi8u/1/finestructure/swiftpackageindex-builder/spi-builder-workspace/Core/Source/iOS/UIApplication+DTNetworkActivity.m normal arm64 objective-c com.apple.compilers.llvm.clang.1_0.compiler (in target 'DTFoundation' from project 'DTFoundation')
(1 failure)
Command line invocation:
    /Applications/Xcode-15.3.0-Beta.2.app/Contents/Developer/usr/bin/xcodebuild -IDEClonedSourcePackagesDirPathOverride=/Users/builder/builds/UKfvDsi8u/1/finestructure/swiftpackageindex-builder/spi-builder-workspace/.dependencies -skipMacroValidation -skipPackagePluginValidation -derivedDataPath /Users/builder/builds/UKfvDsi8u/1/finestructure/swiftpackageindex-builder/spi-builder-workspace/.derivedData build -scheme DTFoundation -destination generic/platform=xros
User defaults from command line:
    IDEClonedSourcePackagesDirPathOverride = /Users/builder/builds/UKfvDsi8u/1/finestructure/swiftpackageindex-builder/spi-builder-workspace/.dependencies
    IDEDerivedDataPathOverride = /Users/builder/builds/UKfvDsi8u/1/finestructure/swiftpackageindex-builder/spi-builder-workspace/.derivedData
    IDEPackageSupportUseBuiltinSCM = YES
Resolve Package Graph
Resolved source packages:
  DTFoundation: /Users/builder/builds/UKfvDsi8u/1/finestructure/swiftpackageindex-builder/spi-builder-workspace
Prepare packages
ComputeTargetDependencyGraph
note: Building targets in dependency order
note: Target dependency graph (2 targets)
    Target 'DTFoundation' in project 'DTFoundation'
        ➜ Explicit dependency on target 'DTFoundation' in project 'DTFoundation'
    Target 'DTFoundation' in project 'DTFoundation' (no dependencies)
GatherProvisioningInputs
CreateBuildDescription
ClangStatCache /Applications/Xcode-15.3.0-Beta.2.app/Contents/Developer/Toolchains/XcodeDefault.xctoolchain/usr/bin/clang-stat-cache /Applications/Xcode-15.3.0-Beta.2.app/Contents/Developer/Platforms/XROS.platform/Developer/SDKs/XROS1.1.sdk /Users/builder/builds/UKfvDsi8u/1/finestructure/swiftpackageindex-builder/spi-builder-workspace/.derivedData/SDKStatCaches.noindex/xros1.1-21O5181e-ee5c1ba7e8e63f56232e286fb9e6086d.sdkstatcache
    cd /Users/builder/builds/UKfvDsi8u/1/finestructure/swiftpackageindex-builder/spi-builder-workspace/.swiftpm/xcode
    /Applications/Xcode-15.3.0-Beta.2.app/Contents/Developer/Toolchains/XcodeDefault.xctoolchain/usr/bin/clang-stat-cache /Applications/Xcode-15.3.0-Beta.2.app/Contents/Developer/Platforms/XROS.platform/Developer/SDKs/XROS1.1.sdk -o /Users/builder/builds/UKfvDsi8u/1/finestructure/swiftpackageindex-builder/spi-builder-workspace/.derivedData/SDKStatCaches.noindex/xros1.1-21O5181e-ee5c1ba7e8e63f56232e286fb9e6086d.sdkstatcache
CompileC /Users/builder/builds/UKfvDsi8u/1/finestructure/swiftpackageindex-builder/spi-builder-workspace/.derivedData/Build/Intermediates.noindex/DTFoundation.build/Debug-xros/DTFoundation.build/Objects-normal/arm64/UIView+DTFoundation.o /Users/builder/builds/UKfvDsi8u/1/finestructure/swiftpackageindex-builder/spi-builder-workspace/Core/Source/iOS/UIView+DTFoundation.m normal arm64 objective-c com.apple.compilers.llvm.clang.1_0.compiler (in target 'DTFoundation' from project 'DTFoundation')
    cd /Users/builder/builds/UKfvDsi8u/1/finestructure/swiftpackageindex-builder/spi-builder-workspace
    /Applications/Xcode-15.3.0-Beta.2.app/Contents/Developer/Toolchains/XcodeDefault.xctoolchain/usr/bin/clang -x objective-c -ivfsstatcache /Users/builder/builds/UKfvDsi8u/1/finestructure/swiftpackageindex-builder/spi-builder-workspace/.derivedData/SDKStatCaches.noindex/xros1.1-21O5181e-ee5c1ba7e8e63f56232e286fb9e6086d.sdkstatcache -fmessage-length\=0 -fdiagnostics-show-note-include-stack -fmacro-backtrace-limit\=0 -fno-color-diagnostics -fmodules-prune-interval\=86400 -fmodules-prune-after\=345600 -fbuild-session-file\=/Users/builder/builds/UKfvDsi8u/1/finestructure/swiftpackageindex-builder/spi-builder-workspace/.derivedData/ModuleCache.noindex/Session.modulevalidation -fmodules-validate-once-per-build-session -Wnon-modular-include-in-framework-module -Werror\=non-modular-include-in-framework-module -Wno-trigraphs -Wno-missing-field-initializers -Wno-missing-prototypes -Wno-return-type -Wno-implicit-atomic-properties -Wno-objc-interface-ivars -Wno-arc-repeated-use-of-weak -Wno-missing-braces -Wparentheses -Wswitch -Wno-unused-function -Wno-unused-label -Wno-unused-parameter -Wno-unused-variable -Wunused-value -Wno-empty-body -Wno-uninitialized -Wno-unknown-pragmas -Wno-shadow -Wno-four-char-constants -Wno-conversion -Wno-constant-conversion -Wno-int-conversion -Wno-bool-conversion -Wno-enum-conversion -Wno-float-conversion -Wno-non-literal-null-conversion -Wno-objc-literal-conversion -Wshorten-64-to-32 -Wpointer-sign -Wno-newline-eof -Wno-selector -Wno-strict-selector-match -Wno-undeclared-selector -Wno-deprecated-implementations -Wno-implicit-fallthrough -fstrict-aliasing -Wprotocol -Wdeprecated-declarations -Wno-sign-conversion -Wno-infinite-recursion -Wno-comma -Wno-block-capture-autoreleasing -Wno-strict-prototypes -Wno-semicolon-before-method-body -index-store-path /Users/builder/builds/UKfvDsi8u/1/finestructure/swiftpackageindex-builder/spi-builder-workspace/.derivedData/Index.noindex/DataStore @/Users/builder/builds/UKfvDsi8u/1/finestructure/swiftpackageindex-builder/spi-builder-workspace/.derivedData/Build/Intermediates.noindex/DTFoundation.build/Debug-xros/DTFoundation.build/Objects-normal/arm64/e6072d4f65d7061329687fe24e3d63a7-common-args.resp -MMD -MT dependencies -MF /Users/builder/builds/UKfvDsi8u/1/finestructure/swiftpackageindex-builder/spi-builder-workspace/.derivedData/Build/Intermediates.noindex/DTFoundation.build/Debug-xros/DTFoundation.build/Objects-normal/arm64/UIView+DTFoundation.d --serialize-diagnostics /Users/builder/builds/UKfvDsi8u/1/finestructure/swiftpackageindex-builder/spi-builder-workspace/.derivedData/Build/Intermediates.noindex/DTFoundation.build/Debug-xros/DTFoundation.build/Objects-normal/arm64/UIView+DTFoundation.dia -c /Users/builder/builds/UKfvDsi8u/1/finestructure/swiftpackageindex-builder/spi-builder-workspace/Core/Source/iOS/UIView+DTFoundation.m -o /Users/builder/builds/UKfvDsi8u/1/finestructure/swiftpackageindex-builder/spi-builder-workspace/.derivedData/Build/Intermediates.noindex/DTFoundation.build/Debug-xros/DTFoundation.build/Objects-normal/arm64/UIView+DTFoundation.o -index-unit-output-path /DTFoundation.build/Debug-xros/DTFoundation.build/Objects-normal/arm64/UIView+DTFoundation.o
CompileC /Users/builder/builds/UKfvDsi8u/1/finestructure/swiftpackageindex-builder/spi-builder-workspace/.derivedData/Build/Intermediates.noindex/DTFoundation.build/Debug-xros/DTFoundation.build/Objects-normal/arm64/UIView+DTDebug.o /Users/builder/builds/UKfvDsi8u/1/finestructure/swiftpackageindex-builder/spi-builder-workspace/Core/Source/iOS/Debug/UIView+DTDebug.m normal arm64 objective-c com.apple.compilers.llvm.clang.1_0.compiler (in target 'DTFoundation' from project 'DTFoundation')
    cd /Users/builder/builds/UKfvDsi8u/1/finestructure/swiftpackageindex-builder/spi-builder-workspace
    /Applications/Xcode-15.3.0-Beta.2.app/Contents/Developer/Toolchains/XcodeDefault.xctoolchain/usr/bin/clang -x objective-c -ivfsstatcache /Users/builder/builds/UKfvDsi8u/1/finestructure/swiftpackageindex-builder/spi-builder-workspace/.derivedData/SDKStatCaches.noindex/xros1.1-21O5181e-ee5c1ba7e8e63f56232e286fb9e6086d.sdkstatcache -fmessage-length\=0 -fdiagnostics-show-note-include-stack -fmacro-backtrace-limit\=0 -fno-color-diagnostics -fmodules-prune-interval\=86400 -fmodules-prune-after\=345600 -fbuild-session-file\=/Users/builder/builds/UKfvDsi8u/1/finestructure/swiftpackageindex-builder/spi-builder-workspace/.derivedData/ModuleCache.noindex/Session.modulevalidation -fmodules-validate-once-per-build-session -Wnon-modular-include-in-framework-module -Werror\=non-modular-include-in-framework-module -Wno-trigraphs -Wno-missing-field-initializers -Wno-missing-prototypes -Wno-return-type -Wno-implicit-atomic-properties -Wno-objc-interface-ivars -Wno-arc-repeated-use-of-weak -Wno-missing-braces -Wparentheses -Wswitch -Wno-unused-function -Wno-unused-label -Wno-unused-parameter -Wno-unused-variable -Wunused-value -Wno-empty-body -Wno-uninitialized -Wno-unknown-pragmas -Wno-shadow -Wno-four-char-constants -Wno-conversion -Wno-constant-conversion -Wno-int-conversion -Wno-bool-conversion -Wno-enum-conversion -Wno-float-conversion -Wno-non-literal-null-conversion -Wno-objc-literal-conversion -Wshorten-64-to-32 -Wpointer-sign -Wno-newline-eof -Wno-selector -Wno-strict-selector-match -Wno-undeclared-selector -Wno-deprecated-implementations -Wno-implicit-fallthrough -fstrict-aliasing -Wprotocol -Wdeprecated-declarations -Wno-sign-conversion -Wno-infinite-recursion -Wno-comma -Wno-block-capture-autoreleasing -Wno-strict-prototypes -Wno-semicolon-before-method-body -index-store-path /Users/builder/builds/UKfvDsi8u/1/finestructure/swiftpackageindex-builder/spi-builder-workspace/.derivedData/Index.noindex/DataStore @/Users/builder/builds/UKfvDsi8u/1/finestructure/swiftpackageindex-builder/spi-builder-workspace/.derivedData/Build/Intermediates.noindex/DTFoundation.build/Debug-xros/DTFoundation.build/Objects-normal/arm64/e6072d4f65d7061329687fe24e3d63a7-common-args.resp -MMD -MT dependencies -MF /Users/builder/builds/UKfvDsi8u/1/finestructure/swiftpackageindex-builder/spi-builder-workspace/.derivedData/Build/Intermediates.noindex/DTFoundation.build/Debug-xros/DTFoundation.build/Objects-normal/arm64/UIView+DTDebug.d --serialize-diagnostics /Users/builder/builds/UKfvDsi8u/1/finestructure/swiftpackageindex-builder/spi-builder-workspace/.derivedData/Build/Intermediates.noindex/DTFoundation.build/Debug-xros/DTFoundation.build/Objects-normal/arm64/UIView+DTDebug.dia -c /Users/builder/builds/UKfvDsi8u/1/finestructure/swiftpackageindex-builder/spi-builder-workspace/Core/Source/iOS/Debug/UIView+DTDebug.m -o /Users/builder/builds/UKfvDsi8u/1/finestructure/swiftpackageindex-builder/spi-builder-workspace/.derivedData/Build/Intermediates.noindex/DTFoundation.build/Debug-xros/DTFoundation.build/Objects-normal/arm64/UIView+DTDebug.o -index-unit-output-path /DTFoundation.build/Debug-xros/DTFoundation.build/Objects-normal/arm64/UIView+DTDebug.o
CompileC /Users/builder/builds/UKfvDsi8u/1/finestructure/swiftpackageindex-builder/spi-builder-workspace/.derivedData/Build/Intermediates.noindex/DTFoundation.build/Debug-xros/DTFoundation.build/Objects-normal/arm64/UIColor+DTDebug.o /Users/builder/builds/UKfvDsi8u/1/finestructure/swiftpackageindex-builder/spi-builder-workspace/Core/Source/iOS/Debug/UIColor+DTDebug.m normal arm64 objective-c com.apple.compilers.llvm.clang.1_0.compiler (in target 'DTFoundation' from project 'DTFoundation')
    cd /Users/builder/builds/UKfvDsi8u/1/finestructure/swiftpackageindex-builder/spi-builder-workspace
    /Applications/Xcode-15.3.0-Beta.2.app/Contents/Developer/Toolchains/XcodeDefault.xctoolchain/usr/bin/clang -x objective-c -ivfsstatcache /Users/builder/builds/UKfvDsi8u/1/finestructure/swiftpackageindex-builder/spi-builder-workspace/.derivedData/SDKStatCaches.noindex/xros1.1-21O5181e-ee5c1ba7e8e63f56232e286fb9e6086d.sdkstatcache -fmessage-length\=0 -fdiagnostics-show-note-include-stack -fmacro-backtrace-limit\=0 -fno-color-diagnostics -fmodules-prune-interval\=86400 -fmodules-prune-after\=345600 -fbuild-session-file\=/Users/builder/builds/UKfvDsi8u/1/finestructure/swiftpackageindex-builder/spi-builder-workspace/.derivedData/ModuleCache.noindex/Session.modulevalidation -fmodules-validate-once-per-build-session -Wnon-modular-include-in-framework-module -Werror\=non-modular-include-in-framework-module -Wno-trigraphs -Wno-missing-field-initializers -Wno-missing-prototypes -Wno-return-type -Wno-implicit-atomic-properties -Wno-objc-interface-ivars -Wno-arc-repeated-use-of-weak -Wno-missing-braces -Wparentheses -Wswitch -Wno-unused-function -Wno-unused-label -Wno-unused-parameter -Wno-unused-variable -Wunused-value -Wno-empty-body -Wno-uninitialized -Wno-unknown-pragmas -Wno-shadow -Wno-four-char-constants -Wno-conversion -Wno-constant-conversion -Wno-int-conversion -Wno-bool-conversion -Wno-enum-conversion -Wno-float-conversion -Wno-non-literal-null-conversion -Wno-objc-literal-conversion -Wshorten-64-to-32 -Wpointer-sign -Wno-newline-eof -Wno-selector -Wno-strict-selector-match -Wno-undeclared-selector -Wno-deprecated-implementations -Wno-implicit-fallthrough -fstrict-aliasing -Wprotocol -Wdeprecated-declarations -Wno-sign-conversion -Wno-infinite-recursion -Wno-comma -Wno-block-capture-autoreleasing -Wno-strict-prototypes -Wno-semicolon-before-method-body -index-store-path /Users/builder/builds/UKfvDsi8u/1/finestructure/swiftpackageindex-builder/spi-builder-workspace/.derivedData/Index.noindex/DataStore @/Users/builder/builds/UKfvDsi8u/1/finestructure/swiftpackageindex-builder/spi-builder-workspace/.derivedData/Build/Intermediates.noindex/DTFoundation.build/Debug-xros/DTFoundation.build/Objects-normal/arm64/e6072d4f65d7061329687fe24e3d63a7-common-args.resp -MMD -MT dependencies -MF /Users/builder/builds/UKfvDsi8u/1/finestructure/swiftpackageindex-builder/spi-builder-workspace/.derivedData/Build/Intermediates.noindex/DTFoundation.build/Debug-xros/DTFoundation.build/Objects-normal/arm64/UIColor+DTDebug.d --serialize-diagnostics /Users/builder/builds/UKfvDsi8u/1/finestructure/swiftpackageindex-builder/spi-builder-workspace/.derivedData/Build/Intermediates.noindex/DTFoundation.build/Debug-xros/DTFoundation.build/Objects-normal/arm64/UIColor+DTDebug.dia -c /Users/builder/builds/UKfvDsi8u/1/finestructure/swiftpackageindex-builder/spi-builder-workspace/Core/Source/iOS/Debug/UIColor+DTDebug.m -o /Users/builder/builds/UKfvDsi8u/1/finestructure/swiftpackageindex-builder/spi-builder-workspace/.derivedData/Build/Intermediates.noindex/DTFoundation.build/Debug-xros/DTFoundation.build/Objects-normal/arm64/UIColor+DTDebug.o -index-unit-output-path /DTFoundation.build/Debug-xros/DTFoundation.build/Objects-normal/arm64/UIColor+DTDebug.o
CompileC /Users/builder/builds/UKfvDsi8u/1/finestructure/swiftpackageindex-builder/spi-builder-workspace/.derivedData/Build/Intermediates.noindex/DTFoundation.build/Debug-xros/DTFoundation.build/Objects-normal/arm64/UIApplication+DTNetworkActivity.o /Users/builder/builds/UKfvDsi8u/1/finestructure/swiftpackageindex-builder/spi-builder-workspace/Core/Source/iOS/UIApplication+DTNetworkActivity.m normal arm64 objective-c com.apple.compilers.llvm.clang.1_0.compiler (in target 'DTFoundation' from project 'DTFoundation')
    cd /Users/builder/builds/UKfvDsi8u/1/finestructure/swiftpackageindex-builder/spi-builder-workspace
    /Applications/Xcode-15.3.0-Beta.2.app/Contents/Developer/Toolchains/XcodeDefault.xctoolchain/usr/bin/clang -x objective-c -ivfsstatcache /Users/builder/builds/UKfvDsi8u/1/finestructure/swiftpackageindex-builder/spi-builder-workspace/.derivedData/SDKStatCaches.noindex/xros1.1-21O5181e-ee5c1ba7e8e63f56232e286fb9e6086d.sdkstatcache -fmessage-length\=0 -fdiagnostics-show-note-include-stack -fmacro-backtrace-limit\=0 -fno-color-diagnostics -fmodules-prune-interval\=86400 -fmodules-prune-after\=345600 -fbuild-session-file\=/Users/builder/builds/UKfvDsi8u/1/finestructure/swiftpackageindex-builder/spi-builder-workspace/.derivedData/ModuleCache.noindex/Session.modulevalidation -fmodules-validate-once-per-build-session -Wnon-modular-include-in-framework-module -Werror\=non-modular-include-in-framework-module -Wno-trigraphs -Wno-missing-field-initializers -Wno-missing-prototypes -Wno-return-type -Wno-implicit-atomic-properties -Wno-objc-interface-ivars -Wno-arc-repeated-use-of-weak -Wno-missing-braces -Wparentheses -Wswitch -Wno-unused-function -Wno-unused-label -Wno-unused-parameter -Wno-unused-variable -Wunused-value -Wno-empty-body -Wno-uninitialized -Wno-unknown-pragmas -Wno-shadow -Wno-four-char-constants -Wno-conversion -Wno-constant-conversion -Wno-int-conversion -Wno-bool-conversion -Wno-enum-conversion -Wno-float-conversion -Wno-non-literal-null-conversion -Wno-objc-literal-conversion -Wshorten-64-to-32 -Wpointer-sign -Wno-newline-eof -Wno-selector -Wno-strict-selector-match -Wno-undeclared-selector -Wno-deprecated-implementations -Wno-implicit-fallthrough -fstrict-aliasing -Wprotocol -Wdeprecated-declarations -Wno-sign-conversion -Wno-infinite-recursion -Wno-comma -Wno-block-capture-autoreleasing -Wno-strict-prototypes -Wno-semicolon-before-method-body -index-store-path /Users/builder/builds/UKfvDsi8u/1/finestructure/swiftpackageindex-builder/spi-builder-workspace/.derivedData/Index.noindex/DataStore @/Users/builder/builds/UKfvDsi8u/1/finestructure/swiftpackageindex-builder/spi-builder-workspace/.derivedData/Build/Intermediates.noindex/DTFoundation.build/Debug-xros/DTFoundation.build/Objects-normal/arm64/e6072d4f65d7061329687fe24e3d63a7-common-args.resp -MMD -MT dependencies -MF /Users/builder/builds/UKfvDsi8u/1/finestructure/swiftpackageindex-builder/spi-builder-workspace/.derivedData/Build/Intermediates.noindex/DTFoundation.build/Debug-xros/DTFoundation.build/Objects-normal/arm64/UIApplication+DTNetworkActivity.d --serialize-diagnostics /Users/builder/builds/UKfvDsi8u/1/finestructure/swiftpackageindex-builder/spi-builder-workspace/.derivedData/Build/Intermediates.noindex/DTFoundation.build/Debug-xros/DTFoundation.build/Objects-normal/arm64/UIApplication+DTNetworkActivity.dia -c /Users/builder/builds/UKfvDsi8u/1/finestructure/swiftpackageindex-builder/spi-builder-workspace/Core/Source/iOS/UIApplication+DTNetworkActivity.m -o /Users/builder/builds/UKfvDsi8u/1/finestructure/swiftpackageindex-builder/spi-builder-workspace/.derivedData/Build/Intermediates.noindex/DTFoundation.build/Debug-xros/DTFoundation.build/Objects-normal/arm64/UIApplication+DTNetworkActivity.o -index-unit-output-path /DTFoundation.build/Debug-xros/DTFoundation.build/Objects-normal/arm64/UIApplication+DTNetworkActivity.o
/Users/builder/builds/UKfvDsi8u/1/finestructure/swiftpackageindex-builder/spi-builder-workspace/Core/Source/iOS/UIApplication+DTNetworkActivity.m:30:10: error: 'networkActivityIndicatorVisible' is unavailable: not available on visionOS
                                self.networkActivityIndicatorVisible = YES;
                                     ^
In module 'UIKit' imported from /Users/builder/builds/UKfvDsi8u/1/finestructure/swiftpackageindex-builder/spi-builder-workspace/Core/Source/iOS/UIApplication+DTNetworkActivity.h:14:
/Applications/Xcode-15.3.0-Beta.2.app/Contents/Developer/Platforms/XROS.platform/Developer/SDKs/XROS1.1.sdk/System/Library/Frameworks/UIKit.framework/Headers/UIApplication.h:113:68: note: 'networkActivityIndicatorVisible' has been explicitly marked unavailable here
@property(nonatomic,getter=isNetworkActivityIndicatorVisible) BOOL networkActivityIndicatorVisible API_UNAVAILABLE(tvos) API_DEPRECATED("Provide a custom network activity UI in your app if desired.", ios(2.0, 13.0)) API_UNAVAILABLE(visionos);
                                                                   ^
/Users/builder/builds/UKfvDsi8u/1/finestructure/swiftpackageindex-builder/spi-builder-workspace/Core/Source/iOS/UIApplication+DTNetworkActivity.m:52:10: error: 'networkActivityIndicatorVisible' is unavailable: not available on visionOS
                                self.networkActivityIndicatorVisible = NO;
                                     ^
In module 'UIKit' imported from /Users/builder/builds/UKfvDsi8u/1/finestructure/swiftpackageindex-builder/spi-builder-workspace/Core/Source/iOS/UIApplication+DTNetworkActivity.h:14:
/Applications/Xcode-15.3.0-Beta.2.app/Contents/Developer/Platforms/XROS.platform/Developer/SDKs/XROS1.1.sdk/System/Library/Frameworks/UIKit.framework/Headers/UIApplication.h:113:68: note: 'networkActivityIndicatorVisible' has been explicitly marked unavailable here
@property(nonatomic,getter=isNetworkActivityIndicatorVisible) BOOL networkActivityIndicatorVisible API_UNAVAILABLE(tvos) API_DEPRECATED("Provide a custom network activity UI in your app if desired.", ios(2.0, 13.0)) API_UNAVAILABLE(visionos);
                                                                   ^
2 errors generated.
CompileC /Users/builder/builds/UKfvDsi8u/1/finestructure/swiftpackageindex-builder/spi-builder-workspace/.derivedData/Build/Intermediates.noindex/DTFoundation.build/Debug-xros/DTFoundation.build/Objects-normal/arm64/DTTiledLayerWithoutFade.o /Users/builder/builds/UKfvDsi8u/1/finestructure/swiftpackageindex-builder/spi-builder-workspace/Core/Source/iOS/DTTiledLayerWithoutFade.m normal arm64 objective-c com.apple.compilers.llvm.clang.1_0.compiler (in target 'DTFoundation' from project 'DTFoundation')
    cd /Users/builder/builds/UKfvDsi8u/1/finestructure/swiftpackageindex-builder/spi-builder-workspace
    /Applications/Xcode-15.3.0-Beta.2.app/Contents/Developer/Toolchains/XcodeDefault.xctoolchain/usr/bin/clang -x objective-c -ivfsstatcache /Users/builder/builds/UKfvDsi8u/1/finestructure/swiftpackageindex-builder/spi-builder-workspace/.derivedData/SDKStatCaches.noindex/xros1.1-21O5181e-ee5c1ba7e8e63f56232e286fb9e6086d.sdkstatcache -fmessage-length\=0 -fdiagnostics-show-note-include-stack -fmacro-backtrace-limit\=0 -fno-color-diagnostics -fmodules-prune-interval\=86400 -fmodules-prune-after\=345600 -fbuild-session-file\=/Users/builder/builds/UKfvDsi8u/1/finestructure/swiftpackageindex-builder/spi-builder-workspace/.derivedData/ModuleCache.noindex/Session.modulevalidation -fmodules-validate-once-per-build-session -Wnon-modular-include-in-framework-module -Werror\=non-modular-include-in-framework-module -Wno-trigraphs -Wno-missing-field-initializers -Wno-missing-prototypes -Wno-return-type -Wno-implicit-atomic-properties -Wno-objc-interface-ivars -Wno-arc-repeated-use-of-weak -Wno-missing-braces -Wparentheses -Wswitch -Wno-unused-function -Wno-unused-label -Wno-unused-parameter -Wno-unused-variable -Wunused-value -Wno-empty-body -Wno-uninitialized -Wno-unknown-pragmas -Wno-shadow -Wno-four-char-constants -Wno-conversion -Wno-constant-conversion -Wno-int-conversion -Wno-bool-conversion -Wno-enum-conversion -Wno-float-conversion -Wno-non-literal-null-conversion -Wno-objc-literal-conversion -Wshorten-64-to-32 -Wpointer-sign -Wno-newline-eof -Wno-selector -Wno-strict-selector-match -Wno-undeclared-selector -Wno-deprecated-implementations -Wno-implicit-fallthrough -fstrict-aliasing -Wprotocol -Wdeprecated-declarations -Wno-sign-conversion -Wno-infinite-recursion -Wno-comma -Wno-block-capture-autoreleasing -Wno-strict-prototypes -Wno-semicolon-before-method-body -index-store-path /Users/builder/builds/UKfvDsi8u/1/finestructure/swiftpackageindex-builder/spi-builder-workspace/.derivedData/Index.noindex/DataStore @/Users/builder/builds/UKfvDsi8u/1/finestructure/swiftpackageindex-builder/spi-builder-workspace/.derivedData/Build/Intermediates.noindex/DTFoundation.build/Debug-xros/DTFoundation.build/Objects-normal/arm64/e6072d4f65d7061329687fe24e3d63a7-common-args.resp -MMD -MT dependencies -MF /Users/builder/builds/UKfvDsi8u/1/finestructure/swiftpackageindex-builder/spi-builder-workspace/.derivedData/Build/Intermediates.noindex/DTFoundation.build/Debug-xros/DTFoundation.build/Objects-normal/arm64/DTTiledLayerWithoutFade.d --serialize-diagnostics /Users/builder/builds/UKfvDsi8u/1/finestructure/swiftpackageindex-builder/spi-builder-workspace/.derivedData/Build/Intermediates.noindex/DTFoundation.build/Debug-xros/DTFoundation.build/Objects-normal/arm64/DTTiledLayerWithoutFade.dia -c /Users/builder/builds/UKfvDsi8u/1/finestructure/swiftpackageindex-builder/spi-builder-workspace/Core/Source/iOS/DTTiledLayerWithoutFade.m -o /Users/builder/builds/UKfvDsi8u/1/finestructure/swiftpackageindex-builder/spi-builder-workspace/.derivedData/Build/Intermediates.noindex/DTFoundation.build/Debug-xros/DTFoundation.build/Objects-normal/arm64/DTTiledLayerWithoutFade.o -index-unit-output-path /DTFoundation.build/Debug-xros/DTFoundation.build/Objects-normal/arm64/DTTiledLayerWithoutFade.o
CompileC /Users/builder/builds/UKfvDsi8u/1/finestructure/swiftpackageindex-builder/spi-builder-workspace/.derivedData/Build/Intermediates.noindex/DTFoundation.build/Debug-xros/DTFoundation.build/Objects-normal/arm64/UIImage+DTFoundation.o /Users/builder/builds/UKfvDsi8u/1/finestructure/swiftpackageindex-builder/spi-builder-workspace/Core/Source/iOS/UIImage+DTFoundation.m normal arm64 objective-c com.apple.compilers.llvm.clang.1_0.compiler (in target 'DTFoundation' from project 'DTFoundation')
    cd /Users/builder/builds/UKfvDsi8u/1/finestructure/swiftpackageindex-builder/spi-builder-workspace
    /Applications/Xcode-15.3.0-Beta.2.app/Contents/Developer/Toolchains/XcodeDefault.xctoolchain/usr/bin/clang -x objective-c -ivfsstatcache /Users/builder/builds/UKfvDsi8u/1/finestructure/swiftpackageindex-builder/spi-builder-workspace/.derivedData/SDKStatCaches.noindex/xros1.1-21O5181e-ee5c1ba7e8e63f56232e286fb9e6086d.sdkstatcache -fmessage-length\=0 -fdiagnostics-show-note-include-stack -fmacro-backtrace-limit\=0 -fno-color-diagnostics -fmodules-prune-interval\=86400 -fmodules-prune-after\=345600 -fbuild-session-file\=/Users/builder/builds/UKfvDsi8u/1/finestructure/swiftpackageindex-builder/spi-builder-workspace/.derivedData/ModuleCache.noindex/Session.modulevalidation -fmodules-validate-once-per-build-session -Wnon-modular-include-in-framework-module -Werror\=non-modular-include-in-framework-module -Wno-trigraphs -Wno-missing-field-initializers -Wno-missing-prototypes -Wno-return-type -Wno-implicit-atomic-properties -Wno-objc-interface-ivars -Wno-arc-repeated-use-of-weak -Wno-missing-braces -Wparentheses -Wswitch -Wno-unused-function -Wno-unused-label -Wno-unused-parameter -Wno-unused-variable -Wunused-value -Wno-empty-body -Wno-uninitialized -Wno-unknown-pragmas -Wno-shadow -Wno-four-char-constants -Wno-conversion -Wno-constant-conversion -Wno-int-conversion -Wno-bool-conversion -Wno-enum-conversion -Wno-float-conversion -Wno-non-literal-null-conversion -Wno-objc-literal-conversion -Wshorten-64-to-32 -Wpointer-sign -Wno-newline-eof -Wno-selector -Wno-strict-selector-match -Wno-undeclared-selector -Wno-deprecated-implementations -Wno-implicit-fallthrough -fstrict-aliasing -Wprotocol -Wdeprecated-declarations -Wno-sign-conversion -Wno-infinite-recursion -Wno-comma -Wno-block-capture-autoreleasing -Wno-strict-prototypes -Wno-semicolon-before-method-body -index-store-path /Users/builder/builds/UKfvDsi8u/1/finestructure/swiftpackageindex-builder/spi-builder-workspace/.derivedData/Index.noindex/DataStore @/Users/builder/builds/UKfvDsi8u/1/finestructure/swiftpackageindex-builder/spi-builder-workspace/.derivedData/Build/Intermediates.noindex/DTFoundation.build/Debug-xros/DTFoundation.build/Objects-normal/arm64/e6072d4f65d7061329687fe24e3d63a7-common-args.resp -MMD -MT dependencies -MF /Users/builder/builds/UKfvDsi8u/1/finestructure/swiftpackageindex-builder/spi-builder-workspace/.derivedData/Build/Intermediates.noindex/DTFoundation.build/Debug-xros/DTFoundation.build/Objects-normal/arm64/UIImage+DTFoundation.d --serialize-diagnostics /Users/builder/builds/UKfvDsi8u/1/finestructure/swiftpackageindex-builder/spi-builder-workspace/.derivedData/Build/Intermediates.noindex/DTFoundation.build/Debug-xros/DTFoundation.build/Objects-normal/arm64/UIImage+DTFoundation.dia -c /Users/builder/builds/UKfvDsi8u/1/finestructure/swiftpackageindex-builder/spi-builder-workspace/Core/Source/iOS/UIImage+DTFoundation.m -o /Users/builder/builds/UKfvDsi8u/1/finestructure/swiftpackageindex-builder/spi-builder-workspace/.derivedData/Build/Intermediates.noindex/DTFoundation.build/Debug-xros/DTFoundation.build/Objects-normal/arm64/UIImage+DTFoundation.o -index-unit-output-path /DTFoundation.build/Debug-xros/DTFoundation.build/Objects-normal/arm64/UIImage+DTFoundation.o
CompileC /Users/builder/builds/UKfvDsi8u/1/finestructure/swiftpackageindex-builder/spi-builder-workspace/.derivedData/Build/Intermediates.noindex/DTFoundation.build/Debug-xros/DTFoundation.build/Objects-normal/arm64/NSURL+DTUnshorten.o /Users/builder/builds/UKfvDsi8u/1/finestructure/swiftpackageindex-builder/spi-builder-workspace/Core/Source/NSURL+DTUnshorten.m normal arm64 objective-c com.apple.compilers.llvm.clang.1_0.compiler (in target 'DTFoundation' from project 'DTFoundation')
    cd /Users/builder/builds/UKfvDsi8u/1/finestructure/swiftpackageindex-builder/spi-builder-workspace
    /Applications/Xcode-15.3.0-Beta.2.app/Contents/Developer/Toolchains/XcodeDefault.xctoolchain/usr/bin/clang -x objective-c -ivfsstatcache /Users/builder/builds/UKfvDsi8u/1/finestructure/swiftpackageindex-builder/spi-builder-workspace/.derivedData/SDKStatCaches.noindex/xros1.1-21O5181e-ee5c1ba7e8e63f56232e286fb9e6086d.sdkstatcache -fmessage-length\=0 -fdiagnostics-show-note-include-stack -fmacro-backtrace-limit\=0 -fno-color-diagnostics -fmodules-prune-interval\=86400 -fmodules-prune-after\=345600 -fbuild-session-file\=/Users/builder/builds/UKfvDsi8u/1/finestructure/swiftpackageindex-builder/spi-builder-workspace/.derivedData/ModuleCache.noindex/Session.modulevalidation -fmodules-validate-once-per-build-session -Wnon-modular-include-in-framework-module -Werror\=non-modular-include-in-framework-module -Wno-trigraphs -Wno-missing-field-initializers -Wno-missing-prototypes -Wno-return-type -Wno-implicit-atomic-properties -Wno-objc-interface-ivars -Wno-arc-repeated-use-of-weak -Wno-missing-braces -Wparentheses -Wswitch -Wno-unused-function -Wno-unused-label -Wno-unused-parameter -Wno-unused-variable -Wunused-value -Wno-empty-body -Wno-uninitialized -Wno-unknown-pragmas -Wno-shadow -Wno-four-char-constants -Wno-conversion -Wno-constant-conversion -Wno-int-conversion -Wno-bool-conversion -Wno-enum-conversion -Wno-float-conversion -Wno-non-literal-null-conversion -Wno-objc-literal-conversion -Wshorten-64-to-32 -Wpointer-sign -Wno-newline-eof -Wno-selector -Wno-strict-selector-match -Wno-undeclared-selector -Wno-deprecated-implementations -Wno-implicit-fallthrough -fstrict-aliasing -Wprotocol -Wdeprecated-declarations -Wno-sign-conversion -Wno-infinite-recursion -Wno-comma -Wno-block-capture-autoreleasing -Wno-strict-prototypes -Wno-semicolon-before-method-body -index-store-path /Users/builder/builds/UKfvDsi8u/1/finestructure/swiftpackageindex-builder/spi-builder-workspace/.derivedData/Index.noindex/DataStore @/Users/builder/builds/UKfvDsi8u/1/finestructure/swiftpackageindex-builder/spi-builder-workspace/.derivedData/Build/Intermediates.noindex/DTFoundation.build/Debug-xros/DTFoundation.build/Objects-normal/arm64/e6072d4f65d7061329687fe24e3d63a7-common-args.resp -MMD -MT dependencies -MF /Users/builder/builds/UKfvDsi8u/1/finestructure/swiftpackageindex-builder/spi-builder-workspace/.derivedData/Build/Intermediates.noindex/DTFoundation.build/Debug-xros/DTFoundation.build/Objects-normal/arm64/NSURL+DTUnshorten.d --serialize-diagnostics /Users/builder/builds/UKfvDsi8u/1/finestructure/swiftpackageindex-builder/spi-builder-workspace/.derivedData/Build/Intermediates.noindex/DTFoundation.build/Debug-xros/DTFoundation.build/Objects-normal/arm64/NSURL+DTUnshorten.dia -c /Users/builder/builds/UKfvDsi8u/1/finestructure/swiftpackageindex-builder/spi-builder-workspace/Core/Source/NSURL+DTUnshorten.m -o /Users/builder/builds/UKfvDsi8u/1/finestructure/swiftpackageindex-builder/spi-builder-workspace/.derivedData/Build/Intermediates.noindex/DTFoundation.build/Debug-xros/DTFoundation.build/Objects-normal/arm64/NSURL+DTUnshorten.o -index-unit-output-path /DTFoundation.build/Debug-xros/DTFoundation.build/Objects-normal/arm64/NSURL+DTUnshorten.o
CompileC /Users/builder/builds/UKfvDsi8u/1/finestructure/swiftpackageindex-builder/spi-builder-workspace/.derivedData/Build/Intermediates.noindex/DTFoundation.build/Debug-xros/DTFoundation.build/Objects-normal/arm64/NSURL+DTAppLinks.o /Users/builder/builds/UKfvDsi8u/1/finestructure/swiftpackageindex-builder/spi-builder-workspace/Core/Source/iOS/NSURL+DTAppLinks.m normal arm64 objective-c com.apple.compilers.llvm.clang.1_0.compiler (in target 'DTFoundation' from project 'DTFoundation')
    cd /Users/builder/builds/UKfvDsi8u/1/finestructure/swiftpackageindex-builder/spi-builder-workspace
    /Applications/Xcode-15.3.0-Beta.2.app/Contents/Developer/Toolchains/XcodeDefault.xctoolchain/usr/bin/clang -x objective-c -ivfsstatcache /Users/builder/builds/UKfvDsi8u/1/finestructure/swiftpackageindex-builder/spi-builder-workspace/.derivedData/SDKStatCaches.noindex/xros1.1-21O5181e-ee5c1ba7e8e63f56232e286fb9e6086d.sdkstatcache -fmessage-length\=0 -fdiagnostics-show-note-include-stack -fmacro-backtrace-limit\=0 -fno-color-diagnostics -fmodules-prune-interval\=86400 -fmodules-prune-after\=345600 -fbuild-session-file\=/Users/builder/builds/UKfvDsi8u/1/finestructure/swiftpackageindex-builder/spi-builder-workspace/.derivedData/ModuleCache.noindex/Session.modulevalidation -fmodules-validate-once-per-build-session -Wnon-modular-include-in-framework-module -Werror\=non-modular-include-in-framework-module -Wno-trigraphs -Wno-missing-field-initializers -Wno-missing-prototypes -Wno-return-type -Wno-implicit-atomic-properties -Wno-objc-interface-ivars -Wno-arc-repeated-use-of-weak -Wno-missing-braces -Wparentheses -Wswitch -Wno-unused-function -Wno-unused-label -Wno-unused-parameter -Wno-unused-variable -Wunused-value -Wno-empty-body -Wno-uninitialized -Wno-unknown-pragmas -Wno-shadow -Wno-four-char-constants -Wno-conversion -Wno-constant-conversion -Wno-int-conversion -Wno-bool-conversion -Wno-enum-conversion -Wno-float-conversion -Wno-non-literal-null-conversion -Wno-objc-literal-conversion -Wshorten-64-to-32 -Wpointer-sign -Wno-newline-eof -Wno-selector -Wno-strict-selector-match -Wno-undeclared-selector -Wno-deprecated-implementations -Wno-implicit-fallthrough -fstrict-aliasing -Wprotocol -Wdeprecated-declarations -Wno-sign-conversion -Wno-infinite-recursion -Wno-comma -Wno-block-capture-autoreleasing -Wno-strict-prototypes -Wno-semicolon-before-method-body -index-store-path /Users/builder/builds/UKfvDsi8u/1/finestructure/swiftpackageindex-builder/spi-builder-workspace/.derivedData/Index.noindex/DataStore @/Users/builder/builds/UKfvDsi8u/1/finestructure/swiftpackageindex-builder/spi-builder-workspace/.derivedData/Build/Intermediates.noindex/DTFoundation.build/Debug-xros/DTFoundation.build/Objects-normal/arm64/e6072d4f65d7061329687fe24e3d63a7-common-args.resp -MMD -MT dependencies -MF /Users/builder/builds/UKfvDsi8u/1/finestructure/swiftpackageindex-builder/spi-builder-workspace/.derivedData/Build/Intermediates.noindex/DTFoundation.build/Debug-xros/DTFoundation.build/Objects-normal/arm64/NSURL+DTAppLinks.d --serialize-diagnostics /Users/builder/builds/UKfvDsi8u/1/finestructure/swiftpackageindex-builder/spi-builder-workspace/.derivedData/Build/Intermediates.noindex/DTFoundation.build/Debug-xros/DTFoundation.build/Objects-normal/arm64/NSURL+DTAppLinks.dia -c /Users/builder/builds/UKfvDsi8u/1/finestructure/swiftpackageindex-builder/spi-builder-workspace/Core/Source/iOS/NSURL+DTAppLinks.m -o /Users/builder/builds/UKfvDsi8u/1/finestructure/swiftpackageindex-builder/spi-builder-workspace/.derivedData/Build/Intermediates.noindex/DTFoundation.build/Debug-xros/DTFoundation.build/Objects-normal/arm64/NSURL+DTAppLinks.o -index-unit-output-path /DTFoundation.build/Debug-xros/DTFoundation.build/Objects-normal/arm64/NSURL+DTAppLinks.o
2024-02-15 01:02:32.220 xcodebuild[85549:10017858] Requested but did not find extension point with identifier Xcode.DVTDeviceFoundation.Aspect for extension Xcode.IDEiOSSupportCore.Aspect.NBDD of plug-in com.apple.dt.IDE.IDEiOSSupportCore
2024-02-15 01:02:33.085 xcodebuild[85549:10017858] [MT] DVTPlugInQuery: Requested but did not find extension point with identifier 'Xcode.DVTDeviceFoundation.CompatibleDeviceFamilyPair'. This is programmer error; code should only request extension points that are defined by itself or its dependencies.
** BUILD FAILED **
The following build commands failed:
	CompileC /Users/builder/builds/UKfvDsi8u/1/finestructure/swiftpackageindex-builder/spi-builder-workspace/.derivedData/Build/Intermediates.noindex/DTFoundation.build/Debug-xros/DTFoundation.build/Objects-normal/arm64/UIApplication+DTNetworkActivity.o /Users/builder/builds/UKfvDsi8u/1/finestructure/swiftpackageindex-builder/spi-builder-workspace/Core/Source/iOS/UIApplication+DTNetworkActivity.m normal arm64 objective-c com.apple.compilers.llvm.clang.1_0.compiler (in target 'DTFoundation' from project 'DTFoundation')
(1 failure)
BUILD FAILURE 5.10 visionOS

Build Machine: Mac 7