The Swift Package Index logo.Swift Package Index

Build Information

Failed to build SDWebImageMockPlugin, reference main (ca6d11), with Swift 6.4 for watchOS using Xcode 27.0 on 18 Sep 2026 04:51:24 UTC.

Build Command

env DEVELOPER_DIR=/Applications/Xcode-27.0.0-Release.Candidate.app xcrun xcodebuild -IDEClonedSourcePackagesDirPathOverride=$PWD/.dependencies -skipMacroValidation -skipPackagePluginValidation -derivedDataPath $PWD/.derivedData build -scheme SDWebImageMockPlugin -destination generic/platform=watchOS

Build Log

CompileC /Users/admin/builder/spi-builder-workspace/.derivedData/Build/Intermediates.noindex/SDWebImage.build/Debug-watchos/SDWebImage-t.build/Objects-normal/arm64/SDImageIOAnimatedCoder.o /Users/admin/builder/spi-builder-workspace/.dependencies/checkouts/SDWebImage/SDWebImage/Core/SDImageIOAnimatedCoder.m normal arm64 objective-c com.apple.compilers.llvm.clang.1_0.compiler (in target 'SDWebImage' from project 'SDWebImage')
    cd /Users/admin/builder/spi-builder-workspace/.swiftpm/xcode

    Using response file: /Users/admin/builder/spi-builder-workspace/.derivedData/Build/Intermediates.noindex/SDWebImage.build/Debug-watchos/SDWebImage-t.build/Objects-normal/arm64/e6072d4f65d7061329687fe24e3d63a7-common-args.resp

    /Applications/Xcode-27.0.0-Release.Candidate.app/Contents/Developer/Toolchains/XcodeDefault.xctoolchain/usr/bin/clang -x objective-c -ivfsstatcache /Users/admin/builder/spi-builder-workspace/.derivedData/SDKStatCaches.noindex/watchos27.0-24R360-e829b21a6f8c9b70876ba0858053c04477534ef55a1706bf4c1112bbb242f0a2.sdkstatcache -target arm64-apple-watchos9.0 -fmessage-length\=0 -fdiagnostics-show-note-include-stack -fmacro-backtrace-limit\=0 -fno-color-diagnostics -fmodules-prune-interval\=86400 -fmodules-prune-after\=345600 -fbuild-session-file\=/Users/admin/builder/spi-builder-workspace/.derivedData/ModuleCache.noindex/Session.modulevalidation -fmodules-validate-once-per-build-session -Wnon-modular-include-in-framework-module -Werror\=non-modular-include-in-framework-module -Wno-trigraphs -Wno-missing-field-initializers -Wno-missing-prototypes -Wno-return-type -Wno-implicit-atomic-properties -Wno-objc-interface-ivars -Wno-arc-repeated-use-of-weak -Wno-missing-braces -Wparentheses -Wswitch -Wno-unused-function -Wno-unused-label -Wno-unused-parameter -Wno-unused-variable -Wunused-value -Wno-empty-body -Wno-uninitialized -Wno-unknown-pragmas -w -Wno-shadow -Wno-four-char-constants -Wno-conversion -Wno-constant-conversion -Wno-int-conversion -Wno-bool-conversion -Wno-enum-conversion -Wno-float-conversion -Wno-non-literal-null-conversion -Wno-objc-literal-conversion -Wshorten-64-to-32 -Wpointer-sign -Wno-newline-eof -Wno-selector -Wno-strict-selector-match -Wno-undeclared-selector -Wno-deprecated-implementations -Wno-implicit-fallthrough -isysroot /Applications/Xcode-27.0.0-Release.Candidate.app/Contents/Developer/Platforms/WatchOS.platform/Developer/SDKs/WatchOS27.0.sdk -fstrict-aliasing -Wprotocol -Wdeprecated-declarations -Wno-sign-conversion -Wno-infinite-recursion -Wno-comma -Wno-block-capture-autoreleasing -Wno-strict-prototypes -Wno-semicolon-before-method-body -index-store-path /Users/admin/builder/spi-builder-workspace/.derivedData/Index.noindex/DataStore @/Users/admin/builder/spi-builder-workspace/.derivedData/Build/Intermediates.noindex/SDWebImage.build/Debug-watchos/SDWebImage-t.build/Objects-normal/arm64/e6072d4f65d7061329687fe24e3d63a7-common-args.resp -include /Users/admin/builder/spi-builder-workspace/.derivedData/Build/Intermediates.noindex/SDWebImage.build/Debug-watchos/SDWebImage-t.build/DerivedSources/resource_bundle_accessor.h -MMD -MT dependencies -MF /Users/admin/builder/spi-builder-workspace/.derivedData/Build/Intermediates.noindex/SDWebImage.build/Debug-watchos/SDWebImage-t.build/Objects-normal/arm64/SDImageIOAnimatedCoder.d --serialize-diagnostics /Users/admin/builder/spi-builder-workspace/.derivedData/Build/Intermediates.noindex/SDWebImage.build/Debug-watchos/SDWebImage-t.build/Objects-normal/arm64/SDImageIOAnimatedCoder.dia -c /Users/admin/builder/spi-builder-workspace/.dependencies/checkouts/SDWebImage/SDWebImage/Core/SDImageIOAnimatedCoder.m -o /Users/admin/builder/spi-builder-workspace/.derivedData/Build/Intermediates.noindex/SDWebImage.build/Debug-watchos/SDWebImage-t.build/Objects-normal/arm64/SDImageIOAnimatedCoder.o -index-unit-output-path /SDWebImage.build/Debug-watchos/SDWebImage-t.build/Objects-normal/arm64/SDImageIOAnimatedCoder.o
CompileC /Users/admin/builder/spi-builder-workspace/.derivedData/Build/Intermediates.noindex/SDWebImage.build/Debug-watchos/SDWebImage-t.build/Objects-normal/arm64/SDImageHEICCoder.o /Users/admin/builder/spi-builder-workspace/.dependencies/checkouts/SDWebImage/SDWebImage/Core/SDImageHEICCoder.m normal arm64 objective-c com.apple.compilers.llvm.clang.1_0.compiler (in target 'SDWebImage' from project 'SDWebImage')
    cd /Users/admin/builder/spi-builder-workspace/.swiftpm/xcode

    Using response file: /Users/admin/builder/spi-builder-workspace/.derivedData/Build/Intermediates.noindex/SDWebImage.build/Debug-watchos/SDWebImage-t.build/Objects-normal/arm64/e6072d4f65d7061329687fe24e3d63a7-common-args.resp

    /Applications/Xcode-27.0.0-Release.Candidate.app/Contents/Developer/Toolchains/XcodeDefault.xctoolchain/usr/bin/clang -x objective-c -ivfsstatcache /Users/admin/builder/spi-builder-workspace/.derivedData/SDKStatCaches.noindex/watchos27.0-24R360-e829b21a6f8c9b70876ba0858053c04477534ef55a1706bf4c1112bbb242f0a2.sdkstatcache -target arm64-apple-watchos9.0 -fmessage-length\=0 -fdiagnostics-show-note-include-stack -fmacro-backtrace-limit\=0 -fno-color-diagnostics -fmodules-prune-interval\=86400 -fmodules-prune-after\=345600 -fbuild-session-file\=/Users/admin/builder/spi-builder-workspace/.derivedData/ModuleCache.noindex/Session.modulevalidation -fmodules-validate-once-per-build-session -Wnon-modular-include-in-framework-module -Werror\=non-modular-include-in-framework-module -Wno-trigraphs -Wno-missing-field-initializers -Wno-missing-prototypes -Wno-return-type -Wno-implicit-atomic-properties -Wno-objc-interface-ivars -Wno-arc-repeated-use-of-weak -Wno-missing-braces -Wparentheses -Wswitch -Wno-unused-function -Wno-unused-label -Wno-unused-parameter -Wno-unused-variable -Wunused-value -Wno-empty-body -Wno-uninitialized -Wno-unknown-pragmas -w -Wno-shadow -Wno-four-char-constants -Wno-conversion -Wno-constant-conversion -Wno-int-conversion -Wno-bool-conversion -Wno-enum-conversion -Wno-float-conversion -Wno-non-literal-null-conversion -Wno-objc-literal-conversion -Wshorten-64-to-32 -Wpointer-sign -Wno-newline-eof -Wno-selector -Wno-strict-selector-match -Wno-undeclared-selector -Wno-deprecated-implementations -Wno-implicit-fallthrough -isysroot /Applications/Xcode-27.0.0-Release.Candidate.app/Contents/Developer/Platforms/WatchOS.platform/Developer/SDKs/WatchOS27.0.sdk -fstrict-aliasing -Wprotocol -Wdeprecated-declarations -Wno-sign-conversion -Wno-infinite-recursion -Wno-comma -Wno-block-capture-autoreleasing -Wno-strict-prototypes -Wno-semicolon-before-method-body -index-store-path /Users/admin/builder/spi-builder-workspace/.derivedData/Index.noindex/DataStore @/Users/admin/builder/spi-builder-workspace/.derivedData/Build/Intermediates.noindex/SDWebImage.build/Debug-watchos/SDWebImage-t.build/Objects-normal/arm64/e6072d4f65d7061329687fe24e3d63a7-common-args.resp -include /Users/admin/builder/spi-builder-workspace/.derivedData/Build/Intermediates.noindex/SDWebImage.build/Debug-watchos/SDWebImage-t.build/DerivedSources/resource_bundle_accessor.h -MMD -MT dependencies -MF /Users/admin/builder/spi-builder-workspace/.derivedData/Build/Intermediates.noindex/SDWebImage.build/Debug-watchos/SDWebImage-t.build/Objects-normal/arm64/SDImageHEICCoder.d --serialize-diagnostics /Users/admin/builder/spi-builder-workspace/.derivedData/Build/Intermediates.noindex/SDWebImage.build/Debug-watchos/SDWebImage-t.build/Objects-normal/arm64/SDImageHEICCoder.dia -c /Users/admin/builder/spi-builder-workspace/.dependencies/checkouts/SDWebImage/SDWebImage/Core/SDImageHEICCoder.m -o /Users/admin/builder/spi-builder-workspace/.derivedData/Build/Intermediates.noindex/SDWebImage.build/Debug-watchos/SDWebImage-t.build/Objects-normal/arm64/SDImageHEICCoder.o -index-unit-output-path /SDWebImage.build/Debug-watchos/SDWebImage-t.build/Objects-normal/arm64/SDImageHEICCoder.o
CompileC /Users/admin/builder/spi-builder-workspace/.derivedData/Build/Intermediates.noindex/SDWebImage.build/Debug-watchos/SDWebImage-t.build/Objects-normal/arm64/SDImageGraphics.o /Users/admin/builder/spi-builder-workspace/.dependencies/checkouts/SDWebImage/SDWebImage/Core/SDImageGraphics.m normal arm64 objective-c com.apple.compilers.llvm.clang.1_0.compiler (in target 'SDWebImage' from project 'SDWebImage')
    cd /Users/admin/builder/spi-builder-workspace/.swiftpm/xcode

    Using response file: /Users/admin/builder/spi-builder-workspace/.derivedData/Build/Intermediates.noindex/SDWebImage.build/Debug-watchos/SDWebImage-t.build/Objects-normal/arm64/e6072d4f65d7061329687fe24e3d63a7-common-args.resp

    /Applications/Xcode-27.0.0-Release.Candidate.app/Contents/Developer/Toolchains/XcodeDefault.xctoolchain/usr/bin/clang -x objective-c -ivfsstatcache /Users/admin/builder/spi-builder-workspace/.derivedData/SDKStatCaches.noindex/watchos27.0-24R360-e829b21a6f8c9b70876ba0858053c04477534ef55a1706bf4c1112bbb242f0a2.sdkstatcache -target arm64-apple-watchos9.0 -fmessage-length\=0 -fdiagnostics-show-note-include-stack -fmacro-backtrace-limit\=0 -fno-color-diagnostics -fmodules-prune-interval\=86400 -fmodules-prune-after\=345600 -fbuild-session-file\=/Users/admin/builder/spi-builder-workspace/.derivedData/ModuleCache.noindex/Session.modulevalidation -fmodules-validate-once-per-build-session -Wnon-modular-include-in-framework-module -Werror\=non-modular-include-in-framework-module -Wno-trigraphs -Wno-missing-field-initializers -Wno-missing-prototypes -Wno-return-type -Wno-implicit-atomic-properties -Wno-objc-interface-ivars -Wno-arc-repeated-use-of-weak -Wno-missing-braces -Wparentheses -Wswitch -Wno-unused-function -Wno-unused-label -Wno-unused-parameter -Wno-unused-variable -Wunused-value -Wno-empty-body -Wno-uninitialized -Wno-unknown-pragmas -w -Wno-shadow -Wno-four-char-constants -Wno-conversion -Wno-constant-conversion -Wno-int-conversion -Wno-bool-conversion -Wno-enum-conversion -Wno-float-conversion -Wno-non-literal-null-conversion -Wno-objc-literal-conversion -Wshorten-64-to-32 -Wpointer-sign -Wno-newline-eof -Wno-selector -Wno-strict-selector-match -Wno-undeclared-selector -Wno-deprecated-implementations -Wno-implicit-fallthrough -isysroot /Applications/Xcode-27.0.0-Release.Candidate.app/Contents/Developer/Platforms/WatchOS.platform/Developer/SDKs/WatchOS27.0.sdk -fstrict-aliasing -Wprotocol -Wdeprecated-declarations -Wno-sign-conversion -Wno-infinite-recursion -Wno-comma -Wno-block-capture-autoreleasing -Wno-strict-prototypes -Wno-semicolon-before-method-body -index-store-path /Users/admin/builder/spi-builder-workspace/.derivedData/Index.noindex/DataStore @/Users/admin/builder/spi-builder-workspace/.derivedData/Build/Intermediates.noindex/SDWebImage.build/Debug-watchos/SDWebImage-t.build/Objects-normal/arm64/e6072d4f65d7061329687fe24e3d63a7-common-args.resp -include /Users/admin/builder/spi-builder-workspace/.derivedData/Build/Intermediates.noindex/SDWebImage.build/Debug-watchos/SDWebImage-t.build/DerivedSources/resource_bundle_accessor.h -MMD -MT dependencies -MF /Users/admin/builder/spi-builder-workspace/.derivedData/Build/Intermediates.noindex/SDWebImage.build/Debug-watchos/SDWebImage-t.build/Objects-normal/arm64/SDImageGraphics.d --serialize-diagnostics /Users/admin/builder/spi-builder-workspace/.derivedData/Build/Intermediates.noindex/SDWebImage.build/Debug-watchos/SDWebImage-t.build/Objects-normal/arm64/SDImageGraphics.dia -c /Users/admin/builder/spi-builder-workspace/.dependencies/checkouts/SDWebImage/SDWebImage/Core/SDImageGraphics.m -o /Users/admin/builder/spi-builder-workspace/.derivedData/Build/Intermediates.noindex/SDWebImage.build/Debug-watchos/SDWebImage-t.build/Objects-normal/arm64/SDImageGraphics.o -index-unit-output-path /SDWebImage.build/Debug-watchos/SDWebImage-t.build/Objects-normal/arm64/SDImageGraphics.o
SwiftEmitModule normal arm64 Emitting\ module\ for\ SDWebImageMockPlugin (in target 'SDWebImageMockPlugin' from project 'SDWebImageMockPlugin')
SwiftCompile normal arm64 (in target 'SDWebImageMockPlugin' from project 'SDWebImageMockPlugin')
    cd /Users/admin/builder/spi-builder-workspace/.swiftpm/xcode

CompileC /Users/admin/builder/spi-builder-workspace/.derivedData/Build/Intermediates.noindex/SDWebImage.build/Debug-watchos/SDWebImage-t.build/Objects-normal/arm64/SDImageGIFCoder.o /Users/admin/builder/spi-builder-workspace/.dependencies/checkouts/SDWebImage/SDWebImage/Core/SDImageGIFCoder.m normal arm64 objective-c com.apple.compilers.llvm.clang.1_0.compiler (in target 'SDWebImage' from project 'SDWebImage')
    cd /Users/admin/builder/spi-builder-workspace/.swiftpm/xcode

    Using response file: /Users/admin/builder/spi-builder-workspace/.derivedData/Build/Intermediates.noindex/SDWebImage.build/Debug-watchos/SDWebImage-t.build/Objects-normal/arm64/e6072d4f65d7061329687fe24e3d63a7-common-args.resp

    /Applications/Xcode-27.0.0-Release.Candidate.app/Contents/Developer/Toolchains/XcodeDefault.xctoolchain/usr/bin/clang -x objective-c -ivfsstatcache /Users/admin/builder/spi-builder-workspace/.derivedData/SDKStatCaches.noindex/watchos27.0-24R360-e829b21a6f8c9b70876ba0858053c04477534ef55a1706bf4c1112bbb242f0a2.sdkstatcache -target arm64-apple-watchos9.0 -fmessage-length\=0 -fdiagnostics-show-note-include-stack -fmacro-backtrace-limit\=0 -fno-color-diagnostics -fmodules-prune-interval\=86400 -fmodules-prune-after\=345600 -fbuild-session-file\=/Users/admin/builder/spi-builder-workspace/.derivedData/ModuleCache.noindex/Session.modulevalidation -fmodules-validate-once-per-build-session -Wnon-modular-include-in-framework-module -Werror\=non-modular-include-in-framework-module -Wno-trigraphs -Wno-missing-field-initializers -Wno-missing-prototypes -Wno-return-type -Wno-implicit-atomic-properties -Wno-objc-interface-ivars -Wno-arc-repeated-use-of-weak -Wno-missing-braces -Wparentheses -Wswitch -Wno-unused-function -Wno-unused-label -Wno-unused-parameter -Wno-unused-variable -Wunused-value -Wno-empty-body -Wno-uninitialized -Wno-unknown-pragmas -w -Wno-shadow -Wno-four-char-constants -Wno-conversion -Wno-constant-conversion -Wno-int-conversion -Wno-bool-conversion -Wno-enum-conversion -Wno-float-conversion -Wno-non-literal-null-conversion -Wno-objc-literal-conversion -Wshorten-64-to-32 -Wpointer-sign -Wno-newline-eof -Wno-selector -Wno-strict-selector-match -Wno-undeclared-selector -Wno-deprecated-implementations -Wno-implicit-fallthrough -isysroot /Applications/Xcode-27.0.0-Release.Candidate.app/Contents/Developer/Platforms/WatchOS.platform/Developer/SDKs/WatchOS27.0.sdk -fstrict-aliasing -Wprotocol -Wdeprecated-declarations -Wno-sign-conversion -Wno-infinite-recursion -Wno-comma -Wno-block-capture-autoreleasing -Wno-strict-prototypes -Wno-semicolon-before-method-body -index-store-path /Users/admin/builder/spi-builder-workspace/.derivedData/Index.noindex/DataStore @/Users/admin/builder/spi-builder-workspace/.derivedData/Build/Intermediates.noindex/SDWebImage.build/Debug-watchos/SDWebImage-t.build/Objects-normal/arm64/e6072d4f65d7061329687fe24e3d63a7-common-args.resp -include /Users/admin/builder/spi-builder-workspace/.derivedData/Build/Intermediates.noindex/SDWebImage.build/Debug-watchos/SDWebImage-t.build/DerivedSources/resource_bundle_accessor.h -MMD -MT dependencies -MF /Users/admin/builder/spi-builder-workspace/.derivedData/Build/Intermediates.noindex/SDWebImage.build/Debug-watchos/SDWebImage-t.build/Objects-normal/arm64/SDImageGIFCoder.d --serialize-diagnostics /Users/admin/builder/spi-builder-workspace/.derivedData/Build/Intermediates.noindex/SDWebImage.build/Debug-watchos/SDWebImage-t.build/Objects-normal/arm64/SDImageGIFCoder.dia -c /Users/admin/builder/spi-builder-workspace/.dependencies/checkouts/SDWebImage/SDWebImage/Core/SDImageGIFCoder.m -o /Users/admin/builder/spi-builder-workspace/.derivedData/Build/Intermediates.noindex/SDWebImage.build/Debug-watchos/SDWebImage-t.build/Objects-normal/arm64/SDImageGIFCoder.o -index-unit-output-path /SDWebImage.build/Debug-watchos/SDWebImage-t.build/Objects-normal/arm64/SDImageGIFCoder.o
CompileC /Users/admin/builder/spi-builder-workspace/.derivedData/Build/Intermediates.noindex/SDWebImage.build/Debug-watchos/SDWebImage-t.build/Objects-normal/arm64/SDImageFramePool.o /Users/admin/builder/spi-builder-workspace/.dependencies/checkouts/SDWebImage/SDWebImage/Private/SDImageFramePool.m normal arm64 objective-c com.apple.compilers.llvm.clang.1_0.compiler (in target 'SDWebImage' from project 'SDWebImage')
    cd /Users/admin/builder/spi-builder-workspace/.swiftpm/xcode

    Using response file: /Users/admin/builder/spi-builder-workspace/.derivedData/Build/Intermediates.noindex/SDWebImage.build/Debug-watchos/SDWebImage-t.build/Objects-normal/arm64/e6072d4f65d7061329687fe24e3d63a7-common-args.resp

    /Applications/Xcode-27.0.0-Release.Candidate.app/Contents/Developer/Toolchains/XcodeDefault.xctoolchain/usr/bin/clang -x objective-c -ivfsstatcache /Users/admin/builder/spi-builder-workspace/.derivedData/SDKStatCaches.noindex/watchos27.0-24R360-e829b21a6f8c9b70876ba0858053c04477534ef55a1706bf4c1112bbb242f0a2.sdkstatcache -target arm64-apple-watchos9.0 -fmessage-length\=0 -fdiagnostics-show-note-include-stack -fmacro-backtrace-limit\=0 -fno-color-diagnostics -fmodules-prune-interval\=86400 -fmodules-prune-after\=345600 -fbuild-session-file\=/Users/admin/builder/spi-builder-workspace/.derivedData/ModuleCache.noindex/Session.modulevalidation -fmodules-validate-once-per-build-session -Wnon-modular-include-in-framework-module -Werror\=non-modular-include-in-framework-module -Wno-trigraphs -Wno-missing-field-initializers -Wno-missing-prototypes -Wno-return-type -Wno-implicit-atomic-properties -Wno-objc-interface-ivars -Wno-arc-repeated-use-of-weak -Wno-missing-braces -Wparentheses -Wswitch -Wno-unused-function -Wno-unused-label -Wno-unused-parameter -Wno-unused-variable -Wunused-value -Wno-empty-body -Wno-uninitialized -Wno-unknown-pragmas -w -Wno-shadow -Wno-four-char-constants -Wno-conversion -Wno-constant-conversion -Wno-int-conversion -Wno-bool-conversion -Wno-enum-conversion -Wno-float-conversion -Wno-non-literal-null-conversion -Wno-objc-literal-conversion -Wshorten-64-to-32 -Wpointer-sign -Wno-newline-eof -Wno-selector -Wno-strict-selector-match -Wno-undeclared-selector -Wno-deprecated-implementations -Wno-implicit-fallthrough -isysroot /Applications/Xcode-27.0.0-Release.Candidate.app/Contents/Developer/Platforms/WatchOS.platform/Developer/SDKs/WatchOS27.0.sdk -fstrict-aliasing -Wprotocol -Wdeprecated-declarations -Wno-sign-conversion -Wno-infinite-recursion -Wno-comma -Wno-block-capture-autoreleasing -Wno-strict-prototypes -Wno-semicolon-before-method-body -index-store-path /Users/admin/builder/spi-builder-workspace/.derivedData/Index.noindex/DataStore @/Users/admin/builder/spi-builder-workspace/.derivedData/Build/Intermediates.noindex/SDWebImage.build/Debug-watchos/SDWebImage-t.build/Objects-normal/arm64/e6072d4f65d7061329687fe24e3d63a7-common-args.resp -include /Users/admin/builder/spi-builder-workspace/.derivedData/Build/Intermediates.noindex/SDWebImage.build/Debug-watchos/SDWebImage-t.build/DerivedSources/resource_bundle_accessor.h -MMD -MT dependencies -MF /Users/admin/builder/spi-builder-workspace/.derivedData/Build/Intermediates.noindex/SDWebImage.build/Debug-watchos/SDWebImage-t.build/Objects-normal/arm64/SDImageFramePool.d --serialize-diagnostics /Users/admin/builder/spi-builder-workspace/.derivedData/Build/Intermediates.noindex/SDWebImage.build/Debug-watchos/SDWebImage-t.build/Objects-normal/arm64/SDImageFramePool.dia -c /Users/admin/builder/spi-builder-workspace/.dependencies/checkouts/SDWebImage/SDWebImage/Private/SDImageFramePool.m -o /Users/admin/builder/spi-builder-workspace/.derivedData/Build/Intermediates.noindex/SDWebImage.build/Debug-watchos/SDWebImage-t.build/Objects-normal/arm64/SDImageFramePool.o -index-unit-output-path /SDWebImage.build/Debug-watchos/SDWebImage-t.build/Objects-normal/arm64/SDImageFramePool.o
CompileC /Users/admin/builder/spi-builder-workspace/.derivedData/Build/Intermediates.noindex/SDWebImage.build/Debug-watchos/SDWebImage-t.build/Objects-normal/arm64/SDImageFrame.o /Users/admin/builder/spi-builder-workspace/.dependencies/checkouts/SDWebImage/SDWebImage/Core/SDImageFrame.m normal arm64 objective-c com.apple.compilers.llvm.clang.1_0.compiler (in target 'SDWebImage' from project 'SDWebImage')
    cd /Users/admin/builder/spi-builder-workspace/.swiftpm/xcode

    Using response file: /Users/admin/builder/spi-builder-workspace/.derivedData/Build/Intermediates.noindex/SDWebImage.build/Debug-watchos/SDWebImage-t.build/Objects-normal/arm64/e6072d4f65d7061329687fe24e3d63a7-common-args.resp

    /Applications/Xcode-27.0.0-Release.Candidate.app/Contents/Developer/Toolchains/XcodeDefault.xctoolchain/usr/bin/clang -x objective-c -ivfsstatcache /Users/admin/builder/spi-builder-workspace/.derivedData/SDKStatCaches.noindex/watchos27.0-24R360-e829b21a6f8c9b70876ba0858053c04477534ef55a1706bf4c1112bbb242f0a2.sdkstatcache -target arm64-apple-watchos9.0 -fmessage-length\=0 -fdiagnostics-show-note-include-stack -fmacro-backtrace-limit\=0 -fno-color-diagnostics -fmodules-prune-interval\=86400 -fmodules-prune-after\=345600 -fbuild-session-file\=/Users/admin/builder/spi-builder-workspace/.derivedData/ModuleCache.noindex/Session.modulevalidation -fmodules-validate-once-per-build-session -Wnon-modular-include-in-framework-module -Werror\=non-modular-include-in-framework-module -Wno-trigraphs -Wno-missing-field-initializers -Wno-missing-prototypes -Wno-return-type -Wno-implicit-atomic-properties -Wno-objc-interface-ivars -Wno-arc-repeated-use-of-weak -Wno-missing-braces -Wparentheses -Wswitch -Wno-unused-function -Wno-unused-label -Wno-unused-parameter -Wno-unused-variable -Wunused-value -Wno-empty-body -Wno-uninitialized -Wno-unknown-pragmas -w -Wno-shadow -Wno-four-char-constants -Wno-conversion -Wno-constant-conversion -Wno-int-conversion -Wno-bool-conversion -Wno-enum-conversion -Wno-float-conversion -Wno-non-literal-null-conversion -Wno-objc-literal-conversion -Wshorten-64-to-32 -Wpointer-sign -Wno-newline-eof -Wno-selector -Wno-strict-selector-match -Wno-undeclared-selector -Wno-deprecated-implementations -Wno-implicit-fallthrough -isysroot /Applications/Xcode-27.0.0-Release.Candidate.app/Contents/Developer/Platforms/WatchOS.platform/Developer/SDKs/WatchOS27.0.sdk -fstrict-aliasing -Wprotocol -Wdeprecated-declarations -Wno-sign-conversion -Wno-infinite-recursion -Wno-comma -Wno-block-capture-autoreleasing -Wno-strict-prototypes -Wno-semicolon-before-method-body -index-store-path /Users/admin/builder/spi-builder-workspace/.derivedData/Index.noindex/DataStore @/Users/admin/builder/spi-builder-workspace/.derivedData/Build/Intermediates.noindex/SDWebImage.build/Debug-watchos/SDWebImage-t.build/Objects-normal/arm64/e6072d4f65d7061329687fe24e3d63a7-common-args.resp -include /Users/admin/builder/spi-builder-workspace/.derivedData/Build/Intermediates.noindex/SDWebImage.build/Debug-watchos/SDWebImage-t.build/DerivedSources/resource_bundle_accessor.h -MMD -MT dependencies -MF /Users/admin/builder/spi-builder-workspace/.derivedData/Build/Intermediates.noindex/SDWebImage.build/Debug-watchos/SDWebImage-t.build/Objects-normal/arm64/SDImageFrame.d --serialize-diagnostics /Users/admin/builder/spi-builder-workspace/.derivedData/Build/Intermediates.noindex/SDWebImage.build/Debug-watchos/SDWebImage-t.build/Objects-normal/arm64/SDImageFrame.dia -c /Users/admin/builder/spi-builder-workspace/.dependencies/checkouts/SDWebImage/SDWebImage/Core/SDImageFrame.m -o /Users/admin/builder/spi-builder-workspace/.derivedData/Build/Intermediates.noindex/SDWebImage.build/Debug-watchos/SDWebImage-t.build/Objects-normal/arm64/SDImageFrame.o -index-unit-output-path /SDWebImage.build/Debug-watchos/SDWebImage-t.build/Objects-normal/arm64/SDImageFrame.o
CompileC /Users/admin/builder/spi-builder-workspace/.derivedData/Build/Intermediates.noindex/SDWebImage.build/Debug-watchos/SDWebImage-t.build/Objects-normal/arm64/SDImageCodersManager.o /Users/admin/builder/spi-builder-workspace/.dependencies/checkouts/SDWebImage/SDWebImage/Core/SDImageCodersManager.m normal arm64 objective-c com.apple.compilers.llvm.clang.1_0.compiler (in target 'SDWebImage' from project 'SDWebImage')
    cd /Users/admin/builder/spi-builder-workspace/.swiftpm/xcode

    Using response file: /Users/admin/builder/spi-builder-workspace/.derivedData/Build/Intermediates.noindex/SDWebImage.build/Debug-watchos/SDWebImage-t.build/Objects-normal/arm64/e6072d4f65d7061329687fe24e3d63a7-common-args.resp

    /Applications/Xcode-27.0.0-Release.Candidate.app/Contents/Developer/Toolchains/XcodeDefault.xctoolchain/usr/bin/clang -x objective-c -ivfsstatcache /Users/admin/builder/spi-builder-workspace/.derivedData/SDKStatCaches.noindex/watchos27.0-24R360-e829b21a6f8c9b70876ba0858053c04477534ef55a1706bf4c1112bbb242f0a2.sdkstatcache -target arm64-apple-watchos9.0 -fmessage-length\=0 -fdiagnostics-show-note-include-stack -fmacro-backtrace-limit\=0 -fno-color-diagnostics -fmodules-prune-interval\=86400 -fmodules-prune-after\=345600 -fbuild-session-file\=/Users/admin/builder/spi-builder-workspace/.derivedData/ModuleCache.noindex/Session.modulevalidation -fmodules-validate-once-per-build-session -Wnon-modular-include-in-framework-module -Werror\=non-modular-include-in-framework-module -Wno-trigraphs -Wno-missing-field-initializers -Wno-missing-prototypes -Wno-return-type -Wno-implicit-atomic-properties -Wno-objc-interface-ivars -Wno-arc-repeated-use-of-weak -Wno-missing-braces -Wparentheses -Wswitch -Wno-unused-function -Wno-unused-label -Wno-unused-parameter -Wno-unused-variable -Wunused-value -Wno-empty-body -Wno-uninitialized -Wno-unknown-pragmas -w -Wno-shadow -Wno-four-char-constants -Wno-conversion -Wno-constant-conversion -Wno-int-conversion -Wno-bool-conversion -Wno-enum-conversion -Wno-float-conversion -Wno-non-literal-null-conversion -Wno-objc-literal-conversion -Wshorten-64-to-32 -Wpointer-sign -Wno-newline-eof -Wno-selector -Wno-strict-selector-match -Wno-undeclared-selector -Wno-deprecated-implementations -Wno-implicit-fallthrough -isysroot /Applications/Xcode-27.0.0-Release.Candidate.app/Contents/Developer/Platforms/WatchOS.platform/Developer/SDKs/WatchOS27.0.sdk -fstrict-aliasing -Wprotocol -Wdeprecated-declarations -Wno-sign-conversion -Wno-infinite-recursion -Wno-comma -Wno-block-capture-autoreleasing -Wno-strict-prototypes -Wno-semicolon-before-method-body -index-store-path /Users/admin/builder/spi-builder-workspace/.derivedData/Index.noindex/DataStore @/Users/admin/builder/spi-builder-workspace/.derivedData/Build/Intermediates.noindex/SDWebImage.build/Debug-watchos/SDWebImage-t.build/Objects-normal/arm64/e6072d4f65d7061329687fe24e3d63a7-common-args.resp -include /Users/admin/builder/spi-builder-workspace/.derivedData/Build/Intermediates.noindex/SDWebImage.build/Debug-watchos/SDWebImage-t.build/DerivedSources/resource_bundle_accessor.h -MMD -MT dependencies -MF /Users/admin/builder/spi-builder-workspace/.derivedData/Build/Intermediates.noindex/SDWebImage.build/Debug-watchos/SDWebImage-t.build/Objects-normal/arm64/SDImageCodersManager.d --serialize-diagnostics /Users/admin/builder/spi-builder-workspace/.derivedData/Build/Intermediates.noindex/SDWebImage.build/Debug-watchos/SDWebImage-t.build/Objects-normal/arm64/SDImageCodersManager.dia -c /Users/admin/builder/spi-builder-workspace/.dependencies/checkouts/SDWebImage/SDWebImage/Core/SDImageCodersManager.m -o /Users/admin/builder/spi-builder-workspace/.derivedData/Build/Intermediates.noindex/SDWebImage.build/Debug-watchos/SDWebImage-t.build/Objects-normal/arm64/SDImageCodersManager.o -index-unit-output-path /SDWebImage.build/Debug-watchos/SDWebImage-t.build/Objects-normal/arm64/SDImageCodersManager.o
CompileC /Users/admin/builder/spi-builder-workspace/.derivedData/Build/Intermediates.noindex/SDWebImage.build/Debug-watchos/SDWebImage-t.build/Objects-normal/arm64/SDImageCoderHelper.o /Users/admin/builder/spi-builder-workspace/.dependencies/checkouts/SDWebImage/SDWebImage/Core/SDImageCoderHelper.m normal arm64 objective-c com.apple.compilers.llvm.clang.1_0.compiler (in target 'SDWebImage' from project 'SDWebImage')
    cd /Users/admin/builder/spi-builder-workspace/.swiftpm/xcode

    Using response file: /Users/admin/builder/spi-builder-workspace/.derivedData/Build/Intermediates.noindex/SDWebImage.build/Debug-watchos/SDWebImage-t.build/Objects-normal/arm64/e6072d4f65d7061329687fe24e3d63a7-common-args.resp

    /Applications/Xcode-27.0.0-Release.Candidate.app/Contents/Developer/Toolchains/XcodeDefault.xctoolchain/usr/bin/clang -x objective-c -ivfsstatcache /Users/admin/builder/spi-builder-workspace/.derivedData/SDKStatCaches.noindex/watchos27.0-24R360-e829b21a6f8c9b70876ba0858053c04477534ef55a1706bf4c1112bbb242f0a2.sdkstatcache -target arm64-apple-watchos9.0 -fmessage-length\=0 -fdiagnostics-show-note-include-stack -fmacro-backtrace-limit\=0 -fno-color-diagnostics -fmodules-prune-interval\=86400 -fmodules-prune-after\=345600 -fbuild-session-file\=/Users/admin/builder/spi-builder-workspace/.derivedData/ModuleCache.noindex/Session.modulevalidation -fmodules-validate-once-per-build-session -Wnon-modular-include-in-framework-module -Werror\=non-modular-include-in-framework-module -Wno-trigraphs -Wno-missing-field-initializers -Wno-missing-prototypes -Wno-return-type -Wno-implicit-atomic-properties -Wno-objc-interface-ivars -Wno-arc-repeated-use-of-weak -Wno-missing-braces -Wparentheses -Wswitch -Wno-unused-function -Wno-unused-label -Wno-unused-parameter -Wno-unused-variable -Wunused-value -Wno-empty-body -Wno-uninitialized -Wno-unknown-pragmas -w -Wno-shadow -Wno-four-char-constants -Wno-conversion -Wno-constant-conversion -Wno-int-conversion -Wno-bool-conversion -Wno-enum-conversion -Wno-float-conversion -Wno-non-literal-null-conversion -Wno-objc-literal-conversion -Wshorten-64-to-32 -Wpointer-sign -Wno-newline-eof -Wno-selector -Wno-strict-selector-match -Wno-undeclared-selector -Wno-deprecated-implementations -Wno-implicit-fallthrough -isysroot /Applications/Xcode-27.0.0-Release.Candidate.app/Contents/Developer/Platforms/WatchOS.platform/Developer/SDKs/WatchOS27.0.sdk -fstrict-aliasing -Wprotocol -Wdeprecated-declarations -Wno-sign-conversion -Wno-infinite-recursion -Wno-comma -Wno-block-capture-autoreleasing -Wno-strict-prototypes -Wno-semicolon-before-method-body -index-store-path /Users/admin/builder/spi-builder-workspace/.derivedData/Index.noindex/DataStore @/Users/admin/builder/spi-builder-workspace/.derivedData/Build/Intermediates.noindex/SDWebImage.build/Debug-watchos/SDWebImage-t.build/Objects-normal/arm64/e6072d4f65d7061329687fe24e3d63a7-common-args.resp -include /Users/admin/builder/spi-builder-workspace/.derivedData/Build/Intermediates.noindex/SDWebImage.build/Debug-watchos/SDWebImage-t.build/DerivedSources/resource_bundle_accessor.h -MMD -MT dependencies -MF /Users/admin/builder/spi-builder-workspace/.derivedData/Build/Intermediates.noindex/SDWebImage.build/Debug-watchos/SDWebImage-t.build/Objects-normal/arm64/SDImageCoderHelper.d --serialize-diagnostics /Users/admin/builder/spi-builder-workspace/.derivedData/Build/Intermediates.noindex/SDWebImage.build/Debug-watchos/SDWebImage-t.build/Objects-normal/arm64/SDImageCoderHelper.dia -c /Users/admin/builder/spi-builder-workspace/.dependencies/checkouts/SDWebImage/SDWebImage/Core/SDImageCoderHelper.m -o /Users/admin/builder/spi-builder-workspace/.derivedData/Build/Intermediates.noindex/SDWebImage.build/Debug-watchos/SDWebImage-t.build/Objects-normal/arm64/SDImageCoderHelper.o -index-unit-output-path /SDWebImage.build/Debug-watchos/SDWebImage-t.build/Objects-normal/arm64/SDImageCoderHelper.o
CompileC /Users/admin/builder/spi-builder-workspace/.derivedData/Build/Intermediates.noindex/SDWebImage.build/Debug-watchos/SDWebImage-t.build/Objects-normal/arm64/SDImageCoder.o /Users/admin/builder/spi-builder-workspace/.dependencies/checkouts/SDWebImage/SDWebImage/Core/SDImageCoder.m normal arm64 objective-c com.apple.compilers.llvm.clang.1_0.compiler (in target 'SDWebImage' from project 'SDWebImage')
    cd /Users/admin/builder/spi-builder-workspace/.swiftpm/xcode

    Using response file: /Users/admin/builder/spi-builder-workspace/.derivedData/Build/Intermediates.noindex/SDWebImage.build/Debug-watchos/SDWebImage-t.build/Objects-normal/arm64/e6072d4f65d7061329687fe24e3d63a7-common-args.resp

    /Applications/Xcode-27.0.0-Release.Candidate.app/Contents/Developer/Toolchains/XcodeDefault.xctoolchain/usr/bin/clang -x objective-c -ivfsstatcache /Users/admin/builder/spi-builder-workspace/.derivedData/SDKStatCaches.noindex/watchos27.0-24R360-e829b21a6f8c9b70876ba0858053c04477534ef55a1706bf4c1112bbb242f0a2.sdkstatcache -target arm64-apple-watchos9.0 -fmessage-length\=0 -fdiagnostics-show-note-include-stack -fmacro-backtrace-limit\=0 -fno-color-diagnostics -fmodules-prune-interval\=86400 -fmodules-prune-after\=345600 -fbuild-session-file\=/Users/admin/builder/spi-builder-workspace/.derivedData/ModuleCache.noindex/Session.modulevalidation -fmodules-validate-once-per-build-session -Wnon-modular-include-in-framework-module -Werror\=non-modular-include-in-framework-module -Wno-trigraphs -Wno-missing-field-initializers -Wno-missing-prototypes -Wno-return-type -Wno-implicit-atomic-properties -Wno-objc-interface-ivars -Wno-arc-repeated-use-of-weak -Wno-missing-braces -Wparentheses -Wswitch -Wno-unused-function -Wno-unused-label -Wno-unused-parameter -Wno-unused-variable -Wunused-value -Wno-empty-body -Wno-uninitialized -Wno-unknown-pragmas -w -Wno-shadow -Wno-four-char-constants -Wno-conversion -Wno-constant-conversion -Wno-int-conversion -Wno-bool-conversion -Wno-enum-conversion -Wno-float-conversion -Wno-non-literal-null-conversion -Wno-objc-literal-conversion -Wshorten-64-to-32 -Wpointer-sign -Wno-newline-eof -Wno-selector -Wno-strict-selector-match -Wno-undeclared-selector -Wno-deprecated-implementations -Wno-implicit-fallthrough -isysroot /Applications/Xcode-27.0.0-Release.Candidate.app/Contents/Developer/Platforms/WatchOS.platform/Developer/SDKs/WatchOS27.0.sdk -fstrict-aliasing -Wprotocol -Wdeprecated-declarations -Wno-sign-conversion -Wno-infinite-recursion -Wno-comma -Wno-block-capture-autoreleasing -Wno-strict-prototypes -Wno-semicolon-before-method-body -index-store-path /Users/admin/builder/spi-builder-workspace/.derivedData/Index.noindex/DataStore @/Users/admin/builder/spi-builder-workspace/.derivedData/Build/Intermediates.noindex/SDWebImage.build/Debug-watchos/SDWebImage-t.build/Objects-normal/arm64/e6072d4f65d7061329687fe24e3d63a7-common-args.resp -include /Users/admin/builder/spi-builder-workspace/.derivedData/Build/Intermediates.noindex/SDWebImage.build/Debug-watchos/SDWebImage-t.build/DerivedSources/resource_bundle_accessor.h -MMD -MT dependencies -MF /Users/admin/builder/spi-builder-workspace/.derivedData/Build/Intermediates.noindex/SDWebImage.build/Debug-watchos/SDWebImage-t.build/Objects-normal/arm64/SDImageCoder.d --serialize-diagnostics /Users/admin/builder/spi-builder-workspace/.derivedData/Build/Intermediates.noindex/SDWebImage.build/Debug-watchos/SDWebImage-t.build/Objects-normal/arm64/SDImageCoder.dia -c /Users/admin/builder/spi-builder-workspace/.dependencies/checkouts/SDWebImage/SDWebImage/Core/SDImageCoder.m -o /Users/admin/builder/spi-builder-workspace/.derivedData/Build/Intermediates.noindex/SDWebImage.build/Debug-watchos/SDWebImage-t.build/Objects-normal/arm64/SDImageCoder.o -index-unit-output-path /SDWebImage.build/Debug-watchos/SDWebImage-t.build/Objects-normal/arm64/SDImageCoder.o
CompileC /Users/admin/builder/spi-builder-workspace/.derivedData/Build/Intermediates.noindex/SDWebImage.build/Debug-watchos/SDWebImage-t.build/Objects-normal/arm64/SDImageCachesManagerOperation.o /Users/admin/builder/spi-builder-workspace/.dependencies/checkouts/SDWebImage/SDWebImage/Private/SDImageCachesManagerOperation.m normal arm64 objective-c com.apple.compilers.llvm.clang.1_0.compiler (in target 'SDWebImage' from project 'SDWebImage')
    cd /Users/admin/builder/spi-builder-workspace/.swiftpm/xcode

    Using response file: /Users/admin/builder/spi-builder-workspace/.derivedData/Build/Intermediates.noindex/SDWebImage.build/Debug-watchos/SDWebImage-t.build/Objects-normal/arm64/e6072d4f65d7061329687fe24e3d63a7-common-args.resp

    /Applications/Xcode-27.0.0-Release.Candidate.app/Contents/Developer/Toolchains/XcodeDefault.xctoolchain/usr/bin/clang -x objective-c -ivfsstatcache /Users/admin/builder/spi-builder-workspace/.derivedData/SDKStatCaches.noindex/watchos27.0-24R360-e829b21a6f8c9b70876ba0858053c04477534ef55a1706bf4c1112bbb242f0a2.sdkstatcache -target arm64-apple-watchos9.0 -fmessage-length\=0 -fdiagnostics-show-note-include-stack -fmacro-backtrace-limit\=0 -fno-color-diagnostics -fmodules-prune-interval\=86400 -fmodules-prune-after\=345600 -fbuild-session-file\=/Users/admin/builder/spi-builder-workspace/.derivedData/ModuleCache.noindex/Session.modulevalidation -fmodules-validate-once-per-build-session -Wnon-modular-include-in-framework-module -Werror\=non-modular-include-in-framework-module -Wno-trigraphs -Wno-missing-field-initializers -Wno-missing-prototypes -Wno-return-type -Wno-implicit-atomic-properties -Wno-objc-interface-ivars -Wno-arc-repeated-use-of-weak -Wno-missing-braces -Wparentheses -Wswitch -Wno-unused-function -Wno-unused-label -Wno-unused-parameter -Wno-unused-variable -Wunused-value -Wno-empty-body -Wno-uninitialized -Wno-unknown-pragmas -w -Wno-shadow -Wno-four-char-constants -Wno-conversion -Wno-constant-conversion -Wno-int-conversion -Wno-bool-conversion -Wno-enum-conversion -Wno-float-conversion -Wno-non-literal-null-conversion -Wno-objc-literal-conversion -Wshorten-64-to-32 -Wpointer-sign -Wno-newline-eof -Wno-selector -Wno-strict-selector-match -Wno-undeclared-selector -Wno-deprecated-implementations -Wno-implicit-fallthrough -isysroot /Applications/Xcode-27.0.0-Release.Candidate.app/Contents/Developer/Platforms/WatchOS.platform/Developer/SDKs/WatchOS27.0.sdk -fstrict-aliasing -Wprotocol -Wdeprecated-declarations -Wno-sign-conversion -Wno-infinite-recursion -Wno-comma -Wno-block-capture-autoreleasing -Wno-strict-prototypes -Wno-semicolon-before-method-body -index-store-path /Users/admin/builder/spi-builder-workspace/.derivedData/Index.noindex/DataStore @/Users/admin/builder/spi-builder-workspace/.derivedData/Build/Intermediates.noindex/SDWebImage.build/Debug-watchos/SDWebImage-t.build/Objects-normal/arm64/e6072d4f65d7061329687fe24e3d63a7-common-args.resp -include /Users/admin/builder/spi-builder-workspace/.derivedData/Build/Intermediates.noindex/SDWebImage.build/Debug-watchos/SDWebImage-t.build/DerivedSources/resource_bundle_accessor.h -MMD -MT dependencies -MF /Users/admin/builder/spi-builder-workspace/.derivedData/Build/Intermediates.noindex/SDWebImage.build/Debug-watchos/SDWebImage-t.build/Objects-normal/arm64/SDImageCachesManagerOperation.d --serialize-diagnostics /Users/admin/builder/spi-builder-workspace/.derivedData/Build/Intermediates.noindex/SDWebImage.build/Debug-watchos/SDWebImage-t.build/Objects-normal/arm64/SDImageCachesManagerOperation.dia -c /Users/admin/builder/spi-builder-workspace/.dependencies/checkouts/SDWebImage/SDWebImage/Private/SDImageCachesManagerOperation.m -o /Users/admin/builder/spi-builder-workspace/.derivedData/Build/Intermediates.noindex/SDWebImage.build/Debug-watchos/SDWebImage-t.build/Objects-normal/arm64/SDImageCachesManagerOperation.o -index-unit-output-path /SDWebImage.build/Debug-watchos/SDWebImage-t.build/Objects-normal/arm64/SDImageCachesManagerOperation.o
SwiftDriverJobDiscovery normal arm64_32 Emitting module for SDWebImageMockPlugin (in target 'SDWebImageMockPlugin' from project 'SDWebImageMockPlugin')
SwiftDriver\ Compilation\ Requirements SDWebImageMockPlugin normal arm64_32 com.apple.xcode.tools.swift.compiler (in target 'SDWebImageMockPlugin' from project 'SDWebImageMockPlugin')
    cd /Users/admin/builder/spi-builder-workspace/.swiftpm/xcode
    builtin-Swift-Compilation-Requirements -- /Applications/Xcode-27.0.0-Release.Candidate.app/Contents/Developer/Toolchains/XcodeDefault.xctoolchain/usr/bin/swiftc -parse-as-library -module-name SDWebImageMockPlugin -Onone @/Users/admin/builder/spi-builder-workspace/.derivedData/Build/Intermediates.noindex/SDWebImageMockPlugin.build/Debug-watchos/SDWebImageMockPlugin-t.build/Objects-normal/arm64_32/SDWebImageMockPlugin.SwiftFileList -DSWIFT_PACKAGE -DDEBUG -DSWIFT_MODULE_RESOURCE_BUNDLE_UNAVAILABLE -Xcc -fmodule-map-file\=/Users/admin/builder/spi-builder-workspace/.derivedData/Build/Intermediates.noindex/GeneratedModuleMaps-watchos/SDWebImage.modulemap -DXcode -plugin-path /Applications/Xcode-27.0.0-Release.Candidate.app/Contents/Developer/Toolchains/XcodeDefault.xctoolchain/usr/lib/swift/host/plugins/testing -enable-experimental-feature DebugDescriptionMacro -sdk /Applications/Xcode-27.0.0-Release.Candidate.app/Contents/Developer/Platforms/WatchOS.platform/Developer/SDKs/WatchOS27.0.sdk -target arm64_32-apple-watchos9.0 -g -module-cache-path /Users/admin/builder/spi-builder-workspace/.derivedData/ModuleCache.noindex -Xfrontend -serialize-debugging-options -enable-testing -index-store-path /Users/admin/builder/spi-builder-workspace/.derivedData/Index.noindex/DataStore -Xcc -D_LIBCPP_HARDENING_MODE\=_LIBCPP_HARDENING_MODE_DEBUG -swift-version 5 -I /Users/admin/builder/spi-builder-workspace/.derivedData/Build/Products/Debug-watchos -Isystem /Applications/Xcode-27.0.0-Release.Candidate.app/Contents/Developer/Platforms/WatchOS.platform/Developer/usr/lib -F /Users/admin/builder/spi-builder-workspace/.derivedData/Build/Products/Debug-watchos/PackageFrameworks -F /Users/admin/builder/spi-builder-workspace/.derivedData/Build/Products/Debug-watchos -F /Applications/Xcode-27.0.0-Release.Candidate.app/Contents/Developer/Platforms/WatchOS.platform/Developer/Library/Frameworks -F /Applications/Xcode-27.0.0-Release.Candidate.app/Contents/Developer/Platforms/WatchOS.platform/Developer/SDKs/WatchOS27.0.sdk/Developer/Library/Frameworks -c -j10 -enable-batch-mode -incremental -Xcc -ivfsstatcache -Xcc /Users/admin/builder/spi-builder-workspace/.derivedData/SDKStatCaches.noindex/watchos27.0-24R360-e829b21a6f8c9b70876ba0858053c04477534ef55a1706bf4c1112bbb242f0a2.sdkstatcache -output-file-map /Users/admin/builder/spi-builder-workspace/.derivedData/Build/Intermediates.noindex/SDWebImageMockPlugin.build/Debug-watchos/SDWebImageMockPlugin-t.build/Objects-normal/arm64_32/SDWebImageMockPlugin-OutputFileMap.json -save-temps -no-color-diagnostics -explicit-module-build -module-cache-path /Users/admin/builder/spi-builder-workspace/.derivedData/Build/Intermediates.noindex/SwiftExplicitPrecompiledModules -clang-scanner-module-cache-path /Users/admin/builder/spi-builder-workspace/.derivedData/ModuleCache.noindex -sdk-module-cache-path /Users/admin/builder/spi-builder-workspace/.derivedData/SDKExplicitPrecompiledModules -emit-dependencies -emit-module -emit-module-path /Users/admin/builder/spi-builder-workspace/.derivedData/Build/Intermediates.noindex/SDWebImageMockPlugin.build/Debug-watchos/SDWebImageMockPlugin-t.build/Objects-normal/arm64_32/SDWebImageMockPlugin.swiftmodule -serialize-diagnostics -dependency-scan-serialize-diagnostics-path /Users/admin/builder/spi-builder-workspace/.derivedData/Build/Intermediates.noindex/SDWebImageMockPlugin.build/Debug-watchos/SDWebImageMockPlugin-t.build/Objects-normal/arm64_32/SDWebImageMockPlugin-dependency-scan.dia -validate-clang-modules-once -clang-build-session-file /Users/admin/builder/spi-builder-workspace/.derivedData/ModuleCache.noindex/Session.modulevalidation -Xcc -fmodules-prune-interval\=86400 -Xcc -fmodules-prune-after\=345600 -emit-const-values -const-gather-protocols-list /Users/admin/builder/spi-builder-workspace/.derivedData/Build/Intermediates.noindex/SDWebImageMockPlugin.build/Debug-watchos/SDWebImageMockPlugin-t.build/Objects-normal/arm64_32/SDWebImageMockPlugin_const_extract_protocols.json -Xcc -I/Users/admin/builder/spi-builder-workspace/.dependencies/checkouts/SDWebImage/SDWebImage/include -Xcc -I/Users/admin/builder/spi-builder-workspace/.derivedData/Build/Products/Debug-watchos/include -Xcc -I/Users/admin/builder/spi-builder-workspace/.derivedData/Build/Intermediates.noindex/SDWebImageMockPlugin.build/Debug-watchos/SDWebImageMockPlugin-t.build/DerivedSources-normal/arm64_32 -Xcc -I/Users/admin/builder/spi-builder-workspace/.derivedData/Build/Intermediates.noindex/SDWebImageMockPlugin.build/Debug-watchos/SDWebImageMockPlugin-t.build/DerivedSources/arm64_32 -Xcc -I/Users/admin/builder/spi-builder-workspace/.derivedData/Build/Intermediates.noindex/SDWebImageMockPlugin.build/Debug-watchos/SDWebImageMockPlugin-t.build/DerivedSources -Xcc -DSWIFT_PACKAGE -Xcc -DDEBUG\=1 -emit-objc-header -emit-objc-header-path /Users/admin/builder/spi-builder-workspace/.derivedData/Build/Intermediates.noindex/SDWebImageMockPlugin.build/Debug-watchos/SDWebImageMockPlugin-t.build/Objects-normal/arm64_32/SDWebImageMockPlugin-Swift.h -working-directory /Users/admin/builder/spi-builder-workspace/.swiftpm/xcode -experimental-emit-module-separately -disable-cmo
CompileC /Users/admin/builder/spi-builder-workspace/.derivedData/Build/Intermediates.noindex/SDWebImage.build/Debug-watchos/SDWebImage-t.build/Objects-normal/arm64/SDImageCachesManager.o /Users/admin/builder/spi-builder-workspace/.dependencies/checkouts/SDWebImage/SDWebImage/Core/SDImageCachesManager.m normal arm64 objective-c com.apple.compilers.llvm.clang.1_0.compiler (in target 'SDWebImage' from project 'SDWebImage')
    cd /Users/admin/builder/spi-builder-workspace/.swiftpm/xcode

    Using response file: /Users/admin/builder/spi-builder-workspace/.derivedData/Build/Intermediates.noindex/SDWebImage.build/Debug-watchos/SDWebImage-t.build/Objects-normal/arm64/e6072d4f65d7061329687fe24e3d63a7-common-args.resp

    /Applications/Xcode-27.0.0-Release.Candidate.app/Contents/Developer/Toolchains/XcodeDefault.xctoolchain/usr/bin/clang -x objective-c -ivfsstatcache /Users/admin/builder/spi-builder-workspace/.derivedData/SDKStatCaches.noindex/watchos27.0-24R360-e829b21a6f8c9b70876ba0858053c04477534ef55a1706bf4c1112bbb242f0a2.sdkstatcache -target arm64-apple-watchos9.0 -fmessage-length\=0 -fdiagnostics-show-note-include-stack -fmacro-backtrace-limit\=0 -fno-color-diagnostics -fmodules-prune-interval\=86400 -fmodules-prune-after\=345600 -fbuild-session-file\=/Users/admin/builder/spi-builder-workspace/.derivedData/ModuleCache.noindex/Session.modulevalidation -fmodules-validate-once-per-build-session -Wnon-modular-include-in-framework-module -Werror\=non-modular-include-in-framework-module -Wno-trigraphs -Wno-missing-field-initializers -Wno-missing-prototypes -Wno-return-type -Wno-implicit-atomic-properties -Wno-objc-interface-ivars -Wno-arc-repeated-use-of-weak -Wno-missing-braces -Wparentheses -Wswitch -Wno-unused-function -Wno-unused-label -Wno-unused-parameter -Wno-unused-variable -Wunused-value -Wno-empty-body -Wno-uninitialized -Wno-unknown-pragmas -w -Wno-shadow -Wno-four-char-constants -Wno-conversion -Wno-constant-conversion -Wno-int-conversion -Wno-bool-conversion -Wno-enum-conversion -Wno-float-conversion -Wno-non-literal-null-conversion -Wno-objc-literal-conversion -Wshorten-64-to-32 -Wpointer-sign -Wno-newline-eof -Wno-selector -Wno-strict-selector-match -Wno-undeclared-selector -Wno-deprecated-implementations -Wno-implicit-fallthrough -isysroot /Applications/Xcode-27.0.0-Release.Candidate.app/Contents/Developer/Platforms/WatchOS.platform/Developer/SDKs/WatchOS27.0.sdk -fstrict-aliasing -Wprotocol -Wdeprecated-declarations -Wno-sign-conversion -Wno-infinite-recursion -Wno-comma -Wno-block-capture-autoreleasing -Wno-strict-prototypes -Wno-semicolon-before-method-body -index-store-path /Users/admin/builder/spi-builder-workspace/.derivedData/Index.noindex/DataStore @/Users/admin/builder/spi-builder-workspace/.derivedData/Build/Intermediates.noindex/SDWebImage.build/Debug-watchos/SDWebImage-t.build/Objects-normal/arm64/e6072d4f65d7061329687fe24e3d63a7-common-args.resp -include /Users/admin/builder/spi-builder-workspace/.derivedData/Build/Intermediates.noindex/SDWebImage.build/Debug-watchos/SDWebImage-t.build/DerivedSources/resource_bundle_accessor.h -MMD -MT dependencies -MF /Users/admin/builder/spi-builder-workspace/.derivedData/Build/Intermediates.noindex/SDWebImage.build/Debug-watchos/SDWebImage-t.build/Objects-normal/arm64/SDImageCachesManager.d --serialize-diagnostics /Users/admin/builder/spi-builder-workspace/.derivedData/Build/Intermediates.noindex/SDWebImage.build/Debug-watchos/SDWebImage-t.build/Objects-normal/arm64/SDImageCachesManager.dia -c /Users/admin/builder/spi-builder-workspace/.dependencies/checkouts/SDWebImage/SDWebImage/Core/SDImageCachesManager.m -o /Users/admin/builder/spi-builder-workspace/.derivedData/Build/Intermediates.noindex/SDWebImage.build/Debug-watchos/SDWebImage-t.build/Objects-normal/arm64/SDImageCachesManager.o -index-unit-output-path /SDWebImage.build/Debug-watchos/SDWebImage-t.build/Objects-normal/arm64/SDImageCachesManager.o
Copy /Users/admin/builder/spi-builder-workspace/.derivedData/Build/Products/Debug-watchos/SDWebImageMockPlugin.swiftmodule/arm64_32-apple-watchos.swiftmodule /Users/admin/builder/spi-builder-workspace/.derivedData/Build/Intermediates.noindex/SDWebImageMockPlugin.build/Debug-watchos/SDWebImageMockPlugin-t.build/Objects-normal/arm64_32/SDWebImageMockPlugin.swiftmodule (in target 'SDWebImageMockPlugin' from project 'SDWebImageMockPlugin')
    cd /Users/admin/builder/spi-builder-workspace
    builtin-copy -exclude .DS_Store -exclude CVS -exclude .svn -exclude .git -exclude .hg -resolve-src-symlinks -rename /Users/admin/builder/spi-builder-workspace/.derivedData/Build/Intermediates.noindex/SDWebImageMockPlugin.build/Debug-watchos/SDWebImageMockPlugin-t.build/Objects-normal/arm64_32/SDWebImageMockPlugin.swiftmodule /Users/admin/builder/spi-builder-workspace/.derivedData/Build/Products/Debug-watchos/SDWebImageMockPlugin.swiftmodule/arm64_32-apple-watchos.swiftmodule
Copy /Users/admin/builder/spi-builder-workspace/.derivedData/Build/Products/Debug-watchos/SDWebImageMockPlugin.swiftmodule/arm64_32-apple-watchos.swiftdoc /Users/admin/builder/spi-builder-workspace/.derivedData/Build/Intermediates.noindex/SDWebImageMockPlugin.build/Debug-watchos/SDWebImageMockPlugin-t.build/Objects-normal/arm64_32/SDWebImageMockPlugin.swiftdoc (in target 'SDWebImageMockPlugin' from project 'SDWebImageMockPlugin')
    cd /Users/admin/builder/spi-builder-workspace
    builtin-copy -exclude .DS_Store -exclude CVS -exclude .svn -exclude .git -exclude .hg -resolve-src-symlinks -rename /Users/admin/builder/spi-builder-workspace/.derivedData/Build/Intermediates.noindex/SDWebImageMockPlugin.build/Debug-watchos/SDWebImageMockPlugin-t.build/Objects-normal/arm64_32/SDWebImageMockPlugin.swiftdoc /Users/admin/builder/spi-builder-workspace/.derivedData/Build/Products/Debug-watchos/SDWebImageMockPlugin.swiftmodule/arm64_32-apple-watchos.swiftdoc
Copy /Users/admin/builder/spi-builder-workspace/.derivedData/Build/Products/Debug-watchos/SDWebImageMockPlugin.swiftmodule/arm64_32-apple-watchos.abi.json /Users/admin/builder/spi-builder-workspace/.derivedData/Build/Intermediates.noindex/SDWebImageMockPlugin.build/Debug-watchos/SDWebImageMockPlugin-t.build/Objects-normal/arm64_32/SDWebImageMockPlugin.abi.json (in target 'SDWebImageMockPlugin' from project 'SDWebImageMockPlugin')
    cd /Users/admin/builder/spi-builder-workspace
    builtin-copy -exclude .DS_Store -exclude CVS -exclude .svn -exclude .git -exclude .hg -resolve-src-symlinks -rename /Users/admin/builder/spi-builder-workspace/.derivedData/Build/Intermediates.noindex/SDWebImageMockPlugin.build/Debug-watchos/SDWebImageMockPlugin-t.build/Objects-normal/arm64_32/SDWebImageMockPlugin.abi.json /Users/admin/builder/spi-builder-workspace/.derivedData/Build/Products/Debug-watchos/SDWebImageMockPlugin.swiftmodule/arm64_32-apple-watchos.abi.json
Copy /Users/admin/builder/spi-builder-workspace/.derivedData/Build/Products/Debug-watchos/SDWebImageMockPlugin.swiftmodule/Project/arm64_32-apple-watchos.swiftsourceinfo /Users/admin/builder/spi-builder-workspace/.derivedData/Build/Intermediates.noindex/SDWebImageMockPlugin.build/Debug-watchos/SDWebImageMockPlugin-t.build/Objects-normal/arm64_32/SDWebImageMockPlugin.swiftsourceinfo (in target 'SDWebImageMockPlugin' from project 'SDWebImageMockPlugin')
    cd /Users/admin/builder/spi-builder-workspace
    builtin-copy -exclude .DS_Store -exclude CVS -exclude .svn -exclude .git -exclude .hg -resolve-src-symlinks -rename /Users/admin/builder/spi-builder-workspace/.derivedData/Build/Intermediates.noindex/SDWebImageMockPlugin.build/Debug-watchos/SDWebImageMockPlugin-t.build/Objects-normal/arm64_32/SDWebImageMockPlugin.swiftsourceinfo /Users/admin/builder/spi-builder-workspace/.derivedData/Build/Products/Debug-watchos/SDWebImageMockPlugin.swiftmodule/Project/arm64_32-apple-watchos.swiftsourceinfo
CompileC /Users/admin/builder/spi-builder-workspace/.derivedData/Build/Intermediates.noindex/SDWebImage.build/Debug-watchos/SDWebImage-t.build/Objects-normal/arm64/SDImageCacheDefine.o /Users/admin/builder/spi-builder-workspace/.dependencies/checkouts/SDWebImage/SDWebImage/Core/SDImageCacheDefine.m normal arm64 objective-c com.apple.compilers.llvm.clang.1_0.compiler (in target 'SDWebImage' from project 'SDWebImage')
    cd /Users/admin/builder/spi-builder-workspace/.swiftpm/xcode

    Using response file: /Users/admin/builder/spi-builder-workspace/.derivedData/Build/Intermediates.noindex/SDWebImage.build/Debug-watchos/SDWebImage-t.build/Objects-normal/arm64/e6072d4f65d7061329687fe24e3d63a7-common-args.resp

    /Applications/Xcode-27.0.0-Release.Candidate.app/Contents/Developer/Toolchains/XcodeDefault.xctoolchain/usr/bin/clang -x objective-c -ivfsstatcache /Users/admin/builder/spi-builder-workspace/.derivedData/SDKStatCaches.noindex/watchos27.0-24R360-e829b21a6f8c9b70876ba0858053c04477534ef55a1706bf4c1112bbb242f0a2.sdkstatcache -target arm64-apple-watchos9.0 -fmessage-length\=0 -fdiagnostics-show-note-include-stack -fmacro-backtrace-limit\=0 -fno-color-diagnostics -fmodules-prune-interval\=86400 -fmodules-prune-after\=345600 -fbuild-session-file\=/Users/admin/builder/spi-builder-workspace/.derivedData/ModuleCache.noindex/Session.modulevalidation -fmodules-validate-once-per-build-session -Wnon-modular-include-in-framework-module -Werror\=non-modular-include-in-framework-module -Wno-trigraphs -Wno-missing-field-initializers -Wno-missing-prototypes -Wno-return-type -Wno-implicit-atomic-properties -Wno-objc-interface-ivars -Wno-arc-repeated-use-of-weak -Wno-missing-braces -Wparentheses -Wswitch -Wno-unused-function -Wno-unused-label -Wno-unused-parameter -Wno-unused-variable -Wunused-value -Wno-empty-body -Wno-uninitialized -Wno-unknown-pragmas -w -Wno-shadow -Wno-four-char-constants -Wno-conversion -Wno-constant-conversion -Wno-int-conversion -Wno-bool-conversion -Wno-enum-conversion -Wno-float-conversion -Wno-non-literal-null-conversion -Wno-objc-literal-conversion -Wshorten-64-to-32 -Wpointer-sign -Wno-newline-eof -Wno-selector -Wno-strict-selector-match -Wno-undeclared-selector -Wno-deprecated-implementations -Wno-implicit-fallthrough -isysroot /Applications/Xcode-27.0.0-Release.Candidate.app/Contents/Developer/Platforms/WatchOS.platform/Developer/SDKs/WatchOS27.0.sdk -fstrict-aliasing -Wprotocol -Wdeprecated-declarations -Wno-sign-conversion -Wno-infinite-recursion -Wno-comma -Wno-block-capture-autoreleasing -Wno-strict-prototypes -Wno-semicolon-before-method-body -index-store-path /Users/admin/builder/spi-builder-workspace/.derivedData/Index.noindex/DataStore @/Users/admin/builder/spi-builder-workspace/.derivedData/Build/Intermediates.noindex/SDWebImage.build/Debug-watchos/SDWebImage-t.build/Objects-normal/arm64/e6072d4f65d7061329687fe24e3d63a7-common-args.resp -include /Users/admin/builder/spi-builder-workspace/.derivedData/Build/Intermediates.noindex/SDWebImage.build/Debug-watchos/SDWebImage-t.build/DerivedSources/resource_bundle_accessor.h -MMD -MT dependencies -MF /Users/admin/builder/spi-builder-workspace/.derivedData/Build/Intermediates.noindex/SDWebImage.build/Debug-watchos/SDWebImage-t.build/Objects-normal/arm64/SDImageCacheDefine.d --serialize-diagnostics /Users/admin/builder/spi-builder-workspace/.derivedData/Build/Intermediates.noindex/SDWebImage.build/Debug-watchos/SDWebImage-t.build/Objects-normal/arm64/SDImageCacheDefine.dia -c /Users/admin/builder/spi-builder-workspace/.dependencies/checkouts/SDWebImage/SDWebImage/Core/SDImageCacheDefine.m -o /Users/admin/builder/spi-builder-workspace/.derivedData/Build/Intermediates.noindex/SDWebImage.build/Debug-watchos/SDWebImage-t.build/Objects-normal/arm64/SDImageCacheDefine.o -index-unit-output-path /SDWebImage.build/Debug-watchos/SDWebImage-t.build/Objects-normal/arm64/SDImageCacheDefine.o
CompileC /Users/admin/builder/spi-builder-workspace/.derivedData/Build/Intermediates.noindex/SDWebImage.build/Debug-watchos/SDWebImage-t.build/Objects-normal/arm64/SDImageCacheConfig.o /Users/admin/builder/spi-builder-workspace/.dependencies/checkouts/SDWebImage/SDWebImage/Core/SDImageCacheConfig.m normal arm64 objective-c com.apple.compilers.llvm.clang.1_0.compiler (in target 'SDWebImage' from project 'SDWebImage')
    cd /Users/admin/builder/spi-builder-workspace/.swiftpm/xcode

    Using response file: /Users/admin/builder/spi-builder-workspace/.derivedData/Build/Intermediates.noindex/SDWebImage.build/Debug-watchos/SDWebImage-t.build/Objects-normal/arm64/e6072d4f65d7061329687fe24e3d63a7-common-args.resp

    /Applications/Xcode-27.0.0-Release.Candidate.app/Contents/Developer/Toolchains/XcodeDefault.xctoolchain/usr/bin/clang -x objective-c -ivfsstatcache /Users/admin/builder/spi-builder-workspace/.derivedData/SDKStatCaches.noindex/watchos27.0-24R360-e829b21a6f8c9b70876ba0858053c04477534ef55a1706bf4c1112bbb242f0a2.sdkstatcache -target arm64-apple-watchos9.0 -fmessage-length\=0 -fdiagnostics-show-note-include-stack -fmacro-backtrace-limit\=0 -fno-color-diagnostics -fmodules-prune-interval\=86400 -fmodules-prune-after\=345600 -fbuild-session-file\=/Users/admin/builder/spi-builder-workspace/.derivedData/ModuleCache.noindex/Session.modulevalidation -fmodules-validate-once-per-build-session -Wnon-modular-include-in-framework-module -Werror\=non-modular-include-in-framework-module -Wno-trigraphs -Wno-missing-field-initializers -Wno-missing-prototypes -Wno-return-type -Wno-implicit-atomic-properties -Wno-objc-interface-ivars -Wno-arc-repeated-use-of-weak -Wno-missing-braces -Wparentheses -Wswitch -Wno-unused-function -Wno-unused-label -Wno-unused-parameter -Wno-unused-variable -Wunused-value -Wno-empty-body -Wno-uninitialized -Wno-unknown-pragmas -w -Wno-shadow -Wno-four-char-constants -Wno-conversion -Wno-constant-conversion -Wno-int-conversion -Wno-bool-conversion -Wno-enum-conversion -Wno-float-conversion -Wno-non-literal-null-conversion -Wno-objc-literal-conversion -Wshorten-64-to-32 -Wpointer-sign -Wno-newline-eof -Wno-selector -Wno-strict-selector-match -Wno-undeclared-selector -Wno-deprecated-implementations -Wno-implicit-fallthrough -isysroot /Applications/Xcode-27.0.0-Release.Candidate.app/Contents/Developer/Platforms/WatchOS.platform/Developer/SDKs/WatchOS27.0.sdk -fstrict-aliasing -Wprotocol -Wdeprecated-declarations -Wno-sign-conversion -Wno-infinite-recursion -Wno-comma -Wno-block-capture-autoreleasing -Wno-strict-prototypes -Wno-semicolon-before-method-body -index-store-path /Users/admin/builder/spi-builder-workspace/.derivedData/Index.noindex/DataStore @/Users/admin/builder/spi-builder-workspace/.derivedData/Build/Intermediates.noindex/SDWebImage.build/Debug-watchos/SDWebImage-t.build/Objects-normal/arm64/e6072d4f65d7061329687fe24e3d63a7-common-args.resp -include /Users/admin/builder/spi-builder-workspace/.derivedData/Build/Intermediates.noindex/SDWebImage.build/Debug-watchos/SDWebImage-t.build/DerivedSources/resource_bundle_accessor.h -MMD -MT dependencies -MF /Users/admin/builder/spi-builder-workspace/.derivedData/Build/Intermediates.noindex/SDWebImage.build/Debug-watchos/SDWebImage-t.build/Objects-normal/arm64/SDImageCacheConfig.d --serialize-diagnostics /Users/admin/builder/spi-builder-workspace/.derivedData/Build/Intermediates.noindex/SDWebImage.build/Debug-watchos/SDWebImage-t.build/Objects-normal/arm64/SDImageCacheConfig.dia -c /Users/admin/builder/spi-builder-workspace/.dependencies/checkouts/SDWebImage/SDWebImage/Core/SDImageCacheConfig.m -o /Users/admin/builder/spi-builder-workspace/.derivedData/Build/Intermediates.noindex/SDWebImage.build/Debug-watchos/SDWebImage-t.build/Objects-normal/arm64/SDImageCacheConfig.o -index-unit-output-path /SDWebImage.build/Debug-watchos/SDWebImage-t.build/Objects-normal/arm64/SDImageCacheConfig.o
CompileC /Users/admin/builder/spi-builder-workspace/.derivedData/Build/Intermediates.noindex/SDWebImage.build/Debug-watchos/SDWebImage-t.build/Objects-normal/arm64/SDImageCache.o /Users/admin/builder/spi-builder-workspace/.dependencies/checkouts/SDWebImage/SDWebImage/Core/SDImageCache.m normal arm64 objective-c com.apple.compilers.llvm.clang.1_0.compiler (in target 'SDWebImage' from project 'SDWebImage')
    cd /Users/admin/builder/spi-builder-workspace/.swiftpm/xcode

    Using response file: /Users/admin/builder/spi-builder-workspace/.derivedData/Build/Intermediates.noindex/SDWebImage.build/Debug-watchos/SDWebImage-t.build/Objects-normal/arm64/e6072d4f65d7061329687fe24e3d63a7-common-args.resp

    /Applications/Xcode-27.0.0-Release.Candidate.app/Contents/Developer/Toolchains/XcodeDefault.xctoolchain/usr/bin/clang -x objective-c -ivfsstatcache /Users/admin/builder/spi-builder-workspace/.derivedData/SDKStatCaches.noindex/watchos27.0-24R360-e829b21a6f8c9b70876ba0858053c04477534ef55a1706bf4c1112bbb242f0a2.sdkstatcache -target arm64-apple-watchos9.0 -fmessage-length\=0 -fdiagnostics-show-note-include-stack -fmacro-backtrace-limit\=0 -fno-color-diagnostics -fmodules-prune-interval\=86400 -fmodules-prune-after\=345600 -fbuild-session-file\=/Users/admin/builder/spi-builder-workspace/.derivedData/ModuleCache.noindex/Session.modulevalidation -fmodules-validate-once-per-build-session -Wnon-modular-include-in-framework-module -Werror\=non-modular-include-in-framework-module -Wno-trigraphs -Wno-missing-field-initializers -Wno-missing-prototypes -Wno-return-type -Wno-implicit-atomic-properties -Wno-objc-interface-ivars -Wno-arc-repeated-use-of-weak -Wno-missing-braces -Wparentheses -Wswitch -Wno-unused-function -Wno-unused-label -Wno-unused-parameter -Wno-unused-variable -Wunused-value -Wno-empty-body -Wno-uninitialized -Wno-unknown-pragmas -w -Wno-shadow -Wno-four-char-constants -Wno-conversion -Wno-constant-conversion -Wno-int-conversion -Wno-bool-conversion -Wno-enum-conversion -Wno-float-conversion -Wno-non-literal-null-conversion -Wno-objc-literal-conversion -Wshorten-64-to-32 -Wpointer-sign -Wno-newline-eof -Wno-selector -Wno-strict-selector-match -Wno-undeclared-selector -Wno-deprecated-implementations -Wno-implicit-fallthrough -isysroot /Applications/Xcode-27.0.0-Release.Candidate.app/Contents/Developer/Platforms/WatchOS.platform/Developer/SDKs/WatchOS27.0.sdk -fstrict-aliasing -Wprotocol -Wdeprecated-declarations -Wno-sign-conversion -Wno-infinite-recursion -Wno-comma -Wno-block-capture-autoreleasing -Wno-strict-prototypes -Wno-semicolon-before-method-body -index-store-path /Users/admin/builder/spi-builder-workspace/.derivedData/Index.noindex/DataStore @/Users/admin/builder/spi-builder-workspace/.derivedData/Build/Intermediates.noindex/SDWebImage.build/Debug-watchos/SDWebImage-t.build/Objects-normal/arm64/e6072d4f65d7061329687fe24e3d63a7-common-args.resp -include /Users/admin/builder/spi-builder-workspace/.derivedData/Build/Intermediates.noindex/SDWebImage.build/Debug-watchos/SDWebImage-t.build/DerivedSources/resource_bundle_accessor.h -MMD -MT dependencies -MF /Users/admin/builder/spi-builder-workspace/.derivedData/Build/Intermediates.noindex/SDWebImage.build/Debug-watchos/SDWebImage-t.build/Objects-normal/arm64/SDImageCache.d --serialize-diagnostics /Users/admin/builder/spi-builder-workspace/.derivedData/Build/Intermediates.noindex/SDWebImage.build/Debug-watchos/SDWebImage-t.build/Objects-normal/arm64/SDImageCache.dia -c /Users/admin/builder/spi-builder-workspace/.dependencies/checkouts/SDWebImage/SDWebImage/Core/SDImageCache.m -o /Users/admin/builder/spi-builder-workspace/.derivedData/Build/Intermediates.noindex/SDWebImage.build/Debug-watchos/SDWebImage-t.build/Objects-normal/arm64/SDImageCache.o -index-unit-output-path /SDWebImage.build/Debug-watchos/SDWebImage-t.build/Objects-normal/arm64/SDImageCache.o
CompileC /Users/admin/builder/spi-builder-workspace/.derivedData/Build/Intermediates.noindex/SDWebImage.build/Debug-watchos/SDWebImage-t.build/Objects-normal/arm64/SDImageAssetManager.o /Users/admin/builder/spi-builder-workspace/.dependencies/checkouts/SDWebImage/SDWebImage/Private/SDImageAssetManager.m normal arm64 objective-c com.apple.compilers.llvm.clang.1_0.compiler (in target 'SDWebImage' from project 'SDWebImage')
    cd /Users/admin/builder/spi-builder-workspace/.swiftpm/xcode

    Using response file: /Users/admin/builder/spi-builder-workspace/.derivedData/Build/Intermediates.noindex/SDWebImage.build/Debug-watchos/SDWebImage-t.build/Objects-normal/arm64/e6072d4f65d7061329687fe24e3d63a7-common-args.resp

    /Applications/Xcode-27.0.0-Release.Candidate.app/Contents/Developer/Toolchains/XcodeDefault.xctoolchain/usr/bin/clang -x objective-c -ivfsstatcache /Users/admin/builder/spi-builder-workspace/.derivedData/SDKStatCaches.noindex/watchos27.0-24R360-e829b21a6f8c9b70876ba0858053c04477534ef55a1706bf4c1112bbb242f0a2.sdkstatcache -target arm64-apple-watchos9.0 -fmessage-length\=0 -fdiagnostics-show-note-include-stack -fmacro-backtrace-limit\=0 -fno-color-diagnostics -fmodules-prune-interval\=86400 -fmodules-prune-after\=345600 -fbuild-session-file\=/Users/admin/builder/spi-builder-workspace/.derivedData/ModuleCache.noindex/Session.modulevalidation -fmodules-validate-once-per-build-session -Wnon-modular-include-in-framework-module -Werror\=non-modular-include-in-framework-module -Wno-trigraphs -Wno-missing-field-initializers -Wno-missing-prototypes -Wno-return-type -Wno-implicit-atomic-properties -Wno-objc-interface-ivars -Wno-arc-repeated-use-of-weak -Wno-missing-braces -Wparentheses -Wswitch -Wno-unused-function -Wno-unused-label -Wno-unused-parameter -Wno-unused-variable -Wunused-value -Wno-empty-body -Wno-uninitialized -Wno-unknown-pragmas -w -Wno-shadow -Wno-four-char-constants -Wno-conversion -Wno-constant-conversion -Wno-int-conversion -Wno-bool-conversion -Wno-enum-conversion -Wno-float-conversion -Wno-non-literal-null-conversion -Wno-objc-literal-conversion -Wshorten-64-to-32 -Wpointer-sign -Wno-newline-eof -Wno-selector -Wno-strict-selector-match -Wno-undeclared-selector -Wno-deprecated-implementations -Wno-implicit-fallthrough -isysroot /Applications/Xcode-27.0.0-Release.Candidate.app/Contents/Developer/Platforms/WatchOS.platform/Developer/SDKs/WatchOS27.0.sdk -fstrict-aliasing -Wprotocol -Wdeprecated-declarations -Wno-sign-conversion -Wno-infinite-recursion -Wno-comma -Wno-block-capture-autoreleasing -Wno-strict-prototypes -Wno-semicolon-before-method-body -index-store-path /Users/admin/builder/spi-builder-workspace/.derivedData/Index.noindex/DataStore @/Users/admin/builder/spi-builder-workspace/.derivedData/Build/Intermediates.noindex/SDWebImage.build/Debug-watchos/SDWebImage-t.build/Objects-normal/arm64/e6072d4f65d7061329687fe24e3d63a7-common-args.resp -include /Users/admin/builder/spi-builder-workspace/.derivedData/Build/Intermediates.noindex/SDWebImage.build/Debug-watchos/SDWebImage-t.build/DerivedSources/resource_bundle_accessor.h -MMD -MT dependencies -MF /Users/admin/builder/spi-builder-workspace/.derivedData/Build/Intermediates.noindex/SDWebImage.build/Debug-watchos/SDWebImage-t.build/Objects-normal/arm64/SDImageAssetManager.d --serialize-diagnostics /Users/admin/builder/spi-builder-workspace/.derivedData/Build/Intermediates.noindex/SDWebImage.build/Debug-watchos/SDWebImage-t.build/Objects-normal/arm64/SDImageAssetManager.dia -c /Users/admin/builder/spi-builder-workspace/.dependencies/checkouts/SDWebImage/SDWebImage/Private/SDImageAssetManager.m -o /Users/admin/builder/spi-builder-workspace/.derivedData/Build/Intermediates.noindex/SDWebImage.build/Debug-watchos/SDWebImage-t.build/Objects-normal/arm64/SDImageAssetManager.o -index-unit-output-path /SDWebImage.build/Debug-watchos/SDWebImage-t.build/Objects-normal/arm64/SDImageAssetManager.o
CompileC /Users/admin/builder/spi-builder-workspace/.derivedData/Build/Intermediates.noindex/SDWebImage.build/Debug-watchos/SDWebImage-t.build/Objects-normal/arm64/SDImageAWebPCoder.o /Users/admin/builder/spi-builder-workspace/.dependencies/checkouts/SDWebImage/SDWebImage/Core/SDImageAWebPCoder.m normal arm64 objective-c com.apple.compilers.llvm.clang.1_0.compiler (in target 'SDWebImage' from project 'SDWebImage')
    cd /Users/admin/builder/spi-builder-workspace/.swiftpm/xcode

    Using response file: /Users/admin/builder/spi-builder-workspace/.derivedData/Build/Intermediates.noindex/SDWebImage.build/Debug-watchos/SDWebImage-t.build/Objects-normal/arm64/e6072d4f65d7061329687fe24e3d63a7-common-args.resp

    /Applications/Xcode-27.0.0-Release.Candidate.app/Contents/Developer/Toolchains/XcodeDefault.xctoolchain/usr/bin/clang -x objective-c -ivfsstatcache /Users/admin/builder/spi-builder-workspace/.derivedData/SDKStatCaches.noindex/watchos27.0-24R360-e829b21a6f8c9b70876ba0858053c04477534ef55a1706bf4c1112bbb242f0a2.sdkstatcache -target arm64-apple-watchos9.0 -fmessage-length\=0 -fdiagnostics-show-note-include-stack -fmacro-backtrace-limit\=0 -fno-color-diagnostics -fmodules-prune-interval\=86400 -fmodules-prune-after\=345600 -fbuild-session-file\=/Users/admin/builder/spi-builder-workspace/.derivedData/ModuleCache.noindex/Session.modulevalidation -fmodules-validate-once-per-build-session -Wnon-modular-include-in-framework-module -Werror\=non-modular-include-in-framework-module -Wno-trigraphs -Wno-missing-field-initializers -Wno-missing-prototypes -Wno-return-type -Wno-implicit-atomic-properties -Wno-objc-interface-ivars -Wno-arc-repeated-use-of-weak -Wno-missing-braces -Wparentheses -Wswitch -Wno-unused-function -Wno-unused-label -Wno-unused-parameter -Wno-unused-variable -Wunused-value -Wno-empty-body -Wno-uninitialized -Wno-unknown-pragmas -w -Wno-shadow -Wno-four-char-constants -Wno-conversion -Wno-constant-conversion -Wno-int-conversion -Wno-bool-conversion -Wno-enum-conversion -Wno-float-conversion -Wno-non-literal-null-conversion -Wno-objc-literal-conversion -Wshorten-64-to-32 -Wpointer-sign -Wno-newline-eof -Wno-selector -Wno-strict-selector-match -Wno-undeclared-selector -Wno-deprecated-implementations -Wno-implicit-fallthrough -isysroot /Applications/Xcode-27.0.0-Release.Candidate.app/Contents/Developer/Platforms/WatchOS.platform/Developer/SDKs/WatchOS27.0.sdk -fstrict-aliasing -Wprotocol -Wdeprecated-declarations -Wno-sign-conversion -Wno-infinite-recursion -Wno-comma -Wno-block-capture-autoreleasing -Wno-strict-prototypes -Wno-semicolon-before-method-body -index-store-path /Users/admin/builder/spi-builder-workspace/.derivedData/Index.noindex/DataStore @/Users/admin/builder/spi-builder-workspace/.derivedData/Build/Intermediates.noindex/SDWebImage.build/Debug-watchos/SDWebImage-t.build/Objects-normal/arm64/e6072d4f65d7061329687fe24e3d63a7-common-args.resp -include /Users/admin/builder/spi-builder-workspace/.derivedData/Build/Intermediates.noindex/SDWebImage.build/Debug-watchos/SDWebImage-t.build/DerivedSources/resource_bundle_accessor.h -MMD -MT dependencies -MF /Users/admin/builder/spi-builder-workspace/.derivedData/Build/Intermediates.noindex/SDWebImage.build/Debug-watchos/SDWebImage-t.build/Objects-normal/arm64/SDImageAWebPCoder.d --serialize-diagnostics /Users/admin/builder/spi-builder-workspace/.derivedData/Build/Intermediates.noindex/SDWebImage.build/Debug-watchos/SDWebImage-t.build/Objects-normal/arm64/SDImageAWebPCoder.dia -c /Users/admin/builder/spi-builder-workspace/.dependencies/checkouts/SDWebImage/SDWebImage/Core/SDImageAWebPCoder.m -o /Users/admin/builder/spi-builder-workspace/.derivedData/Build/Intermediates.noindex/SDWebImage.build/Debug-watchos/SDWebImage-t.build/Objects-normal/arm64/SDImageAWebPCoder.o -index-unit-output-path /SDWebImage.build/Debug-watchos/SDWebImage-t.build/Objects-normal/arm64/SDImageAWebPCoder.o
CompileC /Users/admin/builder/spi-builder-workspace/.derivedData/Build/Intermediates.noindex/SDWebImage.build/Debug-watchos/SDWebImage-t.build/Objects-normal/arm64/SDImageAPNGCoder.o /Users/admin/builder/spi-builder-workspace/.dependencies/checkouts/SDWebImage/SDWebImage/Core/SDImageAPNGCoder.m normal arm64 objective-c com.apple.compilers.llvm.clang.1_0.compiler (in target 'SDWebImage' from project 'SDWebImage')
    cd /Users/admin/builder/spi-builder-workspace/.swiftpm/xcode

    Using response file: /Users/admin/builder/spi-builder-workspace/.derivedData/Build/Intermediates.noindex/SDWebImage.build/Debug-watchos/SDWebImage-t.build/Objects-normal/arm64/e6072d4f65d7061329687fe24e3d63a7-common-args.resp

    /Applications/Xcode-27.0.0-Release.Candidate.app/Contents/Developer/Toolchains/XcodeDefault.xctoolchain/usr/bin/clang -x objective-c -ivfsstatcache /Users/admin/builder/spi-builder-workspace/.derivedData/SDKStatCaches.noindex/watchos27.0-24R360-e829b21a6f8c9b70876ba0858053c04477534ef55a1706bf4c1112bbb242f0a2.sdkstatcache -target arm64-apple-watchos9.0 -fmessage-length\=0 -fdiagnostics-show-note-include-stack -fmacro-backtrace-limit\=0 -fno-color-diagnostics -fmodules-prune-interval\=86400 -fmodules-prune-after\=345600 -fbuild-session-file\=/Users/admin/builder/spi-builder-workspace/.derivedData/ModuleCache.noindex/Session.modulevalidation -fmodules-validate-once-per-build-session -Wnon-modular-include-in-framework-module -Werror\=non-modular-include-in-framework-module -Wno-trigraphs -Wno-missing-field-initializers -Wno-missing-prototypes -Wno-return-type -Wno-implicit-atomic-properties -Wno-objc-interface-ivars -Wno-arc-repeated-use-of-weak -Wno-missing-braces -Wparentheses -Wswitch -Wno-unused-function -Wno-unused-label -Wno-unused-parameter -Wno-unused-variable -Wunused-value -Wno-empty-body -Wno-uninitialized -Wno-unknown-pragmas -w -Wno-shadow -Wno-four-char-constants -Wno-conversion -Wno-constant-conversion -Wno-int-conversion -Wno-bool-conversion -Wno-enum-conversion -Wno-float-conversion -Wno-non-literal-null-conversion -Wno-objc-literal-conversion -Wshorten-64-to-32 -Wpointer-sign -Wno-newline-eof -Wno-selector -Wno-strict-selector-match -Wno-undeclared-selector -Wno-deprecated-implementations -Wno-implicit-fallthrough -isysroot /Applications/Xcode-27.0.0-Release.Candidate.app/Contents/Developer/Platforms/WatchOS.platform/Developer/SDKs/WatchOS27.0.sdk -fstrict-aliasing -Wprotocol -Wdeprecated-declarations -Wno-sign-conversion -Wno-infinite-recursion -Wno-comma -Wno-block-capture-autoreleasing -Wno-strict-prototypes -Wno-semicolon-before-method-body -index-store-path /Users/admin/builder/spi-builder-workspace/.derivedData/Index.noindex/DataStore @/Users/admin/builder/spi-builder-workspace/.derivedData/Build/Intermediates.noindex/SDWebImage.build/Debug-watchos/SDWebImage-t.build/Objects-normal/arm64/e6072d4f65d7061329687fe24e3d63a7-common-args.resp -include /Users/admin/builder/spi-builder-workspace/.derivedData/Build/Intermediates.noindex/SDWebImage.build/Debug-watchos/SDWebImage-t.build/DerivedSources/resource_bundle_accessor.h -MMD -MT dependencies -MF /Users/admin/builder/spi-builder-workspace/.derivedData/Build/Intermediates.noindex/SDWebImage.build/Debug-watchos/SDWebImage-t.build/Objects-normal/arm64/SDImageAPNGCoder.d --serialize-diagnostics /Users/admin/builder/spi-builder-workspace/.derivedData/Build/Intermediates.noindex/SDWebImage.build/Debug-watchos/SDWebImage-t.build/Objects-normal/arm64/SDImageAPNGCoder.dia -c /Users/admin/builder/spi-builder-workspace/.dependencies/checkouts/SDWebImage/SDWebImage/Core/SDImageAPNGCoder.m -o /Users/admin/builder/spi-builder-workspace/.derivedData/Build/Intermediates.noindex/SDWebImage.build/Debug-watchos/SDWebImage-t.build/Objects-normal/arm64/SDImageAPNGCoder.o -index-unit-output-path /SDWebImage.build/Debug-watchos/SDWebImage-t.build/Objects-normal/arm64/SDImageAPNGCoder.o
CompileC /Users/admin/builder/spi-builder-workspace/.derivedData/Build/Intermediates.noindex/SDWebImage.build/Debug-watchos/SDWebImage-t.build/Objects-normal/arm64/SDGraphicsImageRenderer.o /Users/admin/builder/spi-builder-workspace/.dependencies/checkouts/SDWebImage/SDWebImage/Core/SDGraphicsImageRenderer.m normal arm64 objective-c com.apple.compilers.llvm.clang.1_0.compiler (in target 'SDWebImage' from project 'SDWebImage')
    cd /Users/admin/builder/spi-builder-workspace/.swiftpm/xcode

    Using response file: /Users/admin/builder/spi-builder-workspace/.derivedData/Build/Intermediates.noindex/SDWebImage.build/Debug-watchos/SDWebImage-t.build/Objects-normal/arm64/e6072d4f65d7061329687fe24e3d63a7-common-args.resp

    /Applications/Xcode-27.0.0-Release.Candidate.app/Contents/Developer/Toolchains/XcodeDefault.xctoolchain/usr/bin/clang -x objective-c -ivfsstatcache /Users/admin/builder/spi-builder-workspace/.derivedData/SDKStatCaches.noindex/watchos27.0-24R360-e829b21a6f8c9b70876ba0858053c04477534ef55a1706bf4c1112bbb242f0a2.sdkstatcache -target arm64-apple-watchos9.0 -fmessage-length\=0 -fdiagnostics-show-note-include-stack -fmacro-backtrace-limit\=0 -fno-color-diagnostics -fmodules-prune-interval\=86400 -fmodules-prune-after\=345600 -fbuild-session-file\=/Users/admin/builder/spi-builder-workspace/.derivedData/ModuleCache.noindex/Session.modulevalidation -fmodules-validate-once-per-build-session -Wnon-modular-include-in-framework-module -Werror\=non-modular-include-in-framework-module -Wno-trigraphs -Wno-missing-field-initializers -Wno-missing-prototypes -Wno-return-type -Wno-implicit-atomic-properties -Wno-objc-interface-ivars -Wno-arc-repeated-use-of-weak -Wno-missing-braces -Wparentheses -Wswitch -Wno-unused-function -Wno-unused-label -Wno-unused-parameter -Wno-unused-variable -Wunused-value -Wno-empty-body -Wno-uninitialized -Wno-unknown-pragmas -w -Wno-shadow -Wno-four-char-constants -Wno-conversion -Wno-constant-conversion -Wno-int-conversion -Wno-bool-conversion -Wno-enum-conversion -Wno-float-conversion -Wno-non-literal-null-conversion -Wno-objc-literal-conversion -Wshorten-64-to-32 -Wpointer-sign -Wno-newline-eof -Wno-selector -Wno-strict-selector-match -Wno-undeclared-selector -Wno-deprecated-implementations -Wno-implicit-fallthrough -isysroot /Applications/Xcode-27.0.0-Release.Candidate.app/Contents/Developer/Platforms/WatchOS.platform/Developer/SDKs/WatchOS27.0.sdk -fstrict-aliasing -Wprotocol -Wdeprecated-declarations -Wno-sign-conversion -Wno-infinite-recursion -Wno-comma -Wno-block-capture-autoreleasing -Wno-strict-prototypes -Wno-semicolon-before-method-body -index-store-path /Users/admin/builder/spi-builder-workspace/.derivedData/Index.noindex/DataStore @/Users/admin/builder/spi-builder-workspace/.derivedData/Build/Intermediates.noindex/SDWebImage.build/Debug-watchos/SDWebImage-t.build/Objects-normal/arm64/e6072d4f65d7061329687fe24e3d63a7-common-args.resp -include /Users/admin/builder/spi-builder-workspace/.derivedData/Build/Intermediates.noindex/SDWebImage.build/Debug-watchos/SDWebImage-t.build/DerivedSources/resource_bundle_accessor.h -MMD -MT dependencies -MF /Users/admin/builder/spi-builder-workspace/.derivedData/Build/Intermediates.noindex/SDWebImage.build/Debug-watchos/SDWebImage-t.build/Objects-normal/arm64/SDGraphicsImageRenderer.d --serialize-diagnostics /Users/admin/builder/spi-builder-workspace/.derivedData/Build/Intermediates.noindex/SDWebImage.build/Debug-watchos/SDWebImage-t.build/Objects-normal/arm64/SDGraphicsImageRenderer.dia -c /Users/admin/builder/spi-builder-workspace/.dependencies/checkouts/SDWebImage/SDWebImage/Core/SDGraphicsImageRenderer.m -o /Users/admin/builder/spi-builder-workspace/.derivedData/Build/Intermediates.noindex/SDWebImage.build/Debug-watchos/SDWebImage-t.build/Objects-normal/arm64/SDGraphicsImageRenderer.o -index-unit-output-path /SDWebImage.build/Debug-watchos/SDWebImage-t.build/Objects-normal/arm64/SDGraphicsImageRenderer.o
CompileC /Users/admin/builder/spi-builder-workspace/.derivedData/Build/Intermediates.noindex/SDWebImage.build/Debug-watchos/SDWebImage-t.build/Objects-normal/arm64/SDDisplayLink.o /Users/admin/builder/spi-builder-workspace/.dependencies/checkouts/SDWebImage/SDWebImage/Private/SDDisplayLink.m normal arm64 objective-c com.apple.compilers.llvm.clang.1_0.compiler (in target 'SDWebImage' from project 'SDWebImage')
    cd /Users/admin/builder/spi-builder-workspace/.swiftpm/xcode

    Using response file: /Users/admin/builder/spi-builder-workspace/.derivedData/Build/Intermediates.noindex/SDWebImage.build/Debug-watchos/SDWebImage-t.build/Objects-normal/arm64/e6072d4f65d7061329687fe24e3d63a7-common-args.resp

    /Applications/Xcode-27.0.0-Release.Candidate.app/Contents/Developer/Toolchains/XcodeDefault.xctoolchain/usr/bin/clang -x objective-c -ivfsstatcache /Users/admin/builder/spi-builder-workspace/.derivedData/SDKStatCaches.noindex/watchos27.0-24R360-e829b21a6f8c9b70876ba0858053c04477534ef55a1706bf4c1112bbb242f0a2.sdkstatcache -target arm64-apple-watchos9.0 -fmessage-length\=0 -fdiagnostics-show-note-include-stack -fmacro-backtrace-limit\=0 -fno-color-diagnostics -fmodules-prune-interval\=86400 -fmodules-prune-after\=345600 -fbuild-session-file\=/Users/admin/builder/spi-builder-workspace/.derivedData/ModuleCache.noindex/Session.modulevalidation -fmodules-validate-once-per-build-session -Wnon-modular-include-in-framework-module -Werror\=non-modular-include-in-framework-module -Wno-trigraphs -Wno-missing-field-initializers -Wno-missing-prototypes -Wno-return-type -Wno-implicit-atomic-properties -Wno-objc-interface-ivars -Wno-arc-repeated-use-of-weak -Wno-missing-braces -Wparentheses -Wswitch -Wno-unused-function -Wno-unused-label -Wno-unused-parameter -Wno-unused-variable -Wunused-value -Wno-empty-body -Wno-uninitialized -Wno-unknown-pragmas -w -Wno-shadow -Wno-four-char-constants -Wno-conversion -Wno-constant-conversion -Wno-int-conversion -Wno-bool-conversion -Wno-enum-conversion -Wno-float-conversion -Wno-non-literal-null-conversion -Wno-objc-literal-conversion -Wshorten-64-to-32 -Wpointer-sign -Wno-newline-eof -Wno-selector -Wno-strict-selector-match -Wno-undeclared-selector -Wno-deprecated-implementations -Wno-implicit-fallthrough -isysroot /Applications/Xcode-27.0.0-Release.Candidate.app/Contents/Developer/Platforms/WatchOS.platform/Developer/SDKs/WatchOS27.0.sdk -fstrict-aliasing -Wprotocol -Wdeprecated-declarations -Wno-sign-conversion -Wno-infinite-recursion -Wno-comma -Wno-block-capture-autoreleasing -Wno-strict-prototypes -Wno-semicolon-before-method-body -index-store-path /Users/admin/builder/spi-builder-workspace/.derivedData/Index.noindex/DataStore @/Users/admin/builder/spi-builder-workspace/.derivedData/Build/Intermediates.noindex/SDWebImage.build/Debug-watchos/SDWebImage-t.build/Objects-normal/arm64/e6072d4f65d7061329687fe24e3d63a7-common-args.resp -include /Users/admin/builder/spi-builder-workspace/.derivedData/Build/Intermediates.noindex/SDWebImage.build/Debug-watchos/SDWebImage-t.build/DerivedSources/resource_bundle_accessor.h -MMD -MT dependencies -MF /Users/admin/builder/spi-builder-workspace/.derivedData/Build/Intermediates.noindex/SDWebImage.build/Debug-watchos/SDWebImage-t.build/Objects-normal/arm64/SDDisplayLink.d --serialize-diagnostics /Users/admin/builder/spi-builder-workspace/.derivedData/Build/Intermediates.noindex/SDWebImage.build/Debug-watchos/SDWebImage-t.build/Objects-normal/arm64/SDDisplayLink.dia -c /Users/admin/builder/spi-builder-workspace/.dependencies/checkouts/SDWebImage/SDWebImage/Private/SDDisplayLink.m -o /Users/admin/builder/spi-builder-workspace/.derivedData/Build/Intermediates.noindex/SDWebImage.build/Debug-watchos/SDWebImage-t.build/Objects-normal/arm64/SDDisplayLink.o -index-unit-output-path /SDWebImage.build/Debug-watchos/SDWebImage-t.build/Objects-normal/arm64/SDDisplayLink.o
CompileC /Users/admin/builder/spi-builder-workspace/.derivedData/Build/Intermediates.noindex/SDWebImage.build/Debug-watchos/SDWebImage-t.build/Objects-normal/arm64/SDDiskCache.o /Users/admin/builder/spi-builder-workspace/.dependencies/checkouts/SDWebImage/SDWebImage/Core/SDDiskCache.m normal arm64 objective-c com.apple.compilers.llvm.clang.1_0.compiler (in target 'SDWebImage' from project 'SDWebImage')
    cd /Users/admin/builder/spi-builder-workspace/.swiftpm/xcode

    Using response file: /Users/admin/builder/spi-builder-workspace/.derivedData/Build/Intermediates.noindex/SDWebImage.build/Debug-watchos/SDWebImage-t.build/Objects-normal/arm64/e6072d4f65d7061329687fe24e3d63a7-common-args.resp

    /Applications/Xcode-27.0.0-Release.Candidate.app/Contents/Developer/Toolchains/XcodeDefault.xctoolchain/usr/bin/clang -x objective-c -ivfsstatcache /Users/admin/builder/spi-builder-workspace/.derivedData/SDKStatCaches.noindex/watchos27.0-24R360-e829b21a6f8c9b70876ba0858053c04477534ef55a1706bf4c1112bbb242f0a2.sdkstatcache -target arm64-apple-watchos9.0 -fmessage-length\=0 -fdiagnostics-show-note-include-stack -fmacro-backtrace-limit\=0 -fno-color-diagnostics -fmodules-prune-interval\=86400 -fmodules-prune-after\=345600 -fbuild-session-file\=/Users/admin/builder/spi-builder-workspace/.derivedData/ModuleCache.noindex/Session.modulevalidation -fmodules-validate-once-per-build-session -Wnon-modular-include-in-framework-module -Werror\=non-modular-include-in-framework-module -Wno-trigraphs -Wno-missing-field-initializers -Wno-missing-prototypes -Wno-return-type -Wno-implicit-atomic-properties -Wno-objc-interface-ivars -Wno-arc-repeated-use-of-weak -Wno-missing-braces -Wparentheses -Wswitch -Wno-unused-function -Wno-unused-label -Wno-unused-parameter -Wno-unused-variable -Wunused-value -Wno-empty-body -Wno-uninitialized -Wno-unknown-pragmas -w -Wno-shadow -Wno-four-char-constants -Wno-conversion -Wno-constant-conversion -Wno-int-conversion -Wno-bool-conversion -Wno-enum-conversion -Wno-float-conversion -Wno-non-literal-null-conversion -Wno-objc-literal-conversion -Wshorten-64-to-32 -Wpointer-sign -Wno-newline-eof -Wno-selector -Wno-strict-selector-match -Wno-undeclared-selector -Wno-deprecated-implementations -Wno-implicit-fallthrough -isysroot /Applications/Xcode-27.0.0-Release.Candidate.app/Contents/Developer/Platforms/WatchOS.platform/Developer/SDKs/WatchOS27.0.sdk -fstrict-aliasing -Wprotocol -Wdeprecated-declarations -Wno-sign-conversion -Wno-infinite-recursion -Wno-comma -Wno-block-capture-autoreleasing -Wno-strict-prototypes -Wno-semicolon-before-method-body -index-store-path /Users/admin/builder/spi-builder-workspace/.derivedData/Index.noindex/DataStore @/Users/admin/builder/spi-builder-workspace/.derivedData/Build/Intermediates.noindex/SDWebImage.build/Debug-watchos/SDWebImage-t.build/Objects-normal/arm64/e6072d4f65d7061329687fe24e3d63a7-common-args.resp -include /Users/admin/builder/spi-builder-workspace/.derivedData/Build/Intermediates.noindex/SDWebImage.build/Debug-watchos/SDWebImage-t.build/DerivedSources/resource_bundle_accessor.h -MMD -MT dependencies -MF /Users/admin/builder/spi-builder-workspace/.derivedData/Build/Intermediates.noindex/SDWebImage.build/Debug-watchos/SDWebImage-t.build/Objects-normal/arm64/SDDiskCache.d --serialize-diagnostics /Users/admin/builder/spi-builder-workspace/.derivedData/Build/Intermediates.noindex/SDWebImage.build/Debug-watchos/SDWebImage-t.build/Objects-normal/arm64/SDDiskCache.dia -c /Users/admin/builder/spi-builder-workspace/.dependencies/checkouts/SDWebImage/SDWebImage/Core/SDDiskCache.m -o /Users/admin/builder/spi-builder-workspace/.derivedData/Build/Intermediates.noindex/SDWebImage.build/Debug-watchos/SDWebImage-t.build/Objects-normal/arm64/SDDiskCache.o -index-unit-output-path /SDWebImage.build/Debug-watchos/SDWebImage-t.build/Objects-normal/arm64/SDDiskCache.o
CompileC /Users/admin/builder/spi-builder-workspace/.derivedData/Build/Intermediates.noindex/SDWebImage.build/Debug-watchos/SDWebImage-t.build/Objects-normal/arm64/SDAssociatedObject.o /Users/admin/builder/spi-builder-workspace/.dependencies/checkouts/SDWebImage/SDWebImage/Private/SDAssociatedObject.m normal arm64 objective-c com.apple.compilers.llvm.clang.1_0.compiler (in target 'SDWebImage' from project 'SDWebImage')
    cd /Users/admin/builder/spi-builder-workspace/.swiftpm/xcode

    Using response file: /Users/admin/builder/spi-builder-workspace/.derivedData/Build/Intermediates.noindex/SDWebImage.build/Debug-watchos/SDWebImage-t.build/Objects-normal/arm64/e6072d4f65d7061329687fe24e3d63a7-common-args.resp

    /Applications/Xcode-27.0.0-Release.Candidate.app/Contents/Developer/Toolchains/XcodeDefault.xctoolchain/usr/bin/clang -x objective-c -ivfsstatcache /Users/admin/builder/spi-builder-workspace/.derivedData/SDKStatCaches.noindex/watchos27.0-24R360-e829b21a6f8c9b70876ba0858053c04477534ef55a1706bf4c1112bbb242f0a2.sdkstatcache -target arm64-apple-watchos9.0 -fmessage-length\=0 -fdiagnostics-show-note-include-stack -fmacro-backtrace-limit\=0 -fno-color-diagnostics -fmodules-prune-interval\=86400 -fmodules-prune-after\=345600 -fbuild-session-file\=/Users/admin/builder/spi-builder-workspace/.derivedData/ModuleCache.noindex/Session.modulevalidation -fmodules-validate-once-per-build-session -Wnon-modular-include-in-framework-module -Werror\=non-modular-include-in-framework-module -Wno-trigraphs -Wno-missing-field-initializers -Wno-missing-prototypes -Wno-return-type -Wno-implicit-atomic-properties -Wno-objc-interface-ivars -Wno-arc-repeated-use-of-weak -Wno-missing-braces -Wparentheses -Wswitch -Wno-unused-function -Wno-unused-label -Wno-unused-parameter -Wno-unused-variable -Wunused-value -Wno-empty-body -Wno-uninitialized -Wno-unknown-pragmas -w -Wno-shadow -Wno-four-char-constants -Wno-conversion -Wno-constant-conversion -Wno-int-conversion -Wno-bool-conversion -Wno-enum-conversion -Wno-float-conversion -Wno-non-literal-null-conversion -Wno-objc-literal-conversion -Wshorten-64-to-32 -Wpointer-sign -Wno-newline-eof -Wno-selector -Wno-strict-selector-match -Wno-undeclared-selector -Wno-deprecated-implementations -Wno-implicit-fallthrough -isysroot /Applications/Xcode-27.0.0-Release.Candidate.app/Contents/Developer/Platforms/WatchOS.platform/Developer/SDKs/WatchOS27.0.sdk -fstrict-aliasing -Wprotocol -Wdeprecated-declarations -Wno-sign-conversion -Wno-infinite-recursion -Wno-comma -Wno-block-capture-autoreleasing -Wno-strict-prototypes -Wno-semicolon-before-method-body -index-store-path /Users/admin/builder/spi-builder-workspace/.derivedData/Index.noindex/DataStore @/Users/admin/builder/spi-builder-workspace/.derivedData/Build/Intermediates.noindex/SDWebImage.build/Debug-watchos/SDWebImage-t.build/Objects-normal/arm64/e6072d4f65d7061329687fe24e3d63a7-common-args.resp -include /Users/admin/builder/spi-builder-workspace/.derivedData/Build/Intermediates.noindex/SDWebImage.build/Debug-watchos/SDWebImage-t.build/DerivedSources/resource_bundle_accessor.h -MMD -MT dependencies -MF /Users/admin/builder/spi-builder-workspace/.derivedData/Build/Intermediates.noindex/SDWebImage.build/Debug-watchos/SDWebImage-t.build/Objects-normal/arm64/SDAssociatedObject.d --serialize-diagnostics /Users/admin/builder/spi-builder-workspace/.derivedData/Build/Intermediates.noindex/SDWebImage.build/Debug-watchos/SDWebImage-t.build/Objects-normal/arm64/SDAssociatedObject.dia -c /Users/admin/builder/spi-builder-workspace/.dependencies/checkouts/SDWebImage/SDWebImage/Private/SDAssociatedObject.m -o /Users/admin/builder/spi-builder-workspace/.derivedData/Build/Intermediates.noindex/SDWebImage.build/Debug-watchos/SDWebImage-t.build/Objects-normal/arm64/SDAssociatedObject.o -index-unit-output-path /SDWebImage.build/Debug-watchos/SDWebImage-t.build/Objects-normal/arm64/SDAssociatedObject.o
CompileC /Users/admin/builder/spi-builder-workspace/.derivedData/Build/Intermediates.noindex/SDWebImage.build/Debug-watchos/SDWebImage-t.build/Objects-normal/arm64/SDAnimatedImageRep.o /Users/admin/builder/spi-builder-workspace/.dependencies/checkouts/SDWebImage/SDWebImage/Core/SDAnimatedImageRep.m normal arm64 objective-c com.apple.compilers.llvm.clang.1_0.compiler (in target 'SDWebImage' from project 'SDWebImage')
    cd /Users/admin/builder/spi-builder-workspace/.swiftpm/xcode

    Using response file: /Users/admin/builder/spi-builder-workspace/.derivedData/Build/Intermediates.noindex/SDWebImage.build/Debug-watchos/SDWebImage-t.build/Objects-normal/arm64/e6072d4f65d7061329687fe24e3d63a7-common-args.resp

    /Applications/Xcode-27.0.0-Release.Candidate.app/Contents/Developer/Toolchains/XcodeDefault.xctoolchain/usr/bin/clang -x objective-c -ivfsstatcache /Users/admin/builder/spi-builder-workspace/.derivedData/SDKStatCaches.noindex/watchos27.0-24R360-e829b21a6f8c9b70876ba0858053c04477534ef55a1706bf4c1112bbb242f0a2.sdkstatcache -target arm64-apple-watchos9.0 -fmessage-length\=0 -fdiagnostics-show-note-include-stack -fmacro-backtrace-limit\=0 -fno-color-diagnostics -fmodules-prune-interval\=86400 -fmodules-prune-after\=345600 -fbuild-session-file\=/Users/admin/builder/spi-builder-workspace/.derivedData/ModuleCache.noindex/Session.modulevalidation -fmodules-validate-once-per-build-session -Wnon-modular-include-in-framework-module -Werror\=non-modular-include-in-framework-module -Wno-trigraphs -Wno-missing-field-initializers -Wno-missing-prototypes -Wno-return-type -Wno-implicit-atomic-properties -Wno-objc-interface-ivars -Wno-arc-repeated-use-of-weak -Wno-missing-braces -Wparentheses -Wswitch -Wno-unused-function -Wno-unused-label -Wno-unused-parameter -Wno-unused-variable -Wunused-value -Wno-empty-body -Wno-uninitialized -Wno-unknown-pragmas -w -Wno-shadow -Wno-four-char-constants -Wno-conversion -Wno-constant-conversion -Wno-int-conversion -Wno-bool-conversion -Wno-enum-conversion -Wno-float-conversion -Wno-non-literal-null-conversion -Wno-objc-literal-conversion -Wshorten-64-to-32 -Wpointer-sign -Wno-newline-eof -Wno-selector -Wno-strict-selector-match -Wno-undeclared-selector -Wno-deprecated-implementations -Wno-implicit-fallthrough -isysroot /Applications/Xcode-27.0.0-Release.Candidate.app/Contents/Developer/Platforms/WatchOS.platform/Developer/SDKs/WatchOS27.0.sdk -fstrict-aliasing -Wprotocol -Wdeprecated-declarations -Wno-sign-conversion -Wno-infinite-recursion -Wno-comma -Wno-block-capture-autoreleasing -Wno-strict-prototypes -Wno-semicolon-before-method-body -index-store-path /Users/admin/builder/spi-builder-workspace/.derivedData/Index.noindex/DataStore @/Users/admin/builder/spi-builder-workspace/.derivedData/Build/Intermediates.noindex/SDWebImage.build/Debug-watchos/SDWebImage-t.build/Objects-normal/arm64/e6072d4f65d7061329687fe24e3d63a7-common-args.resp -include /Users/admin/builder/spi-builder-workspace/.derivedData/Build/Intermediates.noindex/SDWebImage.build/Debug-watchos/SDWebImage-t.build/DerivedSources/resource_bundle_accessor.h -MMD -MT dependencies -MF /Users/admin/builder/spi-builder-workspace/.derivedData/Build/Intermediates.noindex/SDWebImage.build/Debug-watchos/SDWebImage-t.build/Objects-normal/arm64/SDAnimatedImageRep.d --serialize-diagnostics /Users/admin/builder/spi-builder-workspace/.derivedData/Build/Intermediates.noindex/SDWebImage.build/Debug-watchos/SDWebImage-t.build/Objects-normal/arm64/SDAnimatedImageRep.dia -c /Users/admin/builder/spi-builder-workspace/.dependencies/checkouts/SDWebImage/SDWebImage/Core/SDAnimatedImageRep.m -o /Users/admin/builder/spi-builder-workspace/.derivedData/Build/Intermediates.noindex/SDWebImage.build/Debug-watchos/SDWebImage-t.build/Objects-normal/arm64/SDAnimatedImageRep.o -index-unit-output-path /SDWebImage.build/Debug-watchos/SDWebImage-t.build/Objects-normal/arm64/SDAnimatedImageRep.o
CompileC /Users/admin/builder/spi-builder-workspace/.derivedData/Build/Intermediates.noindex/SDWebImage.build/Debug-watchos/SDWebImage-t.build/Objects-normal/arm64/SDAnimatedImagePlayer.o /Users/admin/builder/spi-builder-workspace/.dependencies/checkouts/SDWebImage/SDWebImage/Core/SDAnimatedImagePlayer.m normal arm64 objective-c com.apple.compilers.llvm.clang.1_0.compiler (in target 'SDWebImage' from project 'SDWebImage')
    cd /Users/admin/builder/spi-builder-workspace/.swiftpm/xcode

    Using response file: /Users/admin/builder/spi-builder-workspace/.derivedData/Build/Intermediates.noindex/SDWebImage.build/Debug-watchos/SDWebImage-t.build/Objects-normal/arm64/e6072d4f65d7061329687fe24e3d63a7-common-args.resp

    /Applications/Xcode-27.0.0-Release.Candidate.app/Contents/Developer/Toolchains/XcodeDefault.xctoolchain/usr/bin/clang -x objective-c -ivfsstatcache /Users/admin/builder/spi-builder-workspace/.derivedData/SDKStatCaches.noindex/watchos27.0-24R360-e829b21a6f8c9b70876ba0858053c04477534ef55a1706bf4c1112bbb242f0a2.sdkstatcache -target arm64-apple-watchos9.0 -fmessage-length\=0 -fdiagnostics-show-note-include-stack -fmacro-backtrace-limit\=0 -fno-color-diagnostics -fmodules-prune-interval\=86400 -fmodules-prune-after\=345600 -fbuild-session-file\=/Users/admin/builder/spi-builder-workspace/.derivedData/ModuleCache.noindex/Session.modulevalidation -fmodules-validate-once-per-build-session -Wnon-modular-include-in-framework-module -Werror\=non-modular-include-in-framework-module -Wno-trigraphs -Wno-missing-field-initializers -Wno-missing-prototypes -Wno-return-type -Wno-implicit-atomic-properties -Wno-objc-interface-ivars -Wno-arc-repeated-use-of-weak -Wno-missing-braces -Wparentheses -Wswitch -Wno-unused-function -Wno-unused-label -Wno-unused-parameter -Wno-unused-variable -Wunused-value -Wno-empty-body -Wno-uninitialized -Wno-unknown-pragmas -w -Wno-shadow -Wno-four-char-constants -Wno-conversion -Wno-constant-conversion -Wno-int-conversion -Wno-bool-conversion -Wno-enum-conversion -Wno-float-conversion -Wno-non-literal-null-conversion -Wno-objc-literal-conversion -Wshorten-64-to-32 -Wpointer-sign -Wno-newline-eof -Wno-selector -Wno-strict-selector-match -Wno-undeclared-selector -Wno-deprecated-implementations -Wno-implicit-fallthrough -isysroot /Applications/Xcode-27.0.0-Release.Candidate.app/Contents/Developer/Platforms/WatchOS.platform/Developer/SDKs/WatchOS27.0.sdk -fstrict-aliasing -Wprotocol -Wdeprecated-declarations -Wno-sign-conversion -Wno-infinite-recursion -Wno-comma -Wno-block-capture-autoreleasing -Wno-strict-prototypes -Wno-semicolon-before-method-body -index-store-path /Users/admin/builder/spi-builder-workspace/.derivedData/Index.noindex/DataStore @/Users/admin/builder/spi-builder-workspace/.derivedData/Build/Intermediates.noindex/SDWebImage.build/Debug-watchos/SDWebImage-t.build/Objects-normal/arm64/e6072d4f65d7061329687fe24e3d63a7-common-args.resp -include /Users/admin/builder/spi-builder-workspace/.derivedData/Build/Intermediates.noindex/SDWebImage.build/Debug-watchos/SDWebImage-t.build/DerivedSources/resource_bundle_accessor.h -MMD -MT dependencies -MF /Users/admin/builder/spi-builder-workspace/.derivedData/Build/Intermediates.noindex/SDWebImage.build/Debug-watchos/SDWebImage-t.build/Objects-normal/arm64/SDAnimatedImagePlayer.d --serialize-diagnostics /Users/admin/builder/spi-builder-workspace/.derivedData/Build/Intermediates.noindex/SDWebImage.build/Debug-watchos/SDWebImage-t.build/Objects-normal/arm64/SDAnimatedImagePlayer.dia -c /Users/admin/builder/spi-builder-workspace/.dependencies/checkouts/SDWebImage/SDWebImage/Core/SDAnimatedImagePlayer.m -o /Users/admin/builder/spi-builder-workspace/.derivedData/Build/Intermediates.noindex/SDWebImage.build/Debug-watchos/SDWebImage-t.build/Objects-normal/arm64/SDAnimatedImagePlayer.o -index-unit-output-path /SDWebImage.build/Debug-watchos/SDWebImage-t.build/Objects-normal/arm64/SDAnimatedImagePlayer.o
CompileC /Users/admin/builder/spi-builder-workspace/.derivedData/Build/Intermediates.noindex/SDWebImage.build/Debug-watchos/SDWebImage-t.build/Objects-normal/arm64/SDAnimatedImage.o /Users/admin/builder/spi-builder-workspace/.dependencies/checkouts/SDWebImage/SDWebImage/Core/SDAnimatedImage.m normal arm64 objective-c com.apple.compilers.llvm.clang.1_0.compiler (in target 'SDWebImage' from project 'SDWebImage')
    cd /Users/admin/builder/spi-builder-workspace/.swiftpm/xcode

    Using response file: /Users/admin/builder/spi-builder-workspace/.derivedData/Build/Intermediates.noindex/SDWebImage.build/Debug-watchos/SDWebImage-t.build/Objects-normal/arm64/e6072d4f65d7061329687fe24e3d63a7-common-args.resp

    /Applications/Xcode-27.0.0-Release.Candidate.app/Contents/Developer/Toolchains/XcodeDefault.xctoolchain/usr/bin/clang -x objective-c -ivfsstatcache /Users/admin/builder/spi-builder-workspace/.derivedData/SDKStatCaches.noindex/watchos27.0-24R360-e829b21a6f8c9b70876ba0858053c04477534ef55a1706bf4c1112bbb242f0a2.sdkstatcache -target arm64-apple-watchos9.0 -fmessage-length\=0 -fdiagnostics-show-note-include-stack -fmacro-backtrace-limit\=0 -fno-color-diagnostics -fmodules-prune-interval\=86400 -fmodules-prune-after\=345600 -fbuild-session-file\=/Users/admin/builder/spi-builder-workspace/.derivedData/ModuleCache.noindex/Session.modulevalidation -fmodules-validate-once-per-build-session -Wnon-modular-include-in-framework-module -Werror\=non-modular-include-in-framework-module -Wno-trigraphs -Wno-missing-field-initializers -Wno-missing-prototypes -Wno-return-type -Wno-implicit-atomic-properties -Wno-objc-interface-ivars -Wno-arc-repeated-use-of-weak -Wno-missing-braces -Wparentheses -Wswitch -Wno-unused-function -Wno-unused-label -Wno-unused-parameter -Wno-unused-variable -Wunused-value -Wno-empty-body -Wno-uninitialized -Wno-unknown-pragmas -w -Wno-shadow -Wno-four-char-constants -Wno-conversion -Wno-constant-conversion -Wno-int-conversion -Wno-bool-conversion -Wno-enum-conversion -Wno-float-conversion -Wno-non-literal-null-conversion -Wno-objc-literal-conversion -Wshorten-64-to-32 -Wpointer-sign -Wno-newline-eof -Wno-selector -Wno-strict-selector-match -Wno-undeclared-selector -Wno-deprecated-implementations -Wno-implicit-fallthrough -isysroot /Applications/Xcode-27.0.0-Release.Candidate.app/Contents/Developer/Platforms/WatchOS.platform/Developer/SDKs/WatchOS27.0.sdk -fstrict-aliasing -Wprotocol -Wdeprecated-declarations -Wno-sign-conversion -Wno-infinite-recursion -Wno-comma -Wno-block-capture-autoreleasing -Wno-strict-prototypes -Wno-semicolon-before-method-body -index-store-path /Users/admin/builder/spi-builder-workspace/.derivedData/Index.noindex/DataStore @/Users/admin/builder/spi-builder-workspace/.derivedData/Build/Intermediates.noindex/SDWebImage.build/Debug-watchos/SDWebImage-t.build/Objects-normal/arm64/e6072d4f65d7061329687fe24e3d63a7-common-args.resp -include /Users/admin/builder/spi-builder-workspace/.derivedData/Build/Intermediates.noindex/SDWebImage.build/Debug-watchos/SDWebImage-t.build/DerivedSources/resource_bundle_accessor.h -MMD -MT dependencies -MF /Users/admin/builder/spi-builder-workspace/.derivedData/Build/Intermediates.noindex/SDWebImage.build/Debug-watchos/SDWebImage-t.build/Objects-normal/arm64/SDAnimatedImage.d --serialize-diagnostics /Users/admin/builder/spi-builder-workspace/.derivedData/Build/Intermediates.noindex/SDWebImage.build/Debug-watchos/SDWebImage-t.build/Objects-normal/arm64/SDAnimatedImage.dia -c /Users/admin/builder/spi-builder-workspace/.dependencies/checkouts/SDWebImage/SDWebImage/Core/SDAnimatedImage.m -o /Users/admin/builder/spi-builder-workspace/.derivedData/Build/Intermediates.noindex/SDWebImage.build/Debug-watchos/SDWebImage-t.build/Objects-normal/arm64/SDAnimatedImage.o -index-unit-output-path /SDWebImage.build/Debug-watchos/SDWebImage-t.build/Objects-normal/arm64/SDAnimatedImage.o
CompileC /Users/admin/builder/spi-builder-workspace/.derivedData/Build/Intermediates.noindex/SDWebImage.build/Debug-watchos/SDWebImage-t.build/Objects-normal/arm64/NSBezierPath+SDRoundedCorners.o /Users/admin/builder/spi-builder-workspace/.dependencies/checkouts/SDWebImage/SDWebImage/Private/NSBezierPath+SDRoundedCorners.m normal arm64 objective-c com.apple.compilers.llvm.clang.1_0.compiler (in target 'SDWebImage' from project 'SDWebImage')
    cd /Users/admin/builder/spi-builder-workspace/.swiftpm/xcode

    Using response file: /Users/admin/builder/spi-builder-workspace/.derivedData/Build/Intermediates.noindex/SDWebImage.build/Debug-watchos/SDWebImage-t.build/Objects-normal/arm64/e6072d4f65d7061329687fe24e3d63a7-common-args.resp

    /Applications/Xcode-27.0.0-Release.Candidate.app/Contents/Developer/Toolchains/XcodeDefault.xctoolchain/usr/bin/clang -x objective-c -ivfsstatcache /Users/admin/builder/spi-builder-workspace/.derivedData/SDKStatCaches.noindex/watchos27.0-24R360-e829b21a6f8c9b70876ba0858053c04477534ef55a1706bf4c1112bbb242f0a2.sdkstatcache -target arm64-apple-watchos9.0 -fmessage-length\=0 -fdiagnostics-show-note-include-stack -fmacro-backtrace-limit\=0 -fno-color-diagnostics -fmodules-prune-interval\=86400 -fmodules-prune-after\=345600 -fbuild-session-file\=/Users/admin/builder/spi-builder-workspace/.derivedData/ModuleCache.noindex/Session.modulevalidation -fmodules-validate-once-per-build-session -Wnon-modular-include-in-framework-module -Werror\=non-modular-include-in-framework-module -Wno-trigraphs -Wno-missing-field-initializers -Wno-missing-prototypes -Wno-return-type -Wno-implicit-atomic-properties -Wno-objc-interface-ivars -Wno-arc-repeated-use-of-weak -Wno-missing-braces -Wparentheses -Wswitch -Wno-unused-function -Wno-unused-label -Wno-unused-parameter -Wno-unused-variable -Wunused-value -Wno-empty-body -Wno-uninitialized -Wno-unknown-pragmas -w -Wno-shadow -Wno-four-char-constants -Wno-conversion -Wno-constant-conversion -Wno-int-conversion -Wno-bool-conversion -Wno-enum-conversion -Wno-float-conversion -Wno-non-literal-null-conversion -Wno-objc-literal-conversion -Wshorten-64-to-32 -Wpointer-sign -Wno-newline-eof -Wno-selector -Wno-strict-selector-match -Wno-undeclared-selector -Wno-deprecated-implementations -Wno-implicit-fallthrough -isysroot /Applications/Xcode-27.0.0-Release.Candidate.app/Contents/Developer/Platforms/WatchOS.platform/Developer/SDKs/WatchOS27.0.sdk -fstrict-aliasing -Wprotocol -Wdeprecated-declarations -Wno-sign-conversion -Wno-infinite-recursion -Wno-comma -Wno-block-capture-autoreleasing -Wno-strict-prototypes -Wno-semicolon-before-method-body -index-store-path /Users/admin/builder/spi-builder-workspace/.derivedData/Index.noindex/DataStore @/Users/admin/builder/spi-builder-workspace/.derivedData/Build/Intermediates.noindex/SDWebImage.build/Debug-watchos/SDWebImage-t.build/Objects-normal/arm64/e6072d4f65d7061329687fe24e3d63a7-common-args.resp -include /Users/admin/builder/spi-builder-workspace/.derivedData/Build/Intermediates.noindex/SDWebImage.build/Debug-watchos/SDWebImage-t.build/DerivedSources/resource_bundle_accessor.h -MMD -MT dependencies -MF /Users/admin/builder/spi-builder-workspace/.derivedData/Build/Intermediates.noindex/SDWebImage.build/Debug-watchos/SDWebImage-t.build/Objects-normal/arm64/NSBezierPath+SDRoundedCorners.d --serialize-diagnostics /Users/admin/builder/spi-builder-workspace/.derivedData/Build/Intermediates.noindex/SDWebImage.build/Debug-watchos/SDWebImage-t.build/Objects-normal/arm64/NSBezierPath+SDRoundedCorners.dia -c /Users/admin/builder/spi-builder-workspace/.dependencies/checkouts/SDWebImage/SDWebImage/Private/NSBezierPath+SDRoundedCorners.m -o /Users/admin/builder/spi-builder-workspace/.derivedData/Build/Intermediates.noindex/SDWebImage.build/Debug-watchos/SDWebImage-t.build/Objects-normal/arm64/NSBezierPath+SDRoundedCorners.o -index-unit-output-path /SDWebImage.build/Debug-watchos/SDWebImage-t.build/Objects-normal/arm64/NSBezierPath+SDRoundedCorners.o
SwiftCompile normal arm64_32 Compiling\ URL+ImageMockFormat.swift /Users/admin/builder/spi-builder-workspace/Sources/SDWebImageMockPlugin/URL+ImageMockFormat.swift (in target 'SDWebImageMockPlugin' from project 'SDWebImageMockPlugin')
SwiftCompile normal arm64_32 /Users/admin/builder/spi-builder-workspace/Sources/SDWebImageMockPlugin/URL+ImageMockFormat.swift (in target 'SDWebImageMockPlugin' from project 'SDWebImageMockPlugin')
    cd /Users/admin/builder/spi-builder-workspace/.swiftpm/xcode
    builtin-SwiftPerFileCompile URL+ImageMockFormat.swift
SwiftCompile normal arm64 Compiling\ ImageCacheMocker.swift /Users/admin/builder/spi-builder-workspace/Sources/SDWebImageMockPlugin/ImageCacheMocker.swift (in target 'SDWebImageMockPlugin' from project 'SDWebImageMockPlugin')
SwiftCompile normal arm64 /Users/admin/builder/spi-builder-workspace/Sources/SDWebImageMockPlugin/ImageCacheMocker.swift (in target 'SDWebImageMockPlugin' from project 'SDWebImageMockPlugin')
    cd /Users/admin/builder/spi-builder-workspace/.swiftpm/xcode
    builtin-SwiftPerFileCompile ImageCacheMocker.swift
SwiftCompile normal arm64 Compiling\ ImageProvider+DefaultProviders.swift /Users/admin/builder/spi-builder-workspace/Sources/SDWebImageMockPlugin/ImageProvider+DefaultProviders.swift (in target 'SDWebImageMockPlugin' from project 'SDWebImageMockPlugin')
/Users/admin/builder/spi-builder-workspace/Sources/SDWebImageMockPlugin/ImageProvider+DefaultProviders.swift:59:29: error: 'init(named:in:compatibleWith:)' is unavailable in watchOS
57 |             guard
58 |                 let bundle = bundles[bundleIdentifier],
59 |                 let image = UIImage(named: imageName, in: bundle, compatibleWith: nil)
   |                             `- error: 'init(named:in:compatibleWith:)' is unavailable in watchOS
60 |             else { fatalError("Image not found in bundle \(bundleIdentifier)") }
61 |
/Applications/Xcode-27.0.0-Release.Candidate.app/Contents/Developer/Platforms/WatchOS.platform/Developer/SDKs/WatchOS27.0.sdk/System/Library/Frameworks/UIKit.framework/Headers/UIImage.h:107:1: note: 'init(named:in:compatibleWith:)' has been explicitly marked unavailable here
105 | + (nullable UIImage *)imageNamed:(NSString *)name inBundle:(nullable NSBundle *)bundle withConfiguration:(nullable UIImageConfiguration *)configuration API_AVAILABLE(ios(13.0),tvos(13.0),watchos(6.0));
106 | #if __has_include(<UIKit/UITraitCollection.h>)
107 | + (nullable UIImage *)imageNamed:(NSString *)name inBundle:(nullable NSBundle *)bundle compatibleWithTraitCollection:(nullable UITraitCollection *)traitCollection API_AVAILABLE(ios(8.0)) API_UNAVAILABLE(watchos);
    | `- note: 'init(named:in:compatibleWith:)' has been explicitly marked unavailable here
108 | #endif
109 | /**
Failed frontend command:
/Applications/Xcode-27.0.0-Release.Candidate.app/Contents/Developer/Toolchains/XcodeDefault.xctoolchain/usr/bin/swift-frontend -frontend -c /Users/admin/builder/spi-builder-workspace/Sources/SDWebImageMockPlugin/ImageCacheMocker.swift -primary-file /Users/admin/builder/spi-builder-workspace/Sources/SDWebImageMockPlugin/ImageProvider+DefaultProviders.swift /Users/admin/builder/spi-builder-workspace/Sources/SDWebImageMockPlugin/ImageProvider.swift /Users/admin/builder/spi-builder-workspace/Sources/SDWebImageMockPlugin/ImageResolver.swift /Users/admin/builder/spi-builder-workspace/Sources/SDWebImageMockPlugin/UIImage+placeholder.swift /Users/admin/builder/spi-builder-workspace/Sources/SDWebImageMockPlugin/URL+ImageMockFormat.swift -emit-dependencies-path /Users/admin/builder/spi-builder-workspace/.derivedData/Build/Intermediates.noindex/SDWebImageMockPlugin.build/Debug-watchos/SDWebImageMockPlugin-t.build/Objects-normal/arm64/ImageProvider+DefaultProviders.d -emit-const-values-path /Users/admin/builder/spi-builder-workspace/.derivedData/Build/Intermediates.noindex/SDWebImageMockPlugin.build/Debug-watchos/SDWebImageMockPlugin-t.build/Objects-normal/arm64/ImageProvider+DefaultProviders.swiftconstvalues -emit-reference-dependencies-path /Users/admin/builder/spi-builder-workspace/.derivedData/Build/Intermediates.noindex/SDWebImageMockPlugin.build/Debug-watchos/SDWebImageMockPlugin-t.build/Objects-normal/arm64/ImageProvider+DefaultProviders.swiftdeps -serialize-diagnostics-path /Users/admin/builder/spi-builder-workspace/.derivedData/Build/Intermediates.noindex/SDWebImageMockPlugin.build/Debug-watchos/SDWebImageMockPlugin-t.build/Objects-normal/arm64/ImageProvider+DefaultProviders.dia -target arm64-apple-watchos9.0 -disable-cross-import-overlay-search -load-resolved-plugin /Applications/Xcode-27.0.0-Release.Candidate.app/Contents/Developer/Platforms/WatchOS.platform/Developer/usr/lib/swift/host/plugins/libFoundationMacros.dylib\#/Applications/Xcode-27.0.0-Release.Candidate.app/Contents/Developer/Platforms/WatchOS.platform/Developer/usr/bin/swift-plugin-server\#FoundationMacros -load-resolved-plugin /Applications/Xcode-27.0.0-Release.Candidate.app/Contents/Developer/Platforms/WatchOS.platform/Developer/usr/lib/swift/host/plugins/libObservationMacros.dylib\#/Applications/Xcode-27.0.0-Release.Candidate.app/Contents/Developer/Platforms/WatchOS.platform/Developer/usr/bin/swift-plugin-server\#ObservationMacros -load-resolved-plugin /Applications/Xcode-27.0.0-Release.Candidate.app/Contents/Developer/Platforms/WatchOS.platform/Developer/usr/lib/swift/host/plugins/libSwiftMacros.dylib\#/Applications/Xcode-27.0.0-Release.Candidate.app/Contents/Developer/Platforms/WatchOS.platform/Developer/usr/bin/swift-plugin-server\#SwiftMacros -load-resolved-plugin /Applications/Xcode-27.0.0-Release.Candidate.app/Contents/Developer/Platforms/WatchOS.platform/Developer/usr/lib/swift/host/plugins/libSwiftUIMacros.dylib\#/Applications/Xcode-27.0.0-Release.Candidate.app/Contents/Developer/Platforms/WatchOS.platform/Developer/usr/bin/swift-plugin-server\#SwiftUIMacros -disable-implicit-swift-modules -Xcc -fno-implicit-modules -Xcc -fno-implicit-module-maps -explicit-swift-module-map-file /Users/admin/builder/spi-builder-workspace/.derivedData/Build/Intermediates.noindex/SDWebImageMockPlugin.build/Debug-watchos/SDWebImageMockPlugin-t.build/Objects-normal/arm64/SDWebImageMockPlugin-dependencies-2.json -Xllvm -aarch64-use-tbi -enable-objc-interop -stack-check -sdk /Applications/Xcode-27.0.0-Release.Candidate.app/Contents/Developer/Platforms/WatchOS.platform/Developer/SDKs/WatchOS27.0.sdk -I /Users/admin/builder/spi-builder-workspace/.derivedData/Build/Products/Debug-watchos -Isystem /Applications/Xcode-27.0.0-Release.Candidate.app/Contents/Developer/Platforms/WatchOS.platform/Developer/usr/lib -F /Users/admin/builder/spi-builder-workspace/.derivedData/Build/Products/Debug-watchos/PackageFrameworks -F /Users/admin/builder/spi-builder-workspace/.derivedData/Build/Products/Debug-watchos -F /Applications/Xcode-27.0.0-Release.Candidate.app/Contents/Developer/Platforms/WatchOS.platform/Developer/Library/Frameworks -F /Applications/Xcode-27.0.0-Release.Candidate.app/Contents/Developer/Platforms/WatchOS.platform/Developer/SDKs/WatchOS27.0.sdk/Developer/Library/Frameworks -module-cache-path /Users/admin/builder/spi-builder-workspace/.derivedData/Build/Intermediates.noindex/SwiftExplicitPrecompiledModules -no-color-diagnostics -Xcc -fno-color-diagnostics -enable-testing -g -debug-info-format\=dwarf -dwarf-version\=4 -swift-version 5 -Onone -D SWIFT_PACKAGE -D DEBUG -D SWIFT_MODULE_RESOURCE_BUNDLE_UNAVAILABLE -D Xcode -serialize-debugging-options -enable-experimental-feature DebugDescriptionMacro -empty-abi-descriptor -validate-clang-modules-once -clang-build-session-file /Users/admin/builder/spi-builder-workspace/.derivedData/ModuleCache.noindex/Session.modulevalidation -Xcc -working-directory -Xcc /Users/admin/builder/spi-builder-workspace/.swiftpm/xcode -enable-anonymous-context-mangled-names -file-compilation-dir /Users/admin/builder/spi-builder-workspace/.swiftpm/xcode -Xcc -fmodule-map-file\=/Users/admin/builder/spi-builder-workspace/.derivedData/Build/Intermediates.noindex/GeneratedModuleMaps-watchos/SDWebImage.modulemap -Xcc -D_LIBCPP_HARDENING_MODE\=_LIBCPP_HARDENING_MODE_DEBUG -Xcc -ivfsstatcache -Xcc /Users/admin/builder/spi-builder-workspace/.derivedData/SDKStatCaches.noindex/watchos27.0-24R360-e829b21a6f8c9b70876ba0858053c04477534ef55a1706bf4c1112bbb242f0a2.sdkstatcache -Xcc -fmodules-prune-interval\=86400 -Xcc -fmodules-prune-after\=345600 -Xcc -I/Users/admin/builder/spi-builder-workspace/.dependencies/checkouts/SDWebImage/SDWebImage/include -Xcc -I/Users/admin/builder/spi-builder-workspace/.derivedData/Build/Products/Debug-watchos/include -Xcc -I/Users/admin/builder/spi-builder-workspace/.derivedData/Build/Intermediates.noindex/SDWebImageMockPlugin.build/Debug-watchos/SDWebImageMockPlugin-t.build/DerivedSources-normal/arm64 -Xcc -I/Users/admin/builder/spi-builder-workspace/.derivedData/Build/Intermediates.noindex/SDWebImageMockPlugin.build/Debug-watchos/SDWebImageMockPlugin-t.build/DerivedSources/arm64 -Xcc -I/Users/admin/builder/spi-builder-workspace/.derivedData/Build/Intermediates.noindex/SDWebImageMockPlugin.build/Debug-watchos/SDWebImageMockPlugin-t.build/DerivedSources -Xcc -DSWIFT_PACKAGE -Xcc -DDEBUG\=1 -no-auto-bridging-header-chaining -module-name SDWebImageMockPlugin -const-gather-protocols-file /Users/admin/builder/spi-builder-workspace/.derivedData/Build/Intermediates.noindex/SDWebImageMockPlugin.build/Debug-watchos/SDWebImageMockPlugin-t.build/Objects-normal/arm64/SDWebImageMockPlugin_const_extract_protocols.json -disable-clang-spi -clang-target arm64-apple-watchos27.0 -target-sdk-version 27.0 -target-sdk-name watchos27.0 -in-process-plugin-server-path /Applications/Xcode-27.0.0-Release.Candidate.app/Contents/Developer/Toolchains/XcodeDefault.xctoolchain/usr/lib/swift/host/libSwiftInProcPluginServer.dylib -parse-as-library -o /Users/admin/builder/spi-builder-workspace/.derivedData/Build/Intermediates.noindex/SDWebImageMockPlugin.build/Debug-watchos/SDWebImageMockPlugin-t.build/Objects-normal/arm64/ImageProvider+DefaultProviders.o -debug-module-path /Users/admin/builder/spi-builder-workspace/.derivedData/Build/Intermediates.noindex/SDWebImageMockPlugin.build/Debug-watchos/SDWebImageMockPlugin-t.build/Objects-normal/arm64/SDWebImageMockPlugin.swiftmodule -index-unit-output-path /SDWebImageMockPlugin.build/Debug-watchos/SDWebImageMockPlugin-t.build/Objects-normal/arm64/ImageProvider+DefaultProviders.o -index-store-path /Users/admin/builder/spi-builder-workspace/.derivedData/Index.noindex/DataStore -index-system-modules
SwiftCompile normal arm64 /Users/admin/builder/spi-builder-workspace/Sources/SDWebImageMockPlugin/ImageProvider+DefaultProviders.swift (in target 'SDWebImageMockPlugin' from project 'SDWebImageMockPlugin')
    cd /Users/admin/builder/spi-builder-workspace/.swiftpm/xcode
    builtin-SwiftPerFileCompile ImageProvider+DefaultProviders.swift
SwiftCompile normal arm64 Compiling\ UIImage+placeholder.swift /Users/admin/builder/spi-builder-workspace/Sources/SDWebImageMockPlugin/UIImage+placeholder.swift (in target 'SDWebImageMockPlugin' from project 'SDWebImageMockPlugin')
/Users/admin/builder/spi-builder-workspace/Sources/SDWebImageMockPlugin/UIImage+placeholder.swift:17:24: error: 'UIGraphicsImageRenderer' is unavailable in watchOS
15 |
16 |     static func placeholder(with size: CGSize) -> UIImage {
17 |         let renderer = UIGraphicsImageRenderer(size: size)
   |                        `- error: 'UIGraphicsImageRenderer' is unavailable in watchOS
18 |         return renderer.image { context in
19 |             let bounds = renderer.format.bounds
/Applications/Xcode-27.0.0-Release.Candidate.app/Contents/Developer/Platforms/WatchOS.platform/Developer/SDKs/WatchOS27.0.sdk/System/Library/Frameworks/UIKit.framework/Headers/UIGraphicsImageRenderer.h:47:12: note: 'UIGraphicsImageRenderer' has been explicitly marked unavailable here
45 |
46 | UIKIT_EXTERN API_AVAILABLE(ios(10.0)) API_UNAVAILABLE(watchos)
47 | @interface UIGraphicsImageRenderer : UIGraphicsRenderer
   |            `- note: 'UIGraphicsImageRenderer' has been explicitly marked unavailable here
48 | - (instancetype)initWithSize:(CGSize)size;
49 | - (instancetype)initWithSize:(CGSize)size format:(UIGraphicsImageRendererFormat *)format NS_DESIGNATED_INITIALIZER;
Failed frontend command:
/Applications/Xcode-27.0.0-Release.Candidate.app/Contents/Developer/Toolchains/XcodeDefault.xctoolchain/usr/bin/swift-frontend -frontend -c /Users/admin/builder/spi-builder-workspace/Sources/SDWebImageMockPlugin/ImageCacheMocker.swift /Users/admin/builder/spi-builder-workspace/Sources/SDWebImageMockPlugin/ImageProvider+DefaultProviders.swift /Users/admin/builder/spi-builder-workspace/Sources/SDWebImageMockPlugin/ImageProvider.swift /Users/admin/builder/spi-builder-workspace/Sources/SDWebImageMockPlugin/ImageResolver.swift -primary-file /Users/admin/builder/spi-builder-workspace/Sources/SDWebImageMockPlugin/UIImage+placeholder.swift /Users/admin/builder/spi-builder-workspace/Sources/SDWebImageMockPlugin/URL+ImageMockFormat.swift -emit-dependencies-path /Users/admin/builder/spi-builder-workspace/.derivedData/Build/Intermediates.noindex/SDWebImageMockPlugin.build/Debug-watchos/SDWebImageMockPlugin-t.build/Objects-normal/arm64/UIImage+placeholder.d -emit-const-values-path /Users/admin/builder/spi-builder-workspace/.derivedData/Build/Intermediates.noindex/SDWebImageMockPlugin.build/Debug-watchos/SDWebImageMockPlugin-t.build/Objects-normal/arm64/UIImage+placeholder.swiftconstvalues -emit-reference-dependencies-path /Users/admin/builder/spi-builder-workspace/.derivedData/Build/Intermediates.noindex/SDWebImageMockPlugin.build/Debug-watchos/SDWebImageMockPlugin-t.build/Objects-normal/arm64/UIImage+placeholder.swiftdeps -serialize-diagnostics-path /Users/admin/builder/spi-builder-workspace/.derivedData/Build/Intermediates.noindex/SDWebImageMockPlugin.build/Debug-watchos/SDWebImageMockPlugin-t.build/Objects-normal/arm64/UIImage+placeholder.dia -target arm64-apple-watchos9.0 -disable-cross-import-overlay-search -load-resolved-plugin /Applications/Xcode-27.0.0-Release.Candidate.app/Contents/Developer/Platforms/WatchOS.platform/Developer/usr/lib/swift/host/plugins/libFoundationMacros.dylib\#/Applications/Xcode-27.0.0-Release.Candidate.app/Contents/Developer/Platforms/WatchOS.platform/Developer/usr/bin/swift-plugin-server\#FoundationMacros -load-resolved-plugin /Applications/Xcode-27.0.0-Release.Candidate.app/Contents/Developer/Platforms/WatchOS.platform/Developer/usr/lib/swift/host/plugins/libObservationMacros.dylib\#/Applications/Xcode-27.0.0-Release.Candidate.app/Contents/Developer/Platforms/WatchOS.platform/Developer/usr/bin/swift-plugin-server\#ObservationMacros -load-resolved-plugin /Applications/Xcode-27.0.0-Release.Candidate.app/Contents/Developer/Platforms/WatchOS.platform/Developer/usr/lib/swift/host/plugins/libSwiftMacros.dylib\#/Applications/Xcode-27.0.0-Release.Candidate.app/Contents/Developer/Platforms/WatchOS.platform/Developer/usr/bin/swift-plugin-server\#SwiftMacros -load-resolved-plugin /Applications/Xcode-27.0.0-Release.Candidate.app/Contents/Developer/Platforms/WatchOS.platform/Developer/usr/lib/swift/host/plugins/libSwiftUIMacros.dylib\#/Applications/Xcode-27.0.0-Release.Candidate.app/Contents/Developer/Platforms/WatchOS.platform/Developer/usr/bin/swift-plugin-server\#SwiftUIMacros -disable-implicit-swift-modules -Xcc -fno-implicit-modules -Xcc -fno-implicit-module-maps -explicit-swift-module-map-file /Users/admin/builder/spi-builder-workspace/.derivedData/Build/Intermediates.noindex/SDWebImageMockPlugin.build/Debug-watchos/SDWebImageMockPlugin-t.build/Objects-normal/arm64/SDWebImageMockPlugin-dependencies-2.json -Xllvm -aarch64-use-tbi -enable-objc-interop -stack-check -sdk /Applications/Xcode-27.0.0-Release.Candidate.app/Contents/Developer/Platforms/WatchOS.platform/Developer/SDKs/WatchOS27.0.sdk -I /Users/admin/builder/spi-builder-workspace/.derivedData/Build/Products/Debug-watchos -Isystem /Applications/Xcode-27.0.0-Release.Candidate.app/Contents/Developer/Platforms/WatchOS.platform/Developer/usr/lib -F /Users/admin/builder/spi-builder-workspace/.derivedData/Build/Products/Debug-watchos/PackageFrameworks -F /Users/admin/builder/spi-builder-workspace/.derivedData/Build/Products/Debug-watchos -F /Applications/Xcode-27.0.0-Release.Candidate.app/Contents/Developer/Platforms/WatchOS.platform/Developer/Library/Frameworks -F /Applications/Xcode-27.0.0-Release.Candidate.app/Contents/Developer/Platforms/WatchOS.platform/Developer/SDKs/WatchOS27.0.sdk/Developer/Library/Frameworks -module-cache-path /Users/admin/builder/spi-builder-workspace/.derivedData/Build/Intermediates.noindex/SwiftExplicitPrecompiledModules -no-color-diagnostics -Xcc -fno-color-diagnostics -enable-testing -g -debug-info-format\=dwarf -dwarf-version\=4 -swift-version 5 -Onone -D SWIFT_PACKAGE -D DEBUG -D SWIFT_MODULE_RESOURCE_BUNDLE_UNAVAILABLE -D Xcode -serialize-debugging-options -enable-experimental-feature DebugDescriptionMacro -empty-abi-descriptor -validate-clang-modules-once -clang-build-session-file /Users/admin/builder/spi-builder-workspace/.derivedData/ModuleCache.noindex/Session.modulevalidation -Xcc -working-directory -Xcc /Users/admin/builder/spi-builder-workspace/.swiftpm/xcode -enable-anonymous-context-mangled-names -file-compilation-dir /Users/admin/builder/spi-builder-workspace/.swiftpm/xcode -Xcc -fmodule-map-file\=/Users/admin/builder/spi-builder-workspace/.derivedData/Build/Intermediates.noindex/GeneratedModuleMaps-watchos/SDWebImage.modulemap -Xcc -D_LIBCPP_HARDENING_MODE\=_LIBCPP_HARDENING_MODE_DEBUG -Xcc -ivfsstatcache -Xcc /Users/admin/builder/spi-builder-workspace/.derivedData/SDKStatCaches.noindex/watchos27.0-24R360-e829b21a6f8c9b70876ba0858053c04477534ef55a1706bf4c1112bbb242f0a2.sdkstatcache -Xcc -fmodules-prune-interval\=86400 -Xcc -fmodules-prune-after\=345600 -Xcc -I/Users/admin/builder/spi-builder-workspace/.dependencies/checkouts/SDWebImage/SDWebImage/include -Xcc -I/Users/admin/builder/spi-builder-workspace/.derivedData/Build/Products/Debug-watchos/include -Xcc -I/Users/admin/builder/spi-builder-workspace/.derivedData/Build/Intermediates.noindex/SDWebImageMockPlugin.build/Debug-watchos/SDWebImageMockPlugin-t.build/DerivedSources-normal/arm64 -Xcc -I/Users/admin/builder/spi-builder-workspace/.derivedData/Build/Intermediates.noindex/SDWebImageMockPlugin.build/Debug-watchos/SDWebImageMockPlugin-t.build/DerivedSources/arm64 -Xcc -I/Users/admin/builder/spi-builder-workspace/.derivedData/Build/Intermediates.noindex/SDWebImageMockPlugin.build/Debug-watchos/SDWebImageMockPlugin-t.build/DerivedSources -Xcc -DSWIFT_PACKAGE -Xcc -DDEBUG\=1 -no-auto-bridging-header-chaining -module-name SDWebImageMockPlugin -const-gather-protocols-file /Users/admin/builder/spi-builder-workspace/.derivedData/Build/Intermediates.noindex/SDWebImageMockPlugin.build/Debug-watchos/SDWebImageMockPlugin-t.build/Objects-normal/arm64/SDWebImageMockPlugin_const_extract_protocols.json -disable-clang-spi -clang-target arm64-apple-watchos27.0 -target-sdk-version 27.0 -target-sdk-name watchos27.0 -in-process-plugin-server-path /Applications/Xcode-27.0.0-Release.Candidate.app/Contents/Developer/Toolchains/XcodeDefault.xctoolchain/usr/lib/swift/host/libSwiftInProcPluginServer.dylib -parse-as-library -o /Users/admin/builder/spi-builder-workspace/.derivedData/Build/Intermediates.noindex/SDWebImageMockPlugin.build/Debug-watchos/SDWebImageMockPlugin-t.build/Objects-normal/arm64/UIImage+placeholder.o -debug-module-path /Users/admin/builder/spi-builder-workspace/.derivedData/Build/Intermediates.noindex/SDWebImageMockPlugin.build/Debug-watchos/SDWebImageMockPlugin-t.build/Objects-normal/arm64/SDWebImageMockPlugin.swiftmodule -index-unit-output-path /SDWebImageMockPlugin.build/Debug-watchos/SDWebImageMockPlugin-t.build/Objects-normal/arm64/UIImage+placeholder.o -index-store-path /Users/admin/builder/spi-builder-workspace/.derivedData/Index.noindex/DataStore -index-system-modules
SwiftCompile normal arm64 /Users/admin/builder/spi-builder-workspace/Sources/SDWebImageMockPlugin/UIImage+placeholder.swift (in target 'SDWebImageMockPlugin' from project 'SDWebImageMockPlugin')
    cd /Users/admin/builder/spi-builder-workspace/.swiftpm/xcode
    builtin-SwiftPerFileCompile UIImage+placeholder.swift
SwiftCompile normal arm64 Compiling\ URL+ImageMockFormat.swift /Users/admin/builder/spi-builder-workspace/Sources/SDWebImageMockPlugin/URL+ImageMockFormat.swift (in target 'SDWebImageMockPlugin' from project 'SDWebImageMockPlugin')
SwiftCompile normal arm64 /Users/admin/builder/spi-builder-workspace/Sources/SDWebImageMockPlugin/URL+ImageMockFormat.swift (in target 'SDWebImageMockPlugin' from project 'SDWebImageMockPlugin')
    cd /Users/admin/builder/spi-builder-workspace/.swiftpm/xcode
    builtin-SwiftPerFileCompile URL+ImageMockFormat.swift
SwiftCompile normal arm64_32 Compiling\ ImageCacheMocker.swift /Users/admin/builder/spi-builder-workspace/Sources/SDWebImageMockPlugin/ImageCacheMocker.swift (in target 'SDWebImageMockPlugin' from project 'SDWebImageMockPlugin')
SwiftCompile normal arm64_32 /Users/admin/builder/spi-builder-workspace/Sources/SDWebImageMockPlugin/ImageCacheMocker.swift (in target 'SDWebImageMockPlugin' from project 'SDWebImageMockPlugin')
    cd /Users/admin/builder/spi-builder-workspace/.swiftpm/xcode
    builtin-SwiftPerFileCompile ImageCacheMocker.swift
SwiftCompile normal arm64 Compiling\ ImageResolver.swift /Users/admin/builder/spi-builder-workspace/Sources/SDWebImageMockPlugin/ImageResolver.swift (in target 'SDWebImageMockPlugin' from project 'SDWebImageMockPlugin')
SwiftCompile normal arm64 /Users/admin/builder/spi-builder-workspace/Sources/SDWebImageMockPlugin/ImageResolver.swift (in target 'SDWebImageMockPlugin' from project 'SDWebImageMockPlugin')
    cd /Users/admin/builder/spi-builder-workspace/.swiftpm/xcode
    builtin-SwiftPerFileCompile ImageResolver.swift
SwiftCompile normal arm64 Compiling\ ImageProvider.swift /Users/admin/builder/spi-builder-workspace/Sources/SDWebImageMockPlugin/ImageProvider.swift (in target 'SDWebImageMockPlugin' from project 'SDWebImageMockPlugin')
SwiftCompile normal arm64 /Users/admin/builder/spi-builder-workspace/Sources/SDWebImageMockPlugin/ImageProvider.swift (in target 'SDWebImageMockPlugin' from project 'SDWebImageMockPlugin')
    cd /Users/admin/builder/spi-builder-workspace/.swiftpm/xcode
    builtin-SwiftPerFileCompile ImageProvider.swift
SwiftCompile normal arm64_32 Compiling\ UIImage+placeholder.swift /Users/admin/builder/spi-builder-workspace/Sources/SDWebImageMockPlugin/UIImage+placeholder.swift (in target 'SDWebImageMockPlugin' from project 'SDWebImageMockPlugin')
/Users/admin/builder/spi-builder-workspace/Sources/SDWebImageMockPlugin/UIImage+placeholder.swift:17:24: error: 'UIGraphicsImageRenderer' is unavailable in watchOS
15 |
16 |     static func placeholder(with size: CGSize) -> UIImage {
17 |         let renderer = UIGraphicsImageRenderer(size: size)
   |                        `- error: 'UIGraphicsImageRenderer' is unavailable in watchOS
18 |         return renderer.image { context in
19 |             let bounds = renderer.format.bounds
/Applications/Xcode-27.0.0-Release.Candidate.app/Contents/Developer/Platforms/WatchOS.platform/Developer/SDKs/WatchOS27.0.sdk/System/Library/Frameworks/UIKit.framework/Headers/UIGraphicsImageRenderer.h:47:12: note: 'UIGraphicsImageRenderer' has been explicitly marked unavailable here
45 |
46 | UIKIT_EXTERN API_AVAILABLE(ios(10.0)) API_UNAVAILABLE(watchos)
47 | @interface UIGraphicsImageRenderer : UIGraphicsRenderer
   |            `- note: 'UIGraphicsImageRenderer' has been explicitly marked unavailable here
48 | - (instancetype)initWithSize:(CGSize)size;
49 | - (instancetype)initWithSize:(CGSize)size format:(UIGraphicsImageRendererFormat *)format NS_DESIGNATED_INITIALIZER;
SwiftCompile normal arm64_32 /Users/admin/builder/spi-builder-workspace/Sources/SDWebImageMockPlugin/UIImage+placeholder.swift (in target 'SDWebImageMockPlugin' from project 'SDWebImageMockPlugin')
    cd /Users/admin/builder/spi-builder-workspace/.swiftpm/xcode
    builtin-SwiftPerFileCompile UIImage+placeholder.swift
Ld /Users/admin/builder/spi-builder-workspace/.derivedData/Build/Intermediates.noindex/SDWebImage.build/Debug-watchos/SDWebImage-t.build/Objects-normal/arm64/Binary/SDWebImage.o normal arm64 (in target 'SDWebImage' from project 'SDWebImage')
    cd /Users/admin/builder/spi-builder-workspace/.dependencies/checkouts/SDWebImage
    /Applications/Xcode-27.0.0-Release.Candidate.app/Contents/Developer/Toolchains/XcodeDefault.xctoolchain/usr/bin/clang -Xlinker -reproducible -target arm64-apple-watchos9.0 -r -isysroot /Applications/Xcode-27.0.0-Release.Candidate.app/Contents/Developer/Platforms/WatchOS.platform/Developer/SDKs/WatchOS27.0.sdk -O0 -w -Xlinker -no_warn_duplicate_libraries -F/Users/admin/builder/spi-builder-workspace/.derivedData/Build/Intermediates.noindex/EagerLinkingTBDs/Debug-watchos -F/Users/admin/builder/spi-builder-workspace/.derivedData/Build/Products/Debug-watchos -iframework /Applications/Xcode-27.0.0-Release.Candidate.app/Contents/Developer/Platforms/WatchOS.platform/Developer/Library/Frameworks -iframework /Applications/Xcode-27.0.0-Release.Candidate.app/Contents/Developer/Platforms/WatchOS.platform/Developer/SDKs/WatchOS27.0.sdk/Developer/Library/Frameworks -filelist /Users/admin/builder/spi-builder-workspace/.derivedData/Build/Intermediates.noindex/SDWebImage.build/Debug-watchos/SDWebImage-t.build/Objects-normal/arm64/SDWebImage.LinkFileList -nostdlib -Xlinker -object_path_lto -Xlinker /Users/admin/builder/spi-builder-workspace/.derivedData/Build/Intermediates.noindex/SDWebImage.build/Debug-watchos/SDWebImage-t.build/Objects-normal/arm64/SDWebImage_lto.o -Xlinker -no_deduplicate -Xlinker -dependency_info -Xlinker /Users/admin/builder/spi-builder-workspace/.derivedData/Build/Intermediates.noindex/SDWebImage.build/Debug-watchos/SDWebImage-t.build/Objects-normal/arm64/SDWebImage_dependency_info.dat -fobjc-arc -fobjc-link-runtime -o /Users/admin/builder/spi-builder-workspace/.derivedData/Build/Intermediates.noindex/SDWebImage.build/Debug-watchos/SDWebImage-t.build/Objects-normal/arm64/Binary/SDWebImage.o
SwiftDriverJobDiscovery normal arm64 Emitting module for SDWebImageMockPlugin (in target 'SDWebImageMockPlugin' from project 'SDWebImageMockPlugin')
SwiftDriver\ Compilation\ Requirements SDWebImageMockPlugin normal arm64 com.apple.xcode.tools.swift.compiler (in target 'SDWebImageMockPlugin' from project 'SDWebImageMockPlugin')
    cd /Users/admin/builder/spi-builder-workspace/.swiftpm/xcode
    builtin-Swift-Compilation-Requirements -- /Applications/Xcode-27.0.0-Release.Candidate.app/Contents/Developer/Toolchains/XcodeDefault.xctoolchain/usr/bin/swiftc -parse-as-library -module-name SDWebImageMockPlugin -Onone @/Users/admin/builder/spi-builder-workspace/.derivedData/Build/Intermediates.noindex/SDWebImageMockPlugin.build/Debug-watchos/SDWebImageMockPlugin-t.build/Objects-normal/arm64/SDWebImageMockPlugin.SwiftFileList -DSWIFT_PACKAGE -DDEBUG -DSWIFT_MODULE_RESOURCE_BUNDLE_UNAVAILABLE -Xcc -fmodule-map-file\=/Users/admin/builder/spi-builder-workspace/.derivedData/Build/Intermediates.noindex/GeneratedModuleMaps-watchos/SDWebImage.modulemap -DXcode -plugin-path /Applications/Xcode-27.0.0-Release.Candidate.app/Contents/Developer/Toolchains/XcodeDefault.xctoolchain/usr/lib/swift/host/plugins/testing -enable-experimental-feature DebugDescriptionMacro -sdk /Applications/Xcode-27.0.0-Release.Candidate.app/Contents/Developer/Platforms/WatchOS.platform/Developer/SDKs/WatchOS27.0.sdk -target arm64-apple-watchos9.0 -g -module-cache-path /Users/admin/builder/spi-builder-workspace/.derivedData/ModuleCache.noindex -Xfrontend -serialize-debugging-options -enable-testing -index-store-path /Users/admin/builder/spi-builder-workspace/.derivedData/Index.noindex/DataStore -Xcc -D_LIBCPP_HARDENING_MODE\=_LIBCPP_HARDENING_MODE_DEBUG -swift-version 5 -I /Users/admin/builder/spi-builder-workspace/.derivedData/Build/Products/Debug-watchos -Isystem /Applications/Xcode-27.0.0-Release.Candidate.app/Contents/Developer/Platforms/WatchOS.platform/Developer/usr/lib -F /Users/admin/builder/spi-builder-workspace/.derivedData/Build/Products/Debug-watchos/PackageFrameworks -F /Users/admin/builder/spi-builder-workspace/.derivedData/Build/Products/Debug-watchos -F /Applications/Xcode-27.0.0-Release.Candidate.app/Contents/Developer/Platforms/WatchOS.platform/Developer/Library/Frameworks -F /Applications/Xcode-27.0.0-Release.Candidate.app/Contents/Developer/Platforms/WatchOS.platform/Developer/SDKs/WatchOS27.0.sdk/Developer/Library/Frameworks -c -j10 -enable-batch-mode -incremental -Xcc -ivfsstatcache -Xcc /Users/admin/builder/spi-builder-workspace/.derivedData/SDKStatCaches.noindex/watchos27.0-24R360-e829b21a6f8c9b70876ba0858053c04477534ef55a1706bf4c1112bbb242f0a2.sdkstatcache -output-file-map /Users/admin/builder/spi-builder-workspace/.derivedData/Build/Intermediates.noindex/SDWebImageMockPlugin.build/Debug-watchos/SDWebImageMockPlugin-t.build/Objects-normal/arm64/SDWebImageMockPlugin-OutputFileMap.json -save-temps -no-color-diagnostics -explicit-module-build -module-cache-path /Users/admin/builder/spi-builder-workspace/.derivedData/Build/Intermediates.noindex/SwiftExplicitPrecompiledModules -clang-scanner-module-cache-path /Users/admin/builder/spi-builder-workspace/.derivedData/ModuleCache.noindex -sdk-module-cache-path /Users/admin/builder/spi-builder-workspace/.derivedData/SDKExplicitPrecompiledModules -emit-dependencies -emit-module -emit-module-path /Users/admin/builder/spi-builder-workspace/.derivedData/Build/Intermediates.noindex/SDWebImageMockPlugin.build/Debug-watchos/SDWebImageMockPlugin-t.build/Objects-normal/arm64/SDWebImageMockPlugin.swiftmodule -serialize-diagnostics -dependency-scan-serialize-diagnostics-path /Users/admin/builder/spi-builder-workspace/.derivedData/Build/Intermediates.noindex/SDWebImageMockPlugin.build/Debug-watchos/SDWebImageMockPlugin-t.build/Objects-normal/arm64/SDWebImageMockPlugin-dependency-scan.dia -validate-clang-modules-once -clang-build-session-file /Users/admin/builder/spi-builder-workspace/.derivedData/ModuleCache.noindex/Session.modulevalidation -Xcc -fmodules-prune-interval\=86400 -Xcc -fmodules-prune-after\=345600 -emit-const-values -const-gather-protocols-list /Users/admin/builder/spi-builder-workspace/.derivedData/Build/Intermediates.noindex/SDWebImageMockPlugin.build/Debug-watchos/SDWebImageMockPlugin-t.build/Objects-normal/arm64/SDWebImageMockPlugin_const_extract_protocols.json -Xcc -I/Users/admin/builder/spi-builder-workspace/.dependencies/checkouts/SDWebImage/SDWebImage/include -Xcc -I/Users/admin/builder/spi-builder-workspace/.derivedData/Build/Products/Debug-watchos/include -Xcc -I/Users/admin/builder/spi-builder-workspace/.derivedData/Build/Intermediates.noindex/SDWebImageMockPlugin.build/Debug-watchos/SDWebImageMockPlugin-t.build/DerivedSources-normal/arm64 -Xcc -I/Users/admin/builder/spi-builder-workspace/.derivedData/Build/Intermediates.noindex/SDWebImageMockPlugin.build/Debug-watchos/SDWebImageMockPlugin-t.build/DerivedSources/arm64 -Xcc -I/Users/admin/builder/spi-builder-workspace/.derivedData/Build/Intermediates.noindex/SDWebImageMockPlugin.build/Debug-watchos/SDWebImageMockPlugin-t.build/DerivedSources -Xcc -DSWIFT_PACKAGE -Xcc -DDEBUG\=1 -emit-objc-header -emit-objc-header-path /Users/admin/builder/spi-builder-workspace/.derivedData/Build/Intermediates.noindex/SDWebImageMockPlugin.build/Debug-watchos/SDWebImageMockPlugin-t.build/Objects-normal/arm64/SDWebImageMockPlugin-Swift.h -working-directory /Users/admin/builder/spi-builder-workspace/.swiftpm/xcode -experimental-emit-module-separately -disable-cmo
CreateUniversalBinary /Users/admin/builder/spi-builder-workspace/.derivedData/Build/Products/Debug-watchos/SDWebImage.o normal arm64\ arm64_32 (in target 'SDWebImage' from project 'SDWebImage')
    cd /Users/admin/builder/spi-builder-workspace/.dependencies/checkouts/SDWebImage
    /Applications/Xcode-27.0.0-Release.Candidate.app/Contents/Developer/Toolchains/XcodeDefault.xctoolchain/usr/bin/lipo -create /Users/admin/builder/spi-builder-workspace/.derivedData/Build/Intermediates.noindex/SDWebImage.build/Debug-watchos/SDWebImage-t.build/Objects-normal/arm64/Binary/SDWebImage.o /Users/admin/builder/spi-builder-workspace/.derivedData/Build/Intermediates.noindex/SDWebImage.build/Debug-watchos/SDWebImage-t.build/Objects-normal/arm64_32/Binary/SDWebImage.o -output /Users/admin/builder/spi-builder-workspace/.derivedData/Build/Products/Debug-watchos/SDWebImage.o
SwiftMergeGeneratedHeaders /Users/admin/builder/spi-builder-workspace/.derivedData/Build/Intermediates.noindex/GeneratedModuleMaps-watchos/SDWebImageMockPlugin-Swift.h /Users/admin/builder/spi-builder-workspace/.derivedData/Build/Intermediates.noindex/SDWebImageMockPlugin.build/Debug-watchos/SDWebImageMockPlugin-t.build/Objects-normal/arm64/SDWebImageMockPlugin-Swift.h /Users/admin/builder/spi-builder-workspace/.derivedData/Build/Intermediates.noindex/SDWebImageMockPlugin.build/Debug-watchos/SDWebImageMockPlugin-t.build/Objects-normal/arm64_32/SDWebImageMockPlugin-Swift.h (in target 'SDWebImageMockPlugin' from project 'SDWebImageMockPlugin')
    cd /Users/admin/builder/spi-builder-workspace
    builtin-swiftHeaderTool -arch arm64 /Users/admin/builder/spi-builder-workspace/.derivedData/Build/Intermediates.noindex/SDWebImageMockPlugin.build/Debug-watchos/SDWebImageMockPlugin-t.build/Objects-normal/arm64/SDWebImageMockPlugin-Swift.h -arch arm64_32 /Users/admin/builder/spi-builder-workspace/.derivedData/Build/Intermediates.noindex/SDWebImageMockPlugin.build/Debug-watchos/SDWebImageMockPlugin-t.build/Objects-normal/arm64_32/SDWebImageMockPlugin-Swift.h -o /Users/admin/builder/spi-builder-workspace/.derivedData/Build/Intermediates.noindex/GeneratedModuleMaps-watchos/SDWebImageMockPlugin-Swift.h
Copy /Users/admin/builder/spi-builder-workspace/.derivedData/Build/Products/Debug-watchos/SDWebImageMockPlugin.swiftmodule/arm64-apple-watchos.swiftmodule /Users/admin/builder/spi-builder-workspace/.derivedData/Build/Intermediates.noindex/SDWebImageMockPlugin.build/Debug-watchos/SDWebImageMockPlugin-t.build/Objects-normal/arm64/SDWebImageMockPlugin.swiftmodule (in target 'SDWebImageMockPlugin' from project 'SDWebImageMockPlugin')
    cd /Users/admin/builder/spi-builder-workspace
    builtin-copy -exclude .DS_Store -exclude CVS -exclude .svn -exclude .git -exclude .hg -resolve-src-symlinks -rename /Users/admin/builder/spi-builder-workspace/.derivedData/Build/Intermediates.noindex/SDWebImageMockPlugin.build/Debug-watchos/SDWebImageMockPlugin-t.build/Objects-normal/arm64/SDWebImageMockPlugin.swiftmodule /Users/admin/builder/spi-builder-workspace/.derivedData/Build/Products/Debug-watchos/SDWebImageMockPlugin.swiftmodule/arm64-apple-watchos.swiftmodule
Copy /Users/admin/builder/spi-builder-workspace/.derivedData/Build/Products/Debug-watchos/SDWebImageMockPlugin.swiftmodule/arm64-apple-watchos.swiftdoc /Users/admin/builder/spi-builder-workspace/.derivedData/Build/Intermediates.noindex/SDWebImageMockPlugin.build/Debug-watchos/SDWebImageMockPlugin-t.build/Objects-normal/arm64/SDWebImageMockPlugin.swiftdoc (in target 'SDWebImageMockPlugin' from project 'SDWebImageMockPlugin')
    cd /Users/admin/builder/spi-builder-workspace
    builtin-copy -exclude .DS_Store -exclude CVS -exclude .svn -exclude .git -exclude .hg -resolve-src-symlinks -rename /Users/admin/builder/spi-builder-workspace/.derivedData/Build/Intermediates.noindex/SDWebImageMockPlugin.build/Debug-watchos/SDWebImageMockPlugin-t.build/Objects-normal/arm64/SDWebImageMockPlugin.swiftdoc /Users/admin/builder/spi-builder-workspace/.derivedData/Build/Products/Debug-watchos/SDWebImageMockPlugin.swiftmodule/arm64-apple-watchos.swiftdoc
Copy /Users/admin/builder/spi-builder-workspace/.derivedData/Build/Products/Debug-watchos/SDWebImageMockPlugin.swiftmodule/arm64-apple-watchos.abi.json /Users/admin/builder/spi-builder-workspace/.derivedData/Build/Intermediates.noindex/SDWebImageMockPlugin.build/Debug-watchos/SDWebImageMockPlugin-t.build/Objects-normal/arm64/SDWebImageMockPlugin.abi.json (in target 'SDWebImageMockPlugin' from project 'SDWebImageMockPlugin')
    cd /Users/admin/builder/spi-builder-workspace
    builtin-copy -exclude .DS_Store -exclude CVS -exclude .svn -exclude .git -exclude .hg -resolve-src-symlinks -rename /Users/admin/builder/spi-builder-workspace/.derivedData/Build/Intermediates.noindex/SDWebImageMockPlugin.build/Debug-watchos/SDWebImageMockPlugin-t.build/Objects-normal/arm64/SDWebImageMockPlugin.abi.json /Users/admin/builder/spi-builder-workspace/.derivedData/Build/Products/Debug-watchos/SDWebImageMockPlugin.swiftmodule/arm64-apple-watchos.abi.json
Copy /Users/admin/builder/spi-builder-workspace/.derivedData/Build/Products/Debug-watchos/SDWebImageMockPlugin.swiftmodule/Project/arm64-apple-watchos.swiftsourceinfo /Users/admin/builder/spi-builder-workspace/.derivedData/Build/Intermediates.noindex/SDWebImageMockPlugin.build/Debug-watchos/SDWebImageMockPlugin-t.build/Objects-normal/arm64/SDWebImageMockPlugin.swiftsourceinfo (in target 'SDWebImageMockPlugin' from project 'SDWebImageMockPlugin')
    cd /Users/admin/builder/spi-builder-workspace
    builtin-copy -exclude .DS_Store -exclude CVS -exclude .svn -exclude .git -exclude .hg -resolve-src-symlinks -rename /Users/admin/builder/spi-builder-workspace/.derivedData/Build/Intermediates.noindex/SDWebImageMockPlugin.build/Debug-watchos/SDWebImageMockPlugin-t.build/Objects-normal/arm64/SDWebImageMockPlugin.swiftsourceinfo /Users/admin/builder/spi-builder-workspace/.derivedData/Build/Products/Debug-watchos/SDWebImageMockPlugin.swiftmodule/Project/arm64-apple-watchos.swiftsourceinfo
SwiftCompile normal arm64_32 Compiling\ ImageResolver.swift /Users/admin/builder/spi-builder-workspace/Sources/SDWebImageMockPlugin/ImageResolver.swift (in target 'SDWebImageMockPlugin' from project 'SDWebImageMockPlugin')
SwiftCompile normal arm64_32 /Users/admin/builder/spi-builder-workspace/Sources/SDWebImageMockPlugin/ImageResolver.swift (in target 'SDWebImageMockPlugin' from project 'SDWebImageMockPlugin')
    cd /Users/admin/builder/spi-builder-workspace/.swiftpm/xcode
    builtin-SwiftPerFileCompile ImageResolver.swift
SwiftDriverJobDiscovery normal arm64_32 Compiling URL+ImageMockFormat.swift (in target 'SDWebImageMockPlugin' from project 'SDWebImageMockPlugin')
SwiftCompile normal arm64_32 Compiling\ ImageProvider+DefaultProviders.swift /Users/admin/builder/spi-builder-workspace/Sources/SDWebImageMockPlugin/ImageProvider+DefaultProviders.swift (in target 'SDWebImageMockPlugin' from project 'SDWebImageMockPlugin')
/Users/admin/builder/spi-builder-workspace/Sources/SDWebImageMockPlugin/ImageProvider+DefaultProviders.swift:59:29: error: 'init(named:in:compatibleWith:)' is unavailable in watchOS
57 |             guard
58 |                 let bundle = bundles[bundleIdentifier],
59 |                 let image = UIImage(named: imageName, in: bundle, compatibleWith: nil)
   |                             `- error: 'init(named:in:compatibleWith:)' is unavailable in watchOS
60 |             else { fatalError("Image not found in bundle \(bundleIdentifier)") }
61 |
/Applications/Xcode-27.0.0-Release.Candidate.app/Contents/Developer/Platforms/WatchOS.platform/Developer/SDKs/WatchOS27.0.sdk/System/Library/Frameworks/UIKit.framework/Headers/UIImage.h:107:1: note: 'init(named:in:compatibleWith:)' has been explicitly marked unavailable here
105 | + (nullable UIImage *)imageNamed:(NSString *)name inBundle:(nullable NSBundle *)bundle withConfiguration:(nullable UIImageConfiguration *)configuration API_AVAILABLE(ios(13.0),tvos(13.0),watchos(6.0));
106 | #if __has_include(<UIKit/UITraitCollection.h>)
107 | + (nullable UIImage *)imageNamed:(NSString *)name inBundle:(nullable NSBundle *)bundle compatibleWithTraitCollection:(nullable UITraitCollection *)traitCollection API_AVAILABLE(ios(8.0)) API_UNAVAILABLE(watchos);
    | `- note: 'init(named:in:compatibleWith:)' has been explicitly marked unavailable here
108 | #endif
109 | /**
Failed frontend command:
/Applications/Xcode-27.0.0-Release.Candidate.app/Contents/Developer/Toolchains/XcodeDefault.xctoolchain/usr/bin/swift-frontend -frontend -c /Users/admin/builder/spi-builder-workspace/Sources/SDWebImageMockPlugin/ImageCacheMocker.swift -primary-file /Users/admin/builder/spi-builder-workspace/Sources/SDWebImageMockPlugin/ImageProvider+DefaultProviders.swift /Users/admin/builder/spi-builder-workspace/Sources/SDWebImageMockPlugin/ImageProvider.swift /Users/admin/builder/spi-builder-workspace/Sources/SDWebImageMockPlugin/ImageResolver.swift /Users/admin/builder/spi-builder-workspace/Sources/SDWebImageMockPlugin/UIImage+placeholder.swift /Users/admin/builder/spi-builder-workspace/Sources/SDWebImageMockPlugin/URL+ImageMockFormat.swift -emit-dependencies-path /Users/admin/builder/spi-builder-workspace/.derivedData/Build/Intermediates.noindex/SDWebImageMockPlugin.build/Debug-watchos/SDWebImageMockPlugin-t.build/Objects-normal/arm64_32/ImageProvider+DefaultProviders.d -emit-const-values-path /Users/admin/builder/spi-builder-workspace/.derivedData/Build/Intermediates.noindex/SDWebImageMockPlugin.build/Debug-watchos/SDWebImageMockPlugin-t.build/Objects-normal/arm64_32/ImageProvider+DefaultProviders.swiftconstvalues -emit-reference-dependencies-path /Users/admin/builder/spi-builder-workspace/.derivedData/Build/Intermediates.noindex/SDWebImageMockPlugin.build/Debug-watchos/SDWebImageMockPlugin-t.build/Objects-normal/arm64_32/ImageProvider+DefaultProviders.swiftdeps -serialize-diagnostics-path /Users/admin/builder/spi-builder-workspace/.derivedData/Build/Intermediates.noindex/SDWebImageMockPlugin.build/Debug-watchos/SDWebImageMockPlugin-t.build/Objects-normal/arm64_32/ImageProvider+DefaultProviders.dia -target arm64_32-apple-watchos9.0 -disable-cross-import-overlay-search -load-resolved-plugin /Applications/Xcode-27.0.0-Release.Candidate.app/Contents/Developer/Platforms/WatchOS.platform/Developer/usr/lib/swift/host/plugins/libFoundationMacros.dylib\#/Applications/Xcode-27.0.0-Release.Candidate.app/Contents/Developer/Platforms/WatchOS.platform/Developer/usr/bin/swift-plugin-server\#FoundationMacros -load-resolved-plugin /Applications/Xcode-27.0.0-Release.Candidate.app/Contents/Developer/Platforms/WatchOS.platform/Developer/usr/lib/swift/host/plugins/libObservationMacros.dylib\#/Applications/Xcode-27.0.0-Release.Candidate.app/Contents/Developer/Platforms/WatchOS.platform/Developer/usr/bin/swift-plugin-server\#ObservationMacros -load-resolved-plugin /Applications/Xcode-27.0.0-Release.Candidate.app/Contents/Developer/Platforms/WatchOS.platform/Developer/usr/lib/swift/host/plugins/libSwiftMacros.dylib\#/Applications/Xcode-27.0.0-Release.Candidate.app/Contents/Developer/Platforms/WatchOS.platform/Developer/usr/bin/swift-plugin-server\#SwiftMacros -load-resolved-plugin /Applications/Xcode-27.0.0-Release.Candidate.app/Contents/Developer/Platforms/WatchOS.platform/Developer/usr/lib/swift/host/plugins/libSwiftUIMacros.dylib\#/Applications/Xcode-27.0.0-Release.Candidate.app/Contents/Developer/Platforms/WatchOS.platform/Developer/usr/bin/swift-plugin-server\#SwiftUIMacros -disable-implicit-swift-modules -Xcc -fno-implicit-modules -Xcc -fno-implicit-module-maps -explicit-swift-module-map-file /Users/admin/builder/spi-builder-workspace/.derivedData/Build/Intermediates.noindex/SDWebImageMockPlugin.build/Debug-watchos/SDWebImageMockPlugin-t.build/Objects-normal/arm64_32/SDWebImageMockPlugin-dependencies-1.json -enable-objc-interop -sdk /Applications/Xcode-27.0.0-Release.Candidate.app/Contents/Developer/Platforms/WatchOS.platform/Developer/SDKs/WatchOS27.0.sdk -I /Users/admin/builder/spi-builder-workspace/.derivedData/Build/Products/Debug-watchos -Isystem /Applications/Xcode-27.0.0-Release.Candidate.app/Contents/Developer/Platforms/WatchOS.platform/Developer/usr/lib -F /Users/admin/builder/spi-builder-workspace/.derivedData/Build/Products/Debug-watchos/PackageFrameworks -F /Users/admin/builder/spi-builder-workspace/.derivedData/Build/Products/Debug-watchos -F /Applications/Xcode-27.0.0-Release.Candidate.app/Contents/Developer/Platforms/WatchOS.platform/Developer/Library/Frameworks -F /Applications/Xcode-27.0.0-Release.Candidate.app/Contents/Developer/Platforms/WatchOS.platform/Developer/SDKs/WatchOS27.0.sdk/Developer/Library/Frameworks -module-cache-path /Users/admin/builder/spi-builder-workspace/.derivedData/Build/Intermediates.noindex/SwiftExplicitPrecompiledModules -no-color-diagnostics -Xcc -fno-color-diagnostics -enable-testing -g -debug-info-format\=dwarf -dwarf-version\=4 -swift-version 5 -Onone -D SWIFT_PACKAGE -D DEBUG -D SWIFT_MODULE_RESOURCE_BUNDLE_UNAVAILABLE -D Xcode -serialize-debugging-options -enable-experimental-feature DebugDescriptionMacro -empty-abi-descriptor -validate-clang-modules-once -clang-build-session-file /Users/admin/builder/spi-builder-workspace/.derivedData/ModuleCache.noindex/Session.modulevalidation -Xcc -working-directory -Xcc /Users/admin/builder/spi-builder-workspace/.swiftpm/xcode -enable-anonymous-context-mangled-names -file-compilation-dir /Users/admin/builder/spi-builder-workspace/.swiftpm/xcode -Xcc -fmodule-map-file\=/Users/admin/builder/spi-builder-workspace/.derivedData/Build/Intermediates.noindex/GeneratedModuleMaps-watchos/SDWebImage.modulemap -Xcc -D_LIBCPP_HARDENING_MODE\=_LIBCPP_HARDENING_MODE_DEBUG -Xcc -ivfsstatcache -Xcc /Users/admin/builder/spi-builder-workspace/.derivedData/SDKStatCaches.noindex/watchos27.0-24R360-e829b21a6f8c9b70876ba0858053c04477534ef55a1706bf4c1112bbb242f0a2.sdkstatcache -Xcc -fmodules-prune-interval\=86400 -Xcc -fmodules-prune-after\=345600 -Xcc -I/Users/admin/builder/spi-builder-workspace/.dependencies/checkouts/SDWebImage/SDWebImage/include -Xcc -I/Users/admin/builder/spi-builder-workspace/.derivedData/Build/Products/Debug-watchos/include -Xcc -I/Users/admin/builder/spi-builder-workspace/.derivedData/Build/Intermediates.noindex/SDWebImageMockPlugin.build/Debug-watchos/SDWebImageMockPlugin-t.build/DerivedSources-normal/arm64_32 -Xcc -I/Users/admin/builder/spi-builder-workspace/.derivedData/Build/Intermediates.noindex/SDWebImageMockPlugin.build/Debug-watchos/SDWebImageMockPlugin-t.build/DerivedSources/arm64_32 -Xcc -I/Users/admin/builder/spi-builder-workspace/.derivedData/Build/Intermediates.noindex/SDWebImageMockPlugin.build/Debug-watchos/SDWebImageMockPlugin-t.build/DerivedSources -Xcc -DSWIFT_PACKAGE -Xcc -DDEBUG\=1 -no-auto-bridging-header-chaining -module-name SDWebImageMockPlugin -const-gather-protocols-file /Users/admin/builder/spi-builder-workspace/.derivedData/Build/Intermediates.noindex/SDWebImageMockPlugin.build/Debug-watchos/SDWebImageMockPlugin-t.build/Objects-normal/arm64_32/SDWebImageMockPlugin_const_extract_protocols.json -disable-clang-spi -clang-target arm64_32-apple-watchos27.0 -target-sdk-version 27.0 -target-sdk-name watchos27.0 -in-process-plugin-server-path /Applications/Xcode-27.0.0-Release.Candidate.app/Contents/Developer/Toolchains/XcodeDefault.xctoolchain/usr/lib/swift/host/libSwiftInProcPluginServer.dylib -parse-as-library -o /Users/admin/builder/spi-builder-workspace/.derivedData/Build/Intermediates.noindex/SDWebImageMockPlugin.build/Debug-watchos/SDWebImageMockPlugin-t.build/Objects-normal/arm64_32/ImageProvider+DefaultProviders.o -debug-module-path /Users/admin/builder/spi-builder-workspace/.derivedData/Build/Intermediates.noindex/SDWebImageMockPlugin.build/Debug-watchos/SDWebImageMockPlugin-t.build/Objects-normal/arm64_32/SDWebImageMockPlugin.swiftmodule -index-unit-output-path /SDWebImageMockPlugin.build/Debug-watchos/SDWebImageMockPlugin-t.build/Objects-normal/arm64_32/ImageProvider+DefaultProviders.o -index-store-path /Users/admin/builder/spi-builder-workspace/.derivedData/Index.noindex/DataStore -index-system-modules
SwiftCompile normal arm64_32 /Users/admin/builder/spi-builder-workspace/Sources/SDWebImageMockPlugin/ImageProvider+DefaultProviders.swift (in target 'SDWebImageMockPlugin' from project 'SDWebImageMockPlugin')
    cd /Users/admin/builder/spi-builder-workspace/.swiftpm/xcode
    builtin-SwiftPerFileCompile ImageProvider+DefaultProviders.swift
SwiftDriverJobDiscovery normal arm64 Compiling URL+ImageMockFormat.swift (in target 'SDWebImageMockPlugin' from project 'SDWebImageMockPlugin')
SwiftCompile normal arm64_32 Compiling\ ImageProvider.swift /Users/admin/builder/spi-builder-workspace/Sources/SDWebImageMockPlugin/ImageProvider.swift (in target 'SDWebImageMockPlugin' from project 'SDWebImageMockPlugin')
SwiftCompile normal arm64_32 /Users/admin/builder/spi-builder-workspace/Sources/SDWebImageMockPlugin/ImageProvider.swift (in target 'SDWebImageMockPlugin' from project 'SDWebImageMockPlugin')
    cd /Users/admin/builder/spi-builder-workspace/.swiftpm/xcode
    builtin-SwiftPerFileCompile ImageProvider.swift
SwiftDriverJobDiscovery normal arm64_32 Compiling ImageProvider.swift (in target 'SDWebImageMockPlugin' from project 'SDWebImageMockPlugin')
PruneExplicitPrecompiledModules /Users/admin/builder/spi-builder-workspace/.derivedData/Build/Intermediates.noindex/SwiftExplicitPrecompiledModules
PruneExplicitPrecompiledModules /Users/admin/builder/spi-builder-workspace/.derivedData/Build/Intermediates.noindex/ExplicitPrecompiledModules
PruneExplicitPrecompiledModules /Users/admin/builder/spi-builder-workspace/.derivedData/SDKExplicitPrecompiledModules
2026-09-18 00:51:10.492 xcodebuild[705:4490] [MT] IDERunDestination: Supported platforms for the buildables in the current scheme is empty.
** BUILD FAILED **
The following build commands failed:
	SwiftCompile normal arm64 Compiling\ ImageProvider+DefaultProviders.swift /Users/admin/builder/spi-builder-workspace/Sources/SDWebImageMockPlugin/ImageProvider+DefaultProviders.swift (in target 'SDWebImageMockPlugin' from project 'SDWebImageMockPlugin')
	SwiftCompile normal arm64 /Users/admin/builder/spi-builder-workspace/Sources/SDWebImageMockPlugin/ImageProvider+DefaultProviders.swift (in target 'SDWebImageMockPlugin' from project 'SDWebImageMockPlugin')
	SwiftCompile normal arm64 Compiling\ UIImage+placeholder.swift /Users/admin/builder/spi-builder-workspace/Sources/SDWebImageMockPlugin/UIImage+placeholder.swift (in target 'SDWebImageMockPlugin' from project 'SDWebImageMockPlugin')
	SwiftCompile normal arm64 /Users/admin/builder/spi-builder-workspace/Sources/SDWebImageMockPlugin/UIImage+placeholder.swift (in target 'SDWebImageMockPlugin' from project 'SDWebImageMockPlugin')
	SwiftCompile normal arm64_32 Compiling\ ImageProvider+DefaultProviders.swift /Users/admin/builder/spi-builder-workspace/Sources/SDWebImageMockPlugin/ImageProvider+DefaultProviders.swift (in target 'SDWebImageMockPlugin' from project 'SDWebImageMockPlugin')
	SwiftCompile normal arm64_32 /Users/admin/builder/spi-builder-workspace/Sources/SDWebImageMockPlugin/ImageProvider+DefaultProviders.swift (in target 'SDWebImageMockPlugin' from project 'SDWebImageMockPlugin')
	Building workspace SDWebImageMockPlugin with scheme SDWebImageMockPlugin
(7 failures)
Command line invocation:
    /Applications/Xcode-27.0.0-Release.Candidate.app/Contents/Developer/usr/bin/xcodebuild -IDEClonedSourcePackagesDirPathOverride=/Users/admin/builder/spi-builder-workspace/.dependencies -resolvePackageDependencies
Resolve Package Graph
Resolved source packages:
  SDWebImage: https://github.com/SDWebImage/SDWebImage.git @ 5.21.7
  SDWebImageMockPlugin: /Users/admin/builder/spi-builder-workspace
resolved source packages: SDWebImage, SDWebImageMockPlugin
2026-09-18 00:51:21.095 xcodebuild[1112:5697] [MT] IDERunDestination: Supported platforms for the buildables in the current scheme is empty.
{
  "dependencies" : [
    {
      "identity" : "sdwebimage",
      "requirement" : {
        "range" : [
          {
            "lower_bound" : "5.0.0",
            "upper_bound" : "6.0.0"
          }
        ]
      },
      "type" : "sourceControl",
      "url" : "https://github.com/SDWebImage/SDWebImage.git"
    }
  ],
  "manifest_display_name" : "SDWebImageMockPlugin",
  "name" : "SDWebImageMockPlugin",
  "path" : "/Users/admin/builder/spi-builder-workspace",
  "platforms" : [
    {
      "name" : "ios",
      "version" : "10.0"
    },
    {
      "name" : "tvos",
      "version" : "10.0"
    }
  ],
  "products" : [
    {
      "name" : "SDWebImageMockPlugin",
      "targets" : [
        "SDWebImageMockPlugin"
      ],
      "type" : {
        "library" : [
          "automatic"
        ]
      }
    }
  ],
  "targets" : [
    {
      "c99name" : "SDWebImageMockPlugin",
      "module_type" : "SwiftTarget",
      "name" : "SDWebImageMockPlugin",
      "path" : "Sources/SDWebImageMockPlugin",
      "product_dependencies" : [
        "SDWebImage"
      ],
      "product_memberships" : [
        "SDWebImageMockPlugin"
      ],
      "sources" : [
        "ImageCacheMocker.swift",
        "ImageProvider+DefaultProviders.swift",
        "ImageProvider.swift",
        "ImageResolver.swift",
        "UIImage+placeholder.swift",
        "URL+ImageMockFormat.swift"
      ],
      "type" : "library"
    }
  ],
  "tools_version" : "5.5"
}
{
  "workspace" : {
    "name" : "SDWebImageMockPlugin",
    "schemes" : [
      "SDWebImageMockPlugin"
    ]
  }
}
2026-09-18 00:51:22.372 xcodebuild[1120:5763] [MT] IDERunDestination: Supported platforms for the buildables in the current scheme is empty.
Running build ...
env DEVELOPER_DIR=/Applications/Xcode-27.0.0-Release.Candidate.app xcrun xcodebuild -IDEClonedSourcePackagesDirPathOverride=$PWD/.dependencies -skipMacroValidation -skipPackagePluginValidation -derivedDataPath $PWD/.derivedData build -scheme SDWebImageMockPlugin -destination generic/platform=watchOS
Command line invocation:
    /Applications/Xcode-27.0.0-Release.Candidate.app/Contents/Developer/usr/bin/xcodebuild -IDEClonedSourcePackagesDirPathOverride=/Users/admin/builder/spi-builder-workspace/.dependencies -skipMacroValidation -skipPackagePluginValidation -derivedDataPath /Users/admin/builder/spi-builder-workspace/.derivedData build -scheme SDWebImageMockPlugin -destination generic/platform=watchOS
Resolve Package Graph
Resolved source packages:
  SDWebImage: https://github.com/SDWebImage/SDWebImage.git @ 5.21.7
  SDWebImageMockPlugin: /Users/admin/builder/spi-builder-workspace
ComputePackagePrebuildTargetDependencyGraph
Prepare packages
CreateBuildRequest
SendProjectDescription
CreateBuildOperation
ComputeTargetDependencyGraph
note: Building targets in dependency order
note: Target dependency graph (5 targets)
    Target 'SDWebImageMockPlugin-product' in project 'SDWebImageMockPlugin'
        ➜ Explicit dependency on target 'SDWebImageMockPlugin' in project 'SDWebImageMockPlugin'
        ➜ Explicit dependency on target 'SDWebImage-product' in project 'SDWebImage'
    Target 'SDWebImageMockPlugin' in project 'SDWebImageMockPlugin'
        ➜ Explicit dependency on target 'SDWebImage-product' in project 'SDWebImage'
    Target 'SDWebImage-product' in project 'SDWebImage'
        ➜ Explicit dependency on target 'SDWebImage' in project 'SDWebImage'
        ➜ Explicit dependency on target 'SDWebImage_SDWebImage' in project 'SDWebImage'
    Target 'SDWebImage' in project 'SDWebImage'
        ➜ Explicit dependency on target 'SDWebImage_SDWebImage' in project 'SDWebImage'
    Target 'SDWebImage_SDWebImage' in project 'SDWebImage' (no dependencies)
GatherProvisioningInputs
CreateBuildDescription
ClangStatCache /Applications/Xcode-27.0.0-Release.Candidate.app/Contents/Developer/Toolchains/XcodeDefault.xctoolchain/usr/bin/clang-stat-cache /Applications/Xcode-27.0.0-Release.Candidate.app/Contents/Developer/Platforms/WatchOS.platform/Developer/SDKs/WatchOS27.0.sdk /Users/admin/builder/spi-builder-workspace/.derivedData/SDKStatCaches.noindex/watchos27.0-24R360-e829b21a6f8c9b70876ba0858053c04477534ef55a1706bf4c1112bbb242f0a2.sdkstatcache
    cd /Users/admin/builder/spi-builder-workspace/.swiftpm/xcode
    /Applications/Xcode-27.0.0-Release.Candidate.app/Contents/Developer/Toolchains/XcodeDefault.xctoolchain/usr/bin/clang-stat-cache /Applications/Xcode-27.0.0-Release.Candidate.app/Contents/Developer/Platforms/WatchOS.platform/Developer/SDKs/WatchOS27.0.sdk -o /Users/admin/builder/spi-builder-workspace/.derivedData/SDKStatCaches.noindex/watchos27.0-24R360-e829b21a6f8c9b70876ba0858053c04477534ef55a1706bf4c1112bbb242f0a2.sdkstatcache
SwiftDriver SDWebImageMockPlugin normal arm64_32 com.apple.xcode.tools.swift.compiler (in target 'SDWebImageMockPlugin' from project 'SDWebImageMockPlugin')
    cd /Users/admin/builder/spi-builder-workspace/.swiftpm/xcode
    builtin-SwiftDriver -- /Applications/Xcode-27.0.0-Release.Candidate.app/Contents/Developer/Toolchains/XcodeDefault.xctoolchain/usr/bin/swiftc -parse-as-library -module-name SDWebImageMockPlugin -Onone @/Users/admin/builder/spi-builder-workspace/.derivedData/Build/Intermediates.noindex/SDWebImageMockPlugin.build/Debug-watchos/SDWebImageMockPlugin-t.build/Objects-normal/arm64_32/SDWebImageMockPlugin.SwiftFileList -DSWIFT_PACKAGE -DDEBUG -DSWIFT_MODULE_RESOURCE_BUNDLE_UNAVAILABLE -Xcc -fmodule-map-file\=/Users/admin/builder/spi-builder-workspace/.derivedData/Build/Intermediates.noindex/GeneratedModuleMaps-watchos/SDWebImage.modulemap -DXcode -plugin-path /Applications/Xcode-27.0.0-Release.Candidate.app/Contents/Developer/Toolchains/XcodeDefault.xctoolchain/usr/lib/swift/host/plugins/testing -enable-experimental-feature DebugDescriptionMacro -sdk /Applications/Xcode-27.0.0-Release.Candidate.app/Contents/Developer/Platforms/WatchOS.platform/Developer/SDKs/WatchOS27.0.sdk -target arm64_32-apple-watchos9.0 -g -module-cache-path /Users/admin/builder/spi-builder-workspace/.derivedData/ModuleCache.noindex -Xfrontend -serialize-debugging-options -enable-testing -index-store-path /Users/admin/builder/spi-builder-workspace/.derivedData/Index.noindex/DataStore -Xcc -D_LIBCPP_HARDENING_MODE\=_LIBCPP_HARDENING_MODE_DEBUG -swift-version 5 -I /Users/admin/builder/spi-builder-workspace/.derivedData/Build/Products/Debug-watchos -Isystem /Applications/Xcode-27.0.0-Release.Candidate.app/Contents/Developer/Platforms/WatchOS.platform/Developer/usr/lib -F /Users/admin/builder/spi-builder-workspace/.derivedData/Build/Products/Debug-watchos/PackageFrameworks -F /Users/admin/builder/spi-builder-workspace/.derivedData/Build/Products/Debug-watchos -F /Applications/Xcode-27.0.0-Release.Candidate.app/Contents/Developer/Platforms/WatchOS.platform/Developer/Library/Frameworks -F /Applications/Xcode-27.0.0-Release.Candidate.app/Contents/Developer/Platforms/WatchOS.platform/Developer/SDKs/WatchOS27.0.sdk/Developer/Library/Frameworks -c -j10 -enable-batch-mode -incremental -Xcc -ivfsstatcache -Xcc /Users/admin/builder/spi-builder-workspace/.derivedData/SDKStatCaches.noindex/watchos27.0-24R360-e829b21a6f8c9b70876ba0858053c04477534ef55a1706bf4c1112bbb242f0a2.sdkstatcache -output-file-map /Users/admin/builder/spi-builder-workspace/.derivedData/Build/Intermediates.noindex/SDWebImageMockPlugin.build/Debug-watchos/SDWebImageMockPlugin-t.build/Objects-normal/arm64_32/SDWebImageMockPlugin-OutputFileMap.json -save-temps -no-color-diagnostics -explicit-module-build -module-cache-path /Users/admin/builder/spi-builder-workspace/.derivedData/Build/Intermediates.noindex/SwiftExplicitPrecompiledModules -clang-scanner-module-cache-path /Users/admin/builder/spi-builder-workspace/.derivedData/ModuleCache.noindex -sdk-module-cache-path /Users/admin/builder/spi-builder-workspace/.derivedData/SDKExplicitPrecompiledModules -emit-dependencies -emit-module -emit-module-path /Users/admin/builder/spi-builder-workspace/.derivedData/Build/Intermediates.noindex/SDWebImageMockPlugin.build/Debug-watchos/SDWebImageMockPlugin-t.build/Objects-normal/arm64_32/SDWebImageMockPlugin.swiftmodule -serialize-diagnostics -dependency-scan-serialize-diagnostics-path /Users/admin/builder/spi-builder-workspace/.derivedData/Build/Intermediates.noindex/SDWebImageMockPlugin.build/Debug-watchos/SDWebImageMockPlugin-t.build/Objects-normal/arm64_32/SDWebImageMockPlugin-dependency-scan.dia -validate-clang-modules-once -clang-build-session-file /Users/admin/builder/spi-builder-workspace/.derivedData/ModuleCache.noindex/Session.modulevalidation -Xcc -fmodules-prune-interval\=86400 -Xcc -fmodules-prune-after\=345600 -emit-const-values -const-gather-protocols-list /Users/admin/builder/spi-builder-workspace/.derivedData/Build/Intermediates.noindex/SDWebImageMockPlugin.build/Debug-watchos/SDWebImageMockPlugin-t.build/Objects-normal/arm64_32/SDWebImageMockPlugin_const_extract_protocols.json -Xcc -I/Users/admin/builder/spi-builder-workspace/.dependencies/checkouts/SDWebImage/SDWebImage/include -Xcc -I/Users/admin/builder/spi-builder-workspace/.derivedData/Build/Products/Debug-watchos/include -Xcc -I/Users/admin/builder/spi-builder-workspace/.derivedData/Build/Intermediates.noindex/SDWebImageMockPlugin.build/Debug-watchos/SDWebImageMockPlugin-t.build/DerivedSources-normal/arm64_32 -Xcc -I/Users/admin/builder/spi-builder-workspace/.derivedData/Build/Intermediates.noindex/SDWebImageMockPlugin.build/Debug-watchos/SDWebImageMockPlugin-t.build/DerivedSources/arm64_32 -Xcc -I/Users/admin/builder/spi-builder-workspace/.derivedData/Build/Intermediates.noindex/SDWebImageMockPlugin.build/Debug-watchos/SDWebImageMockPlugin-t.build/DerivedSources -Xcc -DSWIFT_PACKAGE -Xcc -DDEBUG\=1 -emit-objc-header -emit-objc-header-path /Users/admin/builder/spi-builder-workspace/.derivedData/Build/Intermediates.noindex/SDWebImageMockPlugin.build/Debug-watchos/SDWebImageMockPlugin-t.build/Objects-normal/arm64_32/SDWebImageMockPlugin-Swift.h -working-directory /Users/admin/builder/spi-builder-workspace/.swiftpm/xcode -experimental-emit-module-separately -disable-cmo
SwiftDriver SDWebImageMockPlugin normal arm64 com.apple.xcode.tools.swift.compiler (in target 'SDWebImageMockPlugin' from project 'SDWebImageMockPlugin')
    cd /Users/admin/builder/spi-builder-workspace/.swiftpm/xcode
    builtin-SwiftDriver -- /Applications/Xcode-27.0.0-Release.Candidate.app/Contents/Developer/Toolchains/XcodeDefault.xctoolchain/usr/bin/swiftc -parse-as-library -module-name SDWebImageMockPlugin -Onone @/Users/admin/builder/spi-builder-workspace/.derivedData/Build/Intermediates.noindex/SDWebImageMockPlugin.build/Debug-watchos/SDWebImageMockPlugin-t.build/Objects-normal/arm64/SDWebImageMockPlugin.SwiftFileList -DSWIFT_PACKAGE -DDEBUG -DSWIFT_MODULE_RESOURCE_BUNDLE_UNAVAILABLE -Xcc -fmodule-map-file\=/Users/admin/builder/spi-builder-workspace/.derivedData/Build/Intermediates.noindex/GeneratedModuleMaps-watchos/SDWebImage.modulemap -DXcode -plugin-path /Applications/Xcode-27.0.0-Release.Candidate.app/Contents/Developer/Toolchains/XcodeDefault.xctoolchain/usr/lib/swift/host/plugins/testing -enable-experimental-feature DebugDescriptionMacro -sdk /Applications/Xcode-27.0.0-Release.Candidate.app/Contents/Developer/Platforms/WatchOS.platform/Developer/SDKs/WatchOS27.0.sdk -target arm64-apple-watchos9.0 -g -module-cache-path /Users/admin/builder/spi-builder-workspace/.derivedData/ModuleCache.noindex -Xfrontend -serialize-debugging-options -enable-testing -index-store-path /Users/admin/builder/spi-builder-workspace/.derivedData/Index.noindex/DataStore -Xcc -D_LIBCPP_HARDENING_MODE\=_LIBCPP_HARDENING_MODE_DEBUG -swift-version 5 -I /Users/admin/builder/spi-builder-workspace/.derivedData/Build/Products/Debug-watchos -Isystem /Applications/Xcode-27.0.0-Release.Candidate.app/Contents/Developer/Platforms/WatchOS.platform/Developer/usr/lib -F /Users/admin/builder/spi-builder-workspace/.derivedData/Build/Products/Debug-watchos/PackageFrameworks -F /Users/admin/builder/spi-builder-workspace/.derivedData/Build/Products/Debug-watchos -F /Applications/Xcode-27.0.0-Release.Candidate.app/Contents/Developer/Platforms/WatchOS.platform/Developer/Library/Frameworks -F /Applications/Xcode-27.0.0-Release.Candidate.app/Contents/Developer/Platforms/WatchOS.platform/Developer/SDKs/WatchOS27.0.sdk/Developer/Library/Frameworks -c -j10 -enable-batch-mode -incremental -Xcc -ivfsstatcache -Xcc /Users/admin/builder/spi-builder-workspace/.derivedData/SDKStatCaches.noindex/watchos27.0-24R360-e829b21a6f8c9b70876ba0858053c04477534ef55a1706bf4c1112bbb242f0a2.sdkstatcache -output-file-map /Users/admin/builder/spi-builder-workspace/.derivedData/Build/Intermediates.noindex/SDWebImageMockPlugin.build/Debug-watchos/SDWebImageMockPlugin-t.build/Objects-normal/arm64/SDWebImageMockPlugin-OutputFileMap.json -save-temps -no-color-diagnostics -explicit-module-build -module-cache-path /Users/admin/builder/spi-builder-workspace/.derivedData/Build/Intermediates.noindex/SwiftExplicitPrecompiledModules -clang-scanner-module-cache-path /Users/admin/builder/spi-builder-workspace/.derivedData/ModuleCache.noindex -sdk-module-cache-path /Users/admin/builder/spi-builder-workspace/.derivedData/SDKExplicitPrecompiledModules -emit-dependencies -emit-module -emit-module-path /Users/admin/builder/spi-builder-workspace/.derivedData/Build/Intermediates.noindex/SDWebImageMockPlugin.build/Debug-watchos/SDWebImageMockPlugin-t.build/Objects-normal/arm64/SDWebImageMockPlugin.swiftmodule -serialize-diagnostics -dependency-scan-serialize-diagnostics-path /Users/admin/builder/spi-builder-workspace/.derivedData/Build/Intermediates.noindex/SDWebImageMockPlugin.build/Debug-watchos/SDWebImageMockPlugin-t.build/Objects-normal/arm64/SDWebImageMockPlugin-dependency-scan.dia -validate-clang-modules-once -clang-build-session-file /Users/admin/builder/spi-builder-workspace/.derivedData/ModuleCache.noindex/Session.modulevalidation -Xcc -fmodules-prune-interval\=86400 -Xcc -fmodules-prune-after\=345600 -emit-const-values -const-gather-protocols-list /Users/admin/builder/spi-builder-workspace/.derivedData/Build/Intermediates.noindex/SDWebImageMockPlugin.build/Debug-watchos/SDWebImageMockPlugin-t.build/Objects-normal/arm64/SDWebImageMockPlugin_const_extract_protocols.json -Xcc -I/Users/admin/builder/spi-builder-workspace/.dependencies/checkouts/SDWebImage/SDWebImage/include -Xcc -I/Users/admin/builder/spi-builder-workspace/.derivedData/Build/Products/Debug-watchos/include -Xcc -I/Users/admin/builder/spi-builder-workspace/.derivedData/Build/Intermediates.noindex/SDWebImageMockPlugin.build/Debug-watchos/SDWebImageMockPlugin-t.build/DerivedSources-normal/arm64 -Xcc -I/Users/admin/builder/spi-builder-workspace/.derivedData/Build/Intermediates.noindex/SDWebImageMockPlugin.build/Debug-watchos/SDWebImageMockPlugin-t.build/DerivedSources/arm64 -Xcc -I/Users/admin/builder/spi-builder-workspace/.derivedData/Build/Intermediates.noindex/SDWebImageMockPlugin.build/Debug-watchos/SDWebImageMockPlugin-t.build/DerivedSources -Xcc -DSWIFT_PACKAGE -Xcc -DDEBUG\=1 -emit-objc-header -emit-objc-header-path /Users/admin/builder/spi-builder-workspace/.derivedData/Build/Intermediates.noindex/SDWebImageMockPlugin.build/Debug-watchos/SDWebImageMockPlugin-t.build/Objects-normal/arm64/SDWebImageMockPlugin-Swift.h -working-directory /Users/admin/builder/spi-builder-workspace/.swiftpm/xcode -experimental-emit-module-separately -disable-cmo
SwiftEmitModule normal arm64 Emitting\ module\ for\ SDWebImageMockPlugin (in target 'SDWebImageMockPlugin' from project 'SDWebImageMockPlugin')
SwiftCompile normal arm64 (in target 'SDWebImageMockPlugin' from project 'SDWebImageMockPlugin')
    cd /Users/admin/builder/spi-builder-workspace/.swiftpm/xcode

SwiftCompile normal arm64 Compiling\ ImageProvider.swift /Users/admin/builder/spi-builder-workspace/Sources/SDWebImageMockPlugin/ImageProvider.swift (in target 'SDWebImageMockPlugin' from project 'SDWebImageMockPlugin')
SwiftCompile normal arm64 /Users/admin/builder/spi-builder-workspace/Sources/SDWebImageMockPlugin/ImageProvider.swift (in target 'SDWebImageMockPlugin' from project 'SDWebImageMockPlugin')
    cd /Users/admin/builder/spi-builder-workspace/.swiftpm/xcode
    builtin-SwiftPerFileCompile ImageProvider.swift
SwiftCompile normal arm64 Compiling\ UIImage+placeholder.swift /Users/admin/builder/spi-builder-workspace/Sources/SDWebImageMockPlugin/UIImage+placeholder.swift (in target 'SDWebImageMockPlugin' from project 'SDWebImageMockPlugin')
/Users/admin/builder/spi-builder-workspace/Sources/SDWebImageMockPlugin/UIImage+placeholder.swift:17:24: error: 'UIGraphicsImageRenderer' is unavailable in watchOS
15 |
16 |     static func placeholder(with size: CGSize) -> UIImage {
17 |         let renderer = UIGraphicsImageRenderer(size: size)
   |                        `- error: 'UIGraphicsImageRenderer' is unavailable in watchOS
18 |         return renderer.image { context in
19 |             let bounds = renderer.format.bounds
/Applications/Xcode-27.0.0-Release.Candidate.app/Contents/Developer/Platforms/WatchOS.platform/Developer/SDKs/WatchOS27.0.sdk/System/Library/Frameworks/UIKit.framework/Headers/UIGraphicsImageRenderer.h:47:12: note: 'UIGraphicsImageRenderer' has been explicitly marked unavailable here
45 |
46 | UIKIT_EXTERN API_AVAILABLE(ios(10.0)) API_UNAVAILABLE(watchos)
47 | @interface UIGraphicsImageRenderer : UIGraphicsRenderer
   |            `- note: 'UIGraphicsImageRenderer' has been explicitly marked unavailable here
48 | - (instancetype)initWithSize:(CGSize)size;
49 | - (instancetype)initWithSize:(CGSize)size format:(UIGraphicsImageRendererFormat *)format NS_DESIGNATED_INITIALIZER;
Failed frontend command:
/Applications/Xcode-27.0.0-Release.Candidate.app/Contents/Developer/Toolchains/XcodeDefault.xctoolchain/usr/bin/swift-frontend -frontend -c /Users/admin/builder/spi-builder-workspace/Sources/SDWebImageMockPlugin/ImageCacheMocker.swift /Users/admin/builder/spi-builder-workspace/Sources/SDWebImageMockPlugin/ImageProvider+DefaultProviders.swift /Users/admin/builder/spi-builder-workspace/Sources/SDWebImageMockPlugin/ImageProvider.swift /Users/admin/builder/spi-builder-workspace/Sources/SDWebImageMockPlugin/ImageResolver.swift -primary-file /Users/admin/builder/spi-builder-workspace/Sources/SDWebImageMockPlugin/UIImage+placeholder.swift /Users/admin/builder/spi-builder-workspace/Sources/SDWebImageMockPlugin/URL+ImageMockFormat.swift -emit-dependencies-path /Users/admin/builder/spi-builder-workspace/.derivedData/Build/Intermediates.noindex/SDWebImageMockPlugin.build/Debug-watchos/SDWebImageMockPlugin-t.build/Objects-normal/arm64/UIImage+placeholder.d -emit-const-values-path /Users/admin/builder/spi-builder-workspace/.derivedData/Build/Intermediates.noindex/SDWebImageMockPlugin.build/Debug-watchos/SDWebImageMockPlugin-t.build/Objects-normal/arm64/UIImage+placeholder.swiftconstvalues -emit-reference-dependencies-path /Users/admin/builder/spi-builder-workspace/.derivedData/Build/Intermediates.noindex/SDWebImageMockPlugin.build/Debug-watchos/SDWebImageMockPlugin-t.build/Objects-normal/arm64/UIImage+placeholder.swiftdeps -serialize-diagnostics-path /Users/admin/builder/spi-builder-workspace/.derivedData/Build/Intermediates.noindex/SDWebImageMockPlugin.build/Debug-watchos/SDWebImageMockPlugin-t.build/Objects-normal/arm64/UIImage+placeholder.dia -target arm64-apple-watchos9.0 -disable-cross-import-overlay-search -load-resolved-plugin /Applications/Xcode-27.0.0-Release.Candidate.app/Contents/Developer/Platforms/WatchOS.platform/Developer/usr/lib/swift/host/plugins/libFoundationMacros.dylib\#/Applications/Xcode-27.0.0-Release.Candidate.app/Contents/Developer/Platforms/WatchOS.platform/Developer/usr/bin/swift-plugin-server\#FoundationMacros -load-resolved-plugin /Applications/Xcode-27.0.0-Release.Candidate.app/Contents/Developer/Platforms/WatchOS.platform/Developer/usr/lib/swift/host/plugins/libObservationMacros.dylib\#/Applications/Xcode-27.0.0-Release.Candidate.app/Contents/Developer/Platforms/WatchOS.platform/Developer/usr/bin/swift-plugin-server\#ObservationMacros -load-resolved-plugin /Applications/Xcode-27.0.0-Release.Candidate.app/Contents/Developer/Platforms/WatchOS.platform/Developer/usr/lib/swift/host/plugins/libSwiftMacros.dylib\#/Applications/Xcode-27.0.0-Release.Candidate.app/Contents/Developer/Platforms/WatchOS.platform/Developer/usr/bin/swift-plugin-server\#SwiftMacros -load-resolved-plugin /Applications/Xcode-27.0.0-Release.Candidate.app/Contents/Developer/Platforms/WatchOS.platform/Developer/usr/lib/swift/host/plugins/libSwiftUIMacros.dylib\#/Applications/Xcode-27.0.0-Release.Candidate.app/Contents/Developer/Platforms/WatchOS.platform/Developer/usr/bin/swift-plugin-server\#SwiftUIMacros -disable-implicit-swift-modules -Xcc -fno-implicit-modules -Xcc -fno-implicit-module-maps -explicit-swift-module-map-file /Users/admin/builder/spi-builder-workspace/.derivedData/Build/Intermediates.noindex/SDWebImageMockPlugin.build/Debug-watchos/SDWebImageMockPlugin-t.build/Objects-normal/arm64/SDWebImageMockPlugin-dependencies-2.json -Xllvm -aarch64-use-tbi -enable-objc-interop -stack-check -sdk /Applications/Xcode-27.0.0-Release.Candidate.app/Contents/Developer/Platforms/WatchOS.platform/Developer/SDKs/WatchOS27.0.sdk -I /Users/admin/builder/spi-builder-workspace/.derivedData/Build/Products/Debug-watchos -Isystem /Applications/Xcode-27.0.0-Release.Candidate.app/Contents/Developer/Platforms/WatchOS.platform/Developer/usr/lib -F /Users/admin/builder/spi-builder-workspace/.derivedData/Build/Products/Debug-watchos/PackageFrameworks -F /Users/admin/builder/spi-builder-workspace/.derivedData/Build/Products/Debug-watchos -F /Applications/Xcode-27.0.0-Release.Candidate.app/Contents/Developer/Platforms/WatchOS.platform/Developer/Library/Frameworks -F /Applications/Xcode-27.0.0-Release.Candidate.app/Contents/Developer/Platforms/WatchOS.platform/Developer/SDKs/WatchOS27.0.sdk/Developer/Library/Frameworks -module-cache-path /Users/admin/builder/spi-builder-workspace/.derivedData/Build/Intermediates.noindex/SwiftExplicitPrecompiledModules -no-color-diagnostics -Xcc -fno-color-diagnostics -enable-testing -g -debug-info-format\=dwarf -dwarf-version\=4 -swift-version 5 -Onone -D SWIFT_PACKAGE -D DEBUG -D SWIFT_MODULE_RESOURCE_BUNDLE_UNAVAILABLE -D Xcode -serialize-debugging-options -enable-experimental-feature DebugDescriptionMacro -empty-abi-descriptor -validate-clang-modules-once -clang-build-session-file /Users/admin/builder/spi-builder-workspace/.derivedData/ModuleCache.noindex/Session.modulevalidation -Xcc -working-directory -Xcc /Users/admin/builder/spi-builder-workspace/.swiftpm/xcode -enable-anonymous-context-mangled-names -file-compilation-dir /Users/admin/builder/spi-builder-workspace/.swiftpm/xcode -Xcc -fmodule-map-file\=/Users/admin/builder/spi-builder-workspace/.derivedData/Build/Intermediates.noindex/GeneratedModuleMaps-watchos/SDWebImage.modulemap -Xcc -D_LIBCPP_HARDENING_MODE\=_LIBCPP_HARDENING_MODE_DEBUG -Xcc -ivfsstatcache -Xcc /Users/admin/builder/spi-builder-workspace/.derivedData/SDKStatCaches.noindex/watchos27.0-24R360-e829b21a6f8c9b70876ba0858053c04477534ef55a1706bf4c1112bbb242f0a2.sdkstatcache -Xcc -fmodules-prune-interval\=86400 -Xcc -fmodules-prune-after\=345600 -Xcc -I/Users/admin/builder/spi-builder-workspace/.dependencies/checkouts/SDWebImage/SDWebImage/include -Xcc -I/Users/admin/builder/spi-builder-workspace/.derivedData/Build/Products/Debug-watchos/include -Xcc -I/Users/admin/builder/spi-builder-workspace/.derivedData/Build/Intermediates.noindex/SDWebImageMockPlugin.build/Debug-watchos/SDWebImageMockPlugin-t.build/DerivedSources-normal/arm64 -Xcc -I/Users/admin/builder/spi-builder-workspace/.derivedData/Build/Intermediates.noindex/SDWebImageMockPlugin.build/Debug-watchos/SDWebImageMockPlugin-t.build/DerivedSources/arm64 -Xcc -I/Users/admin/builder/spi-builder-workspace/.derivedData/Build/Intermediates.noindex/SDWebImageMockPlugin.build/Debug-watchos/SDWebImageMockPlugin-t.build/DerivedSources -Xcc -DSWIFT_PACKAGE -Xcc -DDEBUG\=1 -no-auto-bridging-header-chaining -module-name SDWebImageMockPlugin -const-gather-protocols-file /Users/admin/builder/spi-builder-workspace/.derivedData/Build/Intermediates.noindex/SDWebImageMockPlugin.build/Debug-watchos/SDWebImageMockPlugin-t.build/Objects-normal/arm64/SDWebImageMockPlugin_const_extract_protocols.json -disable-clang-spi -clang-target arm64-apple-watchos27.0 -target-sdk-version 27.0 -target-sdk-name watchos27.0 -in-process-plugin-server-path /Applications/Xcode-27.0.0-Release.Candidate.app/Contents/Developer/Toolchains/XcodeDefault.xctoolchain/usr/lib/swift/host/libSwiftInProcPluginServer.dylib -parse-as-library -o /Users/admin/builder/spi-builder-workspace/.derivedData/Build/Intermediates.noindex/SDWebImageMockPlugin.build/Debug-watchos/SDWebImageMockPlugin-t.build/Objects-normal/arm64/UIImage+placeholder.o -debug-module-path /Users/admin/builder/spi-builder-workspace/.derivedData/Build/Intermediates.noindex/SDWebImageMockPlugin.build/Debug-watchos/SDWebImageMockPlugin-t.build/Objects-normal/arm64/SDWebImageMockPlugin.swiftmodule -index-unit-output-path /SDWebImageMockPlugin.build/Debug-watchos/SDWebImageMockPlugin-t.build/Objects-normal/arm64/UIImage+placeholder.o -index-store-path /Users/admin/builder/spi-builder-workspace/.derivedData/Index.noindex/DataStore -index-system-modules
SwiftCompile normal arm64 /Users/admin/builder/spi-builder-workspace/Sources/SDWebImageMockPlugin/UIImage+placeholder.swift (in target 'SDWebImageMockPlugin' from project 'SDWebImageMockPlugin')
    cd /Users/admin/builder/spi-builder-workspace/.swiftpm/xcode
    builtin-SwiftPerFileCompile UIImage+placeholder.swift
SwiftCompile normal arm64 Compiling\ ImageResolver.swift /Users/admin/builder/spi-builder-workspace/Sources/SDWebImageMockPlugin/ImageResolver.swift (in target 'SDWebImageMockPlugin' from project 'SDWebImageMockPlugin')
SwiftCompile normal arm64 /Users/admin/builder/spi-builder-workspace/Sources/SDWebImageMockPlugin/ImageResolver.swift (in target 'SDWebImageMockPlugin' from project 'SDWebImageMockPlugin')
    cd /Users/admin/builder/spi-builder-workspace/.swiftpm/xcode
    builtin-SwiftPerFileCompile ImageResolver.swift
SwiftCompile normal arm64 Compiling\ ImageCacheMocker.swift /Users/admin/builder/spi-builder-workspace/Sources/SDWebImageMockPlugin/ImageCacheMocker.swift (in target 'SDWebImageMockPlugin' from project 'SDWebImageMockPlugin')
SwiftCompile normal arm64 /Users/admin/builder/spi-builder-workspace/Sources/SDWebImageMockPlugin/ImageCacheMocker.swift (in target 'SDWebImageMockPlugin' from project 'SDWebImageMockPlugin')
    cd /Users/admin/builder/spi-builder-workspace/.swiftpm/xcode
    builtin-SwiftPerFileCompile ImageCacheMocker.swift
SwiftCompile normal arm64_32 Compiling\ ImageProvider+DefaultProviders.swift /Users/admin/builder/spi-builder-workspace/Sources/SDWebImageMockPlugin/ImageProvider+DefaultProviders.swift (in target 'SDWebImageMockPlugin' from project 'SDWebImageMockPlugin')
SwiftCompile normal arm64_32 /Users/admin/builder/spi-builder-workspace/Sources/SDWebImageMockPlugin/ImageProvider+DefaultProviders.swift (in target 'SDWebImageMockPlugin' from project 'SDWebImageMockPlugin')
    cd /Users/admin/builder/spi-builder-workspace/.swiftpm/xcode
    builtin-SwiftPerFileCompile ImageProvider+DefaultProviders.swift
SwiftEmitModule normal arm64_32 Emitting\ module\ for\ SDWebImageMockPlugin (in target 'SDWebImageMockPlugin' from project 'SDWebImageMockPlugin')
SwiftCompile normal arm64_32 (in target 'SDWebImageMockPlugin' from project 'SDWebImageMockPlugin')
    cd /Users/admin/builder/spi-builder-workspace/.swiftpm/xcode

SwiftCompile normal arm64_32 Compiling\ UIImage+placeholder.swift /Users/admin/builder/spi-builder-workspace/Sources/SDWebImageMockPlugin/UIImage+placeholder.swift (in target 'SDWebImageMockPlugin' from project 'SDWebImageMockPlugin')
/Users/admin/builder/spi-builder-workspace/Sources/SDWebImageMockPlugin/UIImage+placeholder.swift:17:24: error: 'UIGraphicsImageRenderer' is unavailable in watchOS
15 |
16 |     static func placeholder(with size: CGSize) -> UIImage {
17 |         let renderer = UIGraphicsImageRenderer(size: size)
   |                        `- error: 'UIGraphicsImageRenderer' is unavailable in watchOS
18 |         return renderer.image { context in
19 |             let bounds = renderer.format.bounds
/Applications/Xcode-27.0.0-Release.Candidate.app/Contents/Developer/Platforms/WatchOS.platform/Developer/SDKs/WatchOS27.0.sdk/System/Library/Frameworks/UIKit.framework/Headers/UIGraphicsImageRenderer.h:47:12: note: 'UIGraphicsImageRenderer' has been explicitly marked unavailable here
45 |
46 | UIKIT_EXTERN API_AVAILABLE(ios(10.0)) API_UNAVAILABLE(watchos)
47 | @interface UIGraphicsImageRenderer : UIGraphicsRenderer
   |            `- note: 'UIGraphicsImageRenderer' has been explicitly marked unavailable here
48 | - (instancetype)initWithSize:(CGSize)size;
49 | - (instancetype)initWithSize:(CGSize)size format:(UIGraphicsImageRendererFormat *)format NS_DESIGNATED_INITIALIZER;
Failed frontend command:
/Applications/Xcode-27.0.0-Release.Candidate.app/Contents/Developer/Toolchains/XcodeDefault.xctoolchain/usr/bin/swift-frontend -frontend -c /Users/admin/builder/spi-builder-workspace/Sources/SDWebImageMockPlugin/ImageCacheMocker.swift /Users/admin/builder/spi-builder-workspace/Sources/SDWebImageMockPlugin/ImageProvider+DefaultProviders.swift /Users/admin/builder/spi-builder-workspace/Sources/SDWebImageMockPlugin/ImageProvider.swift /Users/admin/builder/spi-builder-workspace/Sources/SDWebImageMockPlugin/ImageResolver.swift -primary-file /Users/admin/builder/spi-builder-workspace/Sources/SDWebImageMockPlugin/UIImage+placeholder.swift /Users/admin/builder/spi-builder-workspace/Sources/SDWebImageMockPlugin/URL+ImageMockFormat.swift -emit-dependencies-path /Users/admin/builder/spi-builder-workspace/.derivedData/Build/Intermediates.noindex/SDWebImageMockPlugin.build/Debug-watchos/SDWebImageMockPlugin-t.build/Objects-normal/arm64_32/UIImage+placeholder.d -emit-const-values-path /Users/admin/builder/spi-builder-workspace/.derivedData/Build/Intermediates.noindex/SDWebImageMockPlugin.build/Debug-watchos/SDWebImageMockPlugin-t.build/Objects-normal/arm64_32/UIImage+placeholder.swiftconstvalues -emit-reference-dependencies-path /Users/admin/builder/spi-builder-workspace/.derivedData/Build/Intermediates.noindex/SDWebImageMockPlugin.build/Debug-watchos/SDWebImageMockPlugin-t.build/Objects-normal/arm64_32/UIImage+placeholder.swiftdeps -serialize-diagnostics-path /Users/admin/builder/spi-builder-workspace/.derivedData/Build/Intermediates.noindex/SDWebImageMockPlugin.build/Debug-watchos/SDWebImageMockPlugin-t.build/Objects-normal/arm64_32/UIImage+placeholder.dia -target arm64_32-apple-watchos9.0 -disable-cross-import-overlay-search -load-resolved-plugin /Applications/Xcode-27.0.0-Release.Candidate.app/Contents/Developer/Platforms/WatchOS.platform/Developer/usr/lib/swift/host/plugins/libFoundationMacros.dylib\#/Applications/Xcode-27.0.0-Release.Candidate.app/Contents/Developer/Platforms/WatchOS.platform/Developer/usr/bin/swift-plugin-server\#FoundationMacros -load-resolved-plugin /Applications/Xcode-27.0.0-Release.Candidate.app/Contents/Developer/Platforms/WatchOS.platform/Developer/usr/lib/swift/host/plugins/libObservationMacros.dylib\#/Applications/Xcode-27.0.0-Release.Candidate.app/Contents/Developer/Platforms/WatchOS.platform/Developer/usr/bin/swift-plugin-server\#ObservationMacros -load-resolved-plugin /Applications/Xcode-27.0.0-Release.Candidate.app/Contents/Developer/Platforms/WatchOS.platform/Developer/usr/lib/swift/host/plugins/libSwiftMacros.dylib\#/Applications/Xcode-27.0.0-Release.Candidate.app/Contents/Developer/Platforms/WatchOS.platform/Developer/usr/bin/swift-plugin-server\#SwiftMacros -load-resolved-plugin /Applications/Xcode-27.0.0-Release.Candidate.app/Contents/Developer/Platforms/WatchOS.platform/Developer/usr/lib/swift/host/plugins/libSwiftUIMacros.dylib\#/Applications/Xcode-27.0.0-Release.Candidate.app/Contents/Developer/Platforms/WatchOS.platform/Developer/usr/bin/swift-plugin-server\#SwiftUIMacros -disable-implicit-swift-modules -Xcc -fno-implicit-modules -Xcc -fno-implicit-module-maps -explicit-swift-module-map-file /Users/admin/builder/spi-builder-workspace/.derivedData/Build/Intermediates.noindex/SDWebImageMockPlugin.build/Debug-watchos/SDWebImageMockPlugin-t.build/Objects-normal/arm64_32/SDWebImageMockPlugin-dependencies-1.json -enable-objc-interop -sdk /Applications/Xcode-27.0.0-Release.Candidate.app/Contents/Developer/Platforms/WatchOS.platform/Developer/SDKs/WatchOS27.0.sdk -I /Users/admin/builder/spi-builder-workspace/.derivedData/Build/Products/Debug-watchos -Isystem /Applications/Xcode-27.0.0-Release.Candidate.app/Contents/Developer/Platforms/WatchOS.platform/Developer/usr/lib -F /Users/admin/builder/spi-builder-workspace/.derivedData/Build/Products/Debug-watchos/PackageFrameworks -F /Users/admin/builder/spi-builder-workspace/.derivedData/Build/Products/Debug-watchos -F /Applications/Xcode-27.0.0-Release.Candidate.app/Contents/Developer/Platforms/WatchOS.platform/Developer/Library/Frameworks -F /Applications/Xcode-27.0.0-Release.Candidate.app/Contents/Developer/Platforms/WatchOS.platform/Developer/SDKs/WatchOS27.0.sdk/Developer/Library/Frameworks -module-cache-path /Users/admin/builder/spi-builder-workspace/.derivedData/Build/Intermediates.noindex/SwiftExplicitPrecompiledModules -no-color-diagnostics -Xcc -fno-color-diagnostics -enable-testing -g -debug-info-format\=dwarf -dwarf-version\=4 -swift-version 5 -Onone -D SWIFT_PACKAGE -D DEBUG -D SWIFT_MODULE_RESOURCE_BUNDLE_UNAVAILABLE -D Xcode -serialize-debugging-options -enable-experimental-feature DebugDescriptionMacro -empty-abi-descriptor -validate-clang-modules-once -clang-build-session-file /Users/admin/builder/spi-builder-workspace/.derivedData/ModuleCache.noindex/Session.modulevalidation -Xcc -working-directory -Xcc /Users/admin/builder/spi-builder-workspace/.swiftpm/xcode -enable-anonymous-context-mangled-names -file-compilation-dir /Users/admin/builder/spi-builder-workspace/.swiftpm/xcode -Xcc -fmodule-map-file\=/Users/admin/builder/spi-builder-workspace/.derivedData/Build/Intermediates.noindex/GeneratedModuleMaps-watchos/SDWebImage.modulemap -Xcc -D_LIBCPP_HARDENING_MODE\=_LIBCPP_HARDENING_MODE_DEBUG -Xcc -ivfsstatcache -Xcc /Users/admin/builder/spi-builder-workspace/.derivedData/SDKStatCaches.noindex/watchos27.0-24R360-e829b21a6f8c9b70876ba0858053c04477534ef55a1706bf4c1112bbb242f0a2.sdkstatcache -Xcc -fmodules-prune-interval\=86400 -Xcc -fmodules-prune-after\=345600 -Xcc -I/Users/admin/builder/spi-builder-workspace/.dependencies/checkouts/SDWebImage/SDWebImage/include -Xcc -I/Users/admin/builder/spi-builder-workspace/.derivedData/Build/Products/Debug-watchos/include -Xcc -I/Users/admin/builder/spi-builder-workspace/.derivedData/Build/Intermediates.noindex/SDWebImageMockPlugin.build/Debug-watchos/SDWebImageMockPlugin-t.build/DerivedSources-normal/arm64_32 -Xcc -I/Users/admin/builder/spi-builder-workspace/.derivedData/Build/Intermediates.noindex/SDWebImageMockPlugin.build/Debug-watchos/SDWebImageMockPlugin-t.build/DerivedSources/arm64_32 -Xcc -I/Users/admin/builder/spi-builder-workspace/.derivedData/Build/Intermediates.noindex/SDWebImageMockPlugin.build/Debug-watchos/SDWebImageMockPlugin-t.build/DerivedSources -Xcc -DSWIFT_PACKAGE -Xcc -DDEBUG\=1 -no-auto-bridging-header-chaining -module-name SDWebImageMockPlugin -const-gather-protocols-file /Users/admin/builder/spi-builder-workspace/.derivedData/Build/Intermediates.noindex/SDWebImageMockPlugin.build/Debug-watchos/SDWebImageMockPlugin-t.build/Objects-normal/arm64_32/SDWebImageMockPlugin_const_extract_protocols.json -disable-clang-spi -clang-target arm64_32-apple-watchos27.0 -target-sdk-version 27.0 -target-sdk-name watchos27.0 -in-process-plugin-server-path /Applications/Xcode-27.0.0-Release.Candidate.app/Contents/Developer/Toolchains/XcodeDefault.xctoolchain/usr/lib/swift/host/libSwiftInProcPluginServer.dylib -parse-as-library -o /Users/admin/builder/spi-builder-workspace/.derivedData/Build/Intermediates.noindex/SDWebImageMockPlugin.build/Debug-watchos/SDWebImageMockPlugin-t.build/Objects-normal/arm64_32/UIImage+placeholder.o -debug-module-path /Users/admin/builder/spi-builder-workspace/.derivedData/Build/Intermediates.noindex/SDWebImageMockPlugin.build/Debug-watchos/SDWebImageMockPlugin-t.build/Objects-normal/arm64_32/SDWebImageMockPlugin.swiftmodule -index-unit-output-path /SDWebImageMockPlugin.build/Debug-watchos/SDWebImageMockPlugin-t.build/Objects-normal/arm64_32/UIImage+placeholder.o -index-store-path /Users/admin/builder/spi-builder-workspace/.derivedData/Index.noindex/DataStore -index-system-modules
SwiftCompile normal arm64_32 /Users/admin/builder/spi-builder-workspace/Sources/SDWebImageMockPlugin/UIImage+placeholder.swift (in target 'SDWebImageMockPlugin' from project 'SDWebImageMockPlugin')
    cd /Users/admin/builder/spi-builder-workspace/.swiftpm/xcode
    builtin-SwiftPerFileCompile UIImage+placeholder.swift
SwiftCompile normal arm64_32 Compiling\ ImageResolver.swift /Users/admin/builder/spi-builder-workspace/Sources/SDWebImageMockPlugin/ImageResolver.swift (in target 'SDWebImageMockPlugin' from project 'SDWebImageMockPlugin')
SwiftCompile normal arm64_32 /Users/admin/builder/spi-builder-workspace/Sources/SDWebImageMockPlugin/ImageResolver.swift (in target 'SDWebImageMockPlugin' from project 'SDWebImageMockPlugin')
    cd /Users/admin/builder/spi-builder-workspace/.swiftpm/xcode
    builtin-SwiftPerFileCompile ImageResolver.swift
SwiftCompile normal arm64_32 Compiling\ ImageCacheMocker.swift /Users/admin/builder/spi-builder-workspace/Sources/SDWebImageMockPlugin/ImageCacheMocker.swift (in target 'SDWebImageMockPlugin' from project 'SDWebImageMockPlugin')
SwiftCompile normal arm64_32 /Users/admin/builder/spi-builder-workspace/Sources/SDWebImageMockPlugin/ImageCacheMocker.swift (in target 'SDWebImageMockPlugin' from project 'SDWebImageMockPlugin')
    cd /Users/admin/builder/spi-builder-workspace/.swiftpm/xcode
    builtin-SwiftPerFileCompile ImageCacheMocker.swift
SwiftCompile normal arm64 Compiling\ ImageProvider+DefaultProviders.swift /Users/admin/builder/spi-builder-workspace/Sources/SDWebImageMockPlugin/ImageProvider+DefaultProviders.swift (in target 'SDWebImageMockPlugin' from project 'SDWebImageMockPlugin')
SwiftCompile normal arm64 /Users/admin/builder/spi-builder-workspace/Sources/SDWebImageMockPlugin/ImageProvider+DefaultProviders.swift (in target 'SDWebImageMockPlugin' from project 'SDWebImageMockPlugin')
    cd /Users/admin/builder/spi-builder-workspace/.swiftpm/xcode
    builtin-SwiftPerFileCompile ImageProvider+DefaultProviders.swift
PruneExplicitPrecompiledModules /Users/admin/builder/spi-builder-workspace/.derivedData/Build/Intermediates.noindex/ExplicitPrecompiledModules
PruneExplicitPrecompiledModules /Users/admin/builder/spi-builder-workspace/.derivedData/Build/Intermediates.noindex/SwiftExplicitPrecompiledModules
PruneExplicitPrecompiledModules /Users/admin/builder/spi-builder-workspace/.derivedData/SDKExplicitPrecompiledModules
2026-09-18 00:51:23.387 xcodebuild[1121:5787] [MT] IDERunDestination: Supported platforms for the buildables in the current scheme is empty.
** BUILD FAILED **
The following build commands failed:
	SwiftCompile normal arm64 Compiling\ UIImage+placeholder.swift /Users/admin/builder/spi-builder-workspace/Sources/SDWebImageMockPlugin/UIImage+placeholder.swift (in target 'SDWebImageMockPlugin' from project 'SDWebImageMockPlugin')
	SwiftCompile normal arm64 /Users/admin/builder/spi-builder-workspace/Sources/SDWebImageMockPlugin/UIImage+placeholder.swift (in target 'SDWebImageMockPlugin' from project 'SDWebImageMockPlugin')
	SwiftCompile normal arm64_32 Compiling\ UIImage+placeholder.swift /Users/admin/builder/spi-builder-workspace/Sources/SDWebImageMockPlugin/UIImage+placeholder.swift (in target 'SDWebImageMockPlugin' from project 'SDWebImageMockPlugin')
	SwiftCompile normal arm64_32 /Users/admin/builder/spi-builder-workspace/Sources/SDWebImageMockPlugin/UIImage+placeholder.swift (in target 'SDWebImageMockPlugin' from project 'SDWebImageMockPlugin')
	Building workspace SDWebImageMockPlugin with scheme SDWebImageMockPlugin
(5 failures)
BUILD FAILURE 6.4 watchOS