The Swift Package Index logo.Swift Package Index

Build Information

Failed to build HTTPStatusCodes, reference 3.3.2 (a2c4f5), with Swift 6.4 for Wasm on 17 Sep 2026 00:26:37 UTC.

Build Command

bash -c docker run --pull=always --rm -v "checkouts-54344847-1":/host -w "$PWD" -e JAVA_HOME="/root/.sdkman/candidates/java/current" -e SPI_BUILD="1" -e SPI_PROCESSING="1" registry.gitlab.com/saguaro1/spi-images:wasm-6.4-latest swift build --swift-sdk swift-6.4.x-DEVELOPMENT-SNAPSHOT-2026-09-04-a_wasm 2>&1

Build Log

========================================
RunAll
========================================
Builder version: 5.1.0
Interrupt handler set up.
========================================
Checkout
========================================
Clone URL: https://github.com/rhodgkins/SwiftHTTPStatusCodes.git
Reference: 3.3.2
Initialized empty Git repository in /host/spi-builder-workspace/.git/
hint: Using 'master' as the name for the initial branch. This default branch name
hint: is subject to change. To configure the initial branch name to use in all
hint: of your new repositories, which will suppress this warning, call:
hint:
hint: 	git config --global init.defaultBranch <name>
hint:
hint: Names commonly chosen instead of 'master' are 'main', 'trunk' and
hint: 'development'. The just-created branch can be renamed via this command:
hint:
hint: 	git branch -m <name>
From https://github.com/rhodgkins/SwiftHTTPStatusCodes
 * tag               3.3.2      -> FETCH_HEAD
HEAD is now at a2c4f5f Bumped to v3.3.2
Cloned https://github.com/rhodgkins/SwiftHTTPStatusCodes.git
Revision (git rev-parse @):
a2c4f5f645dec3a5614ff82e391f44e22d778f87
SUCCESS checkout https://github.com/rhodgkins/SwiftHTTPStatusCodes.git at 3.3.2
========================================
Build
========================================
Selected platform:         wasm
Swift version:             6.4
Building package at path:  $PWD
https://github.com/rhodgkins/SwiftHTTPStatusCodes.git
Running build ...
bash -c docker run --pull=always --rm -v "checkouts-54344847-1":/host -w "$PWD" -e JAVA_HOME="/root/.sdkman/candidates/java/current" -e SPI_BUILD="1" -e SPI_PROCESSING="1" registry.gitlab.com/saguaro1/spi-images:wasm-6.4-latest swift build --swift-sdk swift-6.4.x-DEVELOPMENT-SNAPSHOT-2026-09-04-a_wasm 2>&1
wasm-6.4-latest: Pulling from saguaro1/spi-images
Digest: sha256:4328fdb43c680d205c1d6761b1e3267aa38277eefdda9ddfb17b6a0f1a77857a
Status: Image is up to date for registry.gitlab.com/saguaro1/spi-images:wasm-6.4-latest
Building for debugging...
[Planning deferred tasks]
error: SwiftCompile normal wasm32 failed with a nonzero exit code. Command line:     cd /host

/host/spi-builder-workspace/Sources/HTTPStatusCodes+Extensions.swift:62:25: error: 'HTTPURLResponse' is unavailable: This type has moved to the FoundationNetworking module. Import that module to use it.
 60 |
 61 |     /// Obtains a possible status code from an optional HTTP URL response.
 62 |     init?(HTTPResponse: HTTPURLResponse?) {
    |                         `- error: 'HTTPURLResponse' is unavailable: This type has moved to the FoundationNetworking module. Import that module to use it.
 63 |         guard let statusCodeValue = HTTPResponse?.statusCode else {
 64 |             return nil
Foundation.HTTPURLResponse:2:18: note: 'HTTPURLResponse' has been explicitly marked unavailable here
1 | @available(*, unavailable, message: "This type has moved to the FoundationNetworking module. Import that module to use it.")
2 | public typealias HTTPURLResponse = AnyObject
  |                  `- note: 'HTTPURLResponse' has been explicitly marked unavailable here
/host/spi-builder-workspace/Sources/HTTPStatusCodes+Extensions.swift:78:8: error: non-nominal type 'HTTPURLResponse' (aka 'AnyObject') cannot be extended [#]8;;https://docs.swift.org/compiler/documentation/diagnostics/nominal-types\NominalTypes]8;;\]
 76 | }
 77 |
 78 | public extension HTTPURLResponse {
    |        `- error: non-nominal type 'HTTPURLResponse' (aka 'AnyObject') cannot be extended [#]8;;https://docs.swift.org/compiler/documentation/diagnostics/nominal-types\NominalTypes]8;;\]
 79 |
 80 |     /**
/host/spi-builder-workspace/Sources/HTTPStatusCodes+Extensions.swift:166:8: error: non-nominal type 'HTTPURLResponse' (aka 'AnyObject') cannot be extended [#]8;;https://docs.swift.org/compiler/documentation/diagnostics/nominal-types\NominalTypes]8;;\]
164 | }
165 |
166 | public extension HTTPURLResponse {
    |        `- error: non-nominal type 'HTTPURLResponse' (aka 'AnyObject') cannot be extended [#]8;;https://docs.swift.org/compiler/documentation/diagnostics/nominal-types\NominalTypes]8;;\]
167 |
168 |     /// - deprecated: Renamed to `init(url:statusCode:httpVersion:headerFields)` to correct Swift 3 naming convention.
/host/spi-builder-workspace/Sources/HTTPStatusCodes.swift:41:6: error: Objective-C interoperability is disabled
 39 |     ///
 40 |     /// - seealso: [RFC7231, Section 6.3.1](http://www.iana.org/go/rfc7231#section-6.3.1)
 41 |     @objc(HTTPStatusCodeOK)
    |      `- error: Objective-C interoperability is disabled
 42 |     case ok = 200
 43 |
/host/spi-builder-workspace/Sources/HTTPStatusCodes.swift:87:6: error: Objective-C interoperability is disabled
 85 |     ///
 86 |     /// - seealso: [RFC3229](http://www.iana.org/go/rfc3229)
 87 |     @objc(HTTPStatusCodeIMUsed)
    |      `- error: Objective-C interoperability is disabled
 88 |     case imUsed = 226
 89 |
/host/spi-builder-workspace/Sources/HTTPStatusCodes.swift:204:6: error: Objective-C interoperability is disabled
202 |     ///
203 |     /// - seealso: [RFC7231, Section 6.5.12](http://www.iana.org/go/rfc7231#section-6.5.12)
204 |     @objc(HTTPStatusCodeURITooLong)
    |      `- error: Objective-C interoperability is disabled
205 |     case uriTooLong = 414
206 |
/host/spi-builder-workspace/Sources/HTTPStatusCodes.swift:282:6: error: Objective-C interoperability is disabled
280 |     ///
281 |     /// - seealso: [Error message when you try to log on to Exchange 2007 by using Outlook Web Access: "440 Login Timeout"](http://support.microsoft.com/kb/941201/en-us)
282 |     @objc(HTTPStatusCodeIISLoginTimeout)
    |      `- error: Objective-C interoperability is disabled
283 |     case iisLoginTimeout = 440
284 |
/host/spi-builder-workspace/Sources/HTTPStatusCodes.swift:299:6: error: Objective-C interoperability is disabled
297 |     ///
298 |     /// - seealso: [2.2.6 449 Retry With Status Code](https://msdn.microsoft.com/en-us/library/dd891478.aspx)
299 |     @objc(HTTPStatusCodeIISRetryWith)
    |      `- error: Objective-C interoperability is disabled
300 |     case iisRetryWith = 449
301 |
/host/spi-builder-workspace/Sources/HTTPStatusCodes.swift:375:6: error: Objective-C interoperability is disabled
373 |     ///
374 |     /// - seealso: [RFC7231, Section 6.6.6](http://www.iana.org/go/rfc7231#section-6.6.6)
375 |     @objc(HTTPStatusCodeHTTPVersionNotSupported)
    |      `- error: Objective-C interoperability is disabled
376 |     case httpVersionNotSupported = 505
377 |
[#NominalTypes]: <https://docs.swift.org/compiler/documentation/diagnostics/nominal-types>
Failed frontend command:
/usr/bin/swift-frontend -frontend -emit-module -experimental-skip-non-inlinable-function-bodies-without-types /host/spi-builder-workspace/Sources/HTTPStatusCodes+Extensions.swift /host/spi-builder-workspace/Sources/HTTPStatusCodes.swift -target wasm32-unknown-wasip1 -disable-objc-interop -sdk /root/.swiftpm/swift-sdks/swift-6.4.x-DEVELOPMENT-SNAPSHOT-2026-09-04-a_wasm.artifactbundle/swift-6.4.x-DEVELOPMENT-SNAPSHOT-2026-09-04-a_wasm/wasm32-unknown-wasip1/WASI.sdk -sysroot /root/.swiftpm/swift-sdks/swift-6.4.x-DEVELOPMENT-SNAPSHOT-2026-09-04-a_wasm.artifactbundle/swift-6.4.x-DEVELOPMENT-SNAPSHOT-2026-09-04-a_wasm/wasm32-unknown-wasip1/WASI.sdk -I /host/spi-builder-workspace/.build/out/Products/Debug-webassembly-wasm32 -module-cache-path /host/spi-builder-workspace/.build/out/ModuleCache.noindex -color-diagnostics -Xcc -fcolor-diagnostics -enable-testing -g -debug-info-format\=dwarf -dwarf-version\=4 -swift-version 4 -Onone -D SWIFT_PACKAGE -D DEBUG -D SWIFT_MODULE_RESOURCE_BUNDLE_UNAVAILABLE -D Xcode -serialize-debugging-options -enable-experimental-feature DebugDescriptionMacro -empty-abi-descriptor -external-plugin-path /usr/lib/swift/host/plugins/testing\#/usr/bin/swift-plugin-server -validate-clang-modules-once -clang-build-session-file /host/spi-builder-workspace/.build/out/ModuleCache.noindex/Session.modulevalidation -Xcc -working-directory -Xcc /host -resource-dir /root/.swiftpm/swift-sdks/swift-6.4.x-DEVELOPMENT-SNAPSHOT-2026-09-04-a_wasm.artifactbundle/swift-6.4.x-DEVELOPMENT-SNAPSHOT-2026-09-04-a_wasm/wasm32-unknown-wasip1/swift.xctoolchain/usr/lib/swift_static -use-static-resource-dir -enable-anonymous-context-mangled-names -file-compilation-dir /host -Xcc -resource-dir -Xcc /root/.swiftpm/swift-sdks/swift-6.4.x-DEVELOPMENT-SNAPSHOT-2026-09-04-a_wasm.artifactbundle/swift-6.4.x-DEVELOPMENT-SNAPSHOT-2026-09-04-a_wasm/wasm32-unknown-wasip1/swift.xctoolchain/usr/lib/swift_static/clang -Xcc -D_LIBCPP_HARDENING_MODE\=_LIBCPP_HARDENING_MODE_DEBUG -Xcc -fmodules-prune-interval\=86400 -Xcc -fmodules-prune-after\=345600 -Xcc -I/host/spi-builder-workspace/.build/out/Products/Debug-webassembly-wasm32/include -Xcc -I/host/spi-builder-workspace/.build/out/Intermediates.noindex/HTTPStatusCodes.build/Debug-webassembly-wasm32/HTTPStatusCodes-t.build/DerivedSources-normal/wasm32 -Xcc -I/host/spi-builder-workspace/.build/out/Intermediates.noindex/HTTPStatusCodes.build/Debug-webassembly-wasm32/HTTPStatusCodes-t.build/DerivedSources/wasm32 -Xcc -I/host/spi-builder-workspace/.build/out/Intermediates.noindex/HTTPStatusCodes.build/Debug-webassembly-wasm32/HTTPStatusCodes-t.build/DerivedSources -Xcc -DSWIFT_PACKAGE -Xcc -DDEBUG\=1 -no-auto-bridging-header-chaining -module-name HTTPStatusCodes -const-gather-protocols-file /host/spi-builder-workspace/.build/out/Intermediates.noindex/HTTPStatusCodes.build/Debug-webassembly-wasm32/HTTPStatusCodes-t.build/Objects-normal/wasm32/HTTPStatusCodes_const_extract_protocols.json -in-process-plugin-server-path /usr/lib/swift/host/libSwiftInProcPluginServer.so -plugin-path /usr/lib/swift/host/plugins -plugin-path /usr/local/lib/swift/host/plugins -emit-module-doc-path /host/spi-builder-workspace/.build/out/Intermediates.noindex/HTTPStatusCodes.build/Debug-webassembly-wasm32/HTTPStatusCodes-t.build/Objects-normal/wasm32/Modules/HTTPStatusCodes.swiftdoc -emit-module-source-info-path /host/spi-builder-workspace/.build/out/Intermediates.noindex/HTTPStatusCodes.build/Debug-webassembly-wasm32/HTTPStatusCodes-t.build/Objects-normal/wasm32/Modules/HTTPStatusCodes.swiftsourceinfo -emit-objc-header-path /host/spi-builder-workspace/.build/out/Intermediates.noindex/HTTPStatusCodes.build/Debug-webassembly-wasm32/HTTPStatusCodes-t.build/Objects-normal/wasm32/HTTPStatusCodes-Swift.h -serialize-diagnostics-path /host/spi-builder-workspace/.build/out/Intermediates.noindex/HTTPStatusCodes.build/Debug-webassembly-wasm32/HTTPStatusCodes-t.build/Objects-normal/wasm32/HTTPStatusCodes-primary-emit-module.dia -emit-dependencies-path /host/spi-builder-workspace/.build/out/Intermediates.noindex/HTTPStatusCodes.build/Debug-webassembly-wasm32/HTTPStatusCodes-t.build/Objects-normal/wasm32/HTTPStatusCodes-primary-emit-module.d -parse-as-library -o /host/spi-builder-workspace/.build/out/Intermediates.noindex/HTTPStatusCodes.build/Debug-webassembly-wasm32/HTTPStatusCodes-t.build/Objects-normal/wasm32/Modules/HTTPStatusCodes.swiftmodule
error: Build failed
BUILD FAILURE 6.4 wasm