The Swift Package Index logo.Swift Package Index

Build Information

Failed to build MapboxSpeech, reference v2.1.1 (a9ef28), with Swift 6.4 for Wasm on 18 Sep 2026 20:25:24 UTC.

Build Command

bash -c docker run --pull=always --rm -v "checkouts-54344847-0":/host -w "$PWD" -e JAVA_HOME="/root/.sdkman/candidates/java/current" -e SPI_BUILD="1" -e SPI_PROCESSING="1" registry.gitlab.com/saguaro1/spi-images:wasm-6.4-latest swift build --swift-sdk swift-6.4.x-DEVELOPMENT-SNAPSHOT-2026-09-04-a_wasm 2>&1

Build Log

========================================
RunAll
========================================
Builder version: 5.1.0
Interrupt handler set up.
========================================
Checkout
========================================
Clone URL: https://github.com/mapbox/mapbox-speech-swift.git
Reference: v2.1.1
Initialized empty Git repository in /host/spi-builder-workspace/.git/
hint: Using 'master' as the name for the initial branch. This default branch name
hint: is subject to change. To configure the initial branch name to use in all
hint: of your new repositories, which will suppress this warning, call:
hint:
hint: 	git config --global init.defaultBranch <name>
hint:
hint: Names commonly chosen instead of 'master' are 'main', 'trunk' and
hint: 'development'. The just-created branch can be renamed via this command:
hint:
hint: 	git branch -m <name>
From https://github.com/mapbox/mapbox-speech-swift
 * tag               v2.1.1     -> FETCH_HEAD
HEAD is now at a9ef284 Merge pull request #60 from mapbox/kried/2.1.1
Cloned https://github.com/mapbox/mapbox-speech-swift.git
Revision (git rev-parse @):
a9ef284deae227c6111c27a3535098c1e9a9d8e3
SUCCESS checkout https://github.com/mapbox/mapbox-speech-swift.git at v2.1.1
========================================
Build
========================================
Selected platform:         wasm
Swift version:             6.4
Building package at path:  $PWD
https://github.com/mapbox/mapbox-speech-swift.git
Running build ...
bash -c docker run --pull=always --rm -v "checkouts-54344847-0":/host -w "$PWD" -e JAVA_HOME="/root/.sdkman/candidates/java/current" -e SPI_BUILD="1" -e SPI_PROCESSING="1" registry.gitlab.com/saguaro1/spi-images:wasm-6.4-latest swift build --swift-sdk swift-6.4.x-DEVELOPMENT-SNAPSHOT-2026-09-04-a_wasm 2>&1
wasm-6.4-latest: Pulling from saguaro1/spi-images
Digest: sha256:4328fdb43c680d205c1d6761b1e3267aa38277eefdda9ddfb17b6a0f1a77857a
Status: Image is up to date for registry.gitlab.com/saguaro1/spi-images:wasm-6.4-latest
Building for debugging...
[Planning deferred tasks]
error: SwiftCompile normal wasm32 failed with a nonzero exit code. Command line:     cd /host

[25 / 36] MapboxSpeech
/host/spi-builder-workspace/Sources/MapboxSpeech/MapboxSpeech.swift:41:25: error: 'ProcessInfo' initializer is inaccessible due to 'internal' protection level
 39 |         system = "unknown"
 40 |     #endif
 41 |     let systemVersion = ProcessInfo().operatingSystemVersion
    |                         `- error: 'ProcessInfo' initializer is inaccessible due to 'internal' protection level
 42 |     components.append("\(system)/\(systemVersion.majorVersion).\(systemVersion.minorVersion).\(systemVersion.patchVersion)")
 43 |
FoundationEssentials.ProcessInfo.init:2:10: note: 'init()' declared here
1 | class ProcessInfo {
2 | internal init()}
  |          `- note: 'init()' declared here
3 |
/host/spi-builder-workspace/Sources/MapboxSpeech/MapboxSpeech.swift:150:124: error: 'URLSessionDataTask' is unavailable: This type has moved to the FoundationNetworking module. Import that module to use it.
148 |      - returns: The data task used to perform the HTTP request. If, while waiting for the completion handler to execute, you no longer want the resulting audio, cancel this task.
149 |      */
150 |     @discardableResult open func audioData(with options: SpeechOptions, completionHandler: @escaping CompletionHandler) -> URLSessionDataTask {
    |                                                                                                                            `- error: 'URLSessionDataTask' is unavailable: This type has moved to the FoundationNetworking module. Import that module to use it.
151 |         let url = self.url(forSynthesizing: options)
152 |         let task = dataTask(with: url, completionHandler: { (data) in
Foundation.URLSessionDataTask:2:18: note: 'URLSessionDataTask' has been explicitly marked unavailable here
1 | @available(*, unavailable, message: "This type has moved to the FoundationNetworking module. Import that module to use it.")
2 | public typealias URLSessionDataTask = AnyObject
  |                  `- note: 'URLSessionDataTask' has been explicitly marked unavailable here
/host/spi-builder-workspace/Sources/MapboxSpeech/MapboxSpeech.swift:174:158: error: 'URLSessionDataTask' is unavailable: This type has moved to the FoundationNetworking module. Import that module to use it.
172 |      - postcondition: The caller must resume the returned task.
173 |      */
174 |     fileprivate func dataTask(with url: URL, completionHandler: @escaping (_ data: Data) -> Void, errorHandler: @escaping (_ error: SpeechError) -> Void) -> URLSessionDataTask {
    |                                                                                                                                                              `- error: 'URLSessionDataTask' is unavailable: This type has moved to the FoundationNetworking module. Import that module to use it.
175 |
176 |         var request = URLRequest(url: url)
Foundation.URLSessionDataTask:2:18: note: 'URLSessionDataTask' has been explicitly marked unavailable here
1 | @available(*, unavailable, message: "This type has moved to the FoundationNetworking module. Import that module to use it.")
2 | public typealias URLSessionDataTask = AnyObject
  |                  `- note: 'URLSessionDataTask' has been explicitly marked unavailable here
/host/spi-builder-workspace/Sources/MapboxSpeech/MapboxSpeech.swift:240:77: error: 'URLResponse' is unavailable: This type has moved to the FoundationNetworking module. Import that module to use it.
238 |      Returns an error that supplements the given underlying error with additional information from the an HTTP response’s body or headers.
239 |      */
240 |     static func informativeError(code: String?, message: String?, response: URLResponse?, underlyingError error: Error?) -> SpeechError {
    |                                                                             `- error: 'URLResponse' is unavailable: This type has moved to the FoundationNetworking module. Import that module to use it.
241 |         if let response = response as? HTTPURLResponse {
242 |             switch (response.statusCode, code ?? "") {
Foundation.URLResponse:2:18: note: 'URLResponse' has been explicitly marked unavailable here
1 | @available(*, unavailable, message: "This type has moved to the FoundationNetworking module. Import that module to use it.")
2 | public typealias URLResponse = AnyObject
  |                  `- note: 'URLResponse' has been explicitly marked unavailable here
/host/spi-builder-workspace/Sources/MapboxSpeech/MapboxSpeech.swift:257:28: error: 'URLResponse' is unavailable: This type has moved to the FoundationNetworking module. Import that module to use it.
255 |     case invalidResponse
256 |     case rateLimited(rateLimitInterval: TimeInterval?, rateLimit: UInt?, resetTime: Date?)
257 |     case unknown(response: URLResponse?, underlying: Error?, code: String?, message: String?)
    |                            `- error: 'URLResponse' is unavailable: This type has moved to the FoundationNetworking module. Import that module to use it.
258 |
259 |     public var failureReason: String? {
Foundation.URLResponse:2:18: note: 'URLResponse' has been explicitly marked unavailable here
1 | @available(*, unavailable, message: "This type has moved to the FoundationNetworking module. Import that module to use it.")
2 | public typealias URLResponse = AnyObject
  |                  `- note: 'URLResponse' has been explicitly marked unavailable here
/host/spi-builder-workspace/Sources/MapboxSpeech/MapboxSpeech.swift:299:1: error: non-nominal type 'HTTPURLResponse' (aka 'AnyObject') cannot be extended [#]8;;https://docs.swift.org/compiler/documentation/diagnostics/nominal-types\NominalTypes]8;;\]
297 | }
298 |
299 | extension HTTPURLResponse {
    | `- error: non-nominal type 'HTTPURLResponse' (aka 'AnyObject') cannot be extended [#]8;;https://docs.swift.org/compiler/documentation/diagnostics/nominal-types\NominalTypes]8;;\]
300 |     var rateLimit: UInt? {
301 |         guard let limit = allHeaderFields["X-Rate-Limit-Limit"] as? String else {
[#NominalTypes]: <https://docs.swift.org/compiler/documentation/diagnostics/nominal-types>
Failed frontend command:
/usr/bin/swift-frontend -frontend -emit-module -experimental-skip-non-inlinable-function-bodies-without-types /host/spi-builder-workspace/Sources/MapboxSpeech/MBSpeechOptions.swift /host/spi-builder-workspace/Sources/MapboxSpeech/MapboxSpeech.swift -target wasm32-unknown-wasip1 -disable-objc-interop -sdk /root/.swiftpm/swift-sdks/swift-6.4.x-DEVELOPMENT-SNAPSHOT-2026-09-04-a_wasm.artifactbundle/swift-6.4.x-DEVELOPMENT-SNAPSHOT-2026-09-04-a_wasm/wasm32-unknown-wasip1/WASI.sdk -sysroot /root/.swiftpm/swift-sdks/swift-6.4.x-DEVELOPMENT-SNAPSHOT-2026-09-04-a_wasm.artifactbundle/swift-6.4.x-DEVELOPMENT-SNAPSHOT-2026-09-04-a_wasm/wasm32-unknown-wasip1/WASI.sdk -I /host/spi-builder-workspace/.build/out/Products/Debug-webassembly-wasm32 -module-cache-path /host/spi-builder-workspace/.build/out/ModuleCache.noindex -color-diagnostics -Xcc -fcolor-diagnostics -enable-testing -g -debug-info-format\=dwarf -dwarf-version\=4 -swift-version 5 -Onone -D SWIFT_PACKAGE -D DEBUG -D SWIFT_MODULE_RESOURCE_BUNDLE_UNAVAILABLE -D Xcode -serialize-debugging-options -enable-experimental-feature DebugDescriptionMacro -empty-abi-descriptor -external-plugin-path /usr/lib/swift/host/plugins/testing\#/usr/bin/swift-plugin-server -validate-clang-modules-once -clang-build-session-file /host/spi-builder-workspace/.build/out/ModuleCache.noindex/Session.modulevalidation -Xcc -working-directory -Xcc /host -resource-dir /root/.swiftpm/swift-sdks/swift-6.4.x-DEVELOPMENT-SNAPSHOT-2026-09-04-a_wasm.artifactbundle/swift-6.4.x-DEVELOPMENT-SNAPSHOT-2026-09-04-a_wasm/wasm32-unknown-wasip1/swift.xctoolchain/usr/lib/swift_static -use-static-resource-dir -enable-anonymous-context-mangled-names -file-compilation-dir /host -Xcc -resource-dir -Xcc /root/.swiftpm/swift-sdks/swift-6.4.x-DEVELOPMENT-SNAPSHOT-2026-09-04-a_wasm.artifactbundle/swift-6.4.x-DEVELOPMENT-SNAPSHOT-2026-09-04-a_wasm/wasm32-unknown-wasip1/swift.xctoolchain/usr/lib/swift_static/clang -Xcc -D_LIBCPP_HARDENING_MODE\=_LIBCPP_HARDENING_MODE_DEBUG -Xcc -fmodules-prune-interval\=86400 -Xcc -fmodules-prune-after\=345600 -Xcc -I/host/spi-builder-workspace/.build/out/Products/Debug-webassembly-wasm32/include -Xcc -I/host/spi-builder-workspace/.build/out/Intermediates.noindex/MapboxSpeech.build/Debug-webassembly-wasm32/MapboxSpeech-t.build/DerivedSources-normal/wasm32 -Xcc -I/host/spi-builder-workspace/.build/out/Intermediates.noindex/MapboxSpeech.build/Debug-webassembly-wasm32/MapboxSpeech-t.build/DerivedSources/wasm32 -Xcc -I/host/spi-builder-workspace/.build/out/Intermediates.noindex/MapboxSpeech.build/Debug-webassembly-wasm32/MapboxSpeech-t.build/DerivedSources -Xcc -DSWIFT_PACKAGE -Xcc -DDEBUG\=1 -no-auto-bridging-header-chaining -module-name MapboxSpeech -const-gather-protocols-file /host/spi-builder-workspace/.build/out/Intermediates.noindex/MapboxSpeech.build/Debug-webassembly-wasm32/MapboxSpeech-t.build/Objects-normal/wasm32/MapboxSpeech_const_extract_protocols.json -in-process-plugin-server-path /usr/lib/swift/host/libSwiftInProcPluginServer.so -plugin-path /usr/lib/swift/host/plugins -plugin-path /usr/local/lib/swift/host/plugins -emit-module-doc-path /host/spi-builder-workspace/.build/out/Intermediates.noindex/MapboxSpeech.build/Debug-webassembly-wasm32/MapboxSpeech-t.build/Objects-normal/wasm32/Modules/MapboxSpeech.swiftdoc -emit-module-source-info-path /host/spi-builder-workspace/.build/out/Intermediates.noindex/MapboxSpeech.build/Debug-webassembly-wasm32/MapboxSpeech-t.build/Objects-normal/wasm32/Modules/MapboxSpeech.swiftsourceinfo -emit-objc-header-path /host/spi-builder-workspace/.build/out/Intermediates.noindex/MapboxSpeech.build/Debug-webassembly-wasm32/MapboxSpeech-t.build/Objects-normal/wasm32/MapboxSpeech-Swift.h -serialize-diagnostics-path /host/spi-builder-workspace/.build/out/Intermediates.noindex/MapboxSpeech.build/Debug-webassembly-wasm32/MapboxSpeech-t.build/Objects-normal/wasm32/MapboxSpeech-primary-emit-module.dia -emit-dependencies-path /host/spi-builder-workspace/.build/out/Intermediates.noindex/MapboxSpeech.build/Debug-webassembly-wasm32/MapboxSpeech-t.build/Objects-normal/wasm32/MapboxSpeech-primary-emit-module.d -parse-as-library -o /host/spi-builder-workspace/.build/out/Intermediates.noindex/MapboxSpeech.build/Debug-webassembly-wasm32/MapboxSpeech-t.build/Objects-normal/wasm32/Modules/MapboxSpeech.swiftmodule
error: Build failed
BUILD FAILURE 6.4 wasm