The Swift Package Index logo.Swift Package Index

Build Information

Failed to build swift-soc-metrics, reference v0.4.0 (e1a5fc), with Swift 6.1 for visionOS using Xcode 16.3 on 16 Jul 2026 16:21:59 UTC.

Build Command

env DEVELOPER_DIR=/Applications/Xcode-16.3.0.app xcrun xcodebuild -IDEClonedSourcePackagesDirPathOverride=$PWD/.dependencies -skipMacroValidation -skipPackagePluginValidation -derivedDataPath $PWD/.derivedData build -scheme swift-soc-metrics-Package -destination generic/platform=xrOS

Build Log

========================================
RunAll
========================================
Builder version: undefined version: run 'make version' to update
Interrupt handler set up.
========================================
Checkout
========================================
Clone URL: https://github.com/GoodOlClint/swift-soc-metrics.git
Reference: v0.4.0
Initialized empty Git repository in /Users/admin/builder/spi-builder-workspace/.git/
From https://github.com/GoodOlClint/swift-soc-metrics
 * tag               v0.4.0     -> FETCH_HEAD
HEAD is now at e1a5fc4 docs: note v0.4 is the rename, no new metrics
Cloned https://github.com/GoodOlClint/swift-soc-metrics.git
Revision (git rev-parse @):
e1a5fc4b1d9edd196409e1878da464b036a1584f
SPI manifest file found: $PWD/.spi.yml
SUCCESS checkout https://github.com/GoodOlClint/swift-soc-metrics.git at v0.4.0
========================================
Build
========================================
Selected platform:         visionOS
Swift version:             6.1
Building package at path:  $PWD
https://github.com/GoodOlClint/swift-soc-metrics.git
https://github.com/GoodOlClint/swift-soc-metrics.git
{
  "dependencies" : [
  ],
  "manifest_display_name" : "swift-soc-metrics",
  "name" : "swift-soc-metrics",
  "path" : "/Users/admin/builder/spi-builder-workspace",
  "platforms" : [
    {
      "name" : "macos",
      "version" : "13.0"
    }
  ],
  "products" : [
    {
      "name" : "SoCMetrics",
      "targets" : [
        "SoCMetrics"
      ],
      "type" : {
        "library" : [
          "automatic"
        ]
      }
    },
    {
      "name" : "asmetrics",
      "targets" : [
        "asmetrics"
      ],
      "type" : {
        "executable" : null
      }
    }
  ],
  "targets" : [
    {
      "c99name" : "asmetrics",
      "module_type" : "SwiftTarget",
      "name" : "asmetrics",
      "path" : "Sources/asmetrics",
      "product_memberships" : [
        "asmetrics"
      ],
      "sources" : [
        "main.swift"
      ],
      "target_dependencies" : [
        "SoCMetrics"
      ],
      "type" : "executable"
    },
    {
      "c99name" : "SoCMetricsTests",
      "module_type" : "SwiftTarget",
      "name" : "SoCMetricsTests",
      "path" : "Tests/SoCMetricsTests",
      "sources" : [
        "SoCMetricsTests.swift"
      ],
      "target_dependencies" : [
        "SoCMetrics"
      ],
      "type" : "test"
    },
    {
      "c99name" : "SoCMetrics",
      "module_type" : "SwiftTarget",
      "name" : "SoCMetrics",
      "path" : "Sources/SoCMetrics",
      "product_memberships" : [
        "SoCMetrics",
        "asmetrics"
      ],
      "sources" : [
        "SMC.swift",
        "SoCMetrics.swift"
      ],
      "target_dependencies" : [
        "CIOReport"
      ],
      "type" : "library"
    },
    {
      "c99name" : "CIOReport",
      "module_type" : "SystemLibraryTarget",
      "name" : "CIOReport",
      "path" : "Sources/CIOReport",
      "product_memberships" : [
        "SoCMetrics",
        "asmetrics"
      ],
      "sources" : [
      ],
      "type" : "system-target"
    }
  ],
  "tools_version" : "6.0"
}
Command line invocation:
    /Applications/Xcode-16.3.0.app/Contents/Developer/usr/bin/xcodebuild -IDEClonedSourcePackagesDirPathOverride=/Users/admin/builder/spi-builder-workspace/.dependencies -resolvePackageDependencies
Resolve Package Graph
Resolve Package Graph
Resolved source packages:
  swift-soc-metrics: /Users/admin/builder/spi-builder-workspace
resolved source packages: swift-soc-metrics
2026-07-16 09:21:49.454 xcodebuild[525:2974] [MT] DVTAssertions: Warning in IDEFrameworks/IDEFoundation/Execution/RunContextManager/IDERunContextManager.m:851
Details:  Error deleting scheme: Cannot modify data because the process disallows saving.
Object:   <IDERunContextManager: 0x6000018a7860>
Method:   -deleteRunContexts:completionQueue:completionBlock:
Thread:   <_NSMainThread: 0x600003ab8200>{number = 1, name = main}
Please file a bug at https://feedbackassistant.apple.com with this warning message and any useful information you can provide.
2026-07-16 09:21:49.455 xcodebuild[525:2974] could not delete old scheme: Error Domain=DVTCustomDataStoringErrors Code=0 "Cannot modify data because the process disallows saving." UserInfo={NSLocalizedDescription=Cannot modify data because the process disallows saving.}
2026-07-16 09:21:49.455 xcodebuild[525:2974] [MT] DVTAssertions: Warning in IDEFrameworks/IDEFoundation/Execution/RunContextManager/IDERunContextManager.m:851
Details:  Error deleting scheme: Cannot modify data because the process disallows saving.
Object:   <IDERunContextManager: 0x6000018a7860>
Method:   -deleteRunContexts:completionQueue:completionBlock:
Thread:   <_NSMainThread: 0x600003ab8200>{number = 1, name = main}
Please file a bug at https://feedbackassistant.apple.com with this warning message and any useful information you can provide.
2026-07-16 09:21:49.455 xcodebuild[525:2974] could not delete old scheme: Error Domain=DVTCustomDataStoringErrors Code=0 "Cannot modify data because the process disallows saving." UserInfo={NSLocalizedDescription=Cannot modify data because the process disallows saving.}
2026-07-16 09:21:49.455 xcodebuild[525:2974] [MT] DVTAssertions: Warning in IDEFrameworks/IDEFoundation/Execution/RunContextManager/IDERunContextManager.m:851
Details:  Error deleting scheme: Cannot modify data because the process disallows saving.
Object:   <IDERunContextManager: 0x6000018a7860>
Method:   -deleteRunContexts:completionQueue:completionBlock:
Thread:   <_NSMainThread: 0x600003ab8200>{number = 1, name = main}
Please file a bug at https://feedbackassistant.apple.com with this warning message and any useful information you can provide.
2026-07-16 09:21:49.455 xcodebuild[525:2974] could not delete old scheme: Error Domain=DVTCustomDataStoringErrors Code=0 "Cannot modify data because the process disallows saving." UserInfo={NSLocalizedDescription=Cannot modify data because the process disallows saving.}
{
  "dependencies" : [
  ],
  "manifest_display_name" : "swift-soc-metrics",
  "name" : "swift-soc-metrics",
  "path" : "/Users/admin/builder/spi-builder-workspace",
  "platforms" : [
    {
      "name" : "macos",
      "version" : "13.0"
    }
  ],
  "products" : [
    {
      "name" : "SoCMetrics",
      "targets" : [
        "SoCMetrics"
      ],
      "type" : {
        "library" : [
          "automatic"
        ]
      }
    },
    {
      "name" : "asmetrics",
      "targets" : [
        "asmetrics"
      ],
      "type" : {
        "executable" : null
      }
    }
  ],
  "targets" : [
    {
      "c99name" : "asmetrics",
      "module_type" : "SwiftTarget",
      "name" : "asmetrics",
      "path" : "Sources/asmetrics",
      "product_memberships" : [
        "asmetrics"
      ],
      "sources" : [
        "main.swift"
      ],
      "target_dependencies" : [
        "SoCMetrics"
      ],
      "type" : "executable"
    },
    {
      "c99name" : "SoCMetricsTests",
      "module_type" : "SwiftTarget",
      "name" : "SoCMetricsTests",
      "path" : "Tests/SoCMetricsTests",
      "sources" : [
        "SoCMetricsTests.swift"
      ],
      "target_dependencies" : [
        "SoCMetrics"
      ],
      "type" : "test"
    },
    {
      "c99name" : "SoCMetrics",
      "module_type" : "SwiftTarget",
      "name" : "SoCMetrics",
      "path" : "Sources/SoCMetrics",
      "product_memberships" : [
        "SoCMetrics",
        "asmetrics"
      ],
      "sources" : [
        "SMC.swift",
        "SoCMetrics.swift"
      ],
      "target_dependencies" : [
        "CIOReport"
      ],
      "type" : "library"
    },
    {
      "c99name" : "CIOReport",
      "module_type" : "SystemLibraryTarget",
      "name" : "CIOReport",
      "path" : "Sources/CIOReport",
      "product_memberships" : [
        "SoCMetrics",
        "asmetrics"
      ],
      "sources" : [
      ],
      "type" : "system-target"
    }
  ],
  "tools_version" : "6.0"
}
{
  "workspace" : {
    "name" : "spi-builder-workspace",
    "schemes" : [
      "asmetrics",
      "SoCMetrics",
      "swift-soc-metrics-Package"
    ]
  }
}
{
  "workspace" : {
    "name" : "spi-builder-workspace",
    "schemes" : [
      "asmetrics",
      "SoCMetrics",
      "swift-soc-metrics-Package"
    ]
  }
}
Running build ...
env DEVELOPER_DIR=/Applications/Xcode-16.3.0.app xcrun xcodebuild -IDEClonedSourcePackagesDirPathOverride=$PWD/.dependencies -skipMacroValidation -skipPackagePluginValidation -derivedDataPath $PWD/.derivedData build -scheme swift-soc-metrics-Package -destination generic/platform=xrOS OTHER_SWIFT_FLAGS=-stats-output-dir .stats
Command line invocation:
    /Applications/Xcode-16.3.0.app/Contents/Developer/usr/bin/xcodebuild -IDEClonedSourcePackagesDirPathOverride=/Users/admin/builder/spi-builder-workspace/.dependencies -skipMacroValidation -skipPackagePluginValidation -derivedDataPath /Users/admin/builder/spi-builder-workspace/.derivedData build -scheme swift-soc-metrics-Package -destination generic/platform=xrOS "OTHER_SWIFT_FLAGS=-stats-output-dir .stats"
Build settings from command line:
    OTHER_SWIFT_FLAGS = -stats-output-dir .stats
Resolve Package Graph
Resolved source packages:
  swift-soc-metrics: /Users/admin/builder/spi-builder-workspace
ComputePackagePrebuildTargetDependencyGraph
Prepare packages
CreateBuildRequest
SendProjectDescription
CreateBuildOperation
ComputeTargetDependencyGraph
note: Building targets in dependency order
note: Target dependency graph (4 targets)
    Target 'asmetrics' in project 'swift-soc-metrics'
        ➜ Explicit dependency on target 'CIOReport' in project 'swift-soc-metrics'
        ➜ Explicit dependency on target 'SoCMetrics' in project 'swift-soc-metrics'
    Target 'SoCMetrics' in project 'swift-soc-metrics'
        ➜ Explicit dependency on target 'SoCMetrics' in project 'swift-soc-metrics'
    Target 'SoCMetrics' in project 'swift-soc-metrics'
        ➜ Explicit dependency on target 'CIOReport' in project 'swift-soc-metrics'
    Target 'CIOReport' in project 'swift-soc-metrics' (no dependencies)
GatherProvisioningInputs
CreateBuildDescription
ExecuteExternalTool /Applications/Xcode-16.3.0.app/Contents/Developer/Toolchains/XcodeDefault.xctoolchain/usr/bin/clang -v -E -dM -isysroot /Applications/Xcode-16.3.0.app/Contents/Developer/Platforms/XROS.platform/Developer/SDKs/XROS2.4.sdk -x c -c /dev/null
ExecuteExternalTool /Applications/Xcode-16.3.0.app/Contents/Developer/Toolchains/XcodeDefault.xctoolchain/usr/bin/swiftc --version
ExecuteExternalTool /Applications/Xcode-16.3.0.app/Contents/Developer/Toolchains/XcodeDefault.xctoolchain/usr/bin/ld -version_details
Build description signature: 38d051ff811abbb0c6bca08d4585c507
Build description path: /Users/admin/builder/spi-builder-workspace/.derivedData/Build/Intermediates.noindex/XCBuildData/38d051ff811abbb0c6bca08d4585c507.xcbuilddata
CreateBuildDirectory /Users/admin/builder/spi-builder-workspace/.derivedData/Build/Products
    cd /Users/admin/builder/spi-builder-workspace/.swiftpm/xcode
    builtin-create-build-directory /Users/admin/builder/spi-builder-workspace/.derivedData/Build/Products
ClangStatCache /Applications/Xcode-16.3.0.app/Contents/Developer/Toolchains/XcodeDefault.xctoolchain/usr/bin/clang-stat-cache /Applications/Xcode-16.3.0.app/Contents/Developer/Platforms/XROS.platform/Developer/SDKs/XROS2.4.sdk /Users/admin/builder/spi-builder-workspace/.derivedData/SDKStatCaches.noindex/xros2.4-22O233-407b76dbb837030756cbe1ab3f0b01b6.sdkstatcache
    cd /Users/admin/builder/spi-builder-workspace/.swiftpm/xcode
    /Applications/Xcode-16.3.0.app/Contents/Developer/Toolchains/XcodeDefault.xctoolchain/usr/bin/clang-stat-cache /Applications/Xcode-16.3.0.app/Contents/Developer/Platforms/XROS.platform/Developer/SDKs/XROS2.4.sdk -o /Users/admin/builder/spi-builder-workspace/.derivedData/SDKStatCaches.noindex/xros2.4-22O233-407b76dbb837030756cbe1ab3f0b01b6.sdkstatcache
CreateBuildDirectory /Users/admin/builder/spi-builder-workspace/.derivedData/Build/Intermediates.noindex
    cd /Users/admin/builder/spi-builder-workspace/.swiftpm/xcode
    builtin-create-build-directory /Users/admin/builder/spi-builder-workspace/.derivedData/Build/Intermediates.noindex
CreateBuildDirectory /Users/admin/builder/spi-builder-workspace/.derivedData/Build/Products/Debug-xros
    cd /Users/admin/builder/spi-builder-workspace/.swiftpm/xcode
    builtin-create-build-directory /Users/admin/builder/spi-builder-workspace/.derivedData/Build/Products/Debug-xros
CreateBuildDirectory /Users/admin/builder/spi-builder-workspace/.derivedData/Build/Intermediates.noindex/EagerLinkingTBDs/Debug-xros
    cd /Users/admin/builder/spi-builder-workspace/.swiftpm/xcode
    builtin-create-build-directory /Users/admin/builder/spi-builder-workspace/.derivedData/Build/Intermediates.noindex/EagerLinkingTBDs/Debug-xros
CreateBuildDirectory /Users/admin/builder/spi-builder-workspace/.derivedData/Build/Products/Debug-xros/PackageFrameworks
    cd /Users/admin/builder/spi-builder-workspace/.swiftpm/xcode
    builtin-create-build-directory /Users/admin/builder/spi-builder-workspace/.derivedData/Build/Products/Debug-xros/PackageFrameworks
WriteAuxiliaryFile /Users/admin/builder/spi-builder-workspace/.derivedData/Build/Intermediates.noindex/swift-soc-metrics.build/Debug-xros/asmetrics.build/asmetrics.DependencyStaticMetadataFileList (in target 'asmetrics' from project 'swift-soc-metrics')
    cd /Users/admin/builder/spi-builder-workspace
    write-file /Users/admin/builder/spi-builder-workspace/.derivedData/Build/Intermediates.noindex/swift-soc-metrics.build/Debug-xros/asmetrics.build/asmetrics.DependencyStaticMetadataFileList
WriteAuxiliaryFile /Users/admin/builder/spi-builder-workspace/.derivedData/Build/Intermediates.noindex/swift-soc-metrics.build/Debug-xros/SoCMetrics.build/SoCMetrics.DependencyStaticMetadataFileList (in target 'SoCMetrics' from project 'swift-soc-metrics')
    cd /Users/admin/builder/spi-builder-workspace
    write-file /Users/admin/builder/spi-builder-workspace/.derivedData/Build/Intermediates.noindex/swift-soc-metrics.build/Debug-xros/SoCMetrics.build/SoCMetrics.DependencyStaticMetadataFileList
WriteAuxiliaryFile /Users/admin/builder/spi-builder-workspace/.derivedData/Build/Intermediates.noindex/swift-soc-metrics.build/Debug-xros/SoCMetrics.build/SoCMetrics.modulemap (in target 'SoCMetrics' from project 'swift-soc-metrics')
    cd /Users/admin/builder/spi-builder-workspace
    write-file /Users/admin/builder/spi-builder-workspace/.derivedData/Build/Intermediates.noindex/swift-soc-metrics.build/Debug-xros/SoCMetrics.build/SoCMetrics.modulemap
WriteAuxiliaryFile /Users/admin/builder/spi-builder-workspace/.derivedData/Build/Intermediates.noindex/swift-soc-metrics.build/Debug-xros/SoCMetrics.build/SoCMetrics.DependencyMetadataFileList (in target 'SoCMetrics' from project 'swift-soc-metrics')
    cd /Users/admin/builder/spi-builder-workspace
    write-file /Users/admin/builder/spi-builder-workspace/.derivedData/Build/Intermediates.noindex/swift-soc-metrics.build/Debug-xros/SoCMetrics.build/SoCMetrics.DependencyMetadataFileList
WriteAuxiliaryFile /Users/admin/builder/spi-builder-workspace/.derivedData/Build/Intermediates.noindex/swift-soc-metrics.build/Debug-xros/asmetrics.build/asmetrics.DependencyMetadataFileList (in target 'asmetrics' from project 'swift-soc-metrics')
    cd /Users/admin/builder/spi-builder-workspace
    write-file /Users/admin/builder/spi-builder-workspace/.derivedData/Build/Intermediates.noindex/swift-soc-metrics.build/Debug-xros/asmetrics.build/asmetrics.DependencyMetadataFileList
WriteAuxiliaryFile /Users/admin/builder/spi-builder-workspace/.derivedData/Build/Intermediates.noindex/swift-soc-metrics.build/Debug-xros/asmetrics.build/Objects-normal/arm64/asmetrics-OutputFileMap.json (in target 'asmetrics' from project 'swift-soc-metrics')
    cd /Users/admin/builder/spi-builder-workspace
    write-file /Users/admin/builder/spi-builder-workspace/.derivedData/Build/Intermediates.noindex/swift-soc-metrics.build/Debug-xros/asmetrics.build/Objects-normal/arm64/asmetrics-OutputFileMap.json
WriteAuxiliaryFile /Users/admin/builder/spi-builder-workspace/.derivedData/Build/Intermediates.noindex/swift-soc-metrics.build/Debug-xros/asmetrics.build/Objects-normal/arm64/asmetrics.SwiftFileList (in target 'asmetrics' from project 'swift-soc-metrics')
    cd /Users/admin/builder/spi-builder-workspace
    write-file /Users/admin/builder/spi-builder-workspace/.derivedData/Build/Intermediates.noindex/swift-soc-metrics.build/Debug-xros/asmetrics.build/Objects-normal/arm64/asmetrics.SwiftFileList
WriteAuxiliaryFile /Users/admin/builder/spi-builder-workspace/.derivedData/Build/Intermediates.noindex/swift-soc-metrics.build/Debug-xros/asmetrics.build/Objects-normal/arm64/asmetrics.LinkFileList (in target 'asmetrics' from project 'swift-soc-metrics')
    cd /Users/admin/builder/spi-builder-workspace
    write-file /Users/admin/builder/spi-builder-workspace/.derivedData/Build/Intermediates.noindex/swift-soc-metrics.build/Debug-xros/asmetrics.build/Objects-normal/arm64/asmetrics.LinkFileList
WriteAuxiliaryFile /Users/admin/builder/spi-builder-workspace/.derivedData/Build/Intermediates.noindex/swift-soc-metrics.build/Debug-xros/asmetrics.build/Objects-normal/arm64/asmetrics_const_extract_protocols.json (in target 'asmetrics' from project 'swift-soc-metrics')
    cd /Users/admin/builder/spi-builder-workspace
    write-file /Users/admin/builder/spi-builder-workspace/.derivedData/Build/Intermediates.noindex/swift-soc-metrics.build/Debug-xros/asmetrics.build/Objects-normal/arm64/asmetrics_const_extract_protocols.json
WriteAuxiliaryFile /Users/admin/builder/spi-builder-workspace/.derivedData/Build/Intermediates.noindex/swift-soc-metrics.build/Debug-xros/SoCMetrics.build/Objects-normal/arm64/SoCMetrics_const_extract_protocols.json (in target 'SoCMetrics' from project 'swift-soc-metrics')
    cd /Users/admin/builder/spi-builder-workspace
    write-file /Users/admin/builder/spi-builder-workspace/.derivedData/Build/Intermediates.noindex/swift-soc-metrics.build/Debug-xros/SoCMetrics.build/Objects-normal/arm64/SoCMetrics_const_extract_protocols.json
WriteAuxiliaryFile /Users/admin/builder/spi-builder-workspace/.derivedData/Build/Intermediates.noindex/swift-soc-metrics.build/Debug-xros/SoCMetrics.build/Objects-normal/arm64/SoCMetrics.SwiftFileList (in target 'SoCMetrics' from project 'swift-soc-metrics')
    cd /Users/admin/builder/spi-builder-workspace
    write-file /Users/admin/builder/spi-builder-workspace/.derivedData/Build/Intermediates.noindex/swift-soc-metrics.build/Debug-xros/SoCMetrics.build/Objects-normal/arm64/SoCMetrics.SwiftFileList
WriteAuxiliaryFile /Users/admin/builder/spi-builder-workspace/.derivedData/Build/Intermediates.noindex/swift-soc-metrics.build/Debug-xros/SoCMetrics.build/Objects-normal/arm64/SoCMetrics.SwiftConstValuesFileList (in target 'SoCMetrics' from project 'swift-soc-metrics')
    cd /Users/admin/builder/spi-builder-workspace
    write-file /Users/admin/builder/spi-builder-workspace/.derivedData/Build/Intermediates.noindex/swift-soc-metrics.build/Debug-xros/SoCMetrics.build/Objects-normal/arm64/SoCMetrics.SwiftConstValuesFileList
WriteAuxiliaryFile /Users/admin/builder/spi-builder-workspace/.derivedData/Build/Intermediates.noindex/swift-soc-metrics.build/Debug-xros/SoCMetrics.build/Objects-normal/arm64/SoCMetrics.LinkFileList (in target 'SoCMetrics' from project 'swift-soc-metrics')
    cd /Users/admin/builder/spi-builder-workspace
    write-file /Users/admin/builder/spi-builder-workspace/.derivedData/Build/Intermediates.noindex/swift-soc-metrics.build/Debug-xros/SoCMetrics.build/Objects-normal/arm64/SoCMetrics.LinkFileList
WriteAuxiliaryFile /Users/admin/builder/spi-builder-workspace/.derivedData/Build/Intermediates.noindex/swift-soc-metrics.build/Debug-xros/SoCMetrics.build/Objects-normal/arm64/SoCMetrics-OutputFileMap.json (in target 'SoCMetrics' from project 'swift-soc-metrics')
    cd /Users/admin/builder/spi-builder-workspace
    write-file /Users/admin/builder/spi-builder-workspace/.derivedData/Build/Intermediates.noindex/swift-soc-metrics.build/Debug-xros/SoCMetrics.build/Objects-normal/arm64/SoCMetrics-OutputFileMap.json
Copy /Users/admin/builder/spi-builder-workspace/.derivedData/Build/Intermediates.noindex/GeneratedModuleMaps-xros/SoCMetrics.modulemap /Users/admin/builder/spi-builder-workspace/.derivedData/Build/Intermediates.noindex/swift-soc-metrics.build/Debug-xros/SoCMetrics.build/SoCMetrics.modulemap (in target 'SoCMetrics' from project 'swift-soc-metrics')
    cd /Users/admin/builder/spi-builder-workspace
    builtin-copy -exclude .DS_Store -exclude CVS -exclude .svn -exclude .git -exclude .hg -resolve-src-symlinks /Users/admin/builder/spi-builder-workspace/.derivedData/Build/Intermediates.noindex/swift-soc-metrics.build/Debug-xros/SoCMetrics.build/SoCMetrics.modulemap /Users/admin/builder/spi-builder-workspace/.derivedData/Build/Intermediates.noindex/GeneratedModuleMaps-xros
SwiftDriver SoCMetrics normal arm64 com.apple.xcode.tools.swift.compiler (in target 'SoCMetrics' from project 'swift-soc-metrics')
    cd /Users/admin/builder/spi-builder-workspace/.swiftpm/xcode
    builtin-SwiftDriver -- /Applications/Xcode-16.3.0.app/Contents/Developer/Toolchains/XcodeDefault.xctoolchain/usr/bin/swiftc -module-name SoCMetrics -Onone -enforce-exclusivity\=checked @/Users/admin/builder/spi-builder-workspace/.derivedData/Build/Intermediates.noindex/swift-soc-metrics.build/Debug-xros/SoCMetrics.build/Objects-normal/arm64/SoCMetrics.SwiftFileList -DSWIFT_PACKAGE -DDEBUG -Xcc -fmodule-map-file\=/Users/admin/builder/spi-builder-workspace/Sources/CIOReport/module.modulemap -stats-output-dir .stats -plugin-path /Applications/Xcode-16.3.0.app/Contents/Developer/Toolchains/XcodeDefault.xctoolchain/usr/lib/swift/host/plugins/testing -enable-experimental-feature DebugDescriptionMacro -sdk /Applications/Xcode-16.3.0.app/Contents/Developer/Platforms/XROS.platform/Developer/SDKs/XROS2.4.sdk -target arm64-apple-xros1.0 -g -module-cache-path /Users/admin/builder/spi-builder-workspace/.derivedData/ModuleCache.noindex -Xfrontend -serialize-debugging-options -profile-coverage-mapping -profile-generate -enable-testing -index-store-path /Users/admin/builder/spi-builder-workspace/.derivedData/Index.noindex/DataStore -swift-version 6 -I /Users/admin/builder/spi-builder-workspace/.derivedData/Build/Products/Debug-xros -I /Applications/Xcode-16.3.0.app/Contents/Developer/Platforms/XROS.platform/Developer/usr/lib -F /Users/admin/builder/spi-builder-workspace/.derivedData/Build/Products/Debug-xros -F /Applications/Xcode-16.3.0.app/Contents/Developer/Platforms/XROS.platform/Developer/Library/Frameworks -F /Applications/Xcode-16.3.0.app/Contents/Developer/Platforms/XROS.platform/Developer/SDKs/XROS2.4.sdk/Developer/Library/Frameworks -c -j10 -enable-batch-mode -incremental -Xcc -ivfsstatcache -Xcc /Users/admin/builder/spi-builder-workspace/.derivedData/SDKStatCaches.noindex/xros2.4-22O233-407b76dbb837030756cbe1ab3f0b01b6.sdkstatcache -output-file-map /Users/admin/builder/spi-builder-workspace/.derivedData/Build/Intermediates.noindex/swift-soc-metrics.build/Debug-xros/SoCMetrics.build/Objects-normal/arm64/SoCMetrics-OutputFileMap.json -use-frontend-parseable-output -save-temps -no-color-diagnostics -serialize-diagnostics -emit-dependencies -emit-module -emit-module-path /Users/admin/builder/spi-builder-workspace/.derivedData/Build/Intermediates.noindex/swift-soc-metrics.build/Debug-xros/SoCMetrics.build/Objects-normal/arm64/SoCMetrics.swiftmodule -validate-clang-modules-once -clang-build-session-file /Users/admin/builder/spi-builder-workspace/.derivedData/ModuleCache.noindex/Session.modulevalidation -package-name spi_builder_workspace -Xcc -I/Users/admin/builder/spi-builder-workspace/.derivedData/Build/Intermediates.noindex/swift-soc-metrics.build/Debug-xros/SoCMetrics.build/swift-overrides.hmap -emit-const-values -Xfrontend -const-gather-protocols-file -Xfrontend /Users/admin/builder/spi-builder-workspace/.derivedData/Build/Intermediates.noindex/swift-soc-metrics.build/Debug-xros/SoCMetrics.build/Objects-normal/arm64/SoCMetrics_const_extract_protocols.json -Xcc -I/Users/admin/builder/spi-builder-workspace/.derivedData/Build/Products/Debug-xros/include -Xcc -I/Users/admin/builder/spi-builder-workspace/.derivedData/Build/Intermediates.noindex/swift-soc-metrics.build/Debug-xros/SoCMetrics.build/DerivedSources-normal/arm64 -Xcc -I/Users/admin/builder/spi-builder-workspace/.derivedData/Build/Intermediates.noindex/swift-soc-metrics.build/Debug-xros/SoCMetrics.build/DerivedSources/arm64 -Xcc -I/Users/admin/builder/spi-builder-workspace/.derivedData/Build/Intermediates.noindex/swift-soc-metrics.build/Debug-xros/SoCMetrics.build/DerivedSources -Xcc -DSWIFT_PACKAGE -Xcc -DDEBUG\=1 -emit-objc-header -emit-objc-header-path /Users/admin/builder/spi-builder-workspace/.derivedData/Build/Intermediates.noindex/swift-soc-metrics.build/Debug-xros/SoCMetrics.build/Objects-normal/arm64/SoCMetrics-Swift.h -working-directory /Users/admin/builder/spi-builder-workspace/.swiftpm/xcode -experimental-emit-module-separately -disable-cmo
SwiftEmitModule normal arm64 Emitting\ module\ for\ SoCMetrics (in target 'SoCMetrics' from project 'swift-soc-metrics')
EmitSwiftModule normal arm64 (in target 'SoCMetrics' from project 'swift-soc-metrics')
    cd /Users/admin/builder/spi-builder-workspace/.swiftpm/xcode

/Users/admin/builder/spi-builder-workspace/Sources/SoCMetrics/SMC.swift:3:8: error: no such module 'IOKit'
import IOKit
       ^
Failed frontend command:
/Applications/Xcode-16.3.0.app/Contents/Developer/Toolchains/XcodeDefault.xctoolchain/usr/bin/swift-frontend -frontend -emit-module -experimental-skip-non-inlinable-function-bodies-without-types /Users/admin/builder/spi-builder-workspace/Sources/SoCMetrics/SMC.swift /Users/admin/builder/spi-builder-workspace/Sources/SoCMetrics/SoCMetrics.swift -target arm64-apple-xros1.0 -Xllvm -aarch64-use-tbi -enable-objc-interop -stack-check -sdk /Applications/Xcode-16.3.0.app/Contents/Developer/Platforms/XROS.platform/Developer/SDKs/XROS2.4.sdk -I /Users/admin/builder/spi-builder-workspace/.derivedData/Build/Products/Debug-xros -I /Applications/Xcode-16.3.0.app/Contents/Developer/Platforms/XROS.platform/Developer/usr/lib -F /Users/admin/builder/spi-builder-workspace/.derivedData/Build/Products/Debug-xros -F /Applications/Xcode-16.3.0.app/Contents/Developer/Platforms/XROS.platform/Developer/Library/Frameworks -F /Applications/Xcode-16.3.0.app/Contents/Developer/Platforms/XROS.platform/Developer/SDKs/XROS2.4.sdk/Developer/Library/Frameworks -no-color-diagnostics -enable-testing -g -debug-info-format\=dwarf -dwarf-version\=4 -module-cache-path /Users/admin/builder/spi-builder-workspace/.derivedData/ModuleCache.noindex -profile-generate -profile-coverage-mapping -swift-version 6 -enforce-exclusivity\=checked -stats-output-dir /Users/admin/builder/spi-builder-workspace/.swiftpm/xcode/.stats -Onone -D SWIFT_PACKAGE -D DEBUG -serialize-debugging-options -const-gather-protocols-file /Users/admin/builder/spi-builder-workspace/.derivedData/Build/Intermediates.noindex/swift-soc-metrics.build/Debug-xros/SoCMetrics.build/Objects-normal/arm64/SoCMetrics_const_extract_protocols.json -enable-experimental-feature DebugDescriptionMacro -empty-abi-descriptor -plugin-path /Applications/Xcode-16.3.0.app/Contents/Developer/Toolchains/XcodeDefault.xctoolchain/usr/lib/swift/host/plugins/testing -validate-clang-modules-once -clang-build-session-file /Users/admin/builder/spi-builder-workspace/.derivedData/ModuleCache.noindex/Session.modulevalidation -Xcc -working-directory -Xcc /Users/admin/builder/spi-builder-workspace/.swiftpm/xcode -resource-dir /Applications/Xcode-16.3.0.app/Contents/Developer/Toolchains/XcodeDefault.xctoolchain/usr/lib/swift -enable-anonymous-context-mangled-names -file-compilation-dir /Users/admin/builder/spi-builder-workspace/.swiftpm/xcode -Xcc -fmodule-map-file\=/Users/admin/builder/spi-builder-workspace/Sources/CIOReport/module.modulemap -Xcc -ivfsstatcache -Xcc /Users/admin/builder/spi-builder-workspace/.derivedData/SDKStatCaches.noindex/xros2.4-22O233-407b76dbb837030756cbe1ab3f0b01b6.sdkstatcache -Xcc -I/Users/admin/builder/spi-builder-workspace/.derivedData/Build/Intermediates.noindex/swift-soc-metrics.build/Debug-xros/SoCMetrics.build/swift-overrides.hmap -Xcc -I/Users/admin/builder/spi-builder-workspace/.derivedData/Build/Products/Debug-xros/include -Xcc -I/Users/admin/builder/spi-builder-workspace/.derivedData/Build/Intermediates.noindex/swift-soc-metrics.build/Debug-xros/SoCMetrics.build/DerivedSources-normal/arm64 -Xcc -I/Users/admin/builder/spi-builder-workspace/.derivedData/Build/Intermediates.noindex/swift-soc-metrics.build/Debug-xros/SoCMetrics.build/DerivedSources/arm64 -Xcc -I/Users/admin/builder/spi-builder-workspace/.derivedData/Build/Intermediates.noindex/swift-soc-metrics.build/Debug-xros/SoCMetrics.build/DerivedSources -Xcc -DSWIFT_PACKAGE -Xcc -DDEBUG\=1 -module-name SoCMetrics -package-name spi_builder_workspace -frontend-parseable-output -disable-clang-spi -target-sdk-version 2.4 -target-sdk-name xros2.4 -external-plugin-path /Applications/Xcode-16.3.0.app/Contents/Developer/Platforms/XROS.platform/Developer/usr/lib/swift/host/plugins\#/Applications/Xcode-16.3.0.app/Contents/Developer/Platforms/XROS.platform/Developer/usr/bin/swift-plugin-server -external-plugin-path /Applications/Xcode-16.3.0.app/Contents/Developer/Platforms/XROS.platform/Developer/usr/local/lib/swift/host/plugins\#/Applications/Xcode-16.3.0.app/Contents/Developer/Platforms/XROS.platform/Developer/usr/bin/swift-plugin-server -in-process-plugin-server-path /Applications/Xcode-16.3.0.app/Contents/Developer/Toolchains/XcodeDefault.xctoolchain/usr/lib/swift/host/libSwiftInProcPluginServer.dylib -plugin-path /Applications/Xcode-16.3.0.app/Contents/Developer/Toolchains/XcodeDefault.xctoolchain/usr/lib/swift/host/plugins -plugin-path /Applications/Xcode-16.3.0.app/Contents/Developer/Toolchains/XcodeDefault.xctoolchain/usr/local/lib/swift/host/plugins -emit-module-doc-path /Users/admin/builder/spi-builder-workspace/.derivedData/Build/Intermediates.noindex/swift-soc-metrics.build/Debug-xros/SoCMetrics.build/Objects-normal/arm64/SoCMetrics.swiftdoc -emit-module-source-info-path /Users/admin/builder/spi-builder-workspace/.derivedData/Build/Intermediates.noindex/swift-soc-metrics.build/Debug-xros/SoCMetrics.build/Objects-normal/arm64/SoCMetrics.swiftsourceinfo -emit-objc-header-path /Users/admin/builder/spi-builder-workspace/.derivedData/Build/Intermediates.noindex/swift-soc-metrics.build/Debug-xros/SoCMetrics.build/Objects-normal/arm64/SoCMetrics-Swift.h -serialize-diagnostics-path /Users/admin/builder/spi-builder-workspace/.derivedData/Build/Intermediates.noindex/swift-soc-metrics.build/Debug-xros/SoCMetrics.build/Objects-normal/arm64/SoCMetrics-master-emit-module.dia -emit-dependencies-path /Users/admin/builder/spi-builder-workspace/.derivedData/Build/Intermediates.noindex/swift-soc-metrics.build/Debug-xros/SoCMetrics.build/Objects-normal/arm64/SoCMetrics-master-emit-module.d -o /Users/admin/builder/spi-builder-workspace/.derivedData/Build/Intermediates.noindex/swift-soc-metrics.build/Debug-xros/SoCMetrics.build/Objects-normal/arm64/SoCMetrics.swiftmodule -emit-abi-descriptor-path /Users/admin/builder/spi-builder-workspace/.derivedData/Build/Intermediates.noindex/swift-soc-metrics.build/Debug-xros/SoCMetrics.build/Objects-normal/arm64/SoCMetrics.abi.json
SwiftCompile normal arm64 Compiling\ SMC.swift /Users/admin/builder/spi-builder-workspace/Sources/SoCMetrics/SMC.swift (in target 'SoCMetrics' from project 'swift-soc-metrics')
SwiftCompile normal arm64 /Users/admin/builder/spi-builder-workspace/Sources/SoCMetrics/SMC.swift (in target 'SoCMetrics' from project 'swift-soc-metrics')
    cd /Users/admin/builder/spi-builder-workspace/.swiftpm/xcode

SwiftCompile normal arm64 Compiling\ SoCMetrics.swift /Users/admin/builder/spi-builder-workspace/Sources/SoCMetrics/SoCMetrics.swift (in target 'SoCMetrics' from project 'swift-soc-metrics')
SwiftCompile normal arm64 /Users/admin/builder/spi-builder-workspace/Sources/SoCMetrics/SoCMetrics.swift (in target 'SoCMetrics' from project 'swift-soc-metrics')
    cd /Users/admin/builder/spi-builder-workspace/.swiftpm/xcode

** BUILD FAILED **
The following build commands failed:
	EmitSwiftModule normal arm64 (in target 'SoCMetrics' from project 'swift-soc-metrics')
	SwiftEmitModule normal arm64 Emitting\ module\ for\ SoCMetrics (in target 'SoCMetrics' from project 'swift-soc-metrics')
	Building workspace spi-builder-workspace with scheme swift-soc-metrics-Package
(3 failures)
Command line invocation:
    /Applications/Xcode-16.3.0.app/Contents/Developer/usr/bin/xcodebuild -IDEClonedSourcePackagesDirPathOverride=/Users/admin/builder/spi-builder-workspace/.dependencies -resolvePackageDependencies
Resolve Package Graph
Resolved source packages:
  swift-soc-metrics: /Users/admin/builder/spi-builder-workspace
resolved source packages: swift-soc-metrics
{
  "dependencies" : [
  ],
  "manifest_display_name" : "swift-soc-metrics",
  "name" : "swift-soc-metrics",
  "path" : "/Users/admin/builder/spi-builder-workspace",
  "platforms" : [
    {
      "name" : "macos",
      "version" : "13.0"
    }
  ],
  "products" : [
    {
      "name" : "SoCMetrics",
      "targets" : [
        "SoCMetrics"
      ],
      "type" : {
        "library" : [
          "automatic"
        ]
      }
    },
    {
      "name" : "asmetrics",
      "targets" : [
        "asmetrics"
      ],
      "type" : {
        "executable" : null
      }
    }
  ],
  "targets" : [
    {
      "c99name" : "asmetrics",
      "module_type" : "SwiftTarget",
      "name" : "asmetrics",
      "path" : "Sources/asmetrics",
      "product_memberships" : [
        "asmetrics"
      ],
      "sources" : [
        "main.swift"
      ],
      "target_dependencies" : [
        "SoCMetrics"
      ],
      "type" : "executable"
    },
    {
      "c99name" : "SoCMetricsTests",
      "module_type" : "SwiftTarget",
      "name" : "SoCMetricsTests",
      "path" : "Tests/SoCMetricsTests",
      "sources" : [
        "SoCMetricsTests.swift"
      ],
      "target_dependencies" : [
        "SoCMetrics"
      ],
      "type" : "test"
    },
    {
      "c99name" : "SoCMetrics",
      "module_type" : "SwiftTarget",
      "name" : "SoCMetrics",
      "path" : "Sources/SoCMetrics",
      "product_memberships" : [
        "SoCMetrics",
        "asmetrics"
      ],
      "sources" : [
        "SMC.swift",
        "SoCMetrics.swift"
      ],
      "target_dependencies" : [
        "CIOReport"
      ],
      "type" : "library"
    },
    {
      "c99name" : "CIOReport",
      "module_type" : "SystemLibraryTarget",
      "name" : "CIOReport",
      "path" : "Sources/CIOReport",
      "product_memberships" : [
        "SoCMetrics",
        "asmetrics"
      ],
      "sources" : [
      ],
      "type" : "system-target"
    }
  ],
  "tools_version" : "6.0"
}
{
  "workspace" : {
    "name" : "spi-builder-workspace",
    "schemes" : [
      "asmetrics",
      "SoCMetrics",
      "swift-soc-metrics-Package"
    ]
  }
}
{
  "workspace" : {
    "name" : "spi-builder-workspace",
    "schemes" : [
      "asmetrics",
      "SoCMetrics",
      "swift-soc-metrics-Package"
    ]
  }
}
Running build ...
env DEVELOPER_DIR=/Applications/Xcode-16.3.0.app xcrun xcodebuild -IDEClonedSourcePackagesDirPathOverride=$PWD/.dependencies -skipMacroValidation -skipPackagePluginValidation -derivedDataPath $PWD/.derivedData build -scheme swift-soc-metrics-Package -destination generic/platform=xrOS
Command line invocation:
    /Applications/Xcode-16.3.0.app/Contents/Developer/usr/bin/xcodebuild -IDEClonedSourcePackagesDirPathOverride=/Users/admin/builder/spi-builder-workspace/.dependencies -skipMacroValidation -skipPackagePluginValidation -derivedDataPath /Users/admin/builder/spi-builder-workspace/.derivedData build -scheme swift-soc-metrics-Package -destination generic/platform=xrOS
Resolve Package Graph
Resolved source packages:
  swift-soc-metrics: /Users/admin/builder/spi-builder-workspace
ComputePackagePrebuildTargetDependencyGraph
Prepare packages
CreateBuildRequest
SendProjectDescription
CreateBuildOperation
ComputeTargetDependencyGraph
note: Building targets in dependency order
note: Target dependency graph (4 targets)
    Target 'asmetrics' in project 'swift-soc-metrics'
        ➜ Explicit dependency on target 'CIOReport' in project 'swift-soc-metrics'
        ➜ Explicit dependency on target 'SoCMetrics' in project 'swift-soc-metrics'
    Target 'SoCMetrics' in project 'swift-soc-metrics'
        ➜ Explicit dependency on target 'SoCMetrics' in project 'swift-soc-metrics'
    Target 'SoCMetrics' in project 'swift-soc-metrics'
        ➜ Explicit dependency on target 'CIOReport' in project 'swift-soc-metrics'
    Target 'CIOReport' in project 'swift-soc-metrics' (no dependencies)
GatherProvisioningInputs
CreateBuildDescription
ExecuteExternalTool /Applications/Xcode-16.3.0.app/Contents/Developer/Toolchains/XcodeDefault.xctoolchain/usr/bin/clang -v -E -dM -isysroot /Applications/Xcode-16.3.0.app/Contents/Developer/Platforms/XROS.platform/Developer/SDKs/XROS2.4.sdk -x c -c /dev/null
ExecuteExternalTool /Applications/Xcode-16.3.0.app/Contents/Developer/Toolchains/XcodeDefault.xctoolchain/usr/bin/swiftc --version
ExecuteExternalTool /Applications/Xcode-16.3.0.app/Contents/Developer/Toolchains/XcodeDefault.xctoolchain/usr/bin/ld -version_details
Build description signature: c650723ab60d6457562e667a106fc478
Build description path: /Users/admin/builder/spi-builder-workspace/.derivedData/Build/Intermediates.noindex/XCBuildData/c650723ab60d6457562e667a106fc478.xcbuilddata
ClangStatCache /Applications/Xcode-16.3.0.app/Contents/Developer/Toolchains/XcodeDefault.xctoolchain/usr/bin/clang-stat-cache /Applications/Xcode-16.3.0.app/Contents/Developer/Platforms/XROS.platform/Developer/SDKs/XROS2.4.sdk /Users/admin/builder/spi-builder-workspace/.derivedData/SDKStatCaches.noindex/xros2.4-22O233-407b76dbb837030756cbe1ab3f0b01b6.sdkstatcache
    cd /Users/admin/builder/spi-builder-workspace/.swiftpm/xcode
    /Applications/Xcode-16.3.0.app/Contents/Developer/Toolchains/XcodeDefault.xctoolchain/usr/bin/clang-stat-cache /Applications/Xcode-16.3.0.app/Contents/Developer/Platforms/XROS.platform/Developer/SDKs/XROS2.4.sdk -o /Users/admin/builder/spi-builder-workspace/.derivedData/SDKStatCaches.noindex/xros2.4-22O233-407b76dbb837030756cbe1ab3f0b01b6.sdkstatcache
SwiftDriver SoCMetrics normal arm64 com.apple.xcode.tools.swift.compiler (in target 'SoCMetrics' from project 'swift-soc-metrics')
    cd /Users/admin/builder/spi-builder-workspace/.swiftpm/xcode
    builtin-SwiftDriver -- /Applications/Xcode-16.3.0.app/Contents/Developer/Toolchains/XcodeDefault.xctoolchain/usr/bin/swiftc -module-name SoCMetrics -Onone -enforce-exclusivity\=checked @/Users/admin/builder/spi-builder-workspace/.derivedData/Build/Intermediates.noindex/swift-soc-metrics.build/Debug-xros/SoCMetrics.build/Objects-normal/arm64/SoCMetrics.SwiftFileList -DSWIFT_PACKAGE -DDEBUG -Xcc -fmodule-map-file\=/Users/admin/builder/spi-builder-workspace/Sources/CIOReport/module.modulemap -DXcode -plugin-path /Applications/Xcode-16.3.0.app/Contents/Developer/Toolchains/XcodeDefault.xctoolchain/usr/lib/swift/host/plugins/testing -enable-experimental-feature DebugDescriptionMacro -sdk /Applications/Xcode-16.3.0.app/Contents/Developer/Platforms/XROS.platform/Developer/SDKs/XROS2.4.sdk -target arm64-apple-xros1.0 -g -module-cache-path /Users/admin/builder/spi-builder-workspace/.derivedData/ModuleCache.noindex -Xfrontend -serialize-debugging-options -profile-coverage-mapping -profile-generate -enable-testing -index-store-path /Users/admin/builder/spi-builder-workspace/.derivedData/Index.noindex/DataStore -swift-version 6 -I /Users/admin/builder/spi-builder-workspace/.derivedData/Build/Products/Debug-xros -I /Applications/Xcode-16.3.0.app/Contents/Developer/Platforms/XROS.platform/Developer/usr/lib -F /Users/admin/builder/spi-builder-workspace/.derivedData/Build/Products/Debug-xros -F /Applications/Xcode-16.3.0.app/Contents/Developer/Platforms/XROS.platform/Developer/Library/Frameworks -F /Applications/Xcode-16.3.0.app/Contents/Developer/Platforms/XROS.platform/Developer/SDKs/XROS2.4.sdk/Developer/Library/Frameworks -c -j10 -enable-batch-mode -incremental -Xcc -ivfsstatcache -Xcc /Users/admin/builder/spi-builder-workspace/.derivedData/SDKStatCaches.noindex/xros2.4-22O233-407b76dbb837030756cbe1ab3f0b01b6.sdkstatcache -output-file-map /Users/admin/builder/spi-builder-workspace/.derivedData/Build/Intermediates.noindex/swift-soc-metrics.build/Debug-xros/SoCMetrics.build/Objects-normal/arm64/SoCMetrics-OutputFileMap.json -use-frontend-parseable-output -save-temps -no-color-diagnostics -serialize-diagnostics -emit-dependencies -emit-module -emit-module-path /Users/admin/builder/spi-builder-workspace/.derivedData/Build/Intermediates.noindex/swift-soc-metrics.build/Debug-xros/SoCMetrics.build/Objects-normal/arm64/SoCMetrics.swiftmodule -validate-clang-modules-once -clang-build-session-file /Users/admin/builder/spi-builder-workspace/.derivedData/ModuleCache.noindex/Session.modulevalidation -package-name spi_builder_workspace -Xcc -I/Users/admin/builder/spi-builder-workspace/.derivedData/Build/Intermediates.noindex/swift-soc-metrics.build/Debug-xros/SoCMetrics.build/swift-overrides.hmap -emit-const-values -Xfrontend -const-gather-protocols-file -Xfrontend /Users/admin/builder/spi-builder-workspace/.derivedData/Build/Intermediates.noindex/swift-soc-metrics.build/Debug-xros/SoCMetrics.build/Objects-normal/arm64/SoCMetrics_const_extract_protocols.json -Xcc -I/Users/admin/builder/spi-builder-workspace/.derivedData/Build/Products/Debug-xros/include -Xcc -I/Users/admin/builder/spi-builder-workspace/.derivedData/Build/Intermediates.noindex/swift-soc-metrics.build/Debug-xros/SoCMetrics.build/DerivedSources-normal/arm64 -Xcc -I/Users/admin/builder/spi-builder-workspace/.derivedData/Build/Intermediates.noindex/swift-soc-metrics.build/Debug-xros/SoCMetrics.build/DerivedSources/arm64 -Xcc -I/Users/admin/builder/spi-builder-workspace/.derivedData/Build/Intermediates.noindex/swift-soc-metrics.build/Debug-xros/SoCMetrics.build/DerivedSources -Xcc -DSWIFT_PACKAGE -Xcc -DDEBUG\=1 -emit-objc-header -emit-objc-header-path /Users/admin/builder/spi-builder-workspace/.derivedData/Build/Intermediates.noindex/swift-soc-metrics.build/Debug-xros/SoCMetrics.build/Objects-normal/arm64/SoCMetrics-Swift.h -working-directory /Users/admin/builder/spi-builder-workspace/.swiftpm/xcode -experimental-emit-module-separately -disable-cmo
SwiftEmitModule normal arm64 Emitting\ module\ for\ SoCMetrics (in target 'SoCMetrics' from project 'swift-soc-metrics')
EmitSwiftModule normal arm64 (in target 'SoCMetrics' from project 'swift-soc-metrics')
    cd /Users/admin/builder/spi-builder-workspace/.swiftpm/xcode

/Users/admin/builder/spi-builder-workspace/Sources/SoCMetrics/SMC.swift:3:8: error: no such module 'IOKit'
import IOKit
       ^
Failed frontend command:
/Applications/Xcode-16.3.0.app/Contents/Developer/Toolchains/XcodeDefault.xctoolchain/usr/bin/swift-frontend -frontend -emit-module -experimental-skip-non-inlinable-function-bodies-without-types /Users/admin/builder/spi-builder-workspace/Sources/SoCMetrics/SMC.swift /Users/admin/builder/spi-builder-workspace/Sources/SoCMetrics/SoCMetrics.swift -target arm64-apple-xros1.0 -Xllvm -aarch64-use-tbi -enable-objc-interop -stack-check -sdk /Applications/Xcode-16.3.0.app/Contents/Developer/Platforms/XROS.platform/Developer/SDKs/XROS2.4.sdk -I /Users/admin/builder/spi-builder-workspace/.derivedData/Build/Products/Debug-xros -I /Applications/Xcode-16.3.0.app/Contents/Developer/Platforms/XROS.platform/Developer/usr/lib -F /Users/admin/builder/spi-builder-workspace/.derivedData/Build/Products/Debug-xros -F /Applications/Xcode-16.3.0.app/Contents/Developer/Platforms/XROS.platform/Developer/Library/Frameworks -F /Applications/Xcode-16.3.0.app/Contents/Developer/Platforms/XROS.platform/Developer/SDKs/XROS2.4.sdk/Developer/Library/Frameworks -no-color-diagnostics -enable-testing -g -debug-info-format\=dwarf -dwarf-version\=4 -module-cache-path /Users/admin/builder/spi-builder-workspace/.derivedData/ModuleCache.noindex -profile-generate -profile-coverage-mapping -swift-version 6 -enforce-exclusivity\=checked -Onone -D SWIFT_PACKAGE -D DEBUG -D Xcode -serialize-debugging-options -const-gather-protocols-file /Users/admin/builder/spi-builder-workspace/.derivedData/Build/Intermediates.noindex/swift-soc-metrics.build/Debug-xros/SoCMetrics.build/Objects-normal/arm64/SoCMetrics_const_extract_protocols.json -enable-experimental-feature DebugDescriptionMacro -empty-abi-descriptor -plugin-path /Applications/Xcode-16.3.0.app/Contents/Developer/Toolchains/XcodeDefault.xctoolchain/usr/lib/swift/host/plugins/testing -validate-clang-modules-once -clang-build-session-file /Users/admin/builder/spi-builder-workspace/.derivedData/ModuleCache.noindex/Session.modulevalidation -Xcc -working-directory -Xcc /Users/admin/builder/spi-builder-workspace/.swiftpm/xcode -resource-dir /Applications/Xcode-16.3.0.app/Contents/Developer/Toolchains/XcodeDefault.xctoolchain/usr/lib/swift -enable-anonymous-context-mangled-names -file-compilation-dir /Users/admin/builder/spi-builder-workspace/.swiftpm/xcode -Xcc -fmodule-map-file\=/Users/admin/builder/spi-builder-workspace/Sources/CIOReport/module.modulemap -Xcc -ivfsstatcache -Xcc /Users/admin/builder/spi-builder-workspace/.derivedData/SDKStatCaches.noindex/xros2.4-22O233-407b76dbb837030756cbe1ab3f0b01b6.sdkstatcache -Xcc -I/Users/admin/builder/spi-builder-workspace/.derivedData/Build/Intermediates.noindex/swift-soc-metrics.build/Debug-xros/SoCMetrics.build/swift-overrides.hmap -Xcc -I/Users/admin/builder/spi-builder-workspace/.derivedData/Build/Products/Debug-xros/include -Xcc -I/Users/admin/builder/spi-builder-workspace/.derivedData/Build/Intermediates.noindex/swift-soc-metrics.build/Debug-xros/SoCMetrics.build/DerivedSources-normal/arm64 -Xcc -I/Users/admin/builder/spi-builder-workspace/.derivedData/Build/Intermediates.noindex/swift-soc-metrics.build/Debug-xros/SoCMetrics.build/DerivedSources/arm64 -Xcc -I/Users/admin/builder/spi-builder-workspace/.derivedData/Build/Intermediates.noindex/swift-soc-metrics.build/Debug-xros/SoCMetrics.build/DerivedSources -Xcc -DSWIFT_PACKAGE -Xcc -DDEBUG\=1 -module-name SoCMetrics -package-name spi_builder_workspace -frontend-parseable-output -disable-clang-spi -target-sdk-version 2.4 -target-sdk-name xros2.4 -external-plugin-path /Applications/Xcode-16.3.0.app/Contents/Developer/Platforms/XROS.platform/Developer/usr/lib/swift/host/plugins\#/Applications/Xcode-16.3.0.app/Contents/Developer/Platforms/XROS.platform/Developer/usr/bin/swift-plugin-server -external-plugin-path /Applications/Xcode-16.3.0.app/Contents/Developer/Platforms/XROS.platform/Developer/usr/local/lib/swift/host/plugins\#/Applications/Xcode-16.3.0.app/Contents/Developer/Platforms/XROS.platform/Developer/usr/bin/swift-plugin-server -in-process-plugin-server-path /Applications/Xcode-16.3.0.app/Contents/Developer/Toolchains/XcodeDefault.xctoolchain/usr/lib/swift/host/libSwiftInProcPluginServer.dylib -plugin-path /Applications/Xcode-16.3.0.app/Contents/Developer/Toolchains/XcodeDefault.xctoolchain/usr/lib/swift/host/plugins -plugin-path /Applications/Xcode-16.3.0.app/Contents/Developer/Toolchains/XcodeDefault.xctoolchain/usr/local/lib/swift/host/plugins -emit-module-doc-path /Users/admin/builder/spi-builder-workspace/.derivedData/Build/Intermediates.noindex/swift-soc-metrics.build/Debug-xros/SoCMetrics.build/Objects-normal/arm64/SoCMetrics.swiftdoc -emit-module-source-info-path /Users/admin/builder/spi-builder-workspace/.derivedData/Build/Intermediates.noindex/swift-soc-metrics.build/Debug-xros/SoCMetrics.build/Objects-normal/arm64/SoCMetrics.swiftsourceinfo -emit-objc-header-path /Users/admin/builder/spi-builder-workspace/.derivedData/Build/Intermediates.noindex/swift-soc-metrics.build/Debug-xros/SoCMetrics.build/Objects-normal/arm64/SoCMetrics-Swift.h -serialize-diagnostics-path /Users/admin/builder/spi-builder-workspace/.derivedData/Build/Intermediates.noindex/swift-soc-metrics.build/Debug-xros/SoCMetrics.build/Objects-normal/arm64/SoCMetrics-master-emit-module.dia -emit-dependencies-path /Users/admin/builder/spi-builder-workspace/.derivedData/Build/Intermediates.noindex/swift-soc-metrics.build/Debug-xros/SoCMetrics.build/Objects-normal/arm64/SoCMetrics-master-emit-module.d -o /Users/admin/builder/spi-builder-workspace/.derivedData/Build/Intermediates.noindex/swift-soc-metrics.build/Debug-xros/SoCMetrics.build/Objects-normal/arm64/SoCMetrics.swiftmodule -emit-abi-descriptor-path /Users/admin/builder/spi-builder-workspace/.derivedData/Build/Intermediates.noindex/swift-soc-metrics.build/Debug-xros/SoCMetrics.build/Objects-normal/arm64/SoCMetrics.abi.json
SwiftCompile normal arm64 Compiling\ SoCMetrics.swift /Users/admin/builder/spi-builder-workspace/Sources/SoCMetrics/SoCMetrics.swift (in target 'SoCMetrics' from project 'swift-soc-metrics')
SwiftCompile normal arm64 /Users/admin/builder/spi-builder-workspace/Sources/SoCMetrics/SoCMetrics.swift (in target 'SoCMetrics' from project 'swift-soc-metrics')
    cd /Users/admin/builder/spi-builder-workspace/.swiftpm/xcode

SwiftCompile normal arm64 Compiling\ SMC.swift /Users/admin/builder/spi-builder-workspace/Sources/SoCMetrics/SMC.swift (in target 'SoCMetrics' from project 'swift-soc-metrics')
SwiftCompile normal arm64 /Users/admin/builder/spi-builder-workspace/Sources/SoCMetrics/SMC.swift (in target 'SoCMetrics' from project 'swift-soc-metrics')
    cd /Users/admin/builder/spi-builder-workspace/.swiftpm/xcode

** BUILD FAILED **
The following build commands failed:
	EmitSwiftModule normal arm64 (in target 'SoCMetrics' from project 'swift-soc-metrics')
	SwiftEmitModule normal arm64 Emitting\ module\ for\ SoCMetrics (in target 'SoCMetrics' from project 'swift-soc-metrics')
	Building workspace spi-builder-workspace with scheme swift-soc-metrics-Package
(3 failures)
BUILD FAILURE 6.1 visionOS