Build Information
Failed to build JSON, reference v2.0.0 (05c5b7), with Swift 6.1 for Wasm on 13 Jul 2026 06:43:51 UTC.
Build Command
bash -c docker run --pull=always --rm -v "checkouts-53886769-0":/host -w "$PWD" -e JAVA_HOME="/root/.sdkman/candidates/java/current" -e SPI_BUILD="1" -e SPI_PROCESSING="1" registry.gitlab.com/saguaro1/spi-images:wasm-6.1-latest swift build --swift-sdk wasm32-unknown-wasi 2>&1Build Log
========================================
RunAll
========================================
Builder version: 0e64495ecc1688c3b3e031a5ef1348b5c05091ae
Interrupt handler set up.
========================================
Checkout
========================================
Clone URL: https://github.com/shareup/json-apple.git
Reference: v2.0.0
Initialized empty Git repository in /host/spi-builder-workspace/.git/
hint: Using 'master' as the name for the initial branch. This default branch name
hint: is subject to change. To configure the initial branch name to use in all
hint: of your new repositories, which will suppress this warning, call:
hint:
hint: git config --global init.defaultBranch <name>
hint:
hint: Names commonly chosen instead of 'master' are 'main', 'trunk' and
hint: 'development'. The just-created branch can be renamed via this command:
hint:
hint: git branch -m <name>
From https://github.com/shareup/json-apple
* tag v2.0.0 -> FETCH_HEAD
HEAD is now at 05c5b78 Store nil JSON assignments as null (#10)
Cloned https://github.com/shareup/json-apple.git
Revision (git rev-parse @):
05c5b7837c7a56d957889c6c02b509e408120631
SUCCESS checkout https://github.com/shareup/json-apple.git at v2.0.0
========================================
Build
========================================
Selected platform: wasm
Swift version: 6.1
Building package at path: $PWD
https://github.com/shareup/json-apple.git
https://github.com/shareup/json-apple.git
WARNING: environment variable SUPPRESS_SWIFT_6_FLAGS is not set
Running build ...
bash -c docker run --pull=always --rm -v "checkouts-53886769-0":/host -w "$PWD" -e JAVA_HOME="/root/.sdkman/candidates/java/current" -e SPI_BUILD="1" -e SPI_PROCESSING="1" registry.gitlab.com/saguaro1/spi-images:wasm-6.1-latest swift build --swift-sdk wasm32-unknown-wasi -Xswiftc -Xfrontend -Xswiftc -stats-output-dir -Xswiftc -Xfrontend -Xswiftc .stats -Xswiftc -strict-concurrency=complete -Xswiftc -enable-upcoming-feature -Xswiftc StrictConcurrency -Xswiftc -enable-upcoming-feature -Xswiftc DisableOutwardActorInference -Xswiftc -enable-upcoming-feature -Xswiftc GlobalActorIsolatedTypesUsability -Xswiftc -enable-upcoming-feature -Xswiftc InferSendableFromCaptures 2>&1
wasm-6.1-latest: Pulling from saguaro1/spi-images
Digest: sha256:1ad245dad3d2ae0004e1afbc92334bd39884ed9ca587cf04d0a8d5f640fb02e9
Status: Image is up to date for registry.gitlab.com/saguaro1/spi-images:wasm-6.1-latest
Building for debugging...
[0/2] Write sources
[1/2] Write swift-version-24593BA9C3E375BF.txt
[3/5] Emitting module JSON
[4/5] Compiling JSON JSON.swift
/host/spi-builder-workspace/Sources/JSON/JSON.swift:685:9: error: cannot find 'CFBooleanGetTypeID' in scope
683 | private extension NSNumber {
684 | var isBool: Bool {
685 | CFBooleanGetTypeID() == CFGetTypeID(self)
| `- error: cannot find 'CFBooleanGetTypeID' in scope
686 | }
687 | }
/host/spi-builder-workspace/Sources/JSON/JSON.swift:685:33: error: cannot find 'CFGetTypeID' in scope
683 | private extension NSNumber {
684 | var isBool: Bool {
685 | CFBooleanGetTypeID() == CFGetTypeID(self)
| `- error: cannot find 'CFGetTypeID' in scope
686 | }
687 | }
[5/5] Compiling JSON Dictionary+JSON.swift
/host/spi-builder-workspace/Sources/JSON/Dictionary+JSON.swift:73:9: error: cannot find 'CFBooleanGetTypeID' in scope
71 | private extension NSNumber {
72 | var isBool: Bool {
73 | CFBooleanGetTypeID() == CFGetTypeID(self)
| `- error: cannot find 'CFBooleanGetTypeID' in scope
74 | }
75 | }
/host/spi-builder-workspace/Sources/JSON/Dictionary+JSON.swift:73:33: error: cannot find 'CFGetTypeID' in scope
71 | private extension NSNumber {
72 | var isBool: Bool {
73 | CFBooleanGetTypeID() == CFGetTypeID(self)
| `- error: cannot find 'CFGetTypeID' in scope
74 | }
75 | }
Running build ...
bash -c docker run --pull=always --rm -v "checkouts-53886769-0":/host -w "$PWD" -e JAVA_HOME="/root/.sdkman/candidates/java/current" -e SPI_BUILD="1" -e SPI_PROCESSING="1" registry.gitlab.com/saguaro1/spi-images:wasm-6.1-latest swift build --swift-sdk wasm32-unknown-wasi 2>&1
wasm-6.1-latest: Pulling from saguaro1/spi-images
Digest: sha256:1ad245dad3d2ae0004e1afbc92334bd39884ed9ca587cf04d0a8d5f640fb02e9
Status: Image is up to date for registry.gitlab.com/saguaro1/spi-images:wasm-6.1-latest
[0/1] Planning build
Building for debugging...
[0/1] Write swift-version-24593BA9C3E375BF.txt
[2/4] Emitting module JSON
[3/4] Compiling JSON Dictionary+JSON.swift
/host/spi-builder-workspace/Sources/JSON/Dictionary+JSON.swift:73:9: error: cannot find 'CFBooleanGetTypeID' in scope
71 | private extension NSNumber {
72 | var isBool: Bool {
73 | CFBooleanGetTypeID() == CFGetTypeID(self)
| `- error: cannot find 'CFBooleanGetTypeID' in scope
74 | }
75 | }
/host/spi-builder-workspace/Sources/JSON/Dictionary+JSON.swift:73:33: error: cannot find 'CFGetTypeID' in scope
71 | private extension NSNumber {
72 | var isBool: Bool {
73 | CFBooleanGetTypeID() == CFGetTypeID(self)
| `- error: cannot find 'CFGetTypeID' in scope
74 | }
75 | }
[4/4] Compiling JSON JSON.swift
/host/spi-builder-workspace/Sources/JSON/JSON.swift:685:9: error: cannot find 'CFBooleanGetTypeID' in scope
683 | private extension NSNumber {
684 | var isBool: Bool {
685 | CFBooleanGetTypeID() == CFGetTypeID(self)
| `- error: cannot find 'CFBooleanGetTypeID' in scope
686 | }
687 | }
/host/spi-builder-workspace/Sources/JSON/JSON.swift:685:33: error: cannot find 'CFGetTypeID' in scope
683 | private extension NSNumber {
684 | var isBool: Bool {
685 | CFBooleanGetTypeID() == CFGetTypeID(self)
| `- error: cannot find 'CFGetTypeID' in scope
686 | }
687 | }
BUILD FAILURE 6.1 wasm