The Swift Package Index logo.Swift Package Index

Build Information

Failed to build GoogleCloudMigrationCenterV1, reference 0.5.0 (c33f08), with Swift 6.2 for Android on 11 Oct 2026 18:24:15 UTC.

Build Command

bash -c docker run --pull=always --rm -v "checkouts-54344847-0":/host -w "$PWD" -e JAVA_HOME="/root/.sdkman/candidates/java/current" -e SPI_BUILD="1" -e SPI_PROCESSING="1" registry.gitlab.com/saguaro1/spi-images:android-6.2-latest swift build --swift-sdk aarch64-unknown-linux-android28 2>&1

Build Log

========================================
RunAll
========================================
Builder version: 5.1.1
Interrupt handler set up.
========================================
Checkout
========================================
Clone URL: https://github.com/googleapis/swift-google-cloud-migrationcenter-v1.git
Reference: 0.5.0
Initialized empty Git repository in /host/spi-builder-workspace/.git/
hint: Using 'master' as the name for the initial branch. This default branch name
hint: is subject to change. To configure the initial branch name to use in all
hint: of your new repositories, which will suppress this warning, call:
hint:
hint: 	git config --global init.defaultBranch <name>
hint:
hint: Names commonly chosen instead of 'master' are 'main', 'trunk' and
hint: 'development'. The just-created branch can be renamed via this command:
hint:
hint: 	git branch -m <name>
From https://github.com/googleapis/swift-google-cloud-migrationcenter-v1
 * tag               0.5.0      -> FETCH_HEAD
HEAD is now at c33f085 chore: release circa 2026-10-07 (#1382)
Cloned https://github.com/googleapis/swift-google-cloud-migrationcenter-v1.git
Revision (git rev-parse @):
c33f085566dbe1de14dca564d02926ca49b09bf6
SPI manifest file found: $PWD/.spi.yml
SUCCESS checkout https://github.com/googleapis/swift-google-cloud-migrationcenter-v1.git at 0.5.0
========================================
Build
========================================
Selected platform:         android
Swift version:             6.2
Building package at path:  $PWD
https://github.com/googleapis/swift-google-cloud-migrationcenter-v1.git
Running build ...
bash -c docker run --pull=always --rm -v "checkouts-54344847-0":/host -w "$PWD" -e JAVA_HOME="/root/.sdkman/candidates/java/current" -e SPI_BUILD="1" -e SPI_PROCESSING="1" registry.gitlab.com/saguaro1/spi-images:android-6.2-latest swift build --swift-sdk aarch64-unknown-linux-android28 2>&1
android-6.2-latest: Pulling from saguaro1/spi-images
Digest: sha256:a839c9ce201f1dacc8eb056626ec7ab0a1c6d53d7b77c83feda395f4507c51be
Status: Image is up to date for registry.gitlab.com/saguaro1/spi-images:android-6.2-latest
Fetching https://github.com/googleapis/swift-google-rpc
Fetching https://github.com/googleapis/swift-google-wkt
Fetching https://github.com/googleapis/swift-google-gax
Fetching https://github.com/apple/swift-log
Fetching https://github.com/googleapis/swift-google-longrunning
Fetching https://github.com/googleapis/swift-google-type
[1/8257] Fetching swift-log
[2/8694] Fetching swift-log, swift-google-type
[568/10442] Fetching swift-log, swift-google-type, swift-google-gax
Fetched https://github.com/googleapis/swift-google-type from cache (0.38s)
[2705/10005] Fetching swift-log, swift-google-gax
Fetching https://github.com/googleapis/swift-google-auth
[3336/11028] Fetching swift-log, swift-google-gax, swift-google-wkt
Fetched https://github.com/googleapis/swift-google-gax from cache (0.44s)
Fetching https://github.com/googleapis/swift-google-cloud-location
[1/422] Fetching swift-google-rpc
Fetched https://github.com/googleapis/swift-google-rpc from cache (0.50s)
[1/619] Fetching swift-google-longrunning
Fetched https://github.com/googleapis/swift-google-longrunning from cache (0.64s)
Fetched https://github.com/googleapis/swift-google-wkt from cache (0.64s)
Fetched https://github.com/apple/swift-log from cache (0.64s)
[1/1023] Fetching swift-google-auth
Fetched https://github.com/googleapis/swift-google-auth from cache (0.42s)
[1/552] Fetching swift-google-cloud-location
Fetched https://github.com/googleapis/swift-google-cloud-location from cache (0.46s)
Computing version for https://github.com/googleapis/swift-google-wkt
Computed https://github.com/googleapis/swift-google-wkt at 0.5.0 (1.06s)
Fetching https://github.com/swift-extras/swift-extras-base64
[1/954] Fetching swift-extras-base64
Fetched https://github.com/swift-extras/swift-extras-base64 from cache (0.39s)
Computing version for https://github.com/googleapis/swift-google-type
Computed https://github.com/googleapis/swift-google-type at 0.5.0 (0.54s)
Computing version for https://github.com/googleapis/swift-google-rpc
Computed https://github.com/googleapis/swift-google-rpc at 0.5.0 (0.15s)
Computing version for https://github.com/googleapis/swift-google-longrunning
Computed https://github.com/googleapis/swift-google-longrunning at 0.5.0 (0.15s)
Computing version for https://github.com/googleapis/swift-google-gax
Computed https://github.com/googleapis/swift-google-gax at 0.5.0 (0.15s)
Fetching https://github.com/swift-server/async-http-client.git
Fetching https://github.com/apple/swift-nio
[1/16464] Fetching async-http-client
[16465/102838] Fetching async-http-client, swift-nio
Fetched https://github.com/swift-server/async-http-client.git from cache (3.17s)
Fetched https://github.com/apple/swift-nio from cache (3.20s)
Computing version for https://github.com/googleapis/swift-google-cloud-location
Computed https://github.com/googleapis/swift-google-cloud-location at 0.5.0 (3.36s)
Computing version for https://github.com/googleapis/swift-google-auth
Computed https://github.com/googleapis/swift-google-auth at 0.5.0 (0.14s)
Fetching https://github.com/apple/swift-system.git
Fetching https://github.com/vapor/jwt-kit.git
[1/7241] Fetching swift-system
[2753/17495] Fetching swift-system, jwt-kit
Fetched https://github.com/apple/swift-system.git from cache (0.88s)
Fetched https://github.com/vapor/jwt-kit.git from cache (0.88s)
Computing version for https://github.com/swift-extras/swift-extras-base64
Computed https://github.com/swift-extras/swift-extras-base64 at 1.2.0 (1.02s)
Computing version for https://github.com/swift-server/async-http-client.git
Computed https://github.com/swift-server/async-http-client.git at 1.36.2 (0.16s)
Fetching https://github.com/apple/swift-nio-http2.git
Fetching https://github.com/apple/swift-atomics.git
Fetching https://github.com/apple/swift-service-context.git
Fetching https://github.com/apple/swift-configuration.git
Fetching https://github.com/apple/swift-algorithms.git
Fetching https://github.com/apple/swift-nio-extras.git
[1/1501] Fetching swift-service-context
[167/5429] Fetching swift-service-context, swift-configuration
[5430/7318] Fetching swift-service-context, swift-configuration, swift-atomics
[5525/13482] Fetching swift-service-context, swift-configuration, swift-atomics, swift-algorithms
[7491/25776] Fetching swift-service-context, swift-configuration, swift-atomics, swift-algorithms, swift-nio-http2
Fetched https://github.com/apple/swift-atomics.git from cache (0.61s)
[6906/23887] Fetching swift-service-context, swift-configuration, swift-algorithms, swift-nio-http2
Fetching https://github.com/apple/swift-nio-transport-services.git
[23888/26754] Fetching swift-service-context, swift-configuration, swift-algorithms, swift-nio-http2, swift-nio-transport-services
Fetched https://github.com/apple/swift-nio-http2.git from cache (1.01s)
Fetching https://github.com/apple/swift-distributed-tracing.git
[11680/14460] Fetching swift-service-context, swift-configuration, swift-algorithms, swift-nio-transport-services
Fetched https://github.com/apple/swift-nio-transport-services.git from cache (0.47s)
Fetching https://github.com/apple/swift-nio-ssl.git
[1/6703] Fetching swift-nio-extras
[270/13254] Fetching swift-nio-extras, swift-distributed-tracing
[7459/30125] Fetching swift-nio-extras, swift-distributed-tracing, swift-nio-ssl
Fetched https://github.com/apple/swift-service-context.git from cache (1.56s)
Fetched https://github.com/apple/swift-configuration.git from cache (1.56s)
Fetched https://github.com/apple/swift-algorithms.git from cache (1.56s)
Fetched https://github.com/apple/swift-nio-extras.git from cache (1.56s)
[7564/23422] Fetching swift-distributed-tracing, swift-nio-ssl
Fetched https://github.com/apple/swift-distributed-tracing.git from cache (0.57s)
[1350/16871] Fetching swift-nio-ssl
Fetched https://github.com/apple/swift-nio-ssl.git from cache (1.15s)
Computing version for https://github.com/apple/swift-service-context.git
Computed https://github.com/apple/swift-service-context.git at 1.3.0 (2.38s)
Computing version for https://github.com/apple/swift-algorithms.git
Computed https://github.com/apple/swift-algorithms.git at 1.2.1 (0.87s)
Fetching https://github.com/apple/swift-numerics.git
[1/6733] Fetching swift-numerics
Fetched https://github.com/apple/swift-numerics.git from cache (0.53s)
Computing version for https://github.com/apple/swift-log
Computed https://github.com/apple/swift-log at 1.16.1 (0.69s)
Computing version for https://github.com/apple/swift-distributed-tracing.git
Computed https://github.com/apple/swift-distributed-tracing.git at 1.5.0 (0.15s)
Computing version for https://github.com/apple/swift-atomics.git
Computed https://github.com/apple/swift-atomics.git at 1.3.1 (0.14s)
Computing version for https://github.com/apple/swift-numerics.git
Computed https://github.com/apple/swift-numerics.git at 1.1.1 (0.13s)
Computing version for https://github.com/apple/swift-nio
Computed https://github.com/apple/swift-nio at 2.104.0 (0.34s)
Fetching https://github.com/apple/swift-collections.git
[1/28703] Fetching swift-collections
Fetched https://github.com/apple/swift-collections.git from cache (1.23s)
Computing version for https://github.com/apple/swift-configuration.git
Computed https://github.com/apple/swift-configuration.git at 1.2.2 (2.03s)
Fetching https://github.com/swift-server/swift-service-lifecycle
[1/2867] Fetching swift-service-lifecycle
Fetched https://github.com/swift-server/swift-service-lifecycle from cache (0.44s)
Computing version for https://github.com/apple/swift-nio-transport-services.git
Computed https://github.com/apple/swift-nio-transport-services.git at 1.28.0 (0.60s)
Computing version for https://github.com/swift-server/swift-service-lifecycle
Computed https://github.com/swift-server/swift-service-lifecycle at 2.12.1 (0.14s)
Fetching https://github.com/apple/swift-async-algorithms.git
[1/6820] Fetching swift-async-algorithms
Fetched https://github.com/apple/swift-async-algorithms.git from cache (0.56s)
Computing version for https://github.com/apple/swift-async-algorithms.git
Computed https://github.com/apple/swift-async-algorithms.git at 1.1.7 (0.76s)
Computing version for https://github.com/apple/swift-collections.git
Computed https://github.com/apple/swift-collections.git at 1.7.2 (0.23s)
Computing version for https://github.com/apple/swift-nio-http2.git
Computed https://github.com/apple/swift-nio-http2.git at 1.46.0 (0.15s)
Computing version for https://github.com/vapor/jwt-kit.git
Computed https://github.com/vapor/jwt-kit.git at 5.7.1 (0.13s)
Fetching https://github.com/apple/swift-crypto.git
Fetching https://github.com/apple/swift-certificates.git
[1/18629] Fetching swift-crypto
[374/26242] Fetching swift-crypto, swift-certificates
Fetched https://github.com/apple/swift-certificates.git from cache (1.22s)
Fetched https://github.com/apple/swift-crypto.git from cache (1.23s)
Computing version for https://github.com/apple/swift-crypto.git
Computed https://github.com/apple/swift-crypto.git at 4.5.2 (1.83s)
Fetching https://github.com/apple/swift-asn1.git
[1/2009] Fetching swift-asn1
Fetched https://github.com/apple/swift-asn1.git from cache (0.42s)
Computing version for https://github.com/apple/swift-asn1.git
Computed https://github.com/apple/swift-asn1.git at 1.7.3 (0.60s)
Computing version for https://github.com/apple/swift-certificates.git
Computed https://github.com/apple/swift-certificates.git at 1.21.0 (0.20s)
Computing version for https://github.com/apple/swift-nio-ssl.git
Computed https://github.com/apple/swift-nio-ssl.git at 2.37.5 (0.18s)
Computing version for https://github.com/apple/swift-system.git
Computed https://github.com/apple/swift-system.git at 1.8.1 (0.18s)
Computing version for https://github.com/apple/swift-nio-extras.git
Computed https://github.com/apple/swift-nio-extras.git at 1.35.1 (0.26s)
Fetching https://github.com/apple/swift-http-types.git
Fetching https://github.com/apple/swift-http-structured-headers.git
[1/1253] Fetching swift-http-structured-headers
[114/3192] Fetching swift-http-structured-headers, swift-http-types
Fetched https://github.com/apple/swift-http-structured-headers.git from cache (0.46s)
Fetched https://github.com/apple/swift-http-types.git from cache (0.46s)
Computing version for https://github.com/apple/swift-http-structured-headers.git
Computed https://github.com/apple/swift-http-structured-headers.git at 1.7.0 (0.61s)
Computing version for https://github.com/apple/swift-http-types.git
Computed https://github.com/apple/swift-http-types.git at 1.8.0 (0.17s)
Creating working copy for https://github.com/googleapis/swift-google-auth
Working copy of https://github.com/googleapis/swift-google-auth resolved at 0.5.0
Creating working copy for https://github.com/swift-server/swift-service-lifecycle
Working copy of https://github.com/swift-server/swift-service-lifecycle resolved at 2.12.1
Creating working copy for https://github.com/apple/swift-nio-ssl.git
Working copy of https://github.com/apple/swift-nio-ssl.git resolved at 2.37.5
Creating working copy for https://github.com/apple/swift-nio-http2.git
Working copy of https://github.com/apple/swift-nio-http2.git resolved at 1.46.0
Creating working copy for https://github.com/apple/swift-collections.git
Working copy of https://github.com/apple/swift-collections.git resolved at 1.7.2
Creating working copy for https://github.com/apple/swift-http-types.git
Working copy of https://github.com/apple/swift-http-types.git resolved at 1.8.0
Creating working copy for https://github.com/apple/swift-distributed-tracing.git
Working copy of https://github.com/apple/swift-distributed-tracing.git resolved at 1.5.0
Creating working copy for https://github.com/swift-server/async-http-client.git
Working copy of https://github.com/swift-server/async-http-client.git resolved at 1.36.2
Creating working copy for https://github.com/googleapis/swift-google-cloud-location
Working copy of https://github.com/googleapis/swift-google-cloud-location resolved at 0.5.0
Creating working copy for https://github.com/googleapis/swift-google-longrunning
Working copy of https://github.com/googleapis/swift-google-longrunning resolved at 0.5.0
Creating working copy for https://github.com/apple/swift-atomics.git
Working copy of https://github.com/apple/swift-atomics.git resolved at 1.3.1
Creating working copy for https://github.com/apple/swift-log
Working copy of https://github.com/apple/swift-log resolved at 1.16.1
Creating working copy for https://github.com/googleapis/swift-google-wkt
Working copy of https://github.com/googleapis/swift-google-wkt resolved at 0.5.0
Creating working copy for https://github.com/apple/swift-async-algorithms.git
Working copy of https://github.com/apple/swift-async-algorithms.git resolved at 1.1.7
Creating working copy for https://github.com/apple/swift-algorithms.git
Working copy of https://github.com/apple/swift-algorithms.git resolved at 1.2.1
Creating working copy for https://github.com/apple/swift-system.git
Working copy of https://github.com/apple/swift-system.git resolved at 1.8.1
Creating working copy for https://github.com/apple/swift-service-context.git
Working copy of https://github.com/apple/swift-service-context.git resolved at 1.3.0
Creating working copy for https://github.com/apple/swift-nio
Working copy of https://github.com/apple/swift-nio resolved at 2.104.0
Creating working copy for https://github.com/googleapis/swift-google-type
Working copy of https://github.com/googleapis/swift-google-type resolved at 0.5.0
Creating working copy for https://github.com/googleapis/swift-google-gax
Working copy of https://github.com/googleapis/swift-google-gax resolved at 0.5.0
Creating working copy for https://github.com/apple/swift-numerics.git
Working copy of https://github.com/apple/swift-numerics.git resolved at 1.1.1
Creating working copy for https://github.com/apple/swift-configuration.git
Working copy of https://github.com/apple/swift-configuration.git resolved at 1.2.2
Creating working copy for https://github.com/apple/swift-crypto.git
Working copy of https://github.com/apple/swift-crypto.git resolved at 4.5.2
Creating working copy for https://github.com/googleapis/swift-google-rpc
Working copy of https://github.com/googleapis/swift-google-rpc resolved at 0.5.0
Creating working copy for https://github.com/apple/swift-nio-transport-services.git
Working copy of https://github.com/apple/swift-nio-transport-services.git resolved at 1.28.0
Creating working copy for https://github.com/swift-extras/swift-extras-base64
Working copy of https://github.com/swift-extras/swift-extras-base64 resolved at 1.2.0
Creating working copy for https://github.com/apple/swift-asn1.git
Working copy of https://github.com/apple/swift-asn1.git resolved at 1.7.3
Creating working copy for https://github.com/apple/swift-certificates.git
Working copy of https://github.com/apple/swift-certificates.git resolved at 1.21.0
Creating working copy for https://github.com/vapor/jwt-kit.git
Working copy of https://github.com/vapor/jwt-kit.git resolved at 5.7.1
Creating working copy for https://github.com/apple/swift-nio-extras.git
Working copy of https://github.com/apple/swift-nio-extras.git resolved at 1.35.1
Creating working copy for https://github.com/apple/swift-http-structured-headers.git
Working copy of https://github.com/apple/swift-http-structured-headers.git resolved at 1.7.0
Building for debugging...
[0/1108] Write sources
[63/1108] Compiling bn-586-linux.S
[63/1108] Compiling armv8-mont-win.S
[63/1108] Write sources
[63/1108] Compiling armv4-mont-linux.S
[63/1108] Write sources
[63/1108] Compiling armv8-mont-apple.S
[63/1108] Compiling ghash-ssse3-x86_64-apple.S
[63/1108] Write sources
[67/1108] Compiling bn-586-apple.S
[103/1108] Compiling _NumericsShims _NumericsShims.c
[104/1108] Compiling armv8-mont-linux.S
[105/1108] Compiling _AtomicsShims.c
[105/1108] Compiling CXKCPShims shims.c
[107/1108] Compiling SimpleFIPS202.c
[108/1108] Compiling KeccakSponge.c
[109/1108] Compiling KeccakHash.c
[110/1108] Compiling CNIOWindows shim.c
[110/1108] Compiling CNIOWASI CNIOWASI.c
[112/1108] Compiling CNIOWindows WSAStartup.c
[113/1108] Write swift-version--11D90AFD9DD3AB2.txt
[114/1108] Compiling CNIOPosix event_loop_id.c
[115/1108] Compiling CNIOLinux liburing_shims.c
[116/1108] Compiling CNIOOpenBSD shim.c
[117/1108] Compiling CSystem shims.c
[118/1108] Compiling CNIOLLHTTP c_nio_http.c
[119/1112] Compiling CNIOLinux shim.c
[120/1173] Compiling CNIOLLHTTP c_nio_llhttp.c
[122/1173] Emitting module ServiceContextModule
[122/1173] Compiling KeccakP-1600-opt64.c
[124/1195] Emitting module Logging
[125/1196] Compiling ServiceContextModule ServiceContextKey.swift
[126/1196] Compiling Logging Locks.swift
[127/1196] Compiling SwiftASN1 ASN1Strings.swift
[128/1198] Compiling Logging MultiplexLogHandler.swift
[129/1198] Compiling Logging StreamLogHandler.swift
[130/1199] Emitting module SwiftASN1
[131/1199] Compiling ServiceContextModule ServiceContext.swift
[132/1200] Compiling RealModule Real.swift
[133/1200] Compiling RealModule RelaxedArithmetic.swift
[134/1200] Compiling SwiftASN1 TimeUtilities.swift
[135/1200] Compiling SwiftASN1 UTCTime.swift
[137/1200] Compiling Logging LogEvent.swift
[138/1200] Compiling Logging LogHandler.swift
[141/1200] Compiling Logging SwiftLogNoOpLogHandler.swift
[144/1200] Emitting module RealModule
[145/1200] Compiling _NIOBase64 Base64.swift
[146/1200] Compiling Logging LoggingSystem.swift
[147/1200] Emitting module _NIOBase64
[148/1201] Emitting module _NIODataStructures
[149/1201] Compiling _NIODataStructures PriorityQueue.swift
[150/1201] Compiling RealModule Float80+Real.swift
[153/1201] Emitting module SystemPackage
[161/1206] Compiling RealModule Float16+Real.swift
[162/1206] Compiling RealModule RealFunctions.swift
[166/1207] Compiling SwiftASN1 ASN1.swift
[167/1207] Compiling SwiftASN1 BER.swift
[168/1207] Compiling SwiftASN1 ASN1Any.swift
[169/1207] Compiling SwiftASN1 ArraySliceBigint.swift
[171/1241] Compiling _CertificateInternals _TinyArray.swift
[172/1241] Emitting module _CertificateInternals
[174/1247] Compiling Instrumentation NoOpInstrument.swift
[175/1247] Compiling _NIODataStructures Heap.swift
[176/1247] Compiling _NIODataStructures _TinyArray.swift
[177/1248] Compiling Logging Logger+Attributes.swift
[179/1248] Emitting module Instrumentation
[179/1248] Wrapping AST for _NIOBase64 for debugging
[181/1248] Compiling Instrumentation MultiplexInstrument.swift
[181/1248] Wrapping AST for _CertificateInternals for debugging
[182/1248] Wrapping AST for _NIODataStructures for debugging
[183/1248] Wrapping AST for ServiceContextModule for debugging
[184/1248] Wrapping AST for RealModule for debugging
[185/1248] Compiling CNIOFreeBSD shim.c
[187/1248] Compiling Logging Logger+With.swift
[188/1248] Compiling Logging Logger.swift
[188/1248] Compiling CNIOExtrasZlib zutil.c
[189/1248] Compiling CNIOLLHTTP c_nio_api.c
[191/1248] Compiling InternalCollectionsUtilities Iterable+CopyContents.swift
[192/1248] Compiling InternalCollectionsUtilities Iterable+Equality.swift
[193/1248] Compiling InternalCollectionsUtilities LifetimeOverride.swift
[194/1248] Compiling InternalCollectionsUtilities MutableRef.swift
[195/1251] Compiling InternalCollectionsUtilities BorrowingIteratorProtocol+Equality.swift
[196/1251] Compiling InternalCollectionsUtilities BorrowingIteratorProtocol+Extras.swift
[197/1251] Compiling InternalCollectionsUtilities Debugging.swift
[198/1251] Compiling InternalCollectionsUtilities Descriptions.swift
[199/1251] Compiling InternalCollectionsUtilities FixedWidthInteger+roundUpToPowerOfTwo.swift
[200/1251] Compiling InternalCollectionsUtilities Integer rank.swift
[201/1251] Compiling InternalCollectionsUtilities UInt+first and last set bit.swift
[202/1251] Compiling InternalCollectionsUtilities UInt+reversed.swift
[202/1251] Compiling CNIOExtrasZlib inftrees.c
[203/1251] Compiling CNIOExtrasZlib trees.c
[205/1251] Compiling InternalCollectionsUtilities MutableSpan+Extras.swift
[206/1251] Compiling InternalCollectionsUtilities OutputSpan+Extras.swift
[207/1251] Compiling InternalCollectionsUtilities UnsafeRawBufferPointer+Extras.swift
[208/1251] Compiling InternalCollectionsUtilities _SortedCollection.swift
[209/1251] Compiling InternalCollectionsUtilities _UniqueCollection.swift
[212/1251] Compiling InternalCollectionsUtilities RandomAccessCollection+Offsets.swift
[213/1251] Compiling InternalCollectionsUtilities Span+Extras.swift
[214/1251] Compiling InternalCollectionsUtilities Strideable+LimitHelpers.swift
[215/1251] Compiling InternalCollectionsUtilities String+Padding.swift
[216/1251] Compiling InternalCollectionsUtilities TemporaryAllocation.swift
[217/1251] Compiling InternalCollectionsUtilities _UnsafeBitSet+Index.swift
[217/1251] Compiling CNIOExtrasZlib inffast.c
[218/1251] Compiling CNIOExtrasZlib inflate.c
[219/1251] Compiling CNIOExtrasZlib crc32.c
[220/1251] Compiling CNIOExtrasZlib deflate.c
[221/1251] Compiling CNIOExtrasZlib adler32.c
[222/1251] Compiling CNIODarwin shim.c
[223/1251] Compiling fiat_p256_adx_sqr.S
[225/1251] Emitting module InternalCollectionsUtilities
[225/1251] Compiling fiat_p256_adx_mul.S
[226/1251] Compiling fiat_curve25519_adx_square.S
[227/1251] Compiling fiat_curve25519_adx_mul.S
[229/1251] Compiling SystemPackage SystemString.swift
[230/1251] Compiling SystemPackage Util+StringArray.swift
[231/1251] Compiling SystemPackage Util.swift
[232/1251] Compiling SystemPackage UtilConsumers.swift
[233/1251] Compiling SystemPackage WinSDK+Overlay.swift
[233/1251] Compiling CNIOBoringSSLShims shims.c
[235/1251] Compiling InternalCollectionsUtilities _UnsafeBitSet+_Word.swift
[236/1251] Compiling InternalCollectionsUtilities _UnsafeBitSet.swift
[237/1251] Compiling InternalCollectionsUtilities UnsafeBufferPointer+Extras.swift
[238/1251] Compiling InternalCollectionsUtilities UnsafeMutableBufferPointer+Extras.swift
[239/1251] Compiling InternalCollectionsUtilities UnsafeMutablePointer+Extras.swift
[240/1251] Compiling InternalCollectionsUtilities UnsafeMutableRawBufferPointer+Extras.swift
[241/1251] Compiling InternalCollectionsUtilities UnsafePointer+Extras.swift
[243/1252] Compiling ExtrasBase64 Base32+Span.swift
[244/1252] Compiling ExtrasBase64 Base32.swift
[245/1252] Compiling Logging MetadataProvider.swift
[256/1253] Compiling Instrumentation Locks.swift
[257/1253] Compiling Instrumentation Instrument.swift
[258/1253] Compiling Instrumentation InstrumentationSystem.swift
[260/1258] Emitting module SpanPreview
[261/1258] Compiling SpanPreview InputSpan.swift
[262/1258] Compiling SpanPreview OutputSpan+InputSpanHelpers.swift
[263/1258] Compiling SpanPreview MutableSpan+InputSpanHelpers.swift
[263/1258] Wrapping AST for Logging for debugging
[277/1268] Compiling SystemPackage RawIORequest.swift
[278/1268] Compiling SystemPackage Backcompat.swift
[279/1268] Compiling SystemPackage CInterop.swift
[280/1268] Compiling SystemPackage Constants.swift
[281/1268] Compiling SystemPackage Exports.swift
[282/1268] Compiling SystemPackage Mocking.swift
[283/1272] Wrapping AST for SpanPreview for debugging
[285/1295] Compiling DequeModule RigidDeque+ContainerOperations.swift
[286/1295] Compiling DequeModule RigidDeque+Deprecations.swift
[287/1295] Compiling DequeModule RigidDeque+Descriptions.swift
[288/1295] Compiling DequeModule RigidDeque+Equatable.swift
[289/1295] Compiling DequeModule RigidDeque+Hashable.swift
[290/1295] Compiling DequeModule Deque.swift
[291/1295] Compiling DequeModule _DequeBuffer.swift
[292/1295] Compiling DequeModule _DequeBufferHeader.swift
[293/1295] Compiling DequeModule RigidDeque+Append.swift
[294/1295] Compiling DequeModule RigidDeque+Consumption.swift
[294/1311] Wrapping AST for SwiftASN1 for debugging
[296/1311] Wrapping AST for InternalCollectionsUtilities for debugging
[298/1311] Compiling Tracing InstrumentationSystem+Tracing.swift
[298/1312] Compiling tls_method.cc
[299/1312] Wrapping AST for Instrumentation for debugging
[300/1312] Compiling tls_record.cc
[302/1312] Emitting module Tracing
[303/1312] Compiling Tracing TracingTime.swift
[304/1312] Compiling Tracing TracerProtocol.swift
[305/1312] Compiling Tracing Tracer.swift
[305/1312] Wrapping AST for SystemPackage for debugging
[307/1312] Compiling Tracing TracerProtocol+Legacy.swift
[308/1312] Compiling Tracing WithTracer.swift
[308/1312] Compiling tls13_server.cc
[310/1312] Compiling Tracing NoOpTracer.swift
[311/1312] Compiling Tracing SpanProtocol.swift
[312/1313] Compiling DequeModule UniqueDeque+Consumption.swift
[313/1313] Compiling DequeModule UniqueDeque+ContainerOperations.swift
[314/1313] Compiling DequeModule UniqueDeque+Deprecations.swift
[315/1313] Compiling DequeModule UniqueDeque+Descriptions.swift
[316/1313] Compiling DequeModule UniqueDeque+Equatable.swift
[317/1313] Compiling DequeModule UniqueDeque+Hashable.swift
[318/1313] Compiling DequeModule UniqueDeque+Initializers.swift
[319/1313] Compiling DequeModule UniqueDeque+Insertions.swift
[320/1313] Compiling DequeModule UniqueDeque+Iterable.swift
[321/1313] Compiling DequeModule UniqueDeque+Prepend.swift
[322/1313] Compiling DequeModule UniqueDeque+Removals.swift
[324/1318] Compiling DequeModule RigidDeque+Prepend.swift
[325/1318] Compiling DequeModule RigidDeque+Removals.swift
[326/1318] Compiling DequeModule RigidDeque+Replacements.swift
[327/1318] Compiling DequeModule RigidDeque+Testing.swift
[328/1318] Compiling DequeModule RigidDeque.swift
[329/1318] Compiling DequeModule UniqueDeque+Append.swift
[333/1318] Compiling DequeModule RigidDeque+Initializers.swift
[334/1318] Compiling DequeModule RigidDeque+Insertions.swift
[335/1318] Compiling DequeModule RigidDeque+Iterable.swift
[342/1318] Compiling DequeModule Deque+Codable.swift
[343/1318] Compiling DequeModule Deque+Collection.swift
[344/1318] Compiling DequeModule Deque+CustomReflectable.swift
[345/1318] Compiling DequeModule Deque+Descriptions.swift
[346/1318] Compiling DequeModule Deque+Equatable.swift
[347/1318] Compiling DequeModule Deque+ExpressibleByArrayLiteral.swift
[347/1318] Compiling t1_enc.cc
[349/1318] Compiling DequeModule Deque+Extras.swift
[350/1318] Compiling DequeModule Deque+Hashable.swift
[351/1318] Compiling DequeModule Deque+Testing.swift
[352/1318] Compiling DequeModule Deque._Storage.swift
[353/1318] Compiling DequeModule Deque._UnsafeHandle.swift
[354/1318] Wrapping AST for Tracing for debugging
[355/1318] Compiling tls13_both.cc
[356/1318] Compiling tls13_client.cc
[357/1318] Compiling ssl_versions.cc
[358/1318] Compiling tls13_enc.cc
[359/1318] Compiling ssl_x509.cc
[360/1318] Compiling ssl_transcript.cc
[361/1318] Compiling ssl_session.cc
[362/1318] Compiling ssl_stat.cc
[364/1318] Emitting module DequeModule
[364/1318] Compiling ssl_privkey.cc
[365/1318] Compiling ssl_key_share.cc
[367/1318] Compiling DequeModule UniqueDeque+Replacements.swift
[368/1318] Compiling DequeModule UniqueDeque.swift
[369/1318] Compiling DequeModule _DequeSlot.swift
[370/1318] Compiling DequeModule _UnsafeDequeHandle.swift
[371/1318] Compiling DequeModule _UnsafeDequeSegments.swift
[372/1319] Compiling ssl_lib.cc
[373/1362] Compiling ssl_file.cc
[374/1362] Wrapping AST for DequeModule for debugging
[376/1362] Compiling ExtrasBase64 Base64.swift
[377/1362] Compiling ExtrasBase64 Base64+Span.swift
[378/1362] Compiling Configuration Deprecations.swift
[379/1362] Compiling Configuration ExpressibleByConfigInt.swift
[380/1362] Compiling Configuration ExpressibleByConfigString.swift
[381/1362] Compiling Configuration CLIKeyEncoder.swift
[382/1362] Compiling Configuration ConfigKeyEncoder.swift
[383/1362] Compiling Configuration DotSeparatorKeyDecoder.swift
[383/1367] Compiling ssl_cert.cc
[385/1367] Compiling Configuration JSONSnapshot.swift
[386/1367] Compiling Configuration PropertyListSnapshot.swift
[387/1367] Compiling Configuration ReloadingFileProvider.swift
[388/1367] Compiling Configuration ReloadingFileProviderMetrics.swift
[389/1367] Compiling Configuration YAMLSnapshot.swift
[390/1367] Compiling Configuration InMemoryProvider.swift
[390/1367] Compiling ssl_credential.cc
[392/1367] Emitting module Configuration
[392/1367] Compiling ssl_cipher.cc
[393/1367] Compiling ssl_buffer.cc
[395/1367] Emitting module ExtrasBase64
[397/1368] Compiling Configuration EnvironmentKeyEncoder.swift
[398/1368] Compiling Configuration EnvironmentVariablesProvider.swift
[399/1368] Compiling Configuration CommonProviderFileSystem.swift
[400/1368] Compiling Configuration DirectoryFilesProvider.swift
[401/1368] Compiling Configuration FileProvider.swift
[402/1368] Compiling Configuration FileProviderSnapshot.swift
[402/1368] Compiling ssl_asn1.cc
[403/1368] Compiling ssl_aead_ctx.cc
[404/1383] Wrapping AST for ExtrasBase64 for debugging
[405/1399] Compiling s3_lib.cc
[406/1399] Compiling s3_pkt.cc
[407/1399] Compiling s3_both.cc
[408/1399] Compiling handshake_client.cc
[409/1399] Compiling handshake_server.cc
[411/1399] Compiling GoogleWKT WKTFloatValue.swift
[412/1399] Compiling GoogleWKT WKTInt32Value.swift
[413/1399] Compiling GoogleWKT WKTInt64Value.swift
[414/1399] Compiling GoogleWKT WKTRecursive.swift
[415/1403] Compiling GoogleWKT WKTStringValue.swift
[416/1403] Compiling GoogleWKT WKTTimestamp.swift
[417/1403] Compiling GoogleWKT WKTUInt32Value.swift
[418/1403] Compiling GoogleWKT WKTUInt64Value.swift
[419/1403] Compiling GoogleWKT UnknownFields.swift
[420/1403] Compiling GoogleWKT WKTAny.swift
[421/1403] Compiling GoogleWKT WKTAnyError.swift
[422/1403] Compiling GoogleWKT WKTBoolValue.swift
[423/1403] Compiling GoogleWKT WKTBytesValue.swift
[424/1403] Compiling GoogleWKT WKTDoubleValue.swift
[425/1403] Compiling GoogleWKT WKTDuration.swift
[426/1403] Compiling GoogleWKT WKTEmpty.swift
[427/1403] Compiling GoogleWKT WKTFieldMask.swift
[427/1403] Compiling handshake.cc
[429/1403] Compiling GoogleWKT WKTValue.swift
[430/1403] Compiling GoogleWKT WKTApi.swift
[431/1403] Compiling GoogleWKT WKTEnum.swift
[432/1403] Compiling GoogleWKT WKTEnumValue.swift
[433/1403] Compiling GoogleWKT WKTField.swift
[434/1403] Compiling GoogleWKT WKTMethod.swift
[441/1403] Compiling GoogleWKT WKTMixin.swift
[442/1403] Compiling GoogleWKT WKTOption.swift
[442/1403] Compiling handoff.cc
[444/1403] Compiling Configuration MutableInMemoryProvider.swift
[445/1403] Compiling Configuration ConfigProvider+Operators.swift
[446/1403] Compiling Configuration KeyMappingProvider.swift
[447/1403] Compiling Configuration SecretsSpecifier.swift
[448/1403] Compiling Configuration AsyncCombineLatestManySequence.swift
[449/1403] Compiling Configuration CombineLatestManyStateMachine.swift
[450/1403] Compiling Configuration CombineLatestManyStorage.swift
[451/1403] Compiling Configuration AsyncSequences.swift
[452/1403] Compiling Configuration FoundationExtensions.swift
[453/1403] Compiling Configuration Span.swift
[454/1403] Compiling Configuration ConfigBytesFromStringDecoder.swift
[455/1403] Compiling GoogleWKT WKTSourceContext.swift
[456/1403] Compiling GoogleWKT WKTSyntax.swift
[457/1403] Compiling GoogleWKT WKTType.swift
[458/1403] Compiling GoogleWKT PackageVersion.swift
[458/1403] Compiling encrypted_client_hello.cc
[459/1403] Compiling extensions.cc
[460/1403] Compiling dtls_method.cc
[462/1403] Emitting module GoogleWKT
[463/1403] Compiling GoogleWKT AnyPackable.swift
[464/1403] Compiling GoogleWKT DecodeToDefault.swift
[465/1403] Compiling GoogleWKT DiscoveryBase64.swift
[466/1403] Compiling GoogleWKT ProtoJSONDecoder.swift
[467/1403] Compiling GoogleWKT ProtoJSONEncoder.swift
[468/1404] Compiling md5-x86_64-linux.S
[469/1404] Compiling dtls_record.cc
[470/1437] Compiling d1_srtp.cc
[471/1437] Wrapping AST for GoogleWKT for debugging
[473/1437] Compiling GoogleRpc RequestInfo.swift
[474/1437] Compiling GoogleRpc ResourceInfo.swift
[475/1437] Compiling GoogleType Quaternion.swift
[476/1437] Compiling GoogleType PackageVersion.swift
[477/1437] Compiling GoogleType PhoneNumber.swift
[479/1437] Compiling GoogleRpc BadRequest.swift
[480/1437] Compiling GoogleRpc Code.swift
[481/1437] Compiling GoogleRpc DebugInfo.swift
[482/1437] Compiling GoogleRpc ErrorInfo.swift
[483/1437] Compiling GoogleRpc Help.swift
[484/1437] Compiling GoogleRpc HttpHeader.swift
[484/1438] Compiling md5-x86_64-apple.S
[486/1438] Compiling md5-586-linux.S
[487/1438] Compiling md5-586-apple.S
[488/1438] Compiling d1_pkt.cc
[489/1438] Wrapping AST for Configuration for debugging
[490/1438] Compiling chacha20_poly1305_x86_64-linux.S
[491/1438] Compiling chacha20_poly1305_x86_64-apple.S
[496/1442] Compiling chacha20_poly1305_armv8-win.S
[498/1442] Compiling GoogleRpc QuotaFailure.swift
[500/1442] Compiling GoogleRpc HttpResponse.swift
[501/1442] Compiling GoogleRpc PreconditionFailure.swift
[502/1442] Compiling GoogleRpc LocalizedMessage.swift
[503/1442] Compiling GoogleRpc PackageVersion.swift
[505/1442] Compiling chacha20_poly1305_armv8-linux.S
[506/1442] Compiling chacha20_poly1305_armv8-apple.S
[508/1442] Compiling GoogleRpc HttpRequest.swift
[509/1442] Compiling chacha-x86_64-linux.S
[514/1442] Compiling chacha-x86_64-apple.S
[515/1442] Compiling chacha-x86-linux.S
[516/1442] Compiling err_data.cc
[517/1442] Compiling chacha-x86-apple.S
[518/1442] Compiling chacha-armv8-win.S
[520/1442] Compiling GoogleRpc Status.swift
[521/1442] Compiling chacha-armv8-linux.S
[522/1442] Compiling chacha-armv4-linux.S
[523/1442] Compiling chacha-armv8-apple.S
[527/1442] Compiling aes128gcmsiv-x86_64-linux.S
[531/1442] Emitting module GoogleRpc
[534/1442] Compiling x86_64-mont5-linux.S
[535/1442] Emitting module GoogleType
[536/1442] Compiling aes128gcmsiv-x86_64-apple.S
[537/1442] Compiling x86_64-mont-linux.S
[538/1442] Compiling x86_64-mont5-apple.S
[539/1442] Compiling bio_ssl.cc
[540/1442] Compiling d1_lib.cc
[544/1442] Compiling x86_64-mont-apple.S
[545/1442] Compiling x86-mont-linux.S
[546/1442] Compiling vpaes-x86_64-linux.S
[547/1442] Compiling vpaes-x86_64-apple.S
[548/1442] Compiling x86-mont-apple.S
[549/1442] Compiling vpaes-x86-linux.S
[549/1442] Compiling vpaes-x86-apple.S
[551/1442] Compiling vpaes-armv8-win.S
[552/1442] Compiling vpaes-armv8-apple.S
[553/1442] Compiling vpaes-armv8-linux.S
[554/1442] Compiling sha512-x86_64-linux.S
[555/1442] Compiling vpaes-armv7-linux.S
[557/1442] Compiling GoogleRpc RetryInfo.swift
[558/1442] Compiling sha512-x86_64-apple.S
[559/1443] Compiling sha512-armv8-win.S
[560/1443] Compiling d1_both.cc
[561/1443] Compiling sha512-armv8-apple.S
[562/1443] Compiling sha512-armv4-linux.S
[563/1443] Compiling sha512-armv8-linux.S
[565/1443] Compiling sha512-586-linux.S
[567/1443] Compiling GoogleType TimeOfDay.swift
[568/1443] Compiling GoogleType TimeZone.swift
[568/1444] Compiling sha512-586-apple.S
[569/1444] Compiling sha256-x86_64-linux.S
[570/1444] Compiling sha256-armv8-win.S
[571/1444] Compiling sha256-x86_64-apple.S
[572/1444] Compiling sha256-armv8-apple.S
[574/1444] Compiling sha256-armv8-linux.S
[575/1444] Compiling sha256-586-linux.S
[576/1444] Compiling sha256-armv4-linux.S
[577/1444] Wrapping AST for GoogleRpc for debugging
[578/1444] Compiling sha256-586-apple.S
[579/1444] Compiling sha1-x86_64-apple.S
[580/1444] Compiling sha1-x86_64-linux.S
[581/1444] Compiling sha1-armv8-win.S
[582/1444] Compiling sha1-armv8-apple.S
[583/1444] Compiling sha1-armv8-linux.S
[584/1444] Wrapping AST for GoogleType for debugging
[585/1444] Compiling sha1-armv4-large-linux.S
[586/1444] Compiling sha1-586-apple.S
[587/1444] Compiling sha1-586-linux.S
[588/1444] Compiling rsaz-avx2-linux.S
[589/1444] Compiling rsaz-avx2-apple.S
[590/1444] Compiling rdrand-x86_64-linux.S
[591/1444] Compiling rdrand-x86_64-apple.S
[592/1444] Compiling p256_beeu-x86_64-asm-apple.S
[593/1444] Compiling p256_beeu-x86_64-asm-linux.S
[594/1444] Compiling p256_beeu-armv8-asm-win.S
[595/1444] Compiling p256-x86_64-asm-linux.S
[595/1444] Compiling p256_beeu-armv8-asm-apple.S
[596/1444] Compiling p256_beeu-armv8-asm-linux.S
[598/1444] Compiling p256-x86_64-asm-apple.S
[599/1444] Compiling p256-armv8-asm-win.S
[600/1444] Compiling p256-armv8-asm-apple.S
[601/1444] Compiling ghashv8-armv8-win.S
[602/1444] Compiling ghashv8-armv8-apple.S
[603/1444] Compiling ghashv8-armv8-linux.S
[604/1444] Compiling ghashv8-armv7-linux.S
[604/1444] Compiling p256-armv8-asm-linux.S
[604/1444] Compiling ghash-x86_64-linux.S
[607/1444] Compiling ghash-x86_64-apple.S
[608/1444] Compiling ghash-x86-linux.S
[609/1444] Compiling ghash-x86-apple.S
[610/1444] Compiling ghash-ssse3-x86_64-linux.S
[611/1444] Compiling ghash-ssse3-x86-linux.S
[611/1444] Compiling ghash-neon-armv8-win.S
[613/1444] Compiling ghash-ssse3-x86-apple.S
[614/1444] Compiling ghash-neon-armv8-linux.S
[615/1444] Compiling ghash-neon-armv8-apple.S
[616/1444] Compiling ghash-armv4-linux.S
[617/1444] Compiling co-586-apple.S
[617/1444] Compiling co-586-linux.S
[619/1444] Compiling bn-armv8-win.S
[619/1444] Compiling bsaes-armv7-linux.S
[621/1444] Compiling bn-armv8-linux.S
[622/1444] Compiling bn-armv8-apple.S
[623/1444] Compiling bn-586-apple.S
[624/1444] Compiling bn-586-linux.S
[625/1444] Compiling armv8-mont-win.S
[626/1444] Compiling armv8-mont-linux.S
[627/1444] Compiling armv8-mont-apple.S
[628/1444] Compiling aesv8-gcm-armv8-win.S
[629/1444] Compiling armv4-mont-linux.S
[630/1444] Compiling aesv8-gcm-armv8-apple.S
[631/1444] Compiling aesv8-gcm-armv8-linux.S
[632/1444] Compiling aesv8-armv8-win.S
[633/1444] Compiling aesv8-armv8-linux.S
[634/1444] Compiling aesv8-armv8-apple.S
[635/1444] Compiling aesv8-armv7-linux.S
[636/1444] Compiling aesni-x86_64-linux.S
[637/1444] Compiling aesni-x86_64-apple.S
[638/1444] Compiling aesni-x86-linux.S
[639/1444] Compiling aesni-x86-apple.S
[640/1444] Compiling aesni-gcm-x86_64-apple.S
[641/1444] Compiling aes-gcm-avx2-x86_64-apple.S
[642/1444] Compiling aesni-gcm-x86_64-linux.S
[642/1444] Compiling aes-gcm-avx2-x86_64-linux.S
[644/1444] Compiling aes-gcm-avx10-x86_64-linux.S
[645/1444] Compiling aes-gcm-avx10-x86_64-apple.S
[646/1444] Compiling x_sig.cc
[647/1444] Compiling x_x509a.cc
[648/1444] Compiling x_req.cc
[649/1444] Compiling x_val.cc
[650/1444] Compiling x_spki.cc
[651/1444] Compiling x_pubkey.cc
[652/1444] Compiling x_name.cc
[653/1444] Compiling x_x509.cc
[654/1444] Compiling x_exten.cc
[655/1444] Compiling x_attrib.cc
[656/1444] Compiling x_algor.cc
[657/1444] Compiling x509spki.cc
[658/1444] Compiling x_crl.cc
[659/1444] Compiling x509rset.cc
[660/1444] Compiling x509name.cc
[660/1444] Compiling x_all.cc
[662/1444] Compiling x509_txt.cc
[663/1444] Compiling x509cset.cc
[664/1444] Compiling x509_vpm.cc
[665/1444] Compiling x509_v3.cc
[666/1444] Compiling x509_trs.cc
[667/1444] Compiling x509_set.cc
[668/1444] Compiling x509_req.cc
[669/1444] Compiling x509_vfy.cc
[670/1444] Compiling x509_def.cc
[671/1444] Compiling x509_d2.cc
[672/1444] Compiling x509_ext.cc
[673/1444] Compiling x509_obj.cc
[674/1444] Compiling x509_lu.cc
[675/1444] Compiling x509.cc
[676/1444] Compiling x509_att.cc
[677/1444] Compiling x509_cmp.cc
[678/1444] Compiling v3_skey.cc
[679/1444] Compiling v3_prn.cc
[680/1444] Compiling v3_purp.cc
[681/1444] Compiling v3_pmaps.cc
[682/1444] Compiling v3_pcons.cc
[682/1444] Compiling v3_ocsp.cc
[684/1444] Compiling v3_utl.cc
[685/1444] Compiling v3_ncons.cc
[686/1444] Compiling v3_int.cc
[687/1444] Compiling v3_ia5.cc
[688/1444] Compiling v3_lib.cc
[689/1444] Compiling v3_info.cc
[690/1444] Compiling v3_extku.cc
[691/1444] Compiling v3_genn.cc
[692/1444] Compiling v3_enum.cc
[693/1444] Compiling v3_crld.cc
[694/1444] Compiling v3_bitst.cc
[694/1444] Compiling v3_bcons.cc
[696/1444] Compiling v3_cpols.cc
[697/1444] Compiling v3_conf.cc
[698/1444] Compiling v3_alt.cc
[699/1444] Compiling v3_akeya.cc
[700/1444] Compiling t_x509a.cc
[701/1444] Compiling v3_akey.cc
[702/1444] Compiling i2d_pr.cc
[703/1444] Compiling t_crl.cc
[704/1444] Compiling t_req.cc
[705/1444] Compiling t_x509.cc
[706/1444] Compiling rsa_pss.cc
[707/1444] Compiling name_print.cc
[708/1444] Compiling policy.cc
[709/1444] Compiling by_file.cc
[710/1444] Compiling by_dir.cc
[711/1444] Compiling a_verify.cc
[712/1444] Compiling algorithm.cc
[712/1444] Compiling voprf.cc
[714/1444] Compiling asn1_gen.cc
[715/1444] Compiling a_digest.cc
[716/1444] Compiling a_sign.cc
[717/1444] Compiling trust_token.cc
[718/1444] Compiling thread_win.cc
[718/1444] Compiling thread.cc
[720/1444] Compiling thread_none.cc
[721/1444] Compiling thread_pthread.cc
[722/1444] Compiling stack.cc
[723/1444] Compiling pmbtoken.cc
[724/1444] Compiling slhdsa.cc
[725/1444] Compiling spake2plus.cc
[726/1444] Compiling sha512.cc
[727/1444] Compiling sha256.cc
[728/1444] Compiling siphash.cc
[729/1444] Compiling sha1.cc
[730/1444] Compiling rsa_print.cc
[731/1444] Compiling rsa_extra.cc
[732/1444] Compiling rsa_crypt.cc
[733/1444] Compiling rc4.cc
[734/1444] Compiling windows.cc
[735/1444] Compiling refcount.cc
[736/1444] Compiling urandom.cc
[737/1444] Compiling trusty.cc
[738/1444] Compiling rsa_asn1.cc
[739/1444] Compiling rand.cc
[740/1444] Compiling passive.cc
[741/1444] Compiling ios.cc
[742/1444] Compiling getentropy.cc
[743/1444] Compiling poly1305_arm_asm.S
[744/1444] Compiling forkunsafe.cc
[744/1444] Compiling deterministic.cc
[746/1444] Compiling fork_detect.cc
[747/1444] Compiling poly1305_vec.cc
[748/1444] Compiling pool.cc
[749/1444] Compiling poly1305_arm.cc
[750/1444] Compiling poly1305.cc
[751/1444] Compiling pkcs7.cc
[752/1444] Compiling p5_pbev2.cc
[752/1444] Compiling pkcs8.cc
[754/1444] Compiling pkcs8_x509.cc
[755/1444] Compiling pkcs7_x509.cc
[756/1444] Compiling pem_xaux.cc
[757/1444] Compiling pem_x509.cc
[758/1444] Compiling pem_pkey.cc
[759/1444] Compiling pem_pk8.cc
[760/1444] Compiling pem_oth.cc
[761/1444] Compiling mlkem.cc
[762/1444] Compiling pem_info.cc
[763/1444] Compiling pem_lib.cc
[764/1444] Compiling pem_all.cc
[765/1444] Compiling obj_xref.cc
[766/1444] Compiling obj.cc
[767/1444] Compiling poly_rq_mul.S
[768/1444] Compiling mldsa.cc
[769/1444] Compiling fips_shared_support.cc
[770/1444] Compiling md5.cc
[771/1444] Compiling md4.cc
[772/1444] Compiling lhash.cc
[772/1444] Compiling mem.cc
[774/1444] Compiling kyber.cc
[775/1444] Compiling ex_data.cc
[776/1444] Compiling sign.cc
[777/1444] Compiling hrss.cc
[778/1444] Compiling scrypt.cc
[779/1444] Compiling print.cc
[780/1444] Compiling hpke.cc
[781/1444] Compiling pbkdf.cc
[782/1444] Compiling p_x25519.cc
[783/1444] Compiling p_x25519_asn1.cc
[784/1444] Compiling p_rsa_asn1.cc
[785/1444] Compiling p_hkdf.cc
[786/1444] Compiling p_ed25519.cc
[786/1444] Compiling p_rsa.cc
[788/1444] Compiling p_ed25519_asn1.cc
[789/1444] Compiling p_ec.cc
[790/1444] Compiling p_ec_asn1.cc
[791/1444] Compiling p_dh_asn1.cc
[792/1444] Compiling p_dh.cc
[793/1444] Compiling evp_ctx.cc
[794/1444] Compiling p_dsa_asn1.cc
[795/1444] Compiling evp_asn1.cc
[796/1444] Compiling evp.cc
[797/1444] Compiling err.cc
[798/1444] Compiling engine.cc
[799/1444] Compiling ecdh.cc
[800/1444] Compiling ecdsa_asn1.cc
[801/1444] Compiling hash_to_curve.cc
[802/1444] Compiling ec_derive.cc
[803/1444] Compiling dsa.cc
[804/1444] Compiling dsa_asn1.cc
[805/1444] Compiling ec_asn1.cc
[806/1444] Compiling params.cc
[807/1444] Compiling bcm.cc
[807/1444] Compiling digest_extra.cc
[809/1444] Compiling x25519-asm-arm.S
[810/1444] Compiling des.cc
[811/1444] Compiling dh_asn1.cc
[812/1444] Compiling curve25519_64_adx.cc
[813/1444] Compiling spake25519.cc
[814/1444] Compiling cpu_intel.cc
[815/1444] Compiling crypto.cc
[816/1444] Compiling cpu_arm_linux.cc
[817/1444] Compiling cpu_arm_freebsd.cc
[818/1444] Compiling curve25519.cc
[819/1444] Compiling cpu_aarch64_win.cc
[820/1444] Compiling cpu_aarch64_sysreg.cc
[821/1444] Compiling cpu_aarch64_openbsd.cc
[822/1444] Compiling cpu_aarch64_linux.cc
[823/1444] Compiling cpu_aarch64_fuchsia.cc
[824/1444] Compiling cpu_aarch64_apple.cc
[825/1444] Compiling conf.cc
[826/1444] Compiling tls_cbc.cc
[827/1444] Compiling get_cipher.cc
[828/1444] Compiling e_tls.cc
[829/1444] Compiling e_rc4.cc
[830/1444] Compiling e_null.cc
[831/1444] Compiling e_rc2.cc
[832/1444] Compiling e_des.cc
[833/1444] Compiling e_chacha20poly1305.cc
[834/1444] Compiling e_aesgcmsiv.cc
[835/1444] Compiling e_aesctrhmac.cc
[836/1444] Compiling derive_key.cc
[837/1444] Compiling chacha.cc
[838/1444] Compiling unicode.cc
[839/1444] Compiling buf.cc
[840/1444] Compiling cbb.cc
[841/1444] Compiling cbs.cc
[842/1444] Compiling ber.cc
[843/1444] Compiling asn1_compat.cc
[844/1444] Compiling convert.cc
[845/1444] Compiling bn_asn1.cc
[846/1444] Compiling blake2.cc
[847/1444] Compiling socket_helper.cc
[848/1444] Compiling socket.cc
[849/1444] Compiling printf.cc
[850/1444] Compiling pair.cc
[851/1444] Compiling hexdump.cc
[852/1444] Compiling file.cc
[853/1444] Compiling errno.cc
[854/1444] Compiling fd.cc
[855/1444] Compiling bio_mem.cc
[855/1444] Compiling connect.cc
[857/1444] Compiling bio.cc
[858/1444] Compiling base64.cc
[859/1444] Compiling tasn_utl.cc
[860/1444] Compiling tasn_fre.cc
[860/1444] Compiling tasn_typ.cc
[862/1444] Compiling tasn_enc.cc
[863/1444] Compiling f_string.cc
[864/1444] Compiling posix_time.cc
[865/1444] Compiling tasn_new.cc
[866/1444] Compiling tasn_dec.cc
[867/1444] Compiling f_int.cc
[868/1444] Compiling asn1_par.cc
[869/1444] Compiling asn_pack.cc
[870/1444] Compiling a_utctm.cc
[871/1444] Compiling asn1_lib.cc
[872/1444] Compiling a_type.cc
[873/1444] Compiling a_time.cc
[874/1444] Compiling a_octet.cc
[875/1444] Compiling a_strnid.cc
[876/1444] Compiling a_strex.cc
[877/1444] Compiling a_object.cc
[878/1444] Compiling a_i2d_fp.cc
[879/1444] Compiling a_dup.cc
[880/1444] Compiling a_mbstr.cc
[881/1444] Compiling CGoogleGaxCRC32C CGoogleGaxCRC32C.c
[882/1444] Compiling a_int.cc
[883/1444] Compiling a_gentm.cc
[883/1444] Compiling a_d2i_fp.cc
[885/1444] Compiling fiat_p256_adx_sqr.S
[886/1444] Compiling fiat_p256_adx_mul.S
[887/1444] Compiling fiat_curve25519_adx_square.S
[888/1444] Compiling a_bitstr.cc
[889/1444] Compiling fiat_curve25519_adx_mul.S
[890/1444] Compiling md5-x86_64-linux.S
[891/1444] Compiling md5-x86_64-apple.S
[892/1444] Compiling md5-586-linux.S
[893/1444] Compiling md5-586-apple.S
[894/1444] Compiling chacha20_poly1305_x86_64-linux.S
[895/1444] Compiling chacha20_poly1305_x86_64-apple.S
[896/1444] Compiling chacha20_poly1305_armv8-win.S
[897/1444] Compiling chacha20_poly1305_armv8-apple.S
[898/1444] Compiling chacha-x86_64-linux.S
[899/1444] Compiling a_bool.cc
[899/1444] Compiling chacha20_poly1305_armv8-linux.S
[901/1444] Compiling chacha-x86_64-apple.S
[902/1444] Compiling chacha-x86-apple.S
[903/1444] Compiling chacha-x86-linux.S
[904/1444] Compiling chacha-armv8-win.S
[905/1444] Compiling CCryptoBoringSSLShims shims.c
[906/1444] Compiling chacha-armv8-apple.S
[906/1444] Compiling aes128gcmsiv-x86_64-linux.S
[908/1444] Compiling chacha-armv4-linux.S
[909/1444] Compiling aes128gcmsiv-x86_64-apple.S
[910/1444] Compiling chacha-armv8-linux.S
[911/1444] Compiling x86_64-mont5-linux.S
[912/1444] Compiling x86_64-mont5-apple.S
[913/1444] Compiling x86_64-mont-linux.S
[914/1444] Compiling x86_64-mont-apple.S
[915/1444] Compiling x86-mont-linux.S
[916/1444] Compiling x86-mont-apple.S
[917/1444] Compiling vpaes-x86_64-linux.S
[918/1444] Compiling vpaes-x86_64-apple.S
[919/1444] Compiling vpaes-x86-apple.S
[920/1444] Compiling vpaes-x86-linux.S
[921/1444] Compiling vpaes-armv8-win.S
[922/1444] Compiling vpaes-armv8-apple.S
[923/1444] Compiling vpaes-armv8-linux.S
[924/1444] Compiling vpaes-armv7-linux.S
[925/1444] Compiling sha512-x86_64-linux.S
[926/1444] Compiling sha512-x86_64-apple.S
[927/1444] Compiling sha512-armv8-win.S
[928/1444] Compiling sha512-armv8-linux.S
[929/1444] Compiling sha512-armv8-apple.S
[930/1444] Compiling sha512-586-linux.S
[931/1444] Compiling sha512-armv4-linux.S
[932/1444] Compiling sha512-586-apple.S
[933/1444] Compiling err_data.cc
[934/1444] Compiling sha256-x86_64-apple.S
[935/1444] Compiling sha256-x86_64-linux.S
[936/1444] Compiling sha256-armv8-win.S
[937/1444] Compiling sha256-armv8-apple.S
[938/1444] Compiling sha256-armv8-linux.S
[939/1444] Compiling sha256-armv4-linux.S
[939/1444] Compiling sha256-586-apple.S
[941/1444] Compiling sha1-x86_64-linux.S
[942/1444] Compiling sha256-586-linux.S
[943/1444] Compiling sha1-x86_64-apple.S
[944/1444] Compiling sha1-armv8-win.S
[945/1444] Compiling sha1-armv8-apple.S
[946/1444] Compiling sha1-armv4-large-linux.S
[947/1444] Compiling sha1-586-linux.S
[948/1444] Compiling sha1-armv8-linux.S
[949/1444] Compiling sha1-586-apple.S
[950/1444] Compiling rsaz-avx2-apple.S
[950/1444] Compiling rdrand-x86_64-apple.S
[952/1444] Compiling rdrand-x86_64-linux.S
[953/1444] Compiling p256_beeu-x86_64-asm-linux.S
[954/1444] Compiling rsaz-avx2-linux.S
[955/1444] Compiling p256_beeu-x86_64-asm-apple.S
[956/1444] Compiling p256_beeu-armv8-asm-win.S
[957/1444] Compiling p256_beeu-armv8-asm-linux.S
[958/1444] Compiling p256_beeu-armv8-asm-apple.S
[959/1444] Compiling p256-x86_64-asm-apple.S
[960/1444] Compiling p256-x86_64-asm-linux.S
[961/1444] Compiling p256-armv8-asm-win.S
[962/1444] Compiling p256-armv8-asm-apple.S
[963/1444] Compiling ghashv8-armv8-win.S
[964/1444] Compiling ghashv8-armv7-linux.S
[965/1444] Compiling p256-armv8-asm-linux.S
[966/1444] Compiling ghashv8-armv8-linux.S
[967/1444] Compiling ghashv8-armv8-apple.S
[968/1444] Compiling ghash-x86_64-linux.S
[969/1444] Compiling ghash-x86_64-apple.S
[970/1444] Compiling ghash-x86-linux.S
[971/1444] Compiling ghash-x86-apple.S
[972/1444] Compiling ghash-ssse3-x86_64-linux.S
[973/1444] Compiling ghash-ssse3-x86_64-apple.S
[974/1444] Compiling ghash-ssse3-x86-linux.S
[975/1444] Compiling ghash-ssse3-x86-apple.S
[976/1444] Compiling ghash-neon-armv8-win.S
[977/1444] Compiling ghash-neon-armv8-apple.S
[978/1444] Compiling ghash-armv4-linux.S
[978/1444] Compiling ghash-neon-armv8-linux.S
[980/1444] Compiling co-586-linux.S
[981/1444] Compiling co-586-apple.S
[982/1444] Compiling bsaes-armv7-linux.S
[983/1444] Compiling bn-armv8-win.S
[984/1444] Compiling bn-armv8-linux.S
[985/1444] Compiling bn-armv8-apple.S
[986/1444] Compiling aesv8-gcm-armv8-win.S
[987/1444] Compiling aesv8-gcm-armv8-apple.S
[988/1444] Compiling aesv8-armv8-win.S
[988/1444] Compiling aesv8-gcm-armv8-linux.S
[990/1444] Compiling aesv8-armv8-linux.S
[991/1444] Compiling aesv8-armv8-apple.S
[992/1444] Compiling aesv8-armv7-linux.S
[993/1444] Compiling aesni-x86_64-apple.S
[994/1444] Compiling aesni-x86-apple.S
[995/1444] Compiling aesni-x86-linux.S
[996/1444] Compiling aesni-x86_64-linux.S
[997/1444] Compiling aesni-gcm-x86_64-linux.S
[998/1444] Compiling aesni-gcm-x86_64-apple.S
[999/1444] Compiling aes-gcm-avx512-x86_64-linux.S
[1000/1444] Compiling aes-gcm-avx2-x86_64-apple.S
[1001/1444] Compiling aes-gcm-avx2-x86_64-linux.S
[1002/1444] Compiling aes-gcm-avx512-x86_64-apple.S
[1003/1444] Compiling xwing.cc
[1004/1444] Compiling x_sig.cc
[1004/1444] Compiling x_spki.cc
[1006/1444] Compiling x_req.cc
[1007/1444] Compiling x_x509a.cc
[1008/1444] Compiling x_x509.cc
[1009/1444] Compiling x_pubkey.cc
[1010/1444] Compiling c-nioatomics.c
[1011/1444] Compiling x_exten.cc
[1012/1444] Compiling x_crl.cc
[1013/1444] Compiling x_name.cc
[1014/1444] Compiling x_attrib.cc
[1015/1444] Compiling c-atomics.c
[1016/1444] Compiling x_all.cc
[1017/1451] Compiling x509spki.cc
[1018/1451] Compiling x_algor.cc
[1020/1451] Compiling NIOConcurrencyHelpers NIOThreadPoolWorkAvailable.swift
[1021/1451] Compiling NIOConcurrencyHelpers NIOLockedValueBox.swift
[1021/1451] Compiling x509_vpm.cc
[1022/1451] Compiling x509name.cc
[1024/1451] Emitting module NIOConcurrencyHelpers
[1024/1451] Compiling x509rset.cc
[1026/1451] Compiling NIOConcurrencyHelpers NIOLock.swift
[1027/1451] Compiling NIOConcurrencyHelpers lock.swift
[1028/1451] Compiling NIOConcurrencyHelpers atomics.swift
[1029/1451] Compiling NIOConcurrencyHelpers NIOAtomic.swift
[1029/1452] Compiling x509cset.cc
[1031/1452] Compiling x509_vfy.cc
[1032/1452] Wrapping AST for NIOConcurrencyHelpers for debugging
[1033/1452] Compiling x509_txt.cc
[1034/1452] Compiling x509_v3.cc
[1035/1452] Compiling x509_trs.cc
[1036/1452] Compiling x509_set.cc
[1037/1452] Compiling x509_req.cc
[1038/1452] Compiling x509_obj.cc
[1039/1452] Compiling x509_lu.cc
[1040/1452] Compiling x509_ext.cc
[1041/1452] Compiling x509_def.cc
[1042/1452] Compiling x509_d2.cc
[1043/1452] Compiling x509_cmp.cc
[1044/1452] Compiling x509_att.cc
[1045/1452] Compiling x509.cc
[1046/1452] Compiling v3_utl.cc
[1047/1452] Compiling v3_skey.cc
[1048/1452] Compiling v3_prn.cc
[1049/1452] Compiling v3_purp.cc
[1050/1452] Compiling v3_pmaps.cc
[1051/1452] Compiling v3_ocsp.cc
[1052/1452] Compiling v3_pcons.cc
[1053/1452] Compiling v3_ncons.cc
[1054/1452] Compiling v3_lib.cc
[1055/1452] Compiling v3_int.cc
[1056/1452] Compiling v3_ia5.cc
[1057/1452] Compiling v3_info.cc
[1058/1452] Compiling v3_genn.cc
[1059/1452] Compiling v3_enum.cc
[1060/1452] Compiling v3_extku.cc
[1061/1452] Compiling v3_crld.cc
[1062/1452] Compiling v3_cpols.cc
[1063/1452] Compiling v3_conf.cc
[1064/1452] Compiling v3_bitst.cc
[1065/1452] Compiling v3_bcons.cc
[1066/1452] Compiling v3_alt.cc
[1067/1452] Compiling v3_akeya.cc
[1068/1452] Compiling v3_akey.cc
[1069/1452] Compiling t_x509a.cc
[1070/1452] Compiling i2d_pr.cc
[1071/1452] Compiling t_x509.cc
[1072/1452] Compiling t_req.cc
[1073/1452] Compiling t_crl.cc
[1074/1452] Compiling rsa_pss.cc
[1075/1452] Compiling name_print.cc
[1076/1452] Compiling policy.cc
[1077/1452] Compiling by_file.cc
[1078/1452] Compiling algorithm.cc
[1079/1452] Compiling by_dir.cc
[1080/1452] Compiling asn1_gen.cc
[1081/1452] Compiling a_verify.cc
[1081/1452] Compiling a_sign.cc
[1083/1452] Compiling voprf.cc
[1084/1452] Compiling a_digest.cc
[1085/1452] Compiling trust_token.cc
[1086/1452] Compiling thread_win.cc
[1087/1452] Compiling thread_pthread.cc
[1088/1452] Compiling thread.cc
[1089/1452] Compiling thread_none.cc
[1090/1452] Compiling stack.cc
[1091/1452] Compiling pmbtoken.cc
[1092/1452] Compiling siphash.cc
[1093/1452] Compiling sha512.cc
[1094/1452] Compiling spake2plus.cc
[1095/1452] Compiling sha256.cc
[1096/1452] Compiling slhdsa.cc
[1097/1452] Compiling sha1.cc
[1098/1452] Compiling rsa_print.cc
[1099/1452] Compiling rsa_extra.cc
[1100/1452] Compiling refcount.cc
[1101/1452] Compiling rsa_crypt.cc
[1102/1452] Compiling rc4.cc
[1103/1452] Compiling windows.cc
[1104/1452] Compiling urandom.cc
[1105/1452] Compiling trusty.cc
[1106/1452] Compiling rand.cc
[1107/1452] Compiling rsa_asn1.cc
[1108/1452] Compiling ios.cc
[1109/1452] Compiling passive.cc
[1110/1452] Compiling poly1305_arm_asm.S
[1111/1452] Compiling getentropy.cc
[1112/1452] Compiling deterministic.cc
[1113/1452] Compiling forkunsafe.cc
[1114/1452] Compiling fork_detect.cc
[1115/1452] Compiling poly1305_vec.cc
[1116/1452] Compiling poly1305_arm.cc
[1117/1452] Compiling poly1305.cc
[1118/1452] Compiling pool.cc
[1119/1452] Compiling pkcs8_x509.cc
[1120/1452] Compiling pkcs8.cc
[1121/1452] Compiling p5_pbev2.cc
[1122/1452] Compiling pkcs7_x509.cc
[1123/1452] Compiling pkcs7.cc
[1124/1452] Compiling pem_xaux.cc
[1125/1452] Compiling pem_x509.cc
[1126/1452] Compiling pem_pkey.cc
[1127/1452] Compiling pem_oth.cc
[1128/1452] Compiling pem_pk8.cc
[1129/1452] Compiling mlkem.cc
[1130/1452] Compiling pem_lib.cc
[1131/1452] Compiling pem_info.cc
[1132/1452] Compiling obj_xref.cc
[1133/1452] Compiling pem_all.cc
[1134/1452] Compiling obj.cc
[1135/1452] Compiling poly_rq_mul.S
[1136/1452] Compiling mldsa.cc
[1137/1452] Compiling mem.cc
[1138/1452] Compiling fips_shared_support.cc
[1139/1452] Compiling lhash.cc
[1140/1452] Compiling md5.cc
[1141/1452] Compiling md4.cc
[1142/1452] Compiling kyber.cc
[1143/1452] Compiling fuzzer_mode.cc
[1144/1452] Compiling hrss.cc
[1145/1452] Compiling ex_data.cc
[1146/1452] Compiling hpke.cc
[1147/1452] Compiling scrypt.cc
[1148/1452] Compiling pbkdf.cc
[1149/1452] Compiling sign.cc
[1150/1452] Compiling print.cc
[1151/1452] Compiling p_x25519_asn1.cc
[1152/1452] Compiling p_x25519.cc
[1153/1452] Compiling p_rsa_asn1.cc
[1154/1452] Compiling p_rsa.cc
[1155/1452] Compiling p_hkdf.cc
[1156/1452] Compiling p_ed25519.cc
[1157/1452] Compiling p_ed25519_asn1.cc
[1158/1452] Compiling p_ec.cc
[1159/1452] Compiling p_ec_asn1.cc
[1160/1452] Compiling p_dsa_asn1.cc
[1161/1452] Compiling evp_ctx.cc
[1162/1452] Compiling p_dh.cc
[1163/1452] Compiling p_dh_asn1.cc
[1164/1452] Compiling err.cc
[1165/1452] Compiling evp_asn1.cc
[1166/1452] Compiling engine.cc
[1167/1452] Compiling ecdsa_p1363.cc
[1168/1452] Compiling evp.cc
[1169/1452] Compiling ecdh.cc
[1170/1452] Compiling ecdsa_asn1.cc
[1171/1452] Compiling ec_derive.cc
[1172/1452] Compiling dsa_asn1.cc
[1173/1452] Compiling hash_to_curve.cc
[1174/1452] Compiling dsa.cc
[1175/1452] Compiling ec_asn1.cc
[1176/1452] Compiling digest_extra.cc
[1177/1452] Compiling x25519-asm-arm.S
[1178/1452] Compiling des.cc
[1179/1452] Compiling params.cc
[1180/1452] Compiling curve25519_64_adx.cc
[1180/1452] Compiling dh_asn1.cc
[1182/1452] Compiling spake25519.cc
[1183/1452] Compiling crypto.cc
[1184/1452] Compiling curve25519.cc
[1185/1452] Compiling cpu_intel.cc
[1186/1452] Compiling cpu_arm_linux.cc
[1187/1452] Compiling cpu_arm_freebsd.cc
[1188/1452] Compiling cpu_aarch64_win.cc
[1189/1452] Compiling cpu_aarch64_sysreg.cc
[1190/1452] Compiling cpu_aarch64_fuchsia.cc
[1191/1452] Compiling cpu_aarch64_openbsd.cc
[1192/1452] Compiling cpu_aarch64_linux.cc
[1193/1452] Compiling cpu_aarch64_apple.cc
[1194/1452] Compiling conf.cc
[1195/1452] Compiling get_cipher.cc
[1196/1452] Compiling tls_cbc.cc
[1197/1452] Compiling e_tls.cc
[1198/1452] Compiling e_rc4.cc
[1199/1452] Compiling e_rc2.cc
[1200/1452] Compiling cms.cc
[1201/1452] Compiling e_null.cc
[1201/1452] Compiling e_des.cc
[1203/1452] Compiling e_chacha20poly1305.cc
[1204/1452] Compiling e_aesgcmsiv.cc
[1205/1452] Compiling e_aeseax.cc
[1206/1452] Compiling derive_key.cc
[1207/1452] Compiling e_aesctrhmac.cc
[1208/1452] Compiling chacha.cc
[1209/1452] Compiling unicode.cc
[1210/1452] Compiling buf.cc
[1211/1452] Compiling ber.cc
[1212/1452] Compiling cbb.cc
[1213/1452] Compiling sqrt.cc
[1214/1452] Compiling cbs.cc
[1215/1452] Compiling asn1_compat.cc
[1216/1452] Compiling exponentiation.cc
[1217/1452] Compiling div.cc
[1218/1452] Compiling hexdump.cc
[1219/1452] Compiling blake2.cc
[1220/1452] Compiling printf.cc
[1221/1452] Compiling pair.cc
[1222/1452] Compiling bn_asn1.cc
[1223/1452] Compiling convert.cc
[1224/1452] Compiling file.cc
[1225/1452] Compiling fd.cc
[1226/1452] Compiling errno.cc
[1227/1452] Compiling bio_mem.cc
[1228/1452] Compiling bio.cc
[1229/1452] Compiling base64.cc
[1230/1452] Compiling tasn_typ.cc
[1231/1452] Compiling tasn_utl.cc
[1232/1452] Compiling tasn_fre.cc
[1233/1452] Compiling tasn_enc.cc
[1234/1452] Compiling posix_time.cc
[1235/1452] Compiling tasn_new.cc
[1236/1452] Compiling f_string.cc
[1237/1452] Compiling f_int.cc
[1238/1452] Compiling tasn_dec.cc
[1239/1452] Compiling asn_pack.cc
[1240/1452] Compiling asn1_par.cc
[1241/1452] Compiling asn1_lib.cc
[1242/1452] Compiling a_utctm.cc
[1243/1452] Compiling a_octet.cc
[1244/1452] Compiling bcm.cc
[1245/1452] Compiling a_type.cc
[1246/1452] Compiling a_time.cc
[1247/1452] Compiling a_strnid.cc
[1248/1452] Compiling a_strex.cc
[1249/1452] Compiling a_i2d_fp.cc
[1250/1452] Compiling a_mbstr.cc
[1251/1452] Compiling a_dup.cc
[1252/1452] Compiling a_object.cc
[1253/1452] Write sources
[1253/1452] Compiling CAsyncHTTPClient CAsyncHTTPClient.c
[1253/1452] Write sources
[1257/1452] Compiling a_d2i_fp.cc
[1258/1466] Compiling a_int.cc
[1259/1495] Compiling a_gentm.cc
[1260/1495] Compiling a_bool.cc
[1262/1495] Compiling Atomics ManagedAtomic.swift
[1263/1495] Compiling Atomics ManagedAtomicLazyReference.swift
[1264/1497] Compiling Algorithms Rotate.swift
[1265/1497] Compiling Algorithms Split.swift
[1266/1497] Compiling Algorithms EitherSequence.swift
[1267/1497] Compiling Algorithms FirstNonNil.swift
[1267/1497] Compiling aes.cc
[1269/1497] Compiling Atomics IntegerOperations.swift
[1270/1497] Compiling Atomics Unmanaged extensions.swift
[1271/1497] Compiling Algorithms Compacted.swift
[1272/1497] Compiling Algorithms Cycle.swift
[1275/1497] Compiling Algorithms Joined.swift
[1276/1497] Compiling Algorithms Keyed.swift
[1277/1497] Compiling Algorithms MinMax.swift
[1277/1500] Compiling a_bitstr.cc
[1285/1505] Compiling Algorithms RandomSample.swift
[1286/1505] Compiling Algorithms Reductions.swift
[1287/1508] Compiling Algorithms FlattenCollection.swift
[1288/1508] Compiling Algorithms Grouped.swift
[1289/1508] Compiling Algorithms Indexed.swift
[1290/1508] Compiling Algorithms Intersperse.swift
[1291/1508] Compiling Algorithms Trim.swift
[1292/1508] Compiling Algorithms Unique.swift
[1293/1508] Compiling Algorithms Windows.swift
[1294/1508] Compiling Algorithms AdjacentPairs.swift
[1295/1508] Compiling Algorithms Chain.swift
[1296/1508] Compiling Algorithms Chunked.swift
[1297/1508] Compiling Algorithms Combinations.swift
[1303/1508] Compiling Algorithms Product.swift
[1304/1508] Compiling CryptoBoringWrapper FiniteFieldArithmeticContext.swift
[1305/1508] Compiling CryptoBoringWrapper RandomBytes.swift
[1306/1508] Emitting module Atomics
[1307/1508] Compiling CryptoBoringWrapper CryptoKitErrors_boring.swift
[1308/1508] Emitting module CryptoBoringWrapper
[1309/1508] Compiling CryptoBoringWrapper BoringSSLAEAD.swift
[1310/1508] Compiling CryptoBoringWrapper EllipticCurve.swift
[1311/1508] Compiling CryptoBoringWrapper ArbitraryPrecisionInteger.swift
[1312/1508] Compiling CryptoBoringWrapper EllipticCurvePoint.swift
[1319/1510] Wrapping AST for CryptoBoringWrapper for debugging
[1321/1569] Wrapping AST for Atomics for debugging
[1323/1658] Emitting module Algorithms
[1324/1659] Wrapping AST for Algorithms for debugging
[1326/1659] Compiling NIOCore NIOCoreSendableMetatype.swift
[1327/1659] Compiling NIOCore NIODecodedAsyncSequence.swift
[1328/1659] Compiling NIOCore NIOLoopBound.swift
[1329/1659] Compiling NIOCore NIOPooledRecvBufferAllocator.swift
[1330/1659] Compiling NIOCore NIOScheduledCallback.swift
[1331/1659] Compiling NIOCore NIOSendable.swift
[1332/1659] Compiling NIOCore NIOSplitLinesMessageDecoder.swift
[1333/1659] Compiling NIOCore NIOTransportAccessibleChannelCore.swift
[1334/1659] Compiling NIOCore RecvByteBufferAllocator.swift
[1339/1667] Compiling NIOCore SingleStepByteToMessageDecoder.swift
[1340/1667] Compiling NIOCore SocketAddresses.swift
[1341/1667] Compiling NIOCore SocketOptionProvider.swift
[1342/1667] Compiling NIOCore SystemCallHelpers.swift
[1343/1667] Compiling NIOCore TimeAmount+Duration.swift
[1344/1667] Compiling NIOCore TypeAssistedChannelHandler.swift
[1345/1667] Compiling NIOCore UniversalBootstrapSupport.swift
[1346/1667] Compiling NIOCore Utilities.swift
[1347/1667] Compiling NIOCore EventLoopFuture.swift
[1348/1667] Compiling NIOCore FileDescriptor.swift
[1349/1667] Compiling NIOCore FileHandle.swift
[1350/1667] Compiling NIOCore FileRegion.swift
[1351/1667] Compiling NIOCore GlobalSingletons.swift
[1352/1667] Compiling NIOCore IO.swift
[1353/1667] Compiling NIOCore IOData.swift
[1359/1678] Emitting module Crypto
[1360/1678] Compiling NIOCore AddressedEnvelope.swift
[1361/1678] Compiling NIOCore AsyncAwaitSupport.swift
[1362/1678] Compiling NIOCore AsyncChannel.swift
[1363/1678] Compiling NIOCore AsyncChannelHandler.swift
[1364/1678] Compiling NIOCore AsyncChannelInboundStream.swift
[1365/1678] Compiling NIOCore AsyncChannelOutboundWriter.swift
[1366/1678] Compiling NIOCore NIOAsyncSequenceProducer.swift
[1367/1678] Compiling NIOCore NIOAsyncSequenceProducerStrategies.swift
[1368/1678] Compiling NIOCore NIOAsyncWriter.swift
[1369/1678] Compiling NIOCore NIOThrowingAsyncSequenceProducer.swift
[1370/1678] Compiling NIOCore BSDSocketAPI.swift
[1371/1678] Compiling NIOCore ByteBuffer-aux.swift
[1372/1678] Compiling NIOCore IPProtocol.swift
[1373/1678] Compiling NIOCore IntegerBitPacking.swift
[1374/1678] Compiling NIOCore IntegerTypes.swift
[1375/1678] Compiling NIOCore Interfaces.swift
[1376/1678] Compiling NIOCore Linux.swift
[1377/1678] Compiling NIOCore MarkedCircularBuffer.swift
[1378/1678] Compiling NIOCore MulticastChannel.swift
[1379/1678] Compiling NIOCore NIOAny.swift
[1380/1678] Compiling NIOCore NIOCloseOnErrorHandler.swift
[1381/1678] Compiling NIOCore EventLoopFuture+Deprecated.swift
[1382/1678] Compiling NIOCore EventLoopFuture+WithEventLoop.swift
[1390/1678] Compiling NIOCore ByteBuffer-binaryEncodedLengthPrefix.swift
[1391/1678] Compiling NIOCore ByteBuffer-conversions.swift
[1392/1678] Compiling NIOCore ByteBuffer-core.swift
[1393/1678] Compiling NIOCore ByteBuffer-hex.swift
[1394/1678] Compiling NIOCore ByteBuffer-int.swift
[1395/1678] Compiling NIOCore ByteBuffer-lengthPrefix.swift
[1396/1678] Compiling NIOCore CircularBuffer.swift
[1397/1678] Compiling NIOCore Codec.swift
[1398/1678] Compiling NIOCore ConvenienceOptionSupport.swift
[1399/1678] Compiling NIOCore DeadChannel.swift
[1400/1678] Compiling NIOCore DispatchQueue+WithFuture.swift
[1406/1678] Compiling NIOCore EventLoop+Deprecated.swift
[1407/1678] Compiling NIOCore EventLoop+SerialExecutor.swift
[1408/1678] Compiling Crypto Signature.swift
[1409/1678] Compiling Crypto CryptoKitErrors_boring.swift
[1410/1678] Compiling Crypto Optional+withUnsafeBytes_boring.swift
[1411/1678] Compiling Crypto RNG_boring.swift
[1412/1678] Compiling Crypto SafeCompare_boring.swift
[1413/1678] Compiling Crypto Zeroization_boring.swift
[1414/1678] Compiling Crypto _CryptoModuleAnchor.swift
[1415/1678] Compiling Crypto PrettyBytes.swift
[1416/1678] Compiling Crypto SafeCompare.swift
[1417/1678] Compiling Crypto SecureBytes.swift
[1418/1678] Compiling Crypto Zeroization.swift
[1419/1678] Compiling NIOCore EventLoop.swift
[1420/1678] Compiling NIOCore EventLoopFuture+AssumeIsolated.swift
[1425/1678] Compiling NIOCore ByteBuffer-multi-int.swift
[1426/1678] Compiling NIOCore ByteBuffer-quicBinaryEncodingStrategy.swift
[1427/1678] Compiling NIOCore ByteBuffer-views.swift
[1428/1678] Compiling NIOCore Channel.swift
[1429/1678] Compiling NIOCore ChannelHandler.swift
[1430/1678] Compiling NIOCore ChannelHandlers.swift
[1431/1678] Compiling NIOCore ChannelInvoker.swift
[1432/1678] Compiling NIOCore ChannelOption.swift
[1433/1678] Compiling Crypto CryptoKitErrors.swift
[1434/1678] Compiling Crypto Digest_boring.swift
[1435/1678] Compiling Crypto Digest.swift
[1436/1678] Compiling Crypto Digests.swift
[1437/1678] Compiling Crypto HashFunctions.swift
[1438/1678] Compiling Crypto HashFunctions_SHA2.swift
[1439/1678] Compiling Crypto HashFunctions_SHA3.swift
[1440/1678] Compiling Crypto Digest_xkcp.swift
[1441/1678] Compiling Crypto HPKE-AEAD.swift
[1442/1678] Compiling Crypto HPKE-Ciphersuite.swift
[1443/1678] Compiling Crypto HPKE-KDF.swift
[1444/1678] Compiling Crypto HPKE-KexKeyDerivation.swift
[1445/1678] Compiling NIOCore ChannelPipeline.swift
[1457/1679] Wrapping AST for Crypto for debugging
[1467/1741] Compiling CryptoExtras ARCServer.swift
[1468/1741] Compiling CryptoExtras ChaCha20CTR_boring.swift
[1469/1741] Compiling CryptoExtras ChaCha20CTR.swift
[1470/1741] Compiling CryptoExtras BoringSSLSHA512256Context.swift
[1471/1741] Compiling CryptoExtras BoringSSLSHA512256HashFunction.swift
[1472/1741] Compiling CryptoExtras SHA512256.swift
[1473/1741] Compiling CryptoExtras SHA512256Digest.swift
[1474/1741] Compiling CryptoExtras Curve25519+PEM.swift
[1475/1741] Compiling CryptoExtras ObjectIdentifier.swift
[1476/1749] Compiling CryptoExtras Data+Extensions.swift
[1477/1749] Compiling CryptoExtras DigestType.swift
[1478/1749] Compiling CryptoExtras Error.swift
[1479/1749] Compiling CryptoExtras I2OSP.swift
[1480/1749] Compiling CryptoExtras IntegerEncoding.swift
[1481/1749] Compiling CryptoExtras PEMDocument.swift
[1482/1749] Compiling CryptoExtras PrettyBytes.swift
[1483/1749] Compiling CryptoExtras SubjectPublicKeyInfo.swift
[1484/1749] Compiling CryptoExtras PKCS8DERRepresentation.swift
[1485/1749] Compiling CryptoExtras PKCS8PrivateKey.swift
[1486/1749] Compiling CryptoExtras RFC8410AlgorithmIdentifier.swift
[1487/1749] Compiling CryptoExtras ECToolbox_boring.swift
[1488/1749] Compiling CryptoExtras ECToolbox.swift
[1489/1749] Compiling CryptoExtras HashToField.swift
[1490/1749] Compiling CryptoExtras KDF.swift
[1491/1749] Compiling CryptoExtras PBKDF2_boring.swift
[1492/1749] Compiling CryptoExtras PBKDF2_commoncrypto.swift
[1493/1749] Emitting module CryptoExtras
[1494/1749] Compiling CryptoExtras AES_CBC.swift
[1495/1749] Compiling CryptoExtras AES_CFB.swift
[1496/1749] Compiling CryptoExtras AES_CTR.swift
[1497/1749] Compiling CryptoExtras AES_GCM_SIV.swift
[1498/1749] Compiling CryptoExtras Block Function.swift
[1499/1749] Compiling CryptoExtras AES_CBC_boring.swift
[1500/1749] Compiling CryptoExtras AES_CFB_boring.swift
[1501/1749] Compiling CryptoExtras AES_CTR_boring.swift
[1502/1749] Compiling CryptoExtras AES_GCM_SIV_boring.swift
[1503/1749] Compiling CryptoExtras Scrypt_boring.swift
[1504/1749] Compiling CryptoExtras Scrypt.swift
[1505/1749] Compiling CryptoExtras OPRF.swift
[1506/1749] Compiling CryptoExtras OPRFClient.swift
[1507/1749] Compiling CryptoExtras OPRFServer.swift
[1508/1749] Compiling CryptoExtras VOPRF+API.swift
[1509/1749] Compiling CryptoExtras VOPRFClient.swift
[1510/1749] Compiling CryptoExtras VOPRFServer.swift
[1511/1749] Compiling CryptoExtras CMAC.swift
[1530/1749] Compiling CryptoExtras ThreadOps.swift
[1531/1749] Compiling CryptoExtras ThreadPosix.swift
[1532/1749] Compiling CryptoExtras ThreadSpecific.swift
[1533/1749] Compiling CryptoExtras ThreadWindows.swift
[1534/1749] Compiling CryptoExtras DLEQ.swift
[1535/1749] Compiling CryptoExtras Prover.swift
[1536/1749] Compiling CryptoExtras Verifier.swift
[1537/1749] Compiling CryptoExtras ZKPToolbox.swift
[1538/1749] Compiling CryptoExtras BoringSSLPassphraseCallbackManager.swift
[1539/1749] Compiling CryptoExtras RSA+BlindSigning.swift
[1540/1749] Compiling CryptoExtras RSA.swift
[1541/1749] Compiling CryptoExtras RSA_boring.swift
[1542/1749] Compiling CryptoExtras Reexport.swift
[1543/1749] Compiling CryptoExtras Zeroization_boring.swift
[1544/1749] Compiling CryptoExtras BoringSSLHelpers.swift
[1545/1749] Compiling CryptoExtras CryptoKitErrors_boring.swift
[1547/1749] Compiling CryptoExtras ARC+API.swift
[1548/1749] Compiling CryptoExtras ARC.swift
[1549/1749] Compiling CryptoExtras ARCCredential.swift
[1550/1749] Compiling CryptoExtras ARCEncoding.swift
[1551/1749] Compiling CryptoExtras ARCPrecredential.swift
[1552/1749] Compiling CryptoExtras ARCPresentation.swift
[1553/1749] Compiling CryptoExtras ARCRequest.swift
[1554/1749] Compiling CryptoExtras ARCResponse.swift
[1555/1749] Compiling CryptoExtras PBKDF2.swift
[1564/1750] Wrapping AST for CryptoExtras for debugging
[1566/1752] Emitting module _CryptoExtras
[1567/1752] Compiling _CryptoExtras Exports.swift
[1568/1753] Wrapping AST for _CryptoExtras for debugging
[1570/1848] Emitting module NIOCore
[1571/1849] Wrapping AST for NIOCore for debugging
[1573/1906] Compiling NIOFoundationEssentialsCompat Codable+ByteBuffer.swift
[1574/1906] Compiling NIOEmbedded Embedded.swift
[1575/1906] Compiling NIOEmbedded AsyncTestingEventLoop.swift
[1576/1906] Compiling NIOFoundationEssentialsCompat ByteBuffer-foundation.swift
[1577/1906] Emitting module NIOFoundationEssentialsCompat
[1578/1907] Compiling NIOEmbedded AsyncTestingChannel.swift
[1579/1907] Emitting module NIOEmbedded
[1581/1908] Wrapping AST for NIOFoundationEssentialsCompat for debugging
[1582/1908] Wrapping AST for NIOEmbedded for debugging
[1584/1908] Compiling X509 OCSPExtensionID.swift
[1585/1908] Compiling X509 OCSPNonce.swift
[1586/1908] Compiling X509 OCSPPolicy.swift
[1587/1908] Compiling X509 OCSPRequest.swift
[1588/1908] Compiling X509 OCSPResponse.swift
[1589/1908] Compiling X509 OCSPResponseBytes.swift
[1590/1908] Compiling X509 OCSPResponseData.swift
[1591/1908] Compiling X509 OCSPResponseStatus.swift
[1592/1908] Compiling X509 OCSPSignature.swift
[1593/1908] Compiling X509 OCSPSingleRequest.swift
[1594/1908] Compiling X509 OCSPSingleResponse.swift
[1595/1908] Compiling X509 OCSPTBSRequest.swift
[1596/1908] Compiling X509 OCSPVersion.swift
[1597/1908] Compiling NIOPosix BaseStreamSocketChannel.swift
[1598/1908] Compiling NIOPosix Bootstrap.swift
[1599/1908] Compiling NIOPosix ControlMessage.swift
[1600/1908] Compiling NIOPosix DatagramVectorReadManager.swift
[1601/1908] Compiling NIOPosix Errors+Any.swift
[1602/1908] Compiling NIOPosix FileDescriptor.swift
[1603/1908] Compiling NIOPosix GetaddrinfoResolver.swift
[1604/1908] Compiling NIOPosix BSDSocketAPICommon.swift
[1605/1908] Compiling NIOPosix BSDSocketAPIPosix.swift
[1606/1908] Compiling NIOPosix BSDSocketAPIWindows.swift
[1607/1908] Compiling NIOPosix BaseSocket.swift
[1608/1908] Compiling NIOPosix BaseSocketChannel+AccessibleTransport.swift
[1609/1908] Compiling NIOPosix BaseSocketChannel+SocketOptionProvider.swift
[1610/1908] Compiling NIOPosix BaseSocketChannel.swift
[1611/1921] Compiling NIOPosix HappyEyeballs.swift
[1612/1921] Compiling NIOPosix IO.swift
[1613/1921] Compiling NIOPosix IntegerBitPacking.swift
[1614/1921] Compiling NIOPosix IntegerTypes.swift
[1615/1921] Compiling NIOPosix Linux.swift
[1616/1921] Compiling NIOPosix LinuxCPUSet.swift
[1617/1921] Compiling NIOPosix LinuxUring.swift
[1618/1928] Compiling X509 OneOfPolicies.swift
[1619/1928] Compiling X509 PolicyBuilder.swift
[1620/1928] Compiling X509 BasicConstraintsPolicy.swift
[1621/1928] Compiling X509 DNSNames.swift
[1622/1928] Compiling X509 ExpiryPolicy.swift
[1623/1928] Compiling X509 IPConstraints.swift
[1624/1928] Compiling X509 NameConstraintsPolicy.swift
[1625/1928] Compiling X509 RFC5280Policy.swift
[1626/1928] Compiling X509 URIConstraints.swift
[1627/1928] Compiling X509 VersionPolicy.swift
[1628/1928] Compiling X509 ServerIdentityPolicy.swift
[1629/1928] Compiling X509 TrustRootLoading.swift
[1630/1928] Compiling X509 UnverifiedChain.swift
[1631/1928] Compiling NIOPosix StructuredConcurrencyHelpers.swift
[1632/1928] Compiling NIOPosix System.swift
[1633/1928] Compiling NIOPosix Selectable.swift
[1634/1928] Compiling NIOPosix SelectableChannel.swift
[1635/1928] Compiling NIOPosix SelectableEventLoop.swift
[1636/1928] Compiling NIOPosix SelectorEpoll.swift
[1637/1928] Compiling NIOPosix SelectorGeneric.swift
[1638/1928] Compiling NIOPosix SelectorKqueue.swift
[1639/1928] Compiling NIOPosix SelectorUring.swift
[1640/1928] Compiling NIOPosix Thread.swift
[1641/1928] Compiling NIOPosix ThreadPosix.swift
[1642/1928] Compiling NIOPosix ThreadWindows.swift
[1643/1928] Compiling NIOPosix Utilities.swift
[1644/1928] Compiling NIOPosix VsockAddress.swift
[1645/1928] Compiling NIOPosix PendingWritesManager.swift
[1646/1928] Compiling NIOPosix PipeChannel.swift
[1647/1928] Compiling NIOPosix PipePair.swift
[1648/1928] Compiling NIOPosix Pool.swift
[1649/1928] Compiling NIOPosix PosixSingletons+ConcurrencyTakeOver.swift
[1650/1928] Compiling NIOPosix PosixSingletons.swift
[1651/1928] Compiling NIOPosix RawSocketBootstrap.swift
[1652/1928] Compiling NIOPosix Resolver.swift
[1653/1928] Compiling NIOPosix SelectorWSAPoll.swift
[1654/1928] Compiling NIOPosix ServerSocket.swift
[1655/1928] Compiling NIOPosix Socket.swift
[1656/1928] Compiling NIOPosix SocketChannel.swift
[1657/1928] Compiling NIOPosix SocketProtocols.swift
[1663/1928] Compiling NIOPosix VsockChannelEvents.swift
[1664/1928] Compiling NIOPosix Windows.swift
[1672/1928] Compiling NIOPosix MultiThreadedEventLoopGroup.swift
[1673/1928] Compiling NIOPosix NIOPosixSendableMetatype.swift
[1674/1928] Compiling NIOPosix NIORandomizedDNSResolver.swift
[1675/1928] Compiling NIOPosix NIOThreadPool.swift
[1676/1928] Compiling NIOPosix NonBlockingFileIO.swift
[1677/1928] Compiling NIOPosix PendingDatagramWritesManager.swift
[1680/1928] Compiling X509 CSRVersion.swift
[1681/1928] Compiling X509 CertificateSigningRequest.swift
[1682/1928] Compiling X509 CertificationRequestInfo.swift
[1683/1928] Compiling X509 ExtensionRequest.swift
[1684/1928] Compiling X509 Certificate.swift
[1685/1928] Compiling X509 CertificatePrivateKey.swift
[1686/1928] Compiling X509 CertificatePublicKey.swift
[1687/1928] Compiling X509 CertificateSerialNumber.swift
[1688/1928] Compiling X509 CertificateVersion.swift
[1689/1928] Compiling X509 CMSAttribute.swift
[1690/1928] Compiling X509 CMSContentInfo.swift
[1691/1928] Compiling X509 CMSEncapsulatedContentInfo.swift
[1692/1928] Emitting module NIOPosix
[1728/1928] Emitting module X509
[1736/1929] Wrapping AST for NIOPosix for debugging
[1738/1931] Compiling NIO Exports.swift
[1739/1931] Emitting module NIO
[1740/1933] Wrapping AST for NIO for debugging
[1742/1971] Compiling NIOTLS TLSEvents.swift
[1743/1971] Compiling NIOFoundationCompat WaitSpinningRunLoop.swift
[1744/1971] Compiling NIOFoundationCompat Exports.swift
[1745/1971] Compiling NIOFoundationCompat JSONSerialization+ByteBuffer.swift
[1746/1971] Emitting module NIOFoundationCompat
[1748/1972] Compiling NIOSOCKS SelectedAuthenticationMethod.swift
[1749/1973] Compiling NIOTLS NIOTypedApplicationProtocolNegotiationHandler.swift
[1750/1973] Emitting module NIOTLS
[1750/1973] Wrapping AST for NIOFoundationCompat for debugging
[1752/1973] Compiling NIOSOCKS SOCKSResponse.swift
[1753/1973] Compiling NIOSOCKS ClientStateMachine.swift
[1754/1973] Compiling NIOHTTP1 HTTPHeaderValidator.swift
[1755/1973] Compiling NIOHTTP1 HTTPHeaders+Validation.swift
[1756/1973] Compiling X509 ValidatedCertificateChain.swift
[1757/1973] Compiling X509 VerificationDiagnostic.swift
[1758/1973] Compiling X509 Verifier.swift
[1759/1973] Compiling X509 VerifierPolicy.swift
[1760/1973] Compiling X509 AlgorithmIdentifier.swift
[1761/1973] Compiling X509 ECDSASignature.swift
[1762/1973] Compiling X509 RSAPKCS1PublicKey.swift
[1763/1973] Compiling X509 SubjectPublicKeyInfo.swift
[1764/1973] Compiling X509 TBSCertificate.swift
[1765/1973] Compiling X509 Time.swift
[1766/1973] Compiling X509 TimeCalculations.swift
[1767/1973] Compiling X509 Validity.swift
[1768/1973] Compiling X509 X509SendableMetatype.swift
[1769/1973] Compiling NIOHTTP1 HTTPPipelineSetup.swift
[1770/1973] Compiling NIOHTTP1 ByteCollectionUtils.swift
[1771/1973] Emitting module NIOSOCKS
[1773/1974] Compiling NIOHTTP1 HTTPServerRequestMethodQueue.swift
[1774/1974] Compiling NIOHTTP1 HTTPServerUpgradeHandler.swift
[1775/1974] Compiling NIOHTTP1 HTTPDecoder.swift
[1776/1974] Compiling NIOHTTP1 HTTPEncoder.swift
[1777/1974] Compiling NIOSOCKS ServerStateMachine.swift
[1778/1975] Compiling NIOTLS ProtocolNegotiationHandlerStateMachine.swift
[1779/1975] Compiling NIOTLS ApplicationProtocolNegotiationHandler.swift
[1780/1975] Compiling NIOTLS SNIHandler.swift
[1781/1976] Wrapping AST for X509 for debugging
[1783/2043] Wrapping AST for NIOSOCKS for debugging
[1785/2043] Compiling JWTKit AudienceClaim.swift
[1786/2043] Compiling JWTKit BoolClaim.swift
[1787/2043] Compiling JWTKit ECDSACurveType.swift
[1788/2043] Compiling JWTKit ECDSAError.swift
[1788/2045] Wrapping AST for NIOTLS for debugging
[1790/2045] Compiling JWTKit LocaleClaim.swift
[1791/2045] Compiling JWTKit NotBeforeClaim.swift
[1792/2045] Compiling JWTKit SubjectClaim.swift
[1793/2075] Compiling NIOSSL IdentityVerification.swift
[1794/2075] Compiling NIOSSL SSLContext.swift
[1795/2075] Compiling NIOSSL AndroidCABundle.swift
[1796/2075] Compiling NIOSSL ByteBufferBIO.swift
[1797/2075] Compiling NIOSSL SSLErrors.swift
[1798/2075] Compiling NIOSSL SSLInit.swift
[1799/2075] Compiling JWTKit MLDSAType.swift
[1800/2075] Compiling JWTKit JWTKeyCollection+UnsecuredNone.swift
[1801/2075] Compiling JWTKit UnsecuredNoneSigner.swift
[1802/2075] Compiling JWTKit JWTKeyCollection+RSA.swift
[1803/2075] Compiling JWTKit RSA.swift
[1804/2075] Compiling JWTKit RSAError.swift
[1805/2075] Compiling JWTKit RSASigner.swift
[1806/2075] Compiling JWTKit Base64URL.swift
[1807/2075] Compiling JWTKit CryptoSigner.swift
[1808/2084] Compiling NIOSSL CustomPrivateKey.swift
[1809/2084] Compiling NIOSSL FreeBSDCABundle.swift
[1814/2084] Compiling NIOSSL SSLPKCS12Bundle.swift
[1815/2084] Compiling NIOSSL SSLCertificate.swift
[1816/2084] Compiling NIOSSL SSLCertificateExtensions.swift
[1817/2084] Compiling NIOSSL SSLCertificateName.swift
[1818/2084] Emitting module JWTKit
[1819/2084] Compiling NIOSSL NIOSSLServerHandler.swift
[1820/2084] Compiling NIOSSL ObjectIdentifier.swift
[1821/2084] Compiling NIOSSL PosixPort.swift
[1822/2084] Compiling NIOSSL SSLCallbacks.swift
[1823/2084] Compiling NIOSSL LinuxCABundle.swift
[1824/2084] Compiling NIOSSL NIOSSLClientHandler.swift
[1825/2084] Compiling NIOSSL NIOSSLHandler+Configuration.swift
[1826/2084] Compiling NIOSSL NIOSSLHandler.swift
[1829/2084] Emitting module NIOHTTP1
[1836/2085] Compiling JWTKit HMAC.swift
[1837/2085] Compiling JWTKit HMACError.swift
[1838/2085] Compiling JWTKit HMACSigner.swift
[1839/2085] Compiling JWTKit JWTKeyCollection+HMAC.swift
[1840/2085] Compiling JWTKit Insecure.swift
[1841/2085] Compiling JWTKit JWK.swift
[1842/2085] Compiling JWTKit JWKIdentifier.swift
[1843/2085] Compiling JWTKit JWKS.swift
[1844/2085] Compiling JWTKit JWKSigner.swift
[1844/2092] Wrapping AST for NIOHTTP1 for debugging
[1846/2102] Compiling NIOSSL SSLConnection.swift
[1847/2102] Compiling NIOSSL SSLPrivateKey.swift
[1848/2102] Compiling NIOSSL SSLPublicKey.swift
[1849/2102] Compiling NIOSSL SecurityFrameworkCertificateVerification.swift
[1850/2102] Compiling NIOSSL String+unsafeUninitializedCapacity.swift
[1851/2102] Compiling NIOSSL SubjectAlternativeName.swift
[1852/2102] Compiling NIOSSL NIOSSLSecureBytes.swift
[1853/2102] Compiling NIOSSL RNG.swift
[1854/2102] Compiling NIOSSL SafeCompare.swift
[1855/2102] Compiling JWTKit ECDSASigningAlgorithm.swift
[1856/2102] Compiling JWTKit JWTKeyCollection+ECDSA.swift
[1857/2102] Compiling JWTKit P256+CurveType.swift
[1858/2102] Compiling JWTKit P384+CurveType.swift
[1859/2102] Compiling JWTKit P521+CurveType.swift
[1860/2102] Compiling JWTKit EdDSA.swift
[1861/2102] Compiling JWTKit EdDSACurve.swift
[1862/2102] Compiling JWTKit EdDSAError.swift
[1863/2102] Compiling JWTKit EdDSASigner.swift
[1864/2102] Compiling JWTKit JWTKeyCollection+EdDSA.swift
[1865/2102] Compiling JWTKit JWTAlgorithm.swift
[1866/2102] Compiling JWTKit JWTError.swift
[1867/2102] Compiling JWTKit JWTHeader+CommonFields.swift
[1868/2102] Compiling JWTKit JWTHeader.swift
[1869/2102] Compiling JWTKit JWTHeaderField.swift
[1870/2102] Compiling JWTKit JWTKeyCollection.swift
[1871/2102] Compiling JWTKit JWTParser+MandatoryVerificationFields.swift
[1872/2102] Compiling JWTKit JWTParser.swift
[1873/2102] Compiling JWTKit JWTPayload.swift
[1874/2102] Compiling NIOHPACK IndexedHeaderTable.swift
[1875/2102] Compiling NIOHPACK IntegerCoding.swift
[1876/2103] Emitting module NIOSSL
[1877/2103] Emitting module NIOHPACK
[1878/2107] Compiling JWTKit CustomizedJSONCoders.swift
[1879/2107] Compiling JWTKit Utilities.swift
[1880/2107] Compiling JWTKit AppleIdentityToken.swift
[1881/2107] Compiling JWTKit FirebaseAuthIdentityToken.swift
[1882/2107] Compiling JWTKit GoogleIdentityToken.swift
[1883/2107] Compiling JWTKit MicrosoftIdentityToken.swift
[1884/2107] Compiling JWTKit EmptyPolicy.swift
[1885/2107] Compiling JWTKit ValidationTimePayload.swift
[1886/2107] Compiling JWTKit X5CVerifier.swift
[1888/2108] Compiling NIOHPACK HuffmanTables.swift
[1889/2108] Compiling NIOHPACK HuffmanCoding.swift
[1890/2108] Compiling NIOHTTPCompression HTTPDecompressor.swift
[1891/2108] Compiling NIOHTTPCompression HTTPRequestCompressor.swift
[1892/2108] Compiling NIOHTTPCompression HTTPResponseCompressor.swift
[1893/2108] Emitting module NIOHTTPCompression
[1894/2108] Compiling NIOHTTPCompression HTTPCompression.swift
[1895/2108] Compiling NIOHTTPCompression HTTPDecompression.swift
[1896/2108] Compiling NIOHPACK StaticHeaderTable.swift
[1896/2109] Wrapping AST for JWTKit for debugging
[1898/2109] Wrapping AST for NIOHTTPCompression for debugging
[1908/2109] Compiling NIOHPACK DynamicHeaderTable.swift
[1909/2109] Compiling NIOHPACK HPACKDecoder.swift
[1910/2109] Compiling NIOHPACK HPACKHeader.swift
[1911/2109] Compiling NIOHPACK HeaderTables.swift
[1912/2109] Compiling NIOHPACK HPACKEncoder.swift
[1913/2109] Compiling NIOHPACK HPACKErrors.swift
[1914/2110] Wrapping AST for NIOHPACK for debugging
[1920/2169] Compiling NIOHTTP2 ConnectionStateMachine.swift
[1921/2169] Compiling NIOHTTP2 ConnectionStreamsState.swift
[1922/2169] Compiling NIOHTTP2 MayReceiveFrames.swift
[1923/2169] Compiling NIOHTTP2 ReceivingDataState.swift
[1924/2169] Compiling NIOHTTP2 ReceivingGoAwayState.swift
[1925/2170] Compiling NIOHTTP2 ReceivingHeadersState.swift
[1926/2170] Compiling NIOHTTP2 ReceivingPushPromiseState.swift
[1927/2170] Compiling NIOHTTP2 ReceivingRstStreamState.swift
[1928/2170] Compiling NIOHTTP2 HTTP2Stream.swift
[1929/2170] Compiling NIOHTTP2 HTTP2StreamChannel+OutboundStreamMultiplexer.swift
[1930/2170] Compiling NIOHTTP2 HTTP2StreamChannel.swift
[1931/2170] Compiling NIOHTTP2 HTTP2StreamDelegate.swift
[1932/2170] Compiling NIOHTTP2 ReceivingWindowUpdateState.swift
[1933/2170] Compiling NIOHTTP2 HTTP2FrameParser.swift
[1934/2170] Compiling NIOHTTP2 HTTP2PingData.swift
[1935/2170] Compiling NIOHTTP2 HTTP2PipelineHelpers.swift
[1936/2170] Compiling NIOHTTP2 HTTP2Settings.swift
[1937/2173] Compiling NIOHTTP2 ControlFrameBuffer.swift
[1938/2173] Compiling NIOHTTP2 OutboundFlowControlBuffer.swift
[1939/2173] Compiling NIOHTTP2 OutboundFrameBuffer.swift
[1940/2173] Compiling NIOHTTP2 GlitchesMonitor.swift
[1941/2174] Wrapping AST for NIOSSL for debugging
[1943/2174] Compiling NIOHTTP2 HasFlowControlWindows.swift
[1944/2174] Compiling NIOHTTP2 HasLocalSettings.swift
[1945/2174] Compiling NIOHTTP2 HasRemoteSettings.swift
[1946/2174] Compiling NIOHTTP2 LocallyQuiescingState.swift
[1947/2174] Compiling NIOHTTP2 QuiescingState.swift
[1948/2174] Compiling NIOHTTP2 RemotelyQuiescingState.swift
[1949/2174] Compiling NIOHTTP2 SendAndReceiveGoawayState.swift
[1950/2174] Compiling NIOHTTP2 StateMachineResult.swift
[1951/2174] Compiling NIOHTTP2 ContentLengthVerifier.swift
[1952/2174] Compiling NIOHTTP2 MaySendFrames.swift
[1953/2174] Compiling NIOHTTP2 SendingDataState.swift
[1954/2174] Compiling NIOHTTP2 SendingGoawayState.swift
[1955/2174] Compiling NIOHTTP2 SendingHeadersState.swift
[1956/2174] Compiling NIOHTTP2 SendingPushPromiseState.swift
[1957/2174] Compiling NIOHTTP2 SendingRstStreamState.swift
[1958/2174] Compiling NIOHTTP2 SendingWindowUpdateState.swift
[1959/2174] Compiling NIOHTTP2 HTTP2SettingsState.swift
[1960/2174] Compiling NIOHTTP2 HasExtendedConnectSettings.swift
[1961/2182] Emitting module NIOHTTP2
[1962/2182] Compiling NIOHTTP2 NIOHTTP2ServerConnectionManagementHandler.swift
[1963/2182] Compiling NIOHTTP2 StreamChannelFlowController.swift
[1964/2182] Compiling NIOHTTP2 StreamChannelList.swift
[1965/2182] Compiling NIOHTTP2 StreamMap.swift
[1966/2182] Compiling NIOHTTP2 StreamStateMachine.swift
[1967/2182] Compiling NIOHTTP2 Timer.swift
[1968/2182] Compiling NIOHTTP2 UnsafeTransfer.swift
[1969/2182] Compiling NIOHTTP2 WatermarkedFlowController.swift
[1979/2182] Compiling NIOHTTP2 HTTP2ChannelHandler+InlineStreamMultiplexer.swift
[1980/2182] Compiling NIOHTTP2 HTTP2ChannelHandler.swift
[1981/2182] Compiling NIOHTTP2 HTTP2CommonInboundStreamMultiplexer.swift
[1982/2182] Compiling NIOHTTP2 HTTP2ConnectionStateChange.swift
[1983/2182] Compiling NIOHTTP2 HTTP2Error.swift
[1984/2182] Compiling NIOHTTP2 HTTP2ErrorCode.swift
[1985/2182] Compiling NIOHTTP2 HTTP2FlowControlWindow.swift
[1986/2182] Compiling NIOHTTP2 HTTP2Frame.swift
[1987/2182] Compiling NIOHTTP2 HTTP2FrameEncoder.swift
[1988/2182] Compiling NIOHTTP2 DOSHeuristics.swift
[1989/2182] Compiling NIOHTTP2 Error+Any.swift
[1990/2182] Compiling NIOHTTP2 ConcurrentStreamBuffer.swift
[1995/2182] Compiling NIOHTTP2 HPACKHeaders+Validation.swift
[1996/2182] Compiling NIOHTTP2 HTTP2ChannelHandler+InboundStreamMultiplexer.swift
[1997/2182] Compiling NIOHTTP2 HTTP2StreamMultiplexer.swift
[1998/2182] Compiling NIOHTTP2 HTTP2ToHTTP1Codec.swift
[1999/2182] Compiling NIOHTTP2 HTTP2UserEvents.swift
[2000/2182] Compiling NIOHTTP2 InboundEventBuffer.swift
[2001/2182] Compiling NIOHTTP2 InboundWindowManager.swift
[2002/2182] Compiling NIOHTTP2 MultiplexerAbstractChannel.swift
[2003/2182] Compiling NIOHTTP2 NIOHTTP2FrameDelegate.swift
[2004/2182] Compiling NIOHTTP2 NIOHTTP2ServerConnectionManagementHandler+StateMachine.swift
[2013/2182] Compiling NIOHTTP2 HTTP2StreamID.swift
[2014/2183] Wrapping AST for NIOHTTP2 for debugging
[2016/2247] Compiling AsyncHTTPClient AnyAsyncSequence.swift
[2017/2247] Compiling AsyncHTTPClient AnyAsyncSequenceProucerDelete.swift
[2018/2247] Compiling AsyncHTTPClient AsyncLazySequence.swift
[2019/2247] Compiling AsyncHTTPClient HTTPClient+execute.swift
[2020/2247] Compiling AsyncHTTPClient HTTPClient+shutdown.swift
[2021/2247] Compiling AsyncHTTPClient HTTPClient+tracing.swift
[2022/2247] Compiling AsyncHTTPClient HTTPClientRequest+Prepared.swift
[2023/2247] Compiling AsyncHTTPClient HTTPClientRequest+auth.swift
[2024/2247] Compiling AsyncHTTPClient HTTPClientRequest.swift
[2025/2255] Emitting module AsyncHTTPClient
[2026/2255] Compiling AsyncHTTPClient HTTPClientResponse.swift
[2027/2255] Compiling AsyncHTTPClient SingleIteratorPrecondition.swift
[2028/2255] Compiling AsyncHTTPClient Transaction+StateMachine.swift
[2029/2255] Compiling AsyncHTTPClient Transaction.swift
[2030/2255] Compiling AsyncHTTPClient Base64.swift
[2031/2255] Compiling AsyncHTTPClient BasicAuth.swift
[2032/2255] Compiling AsyncHTTPClient BestEffortHashableTLSConfiguration.swift
[2033/2255] Compiling AsyncHTTPClient Configuration+BrowserLike.swift
[2034/2255] Compiling AsyncHTTPClient ConnectionPool.swift
[2035/2255] Compiling AsyncHTTPClient RequestValidation.swift
[2036/2255] Compiling AsyncHTTPClient SSLContextCache.swift
[2037/2255] Compiling AsyncHTTPClient Scheme.swift
[2038/2255] Compiling AsyncHTTPClient Singleton.swift
[2039/2255] Compiling AsyncHTTPClient StringConvertibleInstances.swift
[2040/2255] Compiling AsyncHTTPClient StructuredConcurrencyHelpers.swift
[2041/2255] Compiling AsyncHTTPClient TracingSupport.swift
[2042/2255] Compiling AsyncHTTPClient Utils.swift
[2043/2255] Compiling AsyncHTTPClient HTTP1ProxyConnectHandler.swift
[2044/2255] Compiling AsyncHTTPClient SOCKSEventsHandler.swift
[2045/2255] Compiling AsyncHTTPClient TLSEventsHandler.swift
[2046/2255] Compiling AsyncHTTPClient HTTP1ClientChannelHandler.swift
[2047/2255] Compiling AsyncHTTPClient HTTP1Connection.swift
[2048/2255] Compiling AsyncHTTPClient HTTP1ConnectionStateMachine.swift
[2049/2255] Compiling AsyncHTTPClient HTTP2ClientRequestHandler.swift
[2050/2255] Compiling AsyncHTTPClient HTTP2Connection.swift
[2051/2255] Compiling AsyncHTTPClient HTTP2IdleHandler.swift
[2052/2255] Compiling AsyncHTTPClient RequestOptions.swift
[2053/2255] Compiling AsyncHTTPClient HTTPConnectionPool+Backoff.swift
[2054/2255] Compiling AsyncHTTPClient HTTPConnectionPool+HTTP1Connections.swift
[2055/2255] Compiling AsyncHTTPClient HTTPConnectionPool+HTTP1StateMachine.swift
[2056/2255] Compiling AsyncHTTPClient HTTPConnectionPool+HTTP2Connections.swift
[2057/2255] Compiling AsyncHTTPClient HTTPConnectionPool+HTTP2StateMachine.swift
[2058/2255] Compiling AsyncHTTPClient HTTPConnectionPool+RequestQueue.swift
[2059/2255] Compiling AsyncHTTPClient HTTPConnectionPool+StateMachine.swift
[2060/2255] Compiling AsyncHTTPClient ConnectionTarget.swift
[2061/2255] Compiling AsyncHTTPClient LRUCache.swift
[2062/2255] Compiling AsyncHTTPClient NIOLoopBound+Execute.swift
[2063/2255] Compiling AsyncHTTPClient NWErrorHandler.swift
[2064/2255] Compiling AsyncHTTPClient NWWaitingHandler.swift
[2065/2255] Compiling AsyncHTTPClient TLSConfiguration.swift
[2066/2255] Compiling AsyncHTTPClient RedirectState.swift
[2067/2255] Compiling AsyncHTTPClient RequestBag+StateMachine.swift
[2068/2255] Compiling AsyncHTTPClient RequestBag+Tracing.swift
[2069/2255] Compiling AsyncHTTPClient RequestBag.swift
[2070/2255] Compiling AsyncHTTPClient DeconstructedURL.swift
[2071/2255] Compiling AsyncHTTPClient FileDownloadDelegate.swift
[2072/2255] Compiling AsyncHTTPClient FoundationExtensions.swift
[2073/2255] Compiling AsyncHTTPClient HTTPClient+HTTPCookie.swift
[2074/2255] Compiling AsyncHTTPClient HTTPClient+Proxy.swift
[2075/2255] Compiling AsyncHTTPClient HTTPClient+StructuredConcurrency.swift
[2076/2255] Compiling AsyncHTTPClient HTTPClient.swift
[2077/2255] Compiling AsyncHTTPClient HTTPClientConfiguration+SwiftConfiguration.swift
[2078/2255] Compiling AsyncHTTPClient HTTPHandler.swift
[2079/2255] Compiling AsyncHTTPClient HTTPConnectionEvent.swift
[2080/2255] Compiling AsyncHTTPClient HTTPConnectionPool+Factory.swift
[2081/2255] Compiling AsyncHTTPClient HTTPConnectionPool+Manager.swift
[2082/2255] Compiling AsyncHTTPClient HTTPConnectionPool.swift
[2083/2255] Compiling AsyncHTTPClient HTTPExecutableRequest.swift
[2084/2255] Compiling AsyncHTTPClient HTTPRequestStateMachine+Demand.swift
[2085/2255] Compiling AsyncHTTPClient HTTPRequestStateMachine.swift
[2086/2255] Compiling AsyncHTTPClient RequestBodyLength.swift
[2087/2255] Compiling AsyncHTTPClient RequestFramingMetadata.swift
[2088/2256] Wrapping AST for AsyncHTTPClient for debugging
[2090/2279] Emitting module GoogleAuth
[2091/2279] Compiling GoogleAuth CredentialParserRegistry.swift
[2092/2279] Compiling GoogleAuth Credentials.swift
[2093/2279] Compiling GoogleAuth CredentialsError.swift
[2094/2282] Compiling GoogleAuth AnonymousCredentials.swift
[2095/2282] Compiling GoogleAuth ApiKeyCredentials.swift
[2096/2282] Compiling GoogleAuth ExternalAccountCredentials.swift
[2097/2282] Compiling GoogleAuth ServiceAccountCredentials.swift
[2098/2282] Compiling GoogleAuth ServiceAccountData.swift
[2099/2282] Compiling GoogleAuth ServiceAccountTokenProvider.swift
[2100/2282] Compiling GoogleAuth SubjectTokenProvider.swift
[2101/2282] Compiling GoogleAuth MDSAccessTokenProvider.swift
[2102/2282] Compiling GoogleAuth MDSCredentials.swift
[2103/2282] Compiling GoogleAuth UserAccountData.swift
[2104/2282] Compiling GoogleAuth UserAccountTokenProvider.swift
[2105/2282] Compiling GoogleAuth UserCredentials.swift
[2106/2282] Compiling GoogleAuth ADC.swift
[2107/2282] Compiling GoogleAuth ADCPath.swift
[2108/2282] Compiling GoogleAuth ADCResolver.swift
[2109/2282] Compiling GoogleAuth AuthHeaders.swift
[2110/2282] Compiling GoogleAuth AuthHTTPClient.swift
[2111/2282] Compiling GoogleAuth AuthHTTPError.swift
[2112/2282] Compiling GoogleAuth RetryEngine.swift
[2113/2282] Compiling GoogleAuth STSHandler.swift
[2114/2282] Compiling GoogleAuth TokenCache.swift
[2115/2282] Compiling GoogleAuth PackageVersion.swift
[2116/2283] Wrapping AST for GoogleAuth for debugging
[2118/2341] Compiling GoogleGax Pagination.swift
/host/spi-builder-workspace/.build/checkouts/swift-google-gax/Sources/GoogleGax/Pagination.swift:44:22: error: cannot convert '@Sendable (String) async throws -> (response: ResponseType, items: [Item], nextToken: String)' to 'nonisolated(nonsending) @Sendable (String) async throws -> (response: ResponseType, items: [Item], nextToken: String)' because crossing of an isolation boundary requires parameter and result types to conform to 'Sendable' protocol
 42 |   ) where ResponseType: _PaginatedResponse<Item> {
 43 |     self.initialPageToken = initialPageToken ?? ""
 44 |     self.fetchPage = { token in
    |                      |- error: cannot convert '@Sendable (String) async throws -> (response: ResponseType, items: [Item], nextToken: String)' to 'nonisolated(nonsending) @Sendable (String) async throws -> (response: ResponseType, items: [Item], nextToken: String)' because crossing of an isolation boundary requires parameter and result types to conform to 'Sendable' protocol
    |                      `- note: type 'Item' does not conform to 'Sendable' protocol
 45 |       let response = try await listRpc(token)
 46 |       return (response, response._getPaginatedItems(), response._nextPageToken())
[2119/2341] Compiling GoogleGax PollingBackoffPolicy.swift
/host/spi-builder-workspace/.build/checkouts/swift-google-gax/Sources/GoogleGax/Pagination.swift:44:22: error: cannot convert '@Sendable (String) async throws -> (response: ResponseType, items: [Item], nextToken: String)' to 'nonisolated(nonsending) @Sendable (String) async throws -> (response: ResponseType, items: [Item], nextToken: String)' because crossing of an isolation boundary requires parameter and result types to conform to 'Sendable' protocol
 42 |   ) where ResponseType: _PaginatedResponse<Item> {
 43 |     self.initialPageToken = initialPageToken ?? ""
 44 |     self.fetchPage = { token in
    |                      |- error: cannot convert '@Sendable (String) async throws -> (response: ResponseType, items: [Item], nextToken: String)' to 'nonisolated(nonsending) @Sendable (String) async throws -> (response: ResponseType, items: [Item], nextToken: String)' because crossing of an isolation boundary requires parameter and result types to conform to 'Sendable' protocol
    |                      `- note: type 'Item' does not conform to 'Sendable' protocol
 45 |       let response = try await listRpc(token)
 46 |       return (response, response._getPaginatedItems(), response._nextPageToken())
[2120/2341] Compiling GoogleGax PollingErrorPolicy.swift
/host/spi-builder-workspace/.build/checkouts/swift-google-gax/Sources/GoogleGax/Pagination.swift:44:22: error: cannot convert '@Sendable (String) async throws -> (response: ResponseType, items: [Item], nextToken: String)' to 'nonisolated(nonsending) @Sendable (String) async throws -> (response: ResponseType, items: [Item], nextToken: String)' because crossing of an isolation boundary requires parameter and result types to conform to 'Sendable' protocol
 42 |   ) where ResponseType: _PaginatedResponse<Item> {
 43 |     self.initialPageToken = initialPageToken ?? ""
 44 |     self.fetchPage = { token in
    |                      |- error: cannot convert '@Sendable (String) async throws -> (response: ResponseType, items: [Item], nextToken: String)' to 'nonisolated(nonsending) @Sendable (String) async throws -> (response: ResponseType, items: [Item], nextToken: String)' because crossing of an isolation boundary requires parameter and result types to conform to 'Sendable' protocol
    |                      `- note: type 'Item' does not conform to 'Sendable' protocol
 45 |       let response = try await listRpc(token)
 46 |       return (response, response._getPaginatedItems(), response._nextPageToken())
[2121/2341] Compiling GoogleGax PollingResult.swift
/host/spi-builder-workspace/.build/checkouts/swift-google-gax/Sources/GoogleGax/Pagination.swift:44:22: error: cannot convert '@Sendable (String) async throws -> (response: ResponseType, items: [Item], nextToken: String)' to 'nonisolated(nonsending) @Sendable (String) async throws -> (response: ResponseType, items: [Item], nextToken: String)' because crossing of an isolation boundary requires parameter and result types to conform to 'Sendable' protocol
 42 |   ) where ResponseType: _PaginatedResponse<Item> {
 43 |     self.initialPageToken = initialPageToken ?? ""
 44 |     self.fetchPage = { token in
    |                      |- error: cannot convert '@Sendable (String) async throws -> (response: ResponseType, items: [Item], nextToken: String)' to 'nonisolated(nonsending) @Sendable (String) async throws -> (response: ResponseType, items: [Item], nextToken: String)' because crossing of an isolation boundary requires parameter and result types to conform to 'Sendable' protocol
    |                      `- note: type 'Item' does not conform to 'Sendable' protocol
 45 |       let response = try await listRpc(token)
 46 |       return (response, response._getPaginatedItems(), response._nextPageToken())
[2122/2341] Compiling GoogleGax PollingState.swift
/host/spi-builder-workspace/.build/checkouts/swift-google-gax/Sources/GoogleGax/Pagination.swift:44:22: error: cannot convert '@Sendable (String) async throws -> (response: ResponseType, items: [Item], nextToken: String)' to 'nonisolated(nonsending) @Sendable (String) async throws -> (response: ResponseType, items: [Item], nextToken: String)' because crossing of an isolation boundary requires parameter and result types to conform to 'Sendable' protocol
 42 |   ) where ResponseType: _PaginatedResponse<Item> {
 43 |     self.initialPageToken = initialPageToken ?? ""
 44 |     self.fetchPage = { token in
    |                      |- error: cannot convert '@Sendable (String) async throws -> (response: ResponseType, items: [Item], nextToken: String)' to 'nonisolated(nonsending) @Sendable (String) async throws -> (response: ResponseType, items: [Item], nextToken: String)' because crossing of an isolation boundary requires parameter and result types to conform to 'Sendable' protocol
    |                      `- note: type 'Item' does not conform to 'Sendable' protocol
 45 |       let response = try await listRpc(token)
 46 |       return (response, response._getPaginatedItems(), response._nextPageToken())
[2123/2341] Compiling GoogleGax ProtobufConversionError.swift
/host/spi-builder-workspace/.build/checkouts/swift-google-gax/Sources/GoogleGax/Pagination.swift:44:22: error: cannot convert '@Sendable (String) async throws -> (response: ResponseType, items: [Item], nextToken: String)' to 'nonisolated(nonsending) @Sendable (String) async throws -> (response: ResponseType, items: [Item], nextToken: String)' because crossing of an isolation boundary requires parameter and result types to conform to 'Sendable' protocol
 42 |   ) where ResponseType: _PaginatedResponse<Item> {
 43 |     self.initialPageToken = initialPageToken ?? ""
 44 |     self.fetchPage = { token in
    |                      |- error: cannot convert '@Sendable (String) async throws -> (response: ResponseType, items: [Item], nextToken: String)' to 'nonisolated(nonsending) @Sendable (String) async throws -> (response: ResponseType, items: [Item], nextToken: String)' because crossing of an isolation boundary requires parameter and result types to conform to 'Sendable' protocol
    |                      `- note: type 'Item' does not conform to 'Sendable' protocol
 45 |       let response = try await listRpc(token)
 46 |       return (response, response._getPaginatedItems(), response._nextPageToken())
[2124/2341] Compiling GoogleGax QueryParameter.swift
/host/spi-builder-workspace/.build/checkouts/swift-google-gax/Sources/GoogleGax/Pagination.swift:44:22: error: cannot convert '@Sendable (String) async throws -> (response: ResponseType, items: [Item], nextToken: String)' to 'nonisolated(nonsending) @Sendable (String) async throws -> (response: ResponseType, items: [Item], nextToken: String)' because crossing of an isolation boundary requires parameter and result types to conform to 'Sendable' protocol
 42 |   ) where ResponseType: _PaginatedResponse<Item> {
 43 |     self.initialPageToken = initialPageToken ?? ""
 44 |     self.fetchPage = { token in
    |                      |- error: cannot convert '@Sendable (String) async throws -> (response: ResponseType, items: [Item], nextToken: String)' to 'nonisolated(nonsending) @Sendable (String) async throws -> (response: ResponseType, items: [Item], nextToken: String)' because crossing of an isolation boundary requires parameter and result types to conform to 'Sendable' protocol
    |                      `- note: type 'Item' does not conform to 'Sendable' protocol
 45 |       let response = try await listRpc(token)
 46 |       return (response, response._getPaginatedItems(), response._nextPageToken())
[2125/2341] Compiling GoogleGax RequestError.swift
/host/spi-builder-workspace/.build/checkouts/swift-google-gax/Sources/GoogleGax/Pagination.swift:44:22: error: cannot convert '@Sendable (String) async throws -> (response: ResponseType, items: [Item], nextToken: String)' to 'nonisolated(nonsending) @Sendable (String) async throws -> (response: ResponseType, items: [Item], nextToken: String)' because crossing of an isolation boundary requires parameter and result types to conform to 'Sendable' protocol
 42 |   ) where ResponseType: _PaginatedResponse<Item> {
 43 |     self.initialPageToken = initialPageToken ?? ""
 44 |     self.fetchPage = { token in
    |                      |- error: cannot convert '@Sendable (String) async throws -> (response: ResponseType, items: [Item], nextToken: String)' to 'nonisolated(nonsending) @Sendable (String) async throws -> (response: ResponseType, items: [Item], nextToken: String)' because crossing of an isolation boundary requires parameter and result types to conform to 'Sendable' protocol
    |                      `- note: type 'Item' does not conform to 'Sendable' protocol
 45 |       let response = try await listRpc(token)
 46 |       return (response, response._getPaginatedItems(), response._nextPageToken())
[2126/2349] Compiling GoogleGax AIP194+PollingErrorPolicy.swift
[2127/2349] Compiling GoogleGax AIP194+RetryPolicy.swift
[2128/2349] Compiling GoogleGax AIP194.swift
[2129/2349] Compiling GoogleGax AdaptiveThrottler.swift
[2130/2349] Compiling GoogleGax AlwaysPoll.swift
[2131/2349] Compiling GoogleGax AlwaysRetry.swift
[2132/2349] Compiling GoogleGax ApiClientHeader.swift
[2133/2349] Compiling GoogleGax BackoffPolicy.swift
[2134/2349] Compiling GoogleGax BasePollingErrorPolicy.swift
[2135/2349] Emitting module GoogleGax
[2136/2349] Compiling GoogleGax LimitedAttemptCount+PollingErrorPolicy.swift
[2137/2349] Compiling GoogleGax LimitedAttemptCount+RetryPolicy.swift
[2138/2349] Compiling GoogleGax LimitedAttemptCount.swift
[2139/2349] Compiling GoogleGax LimitedElapsedTime+PollingErrorPolicy.swift
[2140/2349] Compiling GoogleGax LimitedElapsedTime+RetryPolicy.swift
[2141/2349] Compiling GoogleGax LimitedElapsedTime.swift
[2142/2349] Compiling GoogleGax LongRunningOperations.swift
[2143/2349] Compiling GoogleGax NeverRetry.swift
[2144/2349] Compiling GoogleGax RequestOptions.swift
[2145/2349] Compiling GoogleGax RetryLoop.swift
[2146/2349] Compiling GoogleGax RetryPolicy.swift
[2147/2349] Compiling GoogleGax RetryResult.swift
[2148/2349] Compiling GoogleGax RetryState.swift
[2149/2349] Compiling GoogleGax RetryThrottler.swift
[2150/2349] Compiling GoogleGax RetryThrottlerError.swift
[2151/2349] Compiling GoogleGax RoutingMatcher.swift
[2152/2349] Compiling GoogleGax BaseRetryPolicy.swift
[2153/2349] Compiling GoogleGax BindingError.swift
[2154/2349] Compiling GoogleGax CRC32C.swift
[2155/2349] Compiling GoogleGax CircuitBreaker.swift
[2156/2349] Compiling GoogleGax ClientError.swift
[2157/2349] Compiling GoogleGax ClientOptions.swift
[2158/2349] Compiling GoogleGax ContinueOnIO+PollingErrorPolicy.swift
[2159/2349] Compiling GoogleGax ContinueOnIO+RetryPolicy.swift
[2160/2349] Compiling GoogleGax ContinueOnIO.swift
[2161/2349] Compiling GoogleGax CredentialsProtocol.swift
[2162/2349] Compiling GoogleGax ErrorWrapper.swift
[2163/2349] Compiling GoogleGax ExponentialBackoff+BackoffPolicy.swift
[2164/2349] Compiling GoogleGax ExponentialBackoff+PollingBackoffPolicy.swift
[2165/2349] Compiling GoogleGax ExponentialBackoff.swift
[2166/2349] Compiling GoogleGax HTTPClient.swift
[2167/2349] Compiling GoogleGax HTTPClientHolder.swift
[2168/2349] Compiling GoogleGax HTTPClientProtocol.swift
[2169/2349] Compiling GoogleGax HTTPClientRequest.swift
[2170/2349] Compiling GoogleGax HTTPClientResponse.swift
[2171/2349] Compiling GoogleGax HTTPHeaders.swift
[2172/2349] Compiling GoogleGax HTTPResponseBody.swift
[2173/2349] Compiling GoogleGax HeaderNames.swift
[2174/2349] Compiling GoogleGax Host.swift
[2175/2349] Compiling GoogleGax InProgressResult.swift
[2176/2349] Compiling GoogleGax ServiceError.swift
[2177/2349] Compiling GoogleGax StatusDetail.swift
[2178/2349] Compiling GoogleGax StrictIdempotency.swift
[2179/2349] Compiling GoogleGax ThrottleResult.swift
[2180/2349] Compiling GoogleGax TooManyRequests+PollingErrorPolicy.swift
[2181/2349] Compiling GoogleGax TooManyRequests+RetryPolicy.swift
[2182/2349] Compiling GoogleGax TooManyRequests.swift
[2183/2349] Compiling GoogleGax PackageVersion.swift
BUILD FAILURE 6.2 android