The Swift Package Index logo.Swift Package Index

Build Information

Failed to build NicerTouchBar, reference 1.0.6 (567dd7), with Swift 6.4 for watchOS using Xcode 27.0 on 19 Sep 2026 13:35:35 UTC.

Build Command

env DEVELOPER_DIR=/Applications/Xcode-27.0.0-Release.Candidate.app xcrun xcodebuild -IDEClonedSourcePackagesDirPathOverride=$PWD/.dependencies -skipMacroValidation -skipPackagePluginValidation -derivedDataPath $PWD/.derivedData build -scheme NicerTouchBar -destination generic/platform=watchOS

Build Log

========================================
RunAll
========================================
Builder version: 5.1.0
Interrupt handler set up.
========================================
Checkout
========================================
Clone URL: https://github.com/ChimeHQ/NicerTouchBar.git
Reference: 1.0.6
Initialized empty Git repository in /Users/admin/builder/spi-builder-workspace/.git/
From https://github.com/ChimeHQ/NicerTouchBar
 * tag               1.0.6      -> FETCH_HEAD
HEAD is now at 567dd79 Remove swiftlint install
Cloned https://github.com/ChimeHQ/NicerTouchBar.git
Revision (git rev-parse @):
567dd79a994c42b543a07176e0d1faffa4cb2fdf
SUCCESS checkout https://github.com/ChimeHQ/NicerTouchBar.git at 1.0.6
========================================
Build
========================================
Selected platform:         watchOS
Swift version:             6.4
Building package at path:  $PWD
https://github.com/ChimeHQ/NicerTouchBar.git
Command line invocation:
    /Applications/Xcode-27.0.0-Release.Candidate.app/Contents/Developer/usr/bin/xcodebuild -IDEClonedSourcePackagesDirPathOverride=/Users/admin/builder/spi-builder-workspace/.dependencies -resolvePackageDependencies
Resolve Package Graph
Resolve Package Graph
Resolved source packages:
  NicerTouchBar: /Users/admin/builder/spi-builder-workspace
resolved source packages: NicerTouchBar
2026-09-19 09:34:47.667 xcodebuild[529:3039] [MT] IDERunDestination: Supported platforms for the buildables in the current scheme is empty.
{
  "dependencies" : [
  ],
  "manifest_display_name" : "NicerTouchBar",
  "name" : "NicerTouchBar",
  "path" : "/Users/admin/builder/spi-builder-workspace",
  "platforms" : [
    {
      "name" : "macos",
      "version" : "10.10"
    }
  ],
  "products" : [
    {
      "name" : "NicerTouchBar",
      "targets" : [
        "NicerTouchBar"
      ],
      "type" : {
        "library" : [
          "automatic"
        ]
      }
    }
  ],
  "targets" : [
    {
      "c99name" : "NicerTouchBarTests",
      "module_type" : "SwiftTarget",
      "name" : "NicerTouchBarTests",
      "path" : "Tests/NicerTouchBarTests",
      "sources" : [
        "NicerTouchBarTests.swift",
        "TouchBarDelegate.swift"
      ],
      "target_dependencies" : [
        "NicerTouchBar"
      ],
      "type" : "test"
    },
    {
      "c99name" : "NicerTouchBar",
      "module_type" : "SwiftTarget",
      "name" : "NicerTouchBar",
      "path" : "Sources/NicerTouchBar",
      "product_memberships" : [
        "NicerTouchBar"
      ],
      "sources" : [
        "NSCustomTouchBarItem+Validation.swift",
        "NSGroupTouchBarItem+Validation.swift",
        "NSPopoverTouchBarItem+Validation.swift",
        "NSResponder+Validation.swift",
        "NSTouchBar+Validation.swift",
        "NSViewController+Binding.swift",
        "TouchBarItemValidations.swift"
      ],
      "type" : "library"
    }
  ],
  "tools_version" : "5.0"
}
{
  "workspace" : {
    "name" : "NicerTouchBar",
    "schemes" : [
      "NicerTouchBar"
    ]
  }
}
2026-09-19 09:35:28.702 xcodebuild[647:4168] [MT] IDERunDestination: Supported platforms for the buildables in the current scheme is empty.
Running build ...
env DEVELOPER_DIR=/Applications/Xcode-27.0.0-Release.Candidate.app xcrun xcodebuild -IDEClonedSourcePackagesDirPathOverride=$PWD/.dependencies -skipMacroValidation -skipPackagePluginValidation -derivedDataPath $PWD/.derivedData build -scheme NicerTouchBar -destination generic/platform=watchOS
Command line invocation:
    /Applications/Xcode-27.0.0-Release.Candidate.app/Contents/Developer/usr/bin/xcodebuild -IDEClonedSourcePackagesDirPathOverride=/Users/admin/builder/spi-builder-workspace/.dependencies -skipMacroValidation -skipPackagePluginValidation -derivedDataPath /Users/admin/builder/spi-builder-workspace/.derivedData build -scheme NicerTouchBar -destination generic/platform=watchOS
Resolve Package Graph
Resolved source packages:
  NicerTouchBar: /Users/admin/builder/spi-builder-workspace
ComputePackagePrebuildTargetDependencyGraph
Prepare packages
CreateBuildRequest
SendProjectDescription
CreateBuildOperation
ComputeTargetDependencyGraph
note: Building targets in dependency order
note: Target dependency graph (2 targets)
    Target 'NicerTouchBar-product' in project 'NicerTouchBar'
        ➜ Explicit dependency on target 'NicerTouchBar' in project 'NicerTouchBar'
    Target 'NicerTouchBar' in project 'NicerTouchBar' (no dependencies)
GatherProvisioningInputs
CreateBuildDescription
ExecuteExternalTool /Applications/Xcode-27.0.0-Release.Candidate.app/Contents/Developer/Toolchains/XcodeDefault.xctoolchain/usr/bin/clang -v -E -dM -isysroot /Applications/Xcode-27.0.0-Release.Candidate.app/Contents/Developer/Platforms/WatchOS.platform/Developer/SDKs/WatchOS27.0.sdk -x c -c /dev/null
ExecuteExternalTool /Applications/Xcode-27.0.0-Release.Candidate.app/Contents/Developer/Toolchains/XcodeDefault.xctoolchain/usr/bin/swiftc --version
ExecuteExternalTool /Applications/Xcode-27.0.0-Release.Candidate.app/Contents/Developer/Toolchains/XcodeDefault.xctoolchain/usr/bin/ld -version_details
Build description signature: ee2b5b7eaa3278503649dad4edf11757
Build description path: /Users/admin/builder/spi-builder-workspace/.derivedData/Build/Intermediates.noindex/XCBuildData/ee2b5b7eaa3278503649dad4edf11757.xcbuilddata
CreateBuildDirectory /Users/admin/builder/spi-builder-workspace/.derivedData/SDKExplicitPrecompiledModules
    cd /Users/admin/builder/spi-builder-workspace/.swiftpm/xcode
    builtin-create-build-directory /Users/admin/builder/spi-builder-workspace/.derivedData/SDKExplicitPrecompiledModules
CreateBuildDirectory /Users/admin/builder/spi-builder-workspace/.derivedData/ModuleCache.noindex
    cd /Users/admin/builder/spi-builder-workspace/.swiftpm/xcode
    builtin-create-build-directory /Users/admin/builder/spi-builder-workspace/.derivedData/ModuleCache.noindex
CreateBuildDirectory /Users/admin/builder/spi-builder-workspace/.derivedData/Build/Intermediates.noindex
    cd /Users/admin/builder/spi-builder-workspace/.swiftpm/xcode
    builtin-create-build-directory /Users/admin/builder/spi-builder-workspace/.derivedData/Build/Intermediates.noindex
CreateBuildDirectory /Users/admin/builder/spi-builder-workspace/.derivedData/CompilationCache.noindex
    cd /Users/admin/builder/spi-builder-workspace/.swiftpm/xcode
    builtin-create-build-directory /Users/admin/builder/spi-builder-workspace/.derivedData/CompilationCache.noindex
CreateBuildDirectory /Users/admin/builder/spi-builder-workspace/.derivedData/Build/Products
    cd /Users/admin/builder/spi-builder-workspace/.swiftpm/xcode
    builtin-create-build-directory /Users/admin/builder/spi-builder-workspace/.derivedData/Build/Products
ClangStatCache /Applications/Xcode-27.0.0-Release.Candidate.app/Contents/Developer/Toolchains/XcodeDefault.xctoolchain/usr/bin/clang-stat-cache /Applications/Xcode-27.0.0-Release.Candidate.app/Contents/Developer/Platforms/WatchOS.platform/Developer/SDKs/WatchOS27.0.sdk /Users/admin/builder/spi-builder-workspace/.derivedData/SDKStatCaches.noindex/watchos27.0-24R360-e829b21a6f8c9b70876ba0858053c04477534ef55a1706bf4c1112bbb242f0a2.sdkstatcache
    cd /Users/admin/builder/spi-builder-workspace/.swiftpm/xcode
    /Applications/Xcode-27.0.0-Release.Candidate.app/Contents/Developer/Toolchains/XcodeDefault.xctoolchain/usr/bin/clang-stat-cache /Applications/Xcode-27.0.0-Release.Candidate.app/Contents/Developer/Platforms/WatchOS.platform/Developer/SDKs/WatchOS27.0.sdk -o /Users/admin/builder/spi-builder-workspace/.derivedData/SDKStatCaches.noindex/watchos27.0-24R360-e829b21a6f8c9b70876ba0858053c04477534ef55a1706bf4c1112bbb242f0a2.sdkstatcache
CreateBuildDirectory /Users/admin/builder/spi-builder-workspace/.derivedData/Build/Intermediates.noindex/SwiftExplicitPrecompiledModules
    cd /Users/admin/builder/spi-builder-workspace/.swiftpm/xcode
    builtin-create-build-directory /Users/admin/builder/spi-builder-workspace/.derivedData/Build/Intermediates.noindex/SwiftExplicitPrecompiledModules
CreateBuildDirectory /Users/admin/builder/spi-builder-workspace/.derivedData/Build/Intermediates.noindex/ExplicitPrecompiledModules
    cd /Users/admin/builder/spi-builder-workspace/.swiftpm/xcode
    builtin-create-build-directory /Users/admin/builder/spi-builder-workspace/.derivedData/Build/Intermediates.noindex/ExplicitPrecompiledModules
CreateBuildDirectory /Users/admin/builder/spi-builder-workspace/.derivedData/Build/Intermediates.noindex/PrecompiledHeaders
    cd /Users/admin/builder/spi-builder-workspace/.swiftpm/xcode
    builtin-create-build-directory /Users/admin/builder/spi-builder-workspace/.derivedData/Build/Intermediates.noindex/PrecompiledHeaders
CreateBuildDirectory /Users/admin/builder/spi-builder-workspace/.derivedData/Build/Products/Debug-watchos
    cd /Users/admin/builder/spi-builder-workspace/.swiftpm/xcode
    builtin-create-build-directory /Users/admin/builder/spi-builder-workspace/.derivedData/Build/Products/Debug-watchos
CreateBuildDirectory /Users/admin/builder/spi-builder-workspace/.derivedData/Build/Intermediates.noindex/EagerLinkingTBDs/Debug-watchos
    cd /Users/admin/builder/spi-builder-workspace/.swiftpm/xcode
    builtin-create-build-directory /Users/admin/builder/spi-builder-workspace/.derivedData/Build/Intermediates.noindex/EagerLinkingTBDs/Debug-watchos
CreateBuildDirectory /Users/admin/builder/spi-builder-workspace/.derivedData/Build/Products/Debug-watchos/PackageFrameworks
    cd /Users/admin/builder/spi-builder-workspace/.swiftpm/xcode
    builtin-create-build-directory /Users/admin/builder/spi-builder-workspace/.derivedData/Build/Products/Debug-watchos/PackageFrameworks
WriteAuxiliaryFile /Users/admin/builder/spi-builder-workspace/.derivedData/Build/Intermediates.noindex/NicerTouchBar.build/Debug-watchos/NicerTouchBar-t.build/Objects-normal/arm64/NicerTouchBar.SwiftConstValuesFileList (in target 'NicerTouchBar' from project 'NicerTouchBar')
    cd /Users/admin/builder/spi-builder-workspace
    write-file /Users/admin/builder/spi-builder-workspace/.derivedData/Build/Intermediates.noindex/NicerTouchBar.build/Debug-watchos/NicerTouchBar-t.build/Objects-normal/arm64/NicerTouchBar.SwiftConstValuesFileList
WriteAuxiliaryFile /Users/admin/builder/spi-builder-workspace/.derivedData/Build/Intermediates.noindex/NicerTouchBar.build/Debug-watchos/NicerTouchBar-t.build/Objects-normal/arm64/NicerTouchBar.SwiftFileList (in target 'NicerTouchBar' from project 'NicerTouchBar')
    cd /Users/admin/builder/spi-builder-workspace
    write-file /Users/admin/builder/spi-builder-workspace/.derivedData/Build/Intermediates.noindex/NicerTouchBar.build/Debug-watchos/NicerTouchBar-t.build/Objects-normal/arm64/NicerTouchBar.SwiftFileList
WriteAuxiliaryFile /Users/admin/builder/spi-builder-workspace/.derivedData/Build/Intermediates.noindex/NicerTouchBar.build/Debug-watchos/NicerTouchBar-t.build/Objects-normal/arm64/NicerTouchBar.LinkFileList (in target 'NicerTouchBar' from project 'NicerTouchBar')
    cd /Users/admin/builder/spi-builder-workspace
    write-file /Users/admin/builder/spi-builder-workspace/.derivedData/Build/Intermediates.noindex/NicerTouchBar.build/Debug-watchos/NicerTouchBar-t.build/Objects-normal/arm64/NicerTouchBar.LinkFileList
WriteAuxiliaryFile /Users/admin/builder/spi-builder-workspace/.derivedData/Build/Intermediates.noindex/NicerTouchBar.build/Debug-watchos/NicerTouchBar-t.build/Objects-normal/arm64_32/NicerTouchBar-OutputFileMap.json (in target 'NicerTouchBar' from project 'NicerTouchBar')
    cd /Users/admin/builder/spi-builder-workspace
    write-file /Users/admin/builder/spi-builder-workspace/.derivedData/Build/Intermediates.noindex/NicerTouchBar.build/Debug-watchos/NicerTouchBar-t.build/Objects-normal/arm64_32/NicerTouchBar-OutputFileMap.json
WriteAuxiliaryFile /Users/admin/builder/spi-builder-workspace/.derivedData/Build/Intermediates.noindex/NicerTouchBar.build/Debug-watchos/NicerTouchBar-t.build/Objects-normal/arm64_32/NicerTouchBar.SwiftFileList (in target 'NicerTouchBar' from project 'NicerTouchBar')
    cd /Users/admin/builder/spi-builder-workspace
    write-file /Users/admin/builder/spi-builder-workspace/.derivedData/Build/Intermediates.noindex/NicerTouchBar.build/Debug-watchos/NicerTouchBar-t.build/Objects-normal/arm64_32/NicerTouchBar.SwiftFileList
WriteAuxiliaryFile /Users/admin/builder/spi-builder-workspace/.derivedData/Build/Intermediates.noindex/NicerTouchBar.build/Debug-watchos/NicerTouchBar-t.build/Objects-normal/arm64_32/NicerTouchBar.SwiftConstValuesFileList (in target 'NicerTouchBar' from project 'NicerTouchBar')
    cd /Users/admin/builder/spi-builder-workspace
    write-file /Users/admin/builder/spi-builder-workspace/.derivedData/Build/Intermediates.noindex/NicerTouchBar.build/Debug-watchos/NicerTouchBar-t.build/Objects-normal/arm64_32/NicerTouchBar.SwiftConstValuesFileList
WriteAuxiliaryFile /Users/admin/builder/spi-builder-workspace/.derivedData/Build/Intermediates.noindex/NicerTouchBar.build/Debug-watchos/NicerTouchBar-t.build/Objects-normal/arm64_32/NicerTouchBar_const_extract_protocols.json (in target 'NicerTouchBar' from project 'NicerTouchBar')
    cd /Users/admin/builder/spi-builder-workspace
    write-file /Users/admin/builder/spi-builder-workspace/.derivedData/Build/Intermediates.noindex/NicerTouchBar.build/Debug-watchos/NicerTouchBar-t.build/Objects-normal/arm64_32/NicerTouchBar_const_extract_protocols.json
WriteAuxiliaryFile /Users/admin/builder/spi-builder-workspace/.derivedData/Build/Intermediates.noindex/NicerTouchBar.build/Debug-watchos/NicerTouchBar-t.build/Objects-normal/arm64/NicerTouchBar_const_extract_protocols.json (in target 'NicerTouchBar' from project 'NicerTouchBar')
    cd /Users/admin/builder/spi-builder-workspace
    write-file /Users/admin/builder/spi-builder-workspace/.derivedData/Build/Intermediates.noindex/NicerTouchBar.build/Debug-watchos/NicerTouchBar-t.build/Objects-normal/arm64/NicerTouchBar_const_extract_protocols.json
WriteAuxiliaryFile /Users/admin/builder/spi-builder-workspace/.derivedData/Build/Intermediates.noindex/NicerTouchBar.build/Debug-watchos/NicerTouchBar-t.build/Objects-normal/arm64_32/NicerTouchBar.LinkFileList (in target 'NicerTouchBar' from project 'NicerTouchBar')
    cd /Users/admin/builder/spi-builder-workspace
    write-file /Users/admin/builder/spi-builder-workspace/.derivedData/Build/Intermediates.noindex/NicerTouchBar.build/Debug-watchos/NicerTouchBar-t.build/Objects-normal/arm64_32/NicerTouchBar.LinkFileList
WriteAuxiliaryFile /Users/admin/builder/spi-builder-workspace/.derivedData/Build/Intermediates.noindex/NicerTouchBar.build/Debug-watchos/NicerTouchBar-t.build/Objects-normal/arm64/NicerTouchBar-OutputFileMap.json (in target 'NicerTouchBar' from project 'NicerTouchBar')
    cd /Users/admin/builder/spi-builder-workspace
    write-file /Users/admin/builder/spi-builder-workspace/.derivedData/Build/Intermediates.noindex/NicerTouchBar.build/Debug-watchos/NicerTouchBar-t.build/Objects-normal/arm64/NicerTouchBar-OutputFileMap.json
WriteAuxiliaryFile /Users/admin/builder/spi-builder-workspace/.derivedData/Build/Intermediates.noindex/NicerTouchBar.build/Debug-watchos/NicerTouchBar-t.build/NicerTouchBar.modulemap (in target 'NicerTouchBar' from project 'NicerTouchBar')
    cd /Users/admin/builder/spi-builder-workspace
    write-file /Users/admin/builder/spi-builder-workspace/.derivedData/Build/Intermediates.noindex/NicerTouchBar.build/Debug-watchos/NicerTouchBar-t.build/NicerTouchBar.modulemap
WriteAuxiliaryFile /Users/admin/builder/spi-builder-workspace/.derivedData/Build/Intermediates.noindex/NicerTouchBar.build/Debug-watchos/NicerTouchBar-t.build/NicerTouchBar.DependencyStaticMetadataFileList (in target 'NicerTouchBar' from project 'NicerTouchBar')
    cd /Users/admin/builder/spi-builder-workspace
    write-file /Users/admin/builder/spi-builder-workspace/.derivedData/Build/Intermediates.noindex/NicerTouchBar.build/Debug-watchos/NicerTouchBar-t.build/NicerTouchBar.DependencyStaticMetadataFileList
WriteAuxiliaryFile /Users/admin/builder/spi-builder-workspace/.derivedData/Build/Intermediates.noindex/NicerTouchBar.build/Debug-watchos/NicerTouchBar-t.build/NicerTouchBar.DependencyMetadataFileList (in target 'NicerTouchBar' from project 'NicerTouchBar')
    cd /Users/admin/builder/spi-builder-workspace
    write-file /Users/admin/builder/spi-builder-workspace/.derivedData/Build/Intermediates.noindex/NicerTouchBar.build/Debug-watchos/NicerTouchBar-t.build/NicerTouchBar.DependencyMetadataFileList
Copy /Users/admin/builder/spi-builder-workspace/.derivedData/Build/Intermediates.noindex/GeneratedModuleMaps-watchos/NicerTouchBar.modulemap /Users/admin/builder/spi-builder-workspace/.derivedData/Build/Intermediates.noindex/NicerTouchBar.build/Debug-watchos/NicerTouchBar-t.build/NicerTouchBar.modulemap (in target 'NicerTouchBar' from project 'NicerTouchBar')
    cd /Users/admin/builder/spi-builder-workspace
    builtin-copy -exclude .DS_Store -exclude CVS -exclude .svn -exclude .git -exclude .hg -resolve-src-symlinks /Users/admin/builder/spi-builder-workspace/.derivedData/Build/Intermediates.noindex/NicerTouchBar.build/Debug-watchos/NicerTouchBar-t.build/NicerTouchBar.modulemap /Users/admin/builder/spi-builder-workspace/.derivedData/Build/Intermediates.noindex/GeneratedModuleMaps-watchos
SwiftDriver NicerTouchBar normal arm64 com.apple.xcode.tools.swift.compiler (in target 'NicerTouchBar' from project 'NicerTouchBar')
    cd /Users/admin/builder/spi-builder-workspace/.swiftpm/xcode
    builtin-SwiftDriver -- /Applications/Xcode-27.0.0-Release.Candidate.app/Contents/Developer/Toolchains/XcodeDefault.xctoolchain/usr/bin/swiftc -parse-as-library -module-name NicerTouchBar -Onone @/Users/admin/builder/spi-builder-workspace/.derivedData/Build/Intermediates.noindex/NicerTouchBar.build/Debug-watchos/NicerTouchBar-t.build/Objects-normal/arm64/NicerTouchBar.SwiftFileList -DSWIFT_PACKAGE -DDEBUG -DSWIFT_MODULE_RESOURCE_BUNDLE_UNAVAILABLE -DXcode -plugin-path /Applications/Xcode-27.0.0-Release.Candidate.app/Contents/Developer/Toolchains/XcodeDefault.xctoolchain/usr/lib/swift/host/plugins/testing -enable-experimental-feature DebugDescriptionMacro -sdk /Applications/Xcode-27.0.0-Release.Candidate.app/Contents/Developer/Platforms/WatchOS.platform/Developer/SDKs/WatchOS27.0.sdk -target arm64-apple-watchos9.0 -g -module-cache-path /Users/admin/builder/spi-builder-workspace/.derivedData/ModuleCache.noindex -Xfrontend -serialize-debugging-options -profile-coverage-mapping -profile-generate -enable-testing -index-store-path /Users/admin/builder/spi-builder-workspace/.derivedData/Index.noindex/DataStore -Xcc -D_LIBCPP_HARDENING_MODE\=_LIBCPP_HARDENING_MODE_DEBUG -swift-version 5 -I /Users/admin/builder/spi-builder-workspace/.derivedData/Build/Products/Debug-watchos -Isystem /Applications/Xcode-27.0.0-Release.Candidate.app/Contents/Developer/Platforms/WatchOS.platform/Developer/usr/lib -F /Users/admin/builder/spi-builder-workspace/.derivedData/Build/Products/Debug-watchos -F /Applications/Xcode-27.0.0-Release.Candidate.app/Contents/Developer/Platforms/WatchOS.platform/Developer/Library/Frameworks -F /Applications/Xcode-27.0.0-Release.Candidate.app/Contents/Developer/Platforms/WatchOS.platform/Developer/SDKs/WatchOS27.0.sdk/Developer/Library/Frameworks -c -j10 -enable-batch-mode -incremental -Xcc -ivfsstatcache -Xcc /Users/admin/builder/spi-builder-workspace/.derivedData/SDKStatCaches.noindex/watchos27.0-24R360-e829b21a6f8c9b70876ba0858053c04477534ef55a1706bf4c1112bbb242f0a2.sdkstatcache -output-file-map /Users/admin/builder/spi-builder-workspace/.derivedData/Build/Intermediates.noindex/NicerTouchBar.build/Debug-watchos/NicerTouchBar-t.build/Objects-normal/arm64/NicerTouchBar-OutputFileMap.json -save-temps -no-color-diagnostics -explicit-module-build -module-cache-path /Users/admin/builder/spi-builder-workspace/.derivedData/Build/Intermediates.noindex/SwiftExplicitPrecompiledModules -clang-scanner-module-cache-path /Users/admin/builder/spi-builder-workspace/.derivedData/ModuleCache.noindex -sdk-module-cache-path /Users/admin/builder/spi-builder-workspace/.derivedData/SDKExplicitPrecompiledModules -emit-dependencies -emit-module -emit-module-path /Users/admin/builder/spi-builder-workspace/.derivedData/Build/Intermediates.noindex/NicerTouchBar.build/Debug-watchos/NicerTouchBar-t.build/Objects-normal/arm64/NicerTouchBar.swiftmodule -serialize-diagnostics -dependency-scan-serialize-diagnostics-path /Users/admin/builder/spi-builder-workspace/.derivedData/Build/Intermediates.noindex/NicerTouchBar.build/Debug-watchos/NicerTouchBar-t.build/Objects-normal/arm64/NicerTouchBar-dependency-scan.dia -validate-clang-modules-once -clang-build-session-file /Users/admin/builder/spi-builder-workspace/.derivedData/ModuleCache.noindex/Session.modulevalidation -Xcc -fmodules-prune-interval\=86400 -Xcc -fmodules-prune-after\=345600 -emit-const-values -const-gather-protocols-list /Users/admin/builder/spi-builder-workspace/.derivedData/Build/Intermediates.noindex/NicerTouchBar.build/Debug-watchos/NicerTouchBar-t.build/Objects-normal/arm64/NicerTouchBar_const_extract_protocols.json -Xcc -I/Users/admin/builder/spi-builder-workspace/.derivedData/Build/Products/Debug-watchos/include -Xcc -I/Users/admin/builder/spi-builder-workspace/.derivedData/Build/Intermediates.noindex/NicerTouchBar.build/Debug-watchos/NicerTouchBar-t.build/DerivedSources-normal/arm64 -Xcc -I/Users/admin/builder/spi-builder-workspace/.derivedData/Build/Intermediates.noindex/NicerTouchBar.build/Debug-watchos/NicerTouchBar-t.build/DerivedSources/arm64 -Xcc -I/Users/admin/builder/spi-builder-workspace/.derivedData/Build/Intermediates.noindex/NicerTouchBar.build/Debug-watchos/NicerTouchBar-t.build/DerivedSources -Xcc -DSWIFT_PACKAGE -Xcc -DDEBUG\=1 -emit-objc-header -emit-objc-header-path /Users/admin/builder/spi-builder-workspace/.derivedData/Build/Intermediates.noindex/NicerTouchBar.build/Debug-watchos/NicerTouchBar-t.build/Objects-normal/arm64/NicerTouchBar-Swift.h -working-directory /Users/admin/builder/spi-builder-workspace/.swiftpm/xcode -experimental-emit-module-separately -disable-cmo
/Users/admin/builder/spi-builder-workspace/Sources/NicerTouchBar/NSCustomTouchBarItem+Validation.swift:9:8: error: Unable to resolve module dependency: 'Cocoa' (in target 'NicerTouchBar' from project 'NicerTouchBar')
    note: A dependency of main module 'NicerTouchBar'
    /Users/admin/builder/spi-builder-workspace/Sources/NicerTouchBar/NSGroupTouchBarItem+Validation.swift:9:8: note: Also imported here
    /Users/admin/builder/spi-builder-workspace/Sources/NicerTouchBar/NSPopoverTouchBarItem+Validation.swift:9:8: note: Also imported here
    /Users/admin/builder/spi-builder-workspace/Sources/NicerTouchBar/NSResponder+Validation.swift:9:8: note: Also imported here
    /Users/admin/builder/spi-builder-workspace/Sources/NicerTouchBar/NSTouchBar+Validation.swift:9:8: note: Also imported here
    /Users/admin/builder/spi-builder-workspace/Sources/NicerTouchBar/NSViewController+Binding.swift:9:8: note: Also imported here
    /Users/admin/builder/spi-builder-workspace/Sources/NicerTouchBar/TouchBarItemValidations.swift:9:8: note: Also imported here
/Users/admin/builder/spi-builder-workspace/Sources/NicerTouchBar/NSCustomTouchBarItem+Validation.swift:9:8: note: A dependency of main module 'NicerTouchBar'
import Cocoa
       ^ (in target 'NicerTouchBar' from project 'NicerTouchBar')
/Users/admin/builder/spi-builder-workspace/Sources/NicerTouchBar/NSGroupTouchBarItem+Validation.swift:9:8: note: Also imported here
import Cocoa
       ^ (in target 'NicerTouchBar' from project 'NicerTouchBar')
/Users/admin/builder/spi-builder-workspace/Sources/NicerTouchBar/NSPopoverTouchBarItem+Validation.swift:9:8: note: Also imported here
import Cocoa
       ^ (in target 'NicerTouchBar' from project 'NicerTouchBar')
/Users/admin/builder/spi-builder-workspace/Sources/NicerTouchBar/NSResponder+Validation.swift:9:8: note: Also imported here
import Cocoa
       ^ (in target 'NicerTouchBar' from project 'NicerTouchBar')
/Users/admin/builder/spi-builder-workspace/Sources/NicerTouchBar/NSTouchBar+Validation.swift:9:8: note: Also imported here
import Cocoa
       ^ (in target 'NicerTouchBar' from project 'NicerTouchBar')
/Users/admin/builder/spi-builder-workspace/Sources/NicerTouchBar/NSViewController+Binding.swift:9:8: note: Also imported here
import Cocoa
       ^ (in target 'NicerTouchBar' from project 'NicerTouchBar')
/Users/admin/builder/spi-builder-workspace/Sources/NicerTouchBar/TouchBarItemValidations.swift:9:8: note: Also imported here
import Cocoa
       ^ (in target 'NicerTouchBar' from project 'NicerTouchBar')
SwiftDriver NicerTouchBar normal arm64_32 com.apple.xcode.tools.swift.compiler (in target 'NicerTouchBar' from project 'NicerTouchBar')
    cd /Users/admin/builder/spi-builder-workspace/.swiftpm/xcode
    builtin-SwiftDriver -- /Applications/Xcode-27.0.0-Release.Candidate.app/Contents/Developer/Toolchains/XcodeDefault.xctoolchain/usr/bin/swiftc -parse-as-library -module-name NicerTouchBar -Onone @/Users/admin/builder/spi-builder-workspace/.derivedData/Build/Intermediates.noindex/NicerTouchBar.build/Debug-watchos/NicerTouchBar-t.build/Objects-normal/arm64_32/NicerTouchBar.SwiftFileList -DSWIFT_PACKAGE -DDEBUG -DSWIFT_MODULE_RESOURCE_BUNDLE_UNAVAILABLE -DXcode -plugin-path /Applications/Xcode-27.0.0-Release.Candidate.app/Contents/Developer/Toolchains/XcodeDefault.xctoolchain/usr/lib/swift/host/plugins/testing -enable-experimental-feature DebugDescriptionMacro -sdk /Applications/Xcode-27.0.0-Release.Candidate.app/Contents/Developer/Platforms/WatchOS.platform/Developer/SDKs/WatchOS27.0.sdk -target arm64_32-apple-watchos9.0 -g -module-cache-path /Users/admin/builder/spi-builder-workspace/.derivedData/ModuleCache.noindex -Xfrontend -serialize-debugging-options -profile-coverage-mapping -profile-generate -enable-testing -index-store-path /Users/admin/builder/spi-builder-workspace/.derivedData/Index.noindex/DataStore -Xcc -D_LIBCPP_HARDENING_MODE\=_LIBCPP_HARDENING_MODE_DEBUG -swift-version 5 -I /Users/admin/builder/spi-builder-workspace/.derivedData/Build/Products/Debug-watchos -Isystem /Applications/Xcode-27.0.0-Release.Candidate.app/Contents/Developer/Platforms/WatchOS.platform/Developer/usr/lib -F /Users/admin/builder/spi-builder-workspace/.derivedData/Build/Products/Debug-watchos -F /Applications/Xcode-27.0.0-Release.Candidate.app/Contents/Developer/Platforms/WatchOS.platform/Developer/Library/Frameworks -F /Applications/Xcode-27.0.0-Release.Candidate.app/Contents/Developer/Platforms/WatchOS.platform/Developer/SDKs/WatchOS27.0.sdk/Developer/Library/Frameworks -c -j10 -enable-batch-mode -incremental -Xcc -ivfsstatcache -Xcc /Users/admin/builder/spi-builder-workspace/.derivedData/SDKStatCaches.noindex/watchos27.0-24R360-e829b21a6f8c9b70876ba0858053c04477534ef55a1706bf4c1112bbb242f0a2.sdkstatcache -output-file-map /Users/admin/builder/spi-builder-workspace/.derivedData/Build/Intermediates.noindex/NicerTouchBar.build/Debug-watchos/NicerTouchBar-t.build/Objects-normal/arm64_32/NicerTouchBar-OutputFileMap.json -save-temps -no-color-diagnostics -explicit-module-build -module-cache-path /Users/admin/builder/spi-builder-workspace/.derivedData/Build/Intermediates.noindex/SwiftExplicitPrecompiledModules -clang-scanner-module-cache-path /Users/admin/builder/spi-builder-workspace/.derivedData/ModuleCache.noindex -sdk-module-cache-path /Users/admin/builder/spi-builder-workspace/.derivedData/SDKExplicitPrecompiledModules -emit-dependencies -emit-module -emit-module-path /Users/admin/builder/spi-builder-workspace/.derivedData/Build/Intermediates.noindex/NicerTouchBar.build/Debug-watchos/NicerTouchBar-t.build/Objects-normal/arm64_32/NicerTouchBar.swiftmodule -serialize-diagnostics -dependency-scan-serialize-diagnostics-path /Users/admin/builder/spi-builder-workspace/.derivedData/Build/Intermediates.noindex/NicerTouchBar.build/Debug-watchos/NicerTouchBar-t.build/Objects-normal/arm64_32/NicerTouchBar-dependency-scan.dia -validate-clang-modules-once -clang-build-session-file /Users/admin/builder/spi-builder-workspace/.derivedData/ModuleCache.noindex/Session.modulevalidation -Xcc -fmodules-prune-interval\=86400 -Xcc -fmodules-prune-after\=345600 -emit-const-values -const-gather-protocols-list /Users/admin/builder/spi-builder-workspace/.derivedData/Build/Intermediates.noindex/NicerTouchBar.build/Debug-watchos/NicerTouchBar-t.build/Objects-normal/arm64_32/NicerTouchBar_const_extract_protocols.json -Xcc -I/Users/admin/builder/spi-builder-workspace/.derivedData/Build/Products/Debug-watchos/include -Xcc -I/Users/admin/builder/spi-builder-workspace/.derivedData/Build/Intermediates.noindex/NicerTouchBar.build/Debug-watchos/NicerTouchBar-t.build/DerivedSources-normal/arm64_32 -Xcc -I/Users/admin/builder/spi-builder-workspace/.derivedData/Build/Intermediates.noindex/NicerTouchBar.build/Debug-watchos/NicerTouchBar-t.build/DerivedSources/arm64_32 -Xcc -I/Users/admin/builder/spi-builder-workspace/.derivedData/Build/Intermediates.noindex/NicerTouchBar.build/Debug-watchos/NicerTouchBar-t.build/DerivedSources -Xcc -DSWIFT_PACKAGE -Xcc -DDEBUG\=1 -emit-objc-header -emit-objc-header-path /Users/admin/builder/spi-builder-workspace/.derivedData/Build/Intermediates.noindex/NicerTouchBar.build/Debug-watchos/NicerTouchBar-t.build/Objects-normal/arm64_32/NicerTouchBar-Swift.h -working-directory /Users/admin/builder/spi-builder-workspace/.swiftpm/xcode -experimental-emit-module-separately -disable-cmo
/Users/admin/builder/spi-builder-workspace/Sources/NicerTouchBar/NSCustomTouchBarItem+Validation.swift:9:8: error: Unable to resolve module dependency: 'Cocoa' (in target 'NicerTouchBar' from project 'NicerTouchBar')
    note: A dependency of main module 'NicerTouchBar'
    /Users/admin/builder/spi-builder-workspace/Sources/NicerTouchBar/NSGroupTouchBarItem+Validation.swift:9:8: note: Also imported here
    /Users/admin/builder/spi-builder-workspace/Sources/NicerTouchBar/NSPopoverTouchBarItem+Validation.swift:9:8: note: Also imported here
    /Users/admin/builder/spi-builder-workspace/Sources/NicerTouchBar/NSResponder+Validation.swift:9:8: note: Also imported here
    /Users/admin/builder/spi-builder-workspace/Sources/NicerTouchBar/NSTouchBar+Validation.swift:9:8: note: Also imported here
    /Users/admin/builder/spi-builder-workspace/Sources/NicerTouchBar/NSViewController+Binding.swift:9:8: note: Also imported here
    /Users/admin/builder/spi-builder-workspace/Sources/NicerTouchBar/TouchBarItemValidations.swift:9:8: note: Also imported here
/Users/admin/builder/spi-builder-workspace/Sources/NicerTouchBar/NSCustomTouchBarItem+Validation.swift:9:8: note: A dependency of main module 'NicerTouchBar'
import Cocoa
       ^ (in target 'NicerTouchBar' from project 'NicerTouchBar')
/Users/admin/builder/spi-builder-workspace/Sources/NicerTouchBar/NSGroupTouchBarItem+Validation.swift:9:8: note: Also imported here
import Cocoa
       ^ (in target 'NicerTouchBar' from project 'NicerTouchBar')
/Users/admin/builder/spi-builder-workspace/Sources/NicerTouchBar/NSPopoverTouchBarItem+Validation.swift:9:8: note: Also imported here
import Cocoa
       ^ (in target 'NicerTouchBar' from project 'NicerTouchBar')
/Users/admin/builder/spi-builder-workspace/Sources/NicerTouchBar/NSResponder+Validation.swift:9:8: note: Also imported here
import Cocoa
       ^ (in target 'NicerTouchBar' from project 'NicerTouchBar')
/Users/admin/builder/spi-builder-workspace/Sources/NicerTouchBar/NSTouchBar+Validation.swift:9:8: note: Also imported here
import Cocoa
       ^ (in target 'NicerTouchBar' from project 'NicerTouchBar')
/Users/admin/builder/spi-builder-workspace/Sources/NicerTouchBar/NSViewController+Binding.swift:9:8: note: Also imported here
import Cocoa
       ^ (in target 'NicerTouchBar' from project 'NicerTouchBar')
/Users/admin/builder/spi-builder-workspace/Sources/NicerTouchBar/TouchBarItemValidations.swift:9:8: note: Also imported here
import Cocoa
       ^ (in target 'NicerTouchBar' from project 'NicerTouchBar')
PruneExplicitPrecompiledModules /Users/admin/builder/spi-builder-workspace/.derivedData/Build/Intermediates.noindex/ExplicitPrecompiledModules
PruneExplicitPrecompiledModules /Users/admin/builder/spi-builder-workspace/.derivedData/Build/Intermediates.noindex/SwiftExplicitPrecompiledModules
PruneExplicitPrecompiledModules /Users/admin/builder/spi-builder-workspace/.derivedData/SDKExplicitPrecompiledModules
2026-09-19 09:35:30.177 xcodebuild[648:4211] [MT] IDERunDestination: Supported platforms for the buildables in the current scheme is empty.
** BUILD FAILED **
The following build commands failed:
	SwiftDriver NicerTouchBar normal arm64 com.apple.xcode.tools.swift.compiler (in target 'NicerTouchBar' from project 'NicerTouchBar')
	SwiftDriver NicerTouchBar normal arm64_32 com.apple.xcode.tools.swift.compiler (in target 'NicerTouchBar' from project 'NicerTouchBar')
	Building workspace NicerTouchBar with scheme NicerTouchBar
(3 failures)
Command line invocation:
    /Applications/Xcode-27.0.0-Release.Candidate.app/Contents/Developer/usr/bin/xcodebuild -IDEClonedSourcePackagesDirPathOverride=/Users/admin/builder/spi-builder-workspace/.dependencies -resolvePackageDependencies
Resolve Package Graph
Resolved source packages:
  NicerTouchBar: /Users/admin/builder/spi-builder-workspace
resolved source packages: NicerTouchBar
2026-09-19 09:35:32.664 xcodebuild[663:4339] [MT] IDERunDestination: Supported platforms for the buildables in the current scheme is empty.
{
  "dependencies" : [
  ],
  "manifest_display_name" : "NicerTouchBar",
  "name" : "NicerTouchBar",
  "path" : "/Users/admin/builder/spi-builder-workspace",
  "platforms" : [
    {
      "name" : "macos",
      "version" : "10.10"
    }
  ],
  "products" : [
    {
      "name" : "NicerTouchBar",
      "targets" : [
        "NicerTouchBar"
      ],
      "type" : {
        "library" : [
          "automatic"
        ]
      }
    }
  ],
  "targets" : [
    {
      "c99name" : "NicerTouchBarTests",
      "module_type" : "SwiftTarget",
      "name" : "NicerTouchBarTests",
      "path" : "Tests/NicerTouchBarTests",
      "sources" : [
        "NicerTouchBarTests.swift",
        "TouchBarDelegate.swift"
      ],
      "target_dependencies" : [
        "NicerTouchBar"
      ],
      "type" : "test"
    },
    {
      "c99name" : "NicerTouchBar",
      "module_type" : "SwiftTarget",
      "name" : "NicerTouchBar",
      "path" : "Sources/NicerTouchBar",
      "product_memberships" : [
        "NicerTouchBar"
      ],
      "sources" : [
        "NSCustomTouchBarItem+Validation.swift",
        "NSGroupTouchBarItem+Validation.swift",
        "NSPopoverTouchBarItem+Validation.swift",
        "NSResponder+Validation.swift",
        "NSTouchBar+Validation.swift",
        "NSViewController+Binding.swift",
        "TouchBarItemValidations.swift"
      ],
      "type" : "library"
    }
  ],
  "tools_version" : "5.0"
}
{
  "workspace" : {
    "name" : "NicerTouchBar",
    "schemes" : [
      "NicerTouchBar"
    ]
  }
}
2026-09-19 09:35:33.886 xcodebuild[671:4404] [MT] IDERunDestination: Supported platforms for the buildables in the current scheme is empty.
Running build ...
env DEVELOPER_DIR=/Applications/Xcode-27.0.0-Release.Candidate.app xcrun xcodebuild -IDEClonedSourcePackagesDirPathOverride=$PWD/.dependencies -skipMacroValidation -skipPackagePluginValidation -derivedDataPath $PWD/.derivedData build -scheme NicerTouchBar -destination generic/platform=watchOS
Command line invocation:
    /Applications/Xcode-27.0.0-Release.Candidate.app/Contents/Developer/usr/bin/xcodebuild -IDEClonedSourcePackagesDirPathOverride=/Users/admin/builder/spi-builder-workspace/.dependencies -skipMacroValidation -skipPackagePluginValidation -derivedDataPath /Users/admin/builder/spi-builder-workspace/.derivedData build -scheme NicerTouchBar -destination generic/platform=watchOS
Resolve Package Graph
Resolved source packages:
  NicerTouchBar: /Users/admin/builder/spi-builder-workspace
ComputePackagePrebuildTargetDependencyGraph
Prepare packages
CreateBuildRequest
SendProjectDescription
CreateBuildOperation
ComputeTargetDependencyGraph
note: Building targets in dependency order
note: Target dependency graph (2 targets)
    Target 'NicerTouchBar-product' in project 'NicerTouchBar'
        ➜ Explicit dependency on target 'NicerTouchBar' in project 'NicerTouchBar'
    Target 'NicerTouchBar' in project 'NicerTouchBar' (no dependencies)
GatherProvisioningInputs
CreateBuildDescription
ClangStatCache /Applications/Xcode-27.0.0-Release.Candidate.app/Contents/Developer/Toolchains/XcodeDefault.xctoolchain/usr/bin/clang-stat-cache /Applications/Xcode-27.0.0-Release.Candidate.app/Contents/Developer/Platforms/WatchOS.platform/Developer/SDKs/WatchOS27.0.sdk /Users/admin/builder/spi-builder-workspace/.derivedData/SDKStatCaches.noindex/watchos27.0-24R360-e829b21a6f8c9b70876ba0858053c04477534ef55a1706bf4c1112bbb242f0a2.sdkstatcache
    cd /Users/admin/builder/spi-builder-workspace/.swiftpm/xcode
    /Applications/Xcode-27.0.0-Release.Candidate.app/Contents/Developer/Toolchains/XcodeDefault.xctoolchain/usr/bin/clang-stat-cache /Applications/Xcode-27.0.0-Release.Candidate.app/Contents/Developer/Platforms/WatchOS.platform/Developer/SDKs/WatchOS27.0.sdk -o /Users/admin/builder/spi-builder-workspace/.derivedData/SDKStatCaches.noindex/watchos27.0-24R360-e829b21a6f8c9b70876ba0858053c04477534ef55a1706bf4c1112bbb242f0a2.sdkstatcache
SwiftDriver NicerTouchBar normal arm64_32 com.apple.xcode.tools.swift.compiler (in target 'NicerTouchBar' from project 'NicerTouchBar')
    cd /Users/admin/builder/spi-builder-workspace/.swiftpm/xcode
    builtin-SwiftDriver -- /Applications/Xcode-27.0.0-Release.Candidate.app/Contents/Developer/Toolchains/XcodeDefault.xctoolchain/usr/bin/swiftc -parse-as-library -module-name NicerTouchBar -Onone @/Users/admin/builder/spi-builder-workspace/.derivedData/Build/Intermediates.noindex/NicerTouchBar.build/Debug-watchos/NicerTouchBar-t.build/Objects-normal/arm64_32/NicerTouchBar.SwiftFileList -DSWIFT_PACKAGE -DDEBUG -DSWIFT_MODULE_RESOURCE_BUNDLE_UNAVAILABLE -DXcode -plugin-path /Applications/Xcode-27.0.0-Release.Candidate.app/Contents/Developer/Toolchains/XcodeDefault.xctoolchain/usr/lib/swift/host/plugins/testing -enable-experimental-feature DebugDescriptionMacro -sdk /Applications/Xcode-27.0.0-Release.Candidate.app/Contents/Developer/Platforms/WatchOS.platform/Developer/SDKs/WatchOS27.0.sdk -target arm64_32-apple-watchos9.0 -g -module-cache-path /Users/admin/builder/spi-builder-workspace/.derivedData/ModuleCache.noindex -Xfrontend -serialize-debugging-options -profile-coverage-mapping -profile-generate -enable-testing -index-store-path /Users/admin/builder/spi-builder-workspace/.derivedData/Index.noindex/DataStore -Xcc -D_LIBCPP_HARDENING_MODE\=_LIBCPP_HARDENING_MODE_DEBUG -swift-version 5 -I /Users/admin/builder/spi-builder-workspace/.derivedData/Build/Products/Debug-watchos -Isystem /Applications/Xcode-27.0.0-Release.Candidate.app/Contents/Developer/Platforms/WatchOS.platform/Developer/usr/lib -F /Users/admin/builder/spi-builder-workspace/.derivedData/Build/Products/Debug-watchos -F /Applications/Xcode-27.0.0-Release.Candidate.app/Contents/Developer/Platforms/WatchOS.platform/Developer/Library/Frameworks -F /Applications/Xcode-27.0.0-Release.Candidate.app/Contents/Developer/Platforms/WatchOS.platform/Developer/SDKs/WatchOS27.0.sdk/Developer/Library/Frameworks -c -j10 -enable-batch-mode -incremental -Xcc -ivfsstatcache -Xcc /Users/admin/builder/spi-builder-workspace/.derivedData/SDKStatCaches.noindex/watchos27.0-24R360-e829b21a6f8c9b70876ba0858053c04477534ef55a1706bf4c1112bbb242f0a2.sdkstatcache -output-file-map /Users/admin/builder/spi-builder-workspace/.derivedData/Build/Intermediates.noindex/NicerTouchBar.build/Debug-watchos/NicerTouchBar-t.build/Objects-normal/arm64_32/NicerTouchBar-OutputFileMap.json -save-temps -no-color-diagnostics -explicit-module-build -module-cache-path /Users/admin/builder/spi-builder-workspace/.derivedData/Build/Intermediates.noindex/SwiftExplicitPrecompiledModules -clang-scanner-module-cache-path /Users/admin/builder/spi-builder-workspace/.derivedData/ModuleCache.noindex -sdk-module-cache-path /Users/admin/builder/spi-builder-workspace/.derivedData/SDKExplicitPrecompiledModules -emit-dependencies -emit-module -emit-module-path /Users/admin/builder/spi-builder-workspace/.derivedData/Build/Intermediates.noindex/NicerTouchBar.build/Debug-watchos/NicerTouchBar-t.build/Objects-normal/arm64_32/NicerTouchBar.swiftmodule -serialize-diagnostics -dependency-scan-serialize-diagnostics-path /Users/admin/builder/spi-builder-workspace/.derivedData/Build/Intermediates.noindex/NicerTouchBar.build/Debug-watchos/NicerTouchBar-t.build/Objects-normal/arm64_32/NicerTouchBar-dependency-scan.dia -validate-clang-modules-once -clang-build-session-file /Users/admin/builder/spi-builder-workspace/.derivedData/ModuleCache.noindex/Session.modulevalidation -Xcc -fmodules-prune-interval\=86400 -Xcc -fmodules-prune-after\=345600 -emit-const-values -const-gather-protocols-list /Users/admin/builder/spi-builder-workspace/.derivedData/Build/Intermediates.noindex/NicerTouchBar.build/Debug-watchos/NicerTouchBar-t.build/Objects-normal/arm64_32/NicerTouchBar_const_extract_protocols.json -Xcc -I/Users/admin/builder/spi-builder-workspace/.derivedData/Build/Products/Debug-watchos/include -Xcc -I/Users/admin/builder/spi-builder-workspace/.derivedData/Build/Intermediates.noindex/NicerTouchBar.build/Debug-watchos/NicerTouchBar-t.build/DerivedSources-normal/arm64_32 -Xcc -I/Users/admin/builder/spi-builder-workspace/.derivedData/Build/Intermediates.noindex/NicerTouchBar.build/Debug-watchos/NicerTouchBar-t.build/DerivedSources/arm64_32 -Xcc -I/Users/admin/builder/spi-builder-workspace/.derivedData/Build/Intermediates.noindex/NicerTouchBar.build/Debug-watchos/NicerTouchBar-t.build/DerivedSources -Xcc -DSWIFT_PACKAGE -Xcc -DDEBUG\=1 -emit-objc-header -emit-objc-header-path /Users/admin/builder/spi-builder-workspace/.derivedData/Build/Intermediates.noindex/NicerTouchBar.build/Debug-watchos/NicerTouchBar-t.build/Objects-normal/arm64_32/NicerTouchBar-Swift.h -working-directory /Users/admin/builder/spi-builder-workspace/.swiftpm/xcode -experimental-emit-module-separately -disable-cmo
/Users/admin/builder/spi-builder-workspace/Sources/NicerTouchBar/NSCustomTouchBarItem+Validation.swift:9:8: error: Unable to resolve module dependency: 'Cocoa' (in target 'NicerTouchBar' from project 'NicerTouchBar')
    note: A dependency of main module 'NicerTouchBar'
    /Users/admin/builder/spi-builder-workspace/Sources/NicerTouchBar/NSGroupTouchBarItem+Validation.swift:9:8: note: Also imported here
    /Users/admin/builder/spi-builder-workspace/Sources/NicerTouchBar/NSPopoverTouchBarItem+Validation.swift:9:8: note: Also imported here
    /Users/admin/builder/spi-builder-workspace/Sources/NicerTouchBar/NSResponder+Validation.swift:9:8: note: Also imported here
    /Users/admin/builder/spi-builder-workspace/Sources/NicerTouchBar/NSTouchBar+Validation.swift:9:8: note: Also imported here
    /Users/admin/builder/spi-builder-workspace/Sources/NicerTouchBar/NSViewController+Binding.swift:9:8: note: Also imported here
    /Users/admin/builder/spi-builder-workspace/Sources/NicerTouchBar/TouchBarItemValidations.swift:9:8: note: Also imported here
/Users/admin/builder/spi-builder-workspace/Sources/NicerTouchBar/NSCustomTouchBarItem+Validation.swift:9:8: note: A dependency of main module 'NicerTouchBar'
import Cocoa
       ^ (in target 'NicerTouchBar' from project 'NicerTouchBar')
/Users/admin/builder/spi-builder-workspace/Sources/NicerTouchBar/NSGroupTouchBarItem+Validation.swift:9:8: note: Also imported here
import Cocoa
       ^ (in target 'NicerTouchBar' from project 'NicerTouchBar')
/Users/admin/builder/spi-builder-workspace/Sources/NicerTouchBar/NSPopoverTouchBarItem+Validation.swift:9:8: note: Also imported here
import Cocoa
       ^ (in target 'NicerTouchBar' from project 'NicerTouchBar')
/Users/admin/builder/spi-builder-workspace/Sources/NicerTouchBar/NSResponder+Validation.swift:9:8: note: Also imported here
import Cocoa
       ^ (in target 'NicerTouchBar' from project 'NicerTouchBar')
/Users/admin/builder/spi-builder-workspace/Sources/NicerTouchBar/NSTouchBar+Validation.swift:9:8: note: Also imported here
import Cocoa
       ^ (in target 'NicerTouchBar' from project 'NicerTouchBar')
/Users/admin/builder/spi-builder-workspace/Sources/NicerTouchBar/NSViewController+Binding.swift:9:8: note: Also imported here
import Cocoa
       ^ (in target 'NicerTouchBar' from project 'NicerTouchBar')
/Users/admin/builder/spi-builder-workspace/Sources/NicerTouchBar/TouchBarItemValidations.swift:9:8: note: Also imported here
import Cocoa
       ^ (in target 'NicerTouchBar' from project 'NicerTouchBar')
SwiftDriver NicerTouchBar normal arm64 com.apple.xcode.tools.swift.compiler (in target 'NicerTouchBar' from project 'NicerTouchBar')
    cd /Users/admin/builder/spi-builder-workspace/.swiftpm/xcode
    builtin-SwiftDriver -- /Applications/Xcode-27.0.0-Release.Candidate.app/Contents/Developer/Toolchains/XcodeDefault.xctoolchain/usr/bin/swiftc -parse-as-library -module-name NicerTouchBar -Onone @/Users/admin/builder/spi-builder-workspace/.derivedData/Build/Intermediates.noindex/NicerTouchBar.build/Debug-watchos/NicerTouchBar-t.build/Objects-normal/arm64/NicerTouchBar.SwiftFileList -DSWIFT_PACKAGE -DDEBUG -DSWIFT_MODULE_RESOURCE_BUNDLE_UNAVAILABLE -DXcode -plugin-path /Applications/Xcode-27.0.0-Release.Candidate.app/Contents/Developer/Toolchains/XcodeDefault.xctoolchain/usr/lib/swift/host/plugins/testing -enable-experimental-feature DebugDescriptionMacro -sdk /Applications/Xcode-27.0.0-Release.Candidate.app/Contents/Developer/Platforms/WatchOS.platform/Developer/SDKs/WatchOS27.0.sdk -target arm64-apple-watchos9.0 -g -module-cache-path /Users/admin/builder/spi-builder-workspace/.derivedData/ModuleCache.noindex -Xfrontend -serialize-debugging-options -profile-coverage-mapping -profile-generate -enable-testing -index-store-path /Users/admin/builder/spi-builder-workspace/.derivedData/Index.noindex/DataStore -Xcc -D_LIBCPP_HARDENING_MODE\=_LIBCPP_HARDENING_MODE_DEBUG -swift-version 5 -I /Users/admin/builder/spi-builder-workspace/.derivedData/Build/Products/Debug-watchos -Isystem /Applications/Xcode-27.0.0-Release.Candidate.app/Contents/Developer/Platforms/WatchOS.platform/Developer/usr/lib -F /Users/admin/builder/spi-builder-workspace/.derivedData/Build/Products/Debug-watchos -F /Applications/Xcode-27.0.0-Release.Candidate.app/Contents/Developer/Platforms/WatchOS.platform/Developer/Library/Frameworks -F /Applications/Xcode-27.0.0-Release.Candidate.app/Contents/Developer/Platforms/WatchOS.platform/Developer/SDKs/WatchOS27.0.sdk/Developer/Library/Frameworks -c -j10 -enable-batch-mode -incremental -Xcc -ivfsstatcache -Xcc /Users/admin/builder/spi-builder-workspace/.derivedData/SDKStatCaches.noindex/watchos27.0-24R360-e829b21a6f8c9b70876ba0858053c04477534ef55a1706bf4c1112bbb242f0a2.sdkstatcache -output-file-map /Users/admin/builder/spi-builder-workspace/.derivedData/Build/Intermediates.noindex/NicerTouchBar.build/Debug-watchos/NicerTouchBar-t.build/Objects-normal/arm64/NicerTouchBar-OutputFileMap.json -save-temps -no-color-diagnostics -explicit-module-build -module-cache-path /Users/admin/builder/spi-builder-workspace/.derivedData/Build/Intermediates.noindex/SwiftExplicitPrecompiledModules -clang-scanner-module-cache-path /Users/admin/builder/spi-builder-workspace/.derivedData/ModuleCache.noindex -sdk-module-cache-path /Users/admin/builder/spi-builder-workspace/.derivedData/SDKExplicitPrecompiledModules -emit-dependencies -emit-module -emit-module-path /Users/admin/builder/spi-builder-workspace/.derivedData/Build/Intermediates.noindex/NicerTouchBar.build/Debug-watchos/NicerTouchBar-t.build/Objects-normal/arm64/NicerTouchBar.swiftmodule -serialize-diagnostics -dependency-scan-serialize-diagnostics-path /Users/admin/builder/spi-builder-workspace/.derivedData/Build/Intermediates.noindex/NicerTouchBar.build/Debug-watchos/NicerTouchBar-t.build/Objects-normal/arm64/NicerTouchBar-dependency-scan.dia -validate-clang-modules-once -clang-build-session-file /Users/admin/builder/spi-builder-workspace/.derivedData/ModuleCache.noindex/Session.modulevalidation -Xcc -fmodules-prune-interval\=86400 -Xcc -fmodules-prune-after\=345600 -emit-const-values -const-gather-protocols-list /Users/admin/builder/spi-builder-workspace/.derivedData/Build/Intermediates.noindex/NicerTouchBar.build/Debug-watchos/NicerTouchBar-t.build/Objects-normal/arm64/NicerTouchBar_const_extract_protocols.json -Xcc -I/Users/admin/builder/spi-builder-workspace/.derivedData/Build/Products/Debug-watchos/include -Xcc -I/Users/admin/builder/spi-builder-workspace/.derivedData/Build/Intermediates.noindex/NicerTouchBar.build/Debug-watchos/NicerTouchBar-t.build/DerivedSources-normal/arm64 -Xcc -I/Users/admin/builder/spi-builder-workspace/.derivedData/Build/Intermediates.noindex/NicerTouchBar.build/Debug-watchos/NicerTouchBar-t.build/DerivedSources/arm64 -Xcc -I/Users/admin/builder/spi-builder-workspace/.derivedData/Build/Intermediates.noindex/NicerTouchBar.build/Debug-watchos/NicerTouchBar-t.build/DerivedSources -Xcc -DSWIFT_PACKAGE -Xcc -DDEBUG\=1 -emit-objc-header -emit-objc-header-path /Users/admin/builder/spi-builder-workspace/.derivedData/Build/Intermediates.noindex/NicerTouchBar.build/Debug-watchos/NicerTouchBar-t.build/Objects-normal/arm64/NicerTouchBar-Swift.h -working-directory /Users/admin/builder/spi-builder-workspace/.swiftpm/xcode -experimental-emit-module-separately -disable-cmo
/Users/admin/builder/spi-builder-workspace/Sources/NicerTouchBar/NSCustomTouchBarItem+Validation.swift:9:8: error: Unable to resolve module dependency: 'Cocoa' (in target 'NicerTouchBar' from project 'NicerTouchBar')
    note: A dependency of main module 'NicerTouchBar'
    /Users/admin/builder/spi-builder-workspace/Sources/NicerTouchBar/NSGroupTouchBarItem+Validation.swift:9:8: note: Also imported here
    /Users/admin/builder/spi-builder-workspace/Sources/NicerTouchBar/NSPopoverTouchBarItem+Validation.swift:9:8: note: Also imported here
    /Users/admin/builder/spi-builder-workspace/Sources/NicerTouchBar/NSResponder+Validation.swift:9:8: note: Also imported here
    /Users/admin/builder/spi-builder-workspace/Sources/NicerTouchBar/NSTouchBar+Validation.swift:9:8: note: Also imported here
    /Users/admin/builder/spi-builder-workspace/Sources/NicerTouchBar/NSViewController+Binding.swift:9:8: note: Also imported here
    /Users/admin/builder/spi-builder-workspace/Sources/NicerTouchBar/TouchBarItemValidations.swift:9:8: note: Also imported here
/Users/admin/builder/spi-builder-workspace/Sources/NicerTouchBar/NSCustomTouchBarItem+Validation.swift:9:8: note: A dependency of main module 'NicerTouchBar'
import Cocoa
       ^ (in target 'NicerTouchBar' from project 'NicerTouchBar')
/Users/admin/builder/spi-builder-workspace/Sources/NicerTouchBar/NSGroupTouchBarItem+Validation.swift:9:8: note: Also imported here
import Cocoa
       ^ (in target 'NicerTouchBar' from project 'NicerTouchBar')
/Users/admin/builder/spi-builder-workspace/Sources/NicerTouchBar/NSPopoverTouchBarItem+Validation.swift:9:8: note: Also imported here
import Cocoa
       ^ (in target 'NicerTouchBar' from project 'NicerTouchBar')
/Users/admin/builder/spi-builder-workspace/Sources/NicerTouchBar/NSResponder+Validation.swift:9:8: note: Also imported here
import Cocoa
       ^ (in target 'NicerTouchBar' from project 'NicerTouchBar')
/Users/admin/builder/spi-builder-workspace/Sources/NicerTouchBar/NSTouchBar+Validation.swift:9:8: note: Also imported here
import Cocoa
       ^ (in target 'NicerTouchBar' from project 'NicerTouchBar')
/Users/admin/builder/spi-builder-workspace/Sources/NicerTouchBar/NSViewController+Binding.swift:9:8: note: Also imported here
import Cocoa
       ^ (in target 'NicerTouchBar' from project 'NicerTouchBar')
/Users/admin/builder/spi-builder-workspace/Sources/NicerTouchBar/TouchBarItemValidations.swift:9:8: note: Also imported here
import Cocoa
       ^ (in target 'NicerTouchBar' from project 'NicerTouchBar')
PruneExplicitPrecompiledModules /Users/admin/builder/spi-builder-workspace/.derivedData/SDKExplicitPrecompiledModules
PruneExplicitPrecompiledModules /Users/admin/builder/spi-builder-workspace/.derivedData/Build/Intermediates.noindex/ExplicitPrecompiledModules
PruneExplicitPrecompiledModules /Users/admin/builder/spi-builder-workspace/.derivedData/Build/Intermediates.noindex/SwiftExplicitPrecompiledModules
2026-09-19 09:35:34.844 xcodebuild[672:4434] [MT] IDERunDestination: Supported platforms for the buildables in the current scheme is empty.
** BUILD FAILED **
The following build commands failed:
	SwiftDriver NicerTouchBar normal arm64_32 com.apple.xcode.tools.swift.compiler (in target 'NicerTouchBar' from project 'NicerTouchBar')
	SwiftDriver NicerTouchBar normal arm64 com.apple.xcode.tools.swift.compiler (in target 'NicerTouchBar' from project 'NicerTouchBar')
	Building workspace NicerTouchBar with scheme NicerTouchBar
(3 failures)
BUILD FAILURE 6.4 watchOS