Build Information
Failed to build SwiftKueryMySQL, reference 2.0.200 (ad6355), with Swift 6.4 for watchOS using Xcode 27.0 on 17 Sep 2026 08:16:30 UTC.
Build Command
env DEVELOPER_DIR=/Applications/Xcode-27.0.0-Release.Candidate.app xcrun xcodebuild -IDEClonedSourcePackagesDirPathOverride=$PWD/.dependencies -skipMacroValidation -skipPackagePluginValidation -derivedDataPath $PWD/.derivedData build -scheme SwiftKueryMySQL -destination generic/platform=watchOSBuild Log
Ld /Users/admin/builder/spi-builder-workspace/.derivedData/Build/Intermediates.noindex/swift-log.build/Debug-watchos/Logging-t.build/Objects-normal/arm64_32/Binary/Logging.o normal arm64_32 (in target 'Logging' from project 'swift-log')
cd /Users/admin/builder/spi-builder-workspace/.dependencies/checkouts/swift-log
/Applications/Xcode-27.0.0-Release.Candidate.app/Contents/Developer/Toolchains/XcodeDefault.xctoolchain/usr/bin/clang -Xlinker -reproducible -target arm64_32-apple-watchos9.0 -r -isysroot /Applications/Xcode-27.0.0-Release.Candidate.app/Contents/Developer/Platforms/WatchOS.platform/Developer/SDKs/WatchOS27.0.sdk -O0 -w -Xlinker -no_warn_duplicate_libraries -F/Users/admin/builder/spi-builder-workspace/.derivedData/Build/Intermediates.noindex/EagerLinkingTBDs/Debug-watchos -F/Users/admin/builder/spi-builder-workspace/.derivedData/Build/Products/Debug-watchos -iframework /Applications/Xcode-27.0.0-Release.Candidate.app/Contents/Developer/Platforms/WatchOS.platform/Developer/Library/Frameworks -iframework /Applications/Xcode-27.0.0-Release.Candidate.app/Contents/Developer/Platforms/WatchOS.platform/Developer/SDKs/WatchOS27.0.sdk/Developer/Library/Frameworks -filelist /Users/admin/builder/spi-builder-workspace/.derivedData/Build/Intermediates.noindex/swift-log.build/Debug-watchos/Logging-t.build/Objects-normal/arm64_32/Logging.LinkFileList -nostdlib -Xlinker -object_path_lto -Xlinker /Users/admin/builder/spi-builder-workspace/.derivedData/Build/Intermediates.noindex/swift-log.build/Debug-watchos/Logging-t.build/Objects-normal/arm64_32/Logging_lto.o -Xlinker -no_deduplicate -Xlinker -debug_variant -Xlinker -dependency_info -Xlinker /Users/admin/builder/spi-builder-workspace/.derivedData/Build/Intermediates.noindex/swift-log.build/Debug-watchos/Logging-t.build/Objects-normal/arm64_32/Logging_dependency_info.dat -fobjc-link-runtime -L/Applications/Xcode-27.0.0-Release.Candidate.app/Contents/Developer/Toolchains/XcodeDefault.xctoolchain/usr/lib/swift/watchos -L/usr/lib/swift -Xlinker -add_ast_path -Xlinker /Users/admin/builder/spi-builder-workspace/.derivedData/Build/Intermediates.noindex/swift-log.build/Debug-watchos/Logging-t.build/Objects-normal/arm64_32/Logging.swiftmodule -o /Users/admin/builder/spi-builder-workspace/.derivedData/Build/Intermediates.noindex/swift-log.build/Debug-watchos/Logging-t.build/Objects-normal/arm64_32/Binary/Logging.o
SwiftDriverJobDiscovery normal arm64 Compiling Logger.swift (in target 'Logging' from project 'swift-log')
SwiftDriver\ Compilation Logging normal arm64 com.apple.xcode.tools.swift.compiler (in target 'Logging' from project 'swift-log')
cd /Users/admin/builder/spi-builder-workspace/.swiftpm/xcode
builtin-Swift-Compilation -- /Applications/Xcode-27.0.0-Release.Candidate.app/Contents/Developer/Toolchains/XcodeDefault.xctoolchain/usr/bin/swiftc -parse-as-library -module-name Logging -Onone @/Users/admin/builder/spi-builder-workspace/.derivedData/Build/Intermediates.noindex/swift-log.build/Debug-watchos/Logging-t.build/Objects-normal/arm64/Logging.SwiftFileList -DSWIFT_PACKAGE -DDEBUG -DSWIFT_MODULE_RESOURCE_BUNDLE_UNAVAILABLE -DXcode -enable-upcoming-feature ExistentialAny -enable-upcoming-feature MemberImportVisibility -enable-upcoming-feature InternalImportsByDefault -enable-upcoming-feature NonisolatedNonsendingByDefault -Xfrontend -require-explicit-sendable -plugin-path /Applications/Xcode-27.0.0-Release.Candidate.app/Contents/Developer/Toolchains/XcodeDefault.xctoolchain/usr/lib/swift/host/plugins/testing -enable-experimental-feature DebugDescriptionMacro -sdk /Applications/Xcode-27.0.0-Release.Candidate.app/Contents/Developer/Platforms/WatchOS.platform/Developer/SDKs/WatchOS27.0.sdk -target arm64-apple-watchos9.0 -g -module-cache-path /Users/admin/builder/spi-builder-workspace/.derivedData/ModuleCache.noindex -Xfrontend -serialize-debugging-options -profile-coverage-mapping -profile-generate -enable-testing -suppress-warnings -index-store-path /Users/admin/builder/spi-builder-workspace/.derivedData/Index.noindex/DataStore -Xcc -D_LIBCPP_HARDENING_MODE\=_LIBCPP_HARDENING_MODE_DEBUG -swift-version 6 -I /Users/admin/builder/spi-builder-workspace/.derivedData/Build/Products/Debug-watchos -Isystem /Applications/Xcode-27.0.0-Release.Candidate.app/Contents/Developer/Platforms/WatchOS.platform/Developer/usr/lib -F /Users/admin/builder/spi-builder-workspace/.derivedData/Build/Products/Debug-watchos -F /Applications/Xcode-27.0.0-Release.Candidate.app/Contents/Developer/Platforms/WatchOS.platform/Developer/Library/Frameworks -F /Applications/Xcode-27.0.0-Release.Candidate.app/Contents/Developer/Platforms/WatchOS.platform/Developer/SDKs/WatchOS27.0.sdk/Developer/Library/Frameworks -c -j10 -enable-batch-mode -incremental -Xcc -ivfsstatcache -Xcc /Users/admin/builder/spi-builder-workspace/.derivedData/SDKStatCaches.noindex/watchos27.0-24R360-e829b21a6f8c9b70876ba0858053c04477534ef55a1706bf4c1112bbb242f0a2.sdkstatcache -output-file-map /Users/admin/builder/spi-builder-workspace/.derivedData/Build/Intermediates.noindex/swift-log.build/Debug-watchos/Logging-t.build/Objects-normal/arm64/Logging-OutputFileMap.json -save-temps -no-color-diagnostics -explicit-module-build -module-cache-path /Users/admin/builder/spi-builder-workspace/.derivedData/Build/Intermediates.noindex/SwiftExplicitPrecompiledModules -clang-scanner-module-cache-path /Users/admin/builder/spi-builder-workspace/.derivedData/ModuleCache.noindex -sdk-module-cache-path /Users/admin/builder/spi-builder-workspace/.derivedData/SDKExplicitPrecompiledModules -emit-dependencies -emit-module -emit-module-path /Users/admin/builder/spi-builder-workspace/.derivedData/Build/Intermediates.noindex/swift-log.build/Debug-watchos/Logging-t.build/Objects-normal/arm64/Logging.swiftmodule -serialize-diagnostics -dependency-scan-serialize-diagnostics-path /Users/admin/builder/spi-builder-workspace/.derivedData/Build/Intermediates.noindex/swift-log.build/Debug-watchos/Logging-t.build/Objects-normal/arm64/Logging-dependency-scan.dia -user-module-version 1.15.1 -validate-clang-modules-once -clang-build-session-file /Users/admin/builder/spi-builder-workspace/.derivedData/ModuleCache.noindex/Session.modulevalidation -Xcc -fmodules-prune-interval\=86400 -Xcc -fmodules-prune-after\=345600 -package-name swift_log -emit-const-values -const-gather-protocols-list /Users/admin/builder/spi-builder-workspace/.derivedData/Build/Intermediates.noindex/swift-log.build/Debug-watchos/Logging-t.build/Objects-normal/arm64/Logging_const_extract_protocols.json -Xcc -I/Users/admin/builder/spi-builder-workspace/.derivedData/Build/Products/Debug-watchos/include -Xcc -I/Users/admin/builder/spi-builder-workspace/.derivedData/Build/Intermediates.noindex/swift-log.build/Debug-watchos/Logging-t.build/DerivedSources-normal/arm64 -Xcc -I/Users/admin/builder/spi-builder-workspace/.derivedData/Build/Intermediates.noindex/swift-log.build/Debug-watchos/Logging-t.build/DerivedSources/arm64 -Xcc -I/Users/admin/builder/spi-builder-workspace/.derivedData/Build/Intermediates.noindex/swift-log.build/Debug-watchos/Logging-t.build/DerivedSources -Xcc -DSWIFT_PACKAGE -Xcc -DDEBUG\=1 -emit-objc-header -emit-objc-header-path /Users/admin/builder/spi-builder-workspace/.derivedData/Build/Intermediates.noindex/swift-log.build/Debug-watchos/Logging-t.build/Objects-normal/arm64/Logging-Swift.h -working-directory /Users/admin/builder/spi-builder-workspace/.swiftpm/xcode -experimental-emit-module-separately -disable-cmo
Ld /Users/admin/builder/spi-builder-workspace/.derivedData/Build/Intermediates.noindex/swift-log.build/Debug-watchos/Logging-t.build/Objects-normal/arm64/Binary/Logging.o normal arm64 (in target 'Logging' from project 'swift-log')
cd /Users/admin/builder/spi-builder-workspace/.dependencies/checkouts/swift-log
/Applications/Xcode-27.0.0-Release.Candidate.app/Contents/Developer/Toolchains/XcodeDefault.xctoolchain/usr/bin/clang -Xlinker -reproducible -target arm64-apple-watchos9.0 -r -isysroot /Applications/Xcode-27.0.0-Release.Candidate.app/Contents/Developer/Platforms/WatchOS.platform/Developer/SDKs/WatchOS27.0.sdk -O0 -w -Xlinker -no_warn_duplicate_libraries -F/Users/admin/builder/spi-builder-workspace/.derivedData/Build/Intermediates.noindex/EagerLinkingTBDs/Debug-watchos -F/Users/admin/builder/spi-builder-workspace/.derivedData/Build/Products/Debug-watchos -iframework /Applications/Xcode-27.0.0-Release.Candidate.app/Contents/Developer/Platforms/WatchOS.platform/Developer/Library/Frameworks -iframework /Applications/Xcode-27.0.0-Release.Candidate.app/Contents/Developer/Platforms/WatchOS.platform/Developer/SDKs/WatchOS27.0.sdk/Developer/Library/Frameworks -filelist /Users/admin/builder/spi-builder-workspace/.derivedData/Build/Intermediates.noindex/swift-log.build/Debug-watchos/Logging-t.build/Objects-normal/arm64/Logging.LinkFileList -nostdlib -Xlinker -object_path_lto -Xlinker /Users/admin/builder/spi-builder-workspace/.derivedData/Build/Intermediates.noindex/swift-log.build/Debug-watchos/Logging-t.build/Objects-normal/arm64/Logging_lto.o -Xlinker -no_deduplicate -Xlinker -debug_variant -Xlinker -dependency_info -Xlinker /Users/admin/builder/spi-builder-workspace/.derivedData/Build/Intermediates.noindex/swift-log.build/Debug-watchos/Logging-t.build/Objects-normal/arm64/Logging_dependency_info.dat -fobjc-link-runtime -L/Applications/Xcode-27.0.0-Release.Candidate.app/Contents/Developer/Toolchains/XcodeDefault.xctoolchain/usr/lib/swift/watchos -L/usr/lib/swift -Xlinker -add_ast_path -Xlinker /Users/admin/builder/spi-builder-workspace/.derivedData/Build/Intermediates.noindex/swift-log.build/Debug-watchos/Logging-t.build/Objects-normal/arm64/Logging.swiftmodule -o /Users/admin/builder/spi-builder-workspace/.derivedData/Build/Intermediates.noindex/swift-log.build/Debug-watchos/Logging-t.build/Objects-normal/arm64/Binary/Logging.o
CreateUniversalBinary /Users/admin/builder/spi-builder-workspace/.derivedData/Build/Products/Debug-watchos/Logging.o normal arm64\ arm64_32 (in target 'Logging' from project 'swift-log')
cd /Users/admin/builder/spi-builder-workspace/.dependencies/checkouts/swift-log
/Applications/Xcode-27.0.0-Release.Candidate.app/Contents/Developer/Toolchains/XcodeDefault.xctoolchain/usr/bin/lipo -create /Users/admin/builder/spi-builder-workspace/.derivedData/Build/Intermediates.noindex/swift-log.build/Debug-watchos/Logging-t.build/Objects-normal/arm64/Binary/Logging.o /Users/admin/builder/spi-builder-workspace/.derivedData/Build/Intermediates.noindex/swift-log.build/Debug-watchos/Logging-t.build/Objects-normal/arm64_32/Binary/Logging.o -output /Users/admin/builder/spi-builder-workspace/.derivedData/Build/Products/Debug-watchos/Logging.o
ExtractAppIntentsMetadata (in target 'Logging' from project 'swift-log')
cd /Users/admin/builder/spi-builder-workspace/.dependencies/checkouts/swift-log
/Applications/Xcode-27.0.0-Release.Candidate.app/Contents/Developer/Toolchains/XcodeDefault.xctoolchain/usr/bin/appintentsmetadataprocessor --toolchain-dir /var/run/com.apple.security.cryptexd/mnt/com.apple.MobileAsset.MetalToolchain-v27.1.266.1.BUwfV1/Metal.xctoolchain --module-name Logging --sdk-root /Applications/Xcode-27.0.0-Release.Candidate.app/Contents/Developer/Platforms/WatchOS.platform/Developer/SDKs/WatchOS27.0.sdk --xcode-version 27A266a --platform-family watchOS --deployment-target 9.0 --bundle-identifier swift-log.Logging --output /Users/admin/builder/spi-builder-workspace/.derivedData/Build/Products/Debug-watchos/Logging.appintents --target-triple arm64-apple-watchos9.0 --target-triple arm64_32-apple-watchos9.0 --binary-file /Users/admin/builder/spi-builder-workspace/.derivedData/Build/Products/Debug-watchos/Logging.o --dependency-file /Users/admin/builder/spi-builder-workspace/.derivedData/Build/Intermediates.noindex/swift-log.build/Debug-watchos/Logging-t.build/Objects-normal/arm64/Logging_dependency_info.dat --dependency-file /Users/admin/builder/spi-builder-workspace/.derivedData/Build/Intermediates.noindex/swift-log.build/Debug-watchos/Logging-t.build/Objects-normal/arm64_32/Logging_dependency_info.dat --stringsdata-file /Users/admin/builder/spi-builder-workspace/.derivedData/Build/Intermediates.noindex/swift-log.build/Debug-watchos/Logging-t.build/Objects-normal/arm64/ExtractedAppShortcutsMetadata.stringsdata --stringsdata-file /Users/admin/builder/spi-builder-workspace/.derivedData/Build/Intermediates.noindex/swift-log.build/Debug-watchos/Logging-t.build/Objects-normal/arm64_32/ExtractedAppShortcutsMetadata.stringsdata --source-file-list /Users/admin/builder/spi-builder-workspace/.derivedData/Build/Intermediates.noindex/swift-log.build/Debug-watchos/Logging-t.build/Objects-normal/arm64/Logging.SwiftFileList --source-file-list /Users/admin/builder/spi-builder-workspace/.derivedData/Build/Intermediates.noindex/swift-log.build/Debug-watchos/Logging-t.build/Objects-normal/arm64_32/Logging.SwiftFileList --metadata-file-list /Users/admin/builder/spi-builder-workspace/.derivedData/Build/Intermediates.noindex/swift-log.build/Debug-watchos/Logging-t.build/Logging.DependencyMetadataFileList --static-metadata-file-list /Users/admin/builder/spi-builder-workspace/.derivedData/Build/Intermediates.noindex/swift-log.build/Debug-watchos/Logging-t.build/Logging.DependencyStaticMetadataFileList --swift-const-vals-list /Users/admin/builder/spi-builder-workspace/.derivedData/Build/Intermediates.noindex/swift-log.build/Debug-watchos/Logging-t.build/Objects-normal/arm64/Logging.SwiftConstValuesFileList --swift-const-vals-list /Users/admin/builder/spi-builder-workspace/.derivedData/Build/Intermediates.noindex/swift-log.build/Debug-watchos/Logging-t.build/Objects-normal/arm64_32/Logging.SwiftConstValuesFileList --force --compile-time-extraction --deployment-aware-processing --no-app-shortcuts-localization
2026-09-17 04:16:22.649 appintentsmetadataprocessor[914:5295] Starting appintentsmetadataprocessor export
2026-09-17 04:16:22.754 appintentsmetadataprocessor[914:5295] Extracted no relevant App Intents symbols, skipping writing output
SwiftExplicitDependencyGeneratePcm arm64 /Users/admin/builder/spi-builder-workspace/.derivedData/SDKExplicitPrecompiledModules/ptrauth-3TZ9WJCGLYD25HQPWH4968ONX.pcm
SwiftExplicitDependencyGeneratePcm arm64 /Users/admin/builder/spi-builder-workspace/.derivedData/SDKExplicitPrecompiledModules/ptrcheck-AIF0NDOYZ8ORBNHQAQR5NNB8M.pcm
SwiftExplicitDependencyGeneratePcm arm64 /Users/admin/builder/spi-builder-workspace/.derivedData/SDKExplicitPrecompiledModules/_Builtin_stddef-1FU30Y8SWFB7OUUHMJQH5J6FM.pcm
SwiftExplicitDependencyGeneratePcm arm64 /Users/admin/builder/spi-builder-workspace/.derivedData/SDKExplicitPrecompiledModules/_Builtin_float-C0CW5Q4HGBQYKE77TC42IAFB5.pcm
SwiftExplicitDependencyGeneratePcm arm64 /Users/admin/builder/spi-builder-workspace/.derivedData/SDKExplicitPrecompiledModules/_Builtin_stdbool-83J96QSOFE9VX04AAS6310UAE.pcm
SwiftExplicitDependencyGeneratePcm arm64 /Users/admin/builder/spi-builder-workspace/.derivedData/SDKExplicitPrecompiledModules/SwiftShims-4MXFZPV6FEB0XBYXCGPWAMQGL.pcm
SwiftExplicitDependencyGeneratePcm arm64 /Users/admin/builder/spi-builder-workspace/.derivedData/SDKExplicitPrecompiledModules/_Builtin_stdarg-A7UU8LE6MP85SM26YO7PBZNUQ.pcm
SwiftExplicitDependencyGeneratePcm arm64 /Users/admin/builder/spi-builder-workspace/.derivedData/SDKExplicitPrecompiledModules/_AvailabilityInternal-BUNV3UXM65NT37THI4W1AM0SF.pcm
SwiftExplicitDependencyGeneratePcm arm64 /Users/admin/builder/spi-builder-workspace/.derivedData/SDKExplicitPrecompiledModules/_SwiftConcurrencyShims-659N52XSKR5F0QSB880BH2FJR.pcm
SwiftExplicitDependencyGeneratePcm arm64_32 /Users/admin/builder/spi-builder-workspace/.derivedData/SDKExplicitPrecompiledModules/_SwiftConcurrencyShims-6RTBPQ03V7BM9SPRK8SUE055H.pcm
SwiftExplicitDependencyGeneratePcm arm64_32 /Users/admin/builder/spi-builder-workspace/.derivedData/SDKExplicitPrecompiledModules/SwiftShims-9CQQGWTSNTN9EB5NSHDWUJICH.pcm
SwiftExplicitDependencyGeneratePcm arm64_32 /Users/admin/builder/spi-builder-workspace/.derivedData/SDKExplicitPrecompiledModules/_Builtin_float-6KO8O3PEWRCA4WC6PPLOYO6WJ.pcm
SwiftExplicitDependencyGeneratePcm arm64_32 /Users/admin/builder/spi-builder-workspace/.derivedData/SDKExplicitPrecompiledModules/_Builtin_stddef-H44EFHQX6XSS5MZ7QP6YJZ76.pcm
SwiftExplicitDependencyGeneratePcm arm64_32 /Users/admin/builder/spi-builder-workspace/.derivedData/SDKExplicitPrecompiledModules/ptrauth-BFXF358ME5AK535N5A9Z766WU.pcm
SwiftExplicitDependencyGeneratePcm arm64_32 /Users/admin/builder/spi-builder-workspace/.derivedData/SDKExplicitPrecompiledModules/ptrcheck-7ELIH9BTIGVKX3UBITM9N72WD.pcm
SwiftExplicitDependencyGeneratePcm arm64_32 /Users/admin/builder/spi-builder-workspace/.derivedData/SDKExplicitPrecompiledModules/_Builtin_stdarg-D305JG44A2WPI6CJY37X3QJE8.pcm
SwiftExplicitDependencyGeneratePcm arm64_32 /Users/admin/builder/spi-builder-workspace/.derivedData/SDKExplicitPrecompiledModules/_Builtin_stdbool-A967K8W8YUYEC9SN52KJ7OO88.pcm
SwiftExplicitDependencyGeneratePcm arm64 /Users/admin/builder/spi-builder-workspace/.derivedData/SDKExplicitPrecompiledModules/_DarwinFoundation1-7SPX3MD0HMP55E4OLNCPNDQ53.pcm
SwiftExplicitDependencyGeneratePcm arm64_32 /Users/admin/builder/spi-builder-workspace/.derivedData/SDKExplicitPrecompiledModules/_AvailabilityInternal-244WAN3Z1QBT7PIA64EZEFY1R.pcm
SwiftExplicitDependencyGeneratePcm arm64 /Users/admin/builder/spi-builder-workspace/.derivedData/SDKExplicitPrecompiledModules/_DarwinFoundation2-D0XAPJU49S5E9XMKYOFGSTB1Q.pcm
SwiftExplicitDependencyGeneratePcm arm64 /Users/admin/builder/spi-builder-workspace/.derivedData/SDKExplicitPrecompiledModules/_Builtin_limits-9GWPA2B0H20DYUNYHYCWKABJG.pcm
SwiftExplicitDependencyGeneratePcm arm64_32 /Users/admin/builder/spi-builder-workspace/.derivedData/SDKExplicitPrecompiledModules/_DarwinFoundation1-2GWF9RFMPLQW4PDHS3NARVI3G.pcm
SwiftExplicitDependencyGeneratePcm arm64_32 /Users/admin/builder/spi-builder-workspace/.derivedData/SDKExplicitPrecompiledModules/_DarwinFoundation2-9MY8GOSYRO0M9MKNXF6D3MBNK.pcm
SwiftExplicitDependencyGeneratePcm arm64_32 /Users/admin/builder/spi-builder-workspace/.derivedData/SDKExplicitPrecompiledModules/_Builtin_limits-3VKBU2AFTD65PAJZ5CJ3LHFM2.pcm
SwiftExplicitDependencyGeneratePcm arm64 /Users/admin/builder/spi-builder-workspace/.derivedData/SDKExplicitPrecompiledModules/_Builtin_stdint-8XMILLJZEGRN2XG7XZUXZ5RLX.pcm
SwiftExplicitDependencyGeneratePcm arm64 /Users/admin/builder/spi-builder-workspace/.derivedData/SDKExplicitPrecompiledModules/string_h-E6PRXK75PHIPCZFWOFCQ3QBMK.pcm
SwiftExplicitDependencyGeneratePcm arm64 /Users/admin/builder/spi-builder-workspace/.derivedData/SDKExplicitPrecompiledModules/sys_types-2KXQLI78OUCDP779AE68GZJ2.pcm
SwiftExplicitDependencyGeneratePcm arm64 /Users/admin/builder/spi-builder-workspace/.derivedData/SDKExplicitPrecompiledModules/_DarwinFoundation3-B97LRG0E9GON2NUE65TVG81HU.pcm
SwiftExplicitDependencyGeneratePcm arm64_32 /Users/admin/builder/spi-builder-workspace/.derivedData/SDKExplicitPrecompiledModules/_Builtin_stdint-1HMXWI3V0V4TXHRWZOMZGZ80Y.pcm
SwiftExplicitDependencyGeneratePcm arm64_32 /Users/admin/builder/spi-builder-workspace/.derivedData/SDKExplicitPrecompiledModules/sys_types-8TLLMW08ZJWDGIIPKOYFGHHZW.pcm
SwiftExplicitDependencyGeneratePcm arm64_32 /Users/admin/builder/spi-builder-workspace/.derivedData/SDKExplicitPrecompiledModules/string_h-BFVLUQUSBZWYMLCU9QI7VZALW.pcm
SwiftExplicitDependencyGeneratePcm arm64_32 /Users/admin/builder/spi-builder-workspace/.derivedData/SDKExplicitPrecompiledModules/_DarwinFoundation3-3DUTYQDQSD9HUAAVY947NMWOI.pcm
SwiftExplicitDependencyGeneratePcm arm64 /Users/admin/builder/spi-builder-workspace/.derivedData/SDKExplicitPrecompiledModules/_Builtin_inttypes-3UQSCM7WNM9EK4HZML8TY5J3D.pcm
SwiftExplicitDependencyGeneratePcm arm64 /Users/admin/builder/spi-builder-workspace/.derivedData/SDKExplicitPrecompiledModules/Darwin-3984OXKFNSPE77NT743WK8SEX.pcm
SwiftExplicitDependencyGeneratePcm arm64_32 /Users/admin/builder/spi-builder-workspace/.derivedData/SDKExplicitPrecompiledModules/_Builtin_inttypes-D2KPCR4PEX9AQA33NGLUT5SBR.pcm
SwiftExplicitDependencyGeneratePcm arm64_32 /Users/admin/builder/spi-builder-workspace/.derivedData/SDKExplicitPrecompiledModules/Darwin-3FVT1SKLN2ZQ5RVOABMTQBB34.pcm
SwiftExplicitDependencyGeneratePcm arm64 /Users/admin/builder/spi-builder-workspace/.derivedData/SDKExplicitPrecompiledModules/ObjectiveC-72IVD3VS2RS8Q28D9PIMY0KQP.pcm
SwiftExplicitDependencyGeneratePcm arm64_32 /Users/admin/builder/spi-builder-workspace/.derivedData/SDKExplicitPrecompiledModules/ObjectiveC-6IJNELR2E80E7LUKESVCP2KET.pcm
SwiftExplicitDependencyGeneratePcm arm64 /Users/admin/builder/spi-builder-workspace/.derivedData/SDKExplicitPrecompiledModules/os_object-3SDKD7F87FTZ26OON37DRYT6O.pcm
SwiftExplicitDependencyGeneratePcm arm64 /Users/admin/builder/spi-builder-workspace/.derivedData/SDKExplicitPrecompiledModules/os_workgroup-89GG5G7YC2D0ZTK6AZXXQ20DH.pcm
SwiftExplicitDependencyGeneratePcm arm64_32 /Users/admin/builder/spi-builder-workspace/.derivedData/SDKExplicitPrecompiledModules/os_object-5YWTC6L4756IWSTPGXS5NM0D0.pcm
SwiftExplicitDependencyGeneratePcm arm64 /Users/admin/builder/spi-builder-workspace/.derivedData/SDKExplicitPrecompiledModules/Dispatch-1NLJOVAK60XP0DUB05XA59EIM.pcm
SwiftExplicitDependencyGeneratePcm arm64_32 /Users/admin/builder/spi-builder-workspace/.derivedData/SDKExplicitPrecompiledModules/os_workgroup-5JHTPDMNBUNHLJI8LPHKQK1JK.pcm
SwiftExplicitDependencyGeneratePcm arm64_32 /Users/admin/builder/spi-builder-workspace/.derivedData/SDKExplicitPrecompiledModules/Dispatch-2P62F1T4XV63S4P99TUDTOK2Q.pcm
SwiftExplicitDependencyGeneratePcm arm64 /Users/admin/builder/spi-builder-workspace/.derivedData/SDKExplicitPrecompiledModules/XPC-40DR0X1DHKGCV4J1IOLFS8MOU.pcm
SwiftExplicitDependencyGeneratePcm arm64 /Users/admin/builder/spi-builder-workspace/.derivedData/SDKExplicitPrecompiledModules/CoreFoundation-8T2L24YC5NU7WO6WQJWRY7W08.pcm
SwiftExplicitDependencyGeneratePcm arm64_32 /Users/admin/builder/spi-builder-workspace/.derivedData/SDKExplicitPrecompiledModules/CoreFoundation-8E6Y4BA3EXYKUGJ24GT9LGV3N.pcm
SwiftExplicitDependencyGeneratePcm arm64_32 /Users/admin/builder/spi-builder-workspace/.derivedData/SDKExplicitPrecompiledModules/XPC-81Y45QFY96XYYFCW2GT6FY8S4.pcm
SwiftExplicitDependencyGeneratePcm arm64 /Users/admin/builder/spi-builder-workspace/.derivedData/SDKExplicitPrecompiledModules/Security-6RZ6YBRU8WCUHRFFRVUK5WKMM.pcm
SwiftExplicitDependencyGeneratePcm arm64_32 /Users/admin/builder/spi-builder-workspace/.derivedData/SDKExplicitPrecompiledModules/Security-D7TOWF88VWF67TB9HAFP5UWB1.pcm
SwiftExplicitDependencyGeneratePcm arm64 /Users/admin/builder/spi-builder-workspace/.derivedData/SDKExplicitPrecompiledModules/Foundation-DLBKUSGXN8QHAT8W0OARR9S8A.pcm
SwiftExplicitDependencyGeneratePcm arm64_32 /Users/admin/builder/spi-builder-workspace/.derivedData/SDKExplicitPrecompiledModules/Foundation-BJ2VQGI3OGR34500MEQ1VKHPH.pcm
SwiftEmitModule normal arm64 Emitting\ module\ for\ LoggerAPI (in target 'LoggerAPI' from project 'LoggerAPI')
SwiftCompile normal arm64 (in target 'LoggerAPI' from project 'LoggerAPI')
cd /Users/admin/builder/spi-builder-workspace/.swiftpm/xcode
SwiftCompile normal arm64 Compiling\ Logger.swift /Users/admin/builder/spi-builder-workspace/.dependencies/checkouts/LoggerAPI/Sources/LoggerAPI/Logger.swift (in target 'LoggerAPI' from project 'LoggerAPI')
SwiftCompile normal arm64 /Users/admin/builder/spi-builder-workspace/.dependencies/checkouts/LoggerAPI/Sources/LoggerAPI/Logger.swift (in target 'LoggerAPI' from project 'LoggerAPI')
cd /Users/admin/builder/spi-builder-workspace/.swiftpm/xcode
builtin-SwiftPerFileCompile Logger.swift
SwiftEmitModule normal arm64_32 Emitting\ module\ for\ LoggerAPI (in target 'LoggerAPI' from project 'LoggerAPI')
SwiftCompile normal arm64_32 (in target 'LoggerAPI' from project 'LoggerAPI')
cd /Users/admin/builder/spi-builder-workspace/.swiftpm/xcode
SwiftCompile normal arm64_32 Compiling\ Logger.swift /Users/admin/builder/spi-builder-workspace/.dependencies/checkouts/LoggerAPI/Sources/LoggerAPI/Logger.swift (in target 'LoggerAPI' from project 'LoggerAPI')
SwiftCompile normal arm64_32 /Users/admin/builder/spi-builder-workspace/.dependencies/checkouts/LoggerAPI/Sources/LoggerAPI/Logger.swift (in target 'LoggerAPI' from project 'LoggerAPI')
cd /Users/admin/builder/spi-builder-workspace/.swiftpm/xcode
builtin-SwiftPerFileCompile Logger.swift
SwiftDriverJobDiscovery normal arm64 Emitting module for LoggerAPI (in target 'LoggerAPI' from project 'LoggerAPI')
SwiftDriver\ Compilation\ Requirements LoggerAPI normal arm64 com.apple.xcode.tools.swift.compiler (in target 'LoggerAPI' from project 'LoggerAPI')
cd /Users/admin/builder/spi-builder-workspace/.swiftpm/xcode
builtin-Swift-Compilation-Requirements -- /Applications/Xcode-27.0.0-Release.Candidate.app/Contents/Developer/Toolchains/XcodeDefault.xctoolchain/usr/bin/swiftc -parse-as-library -module-name LoggerAPI -Onone @/Users/admin/builder/spi-builder-workspace/.derivedData/Build/Intermediates.noindex/LoggerAPI.build/Debug-watchos/LoggerAPI-t.build/Objects-normal/arm64/LoggerAPI.SwiftFileList -DSWIFT_PACKAGE -DDEBUG -DSWIFT_MODULE_RESOURCE_BUNDLE_UNAVAILABLE -DXcode -plugin-path /Applications/Xcode-27.0.0-Release.Candidate.app/Contents/Developer/Toolchains/XcodeDefault.xctoolchain/usr/lib/swift/host/plugins/testing -enable-experimental-feature DebugDescriptionMacro -sdk /Applications/Xcode-27.0.0-Release.Candidate.app/Contents/Developer/Platforms/WatchOS.platform/Developer/SDKs/WatchOS27.0.sdk -target arm64-apple-watchos9.0 -g -module-cache-path /Users/admin/builder/spi-builder-workspace/.derivedData/ModuleCache.noindex -Xfrontend -serialize-debugging-options -profile-coverage-mapping -profile-generate -enable-testing -suppress-warnings -index-store-path /Users/admin/builder/spi-builder-workspace/.derivedData/Index.noindex/DataStore -Xcc -D_LIBCPP_HARDENING_MODE\=_LIBCPP_HARDENING_MODE_DEBUG -swift-version 5 -I /Users/admin/builder/spi-builder-workspace/.derivedData/Build/Products/Debug-watchos -Isystem /Applications/Xcode-27.0.0-Release.Candidate.app/Contents/Developer/Platforms/WatchOS.platform/Developer/usr/lib -F /Users/admin/builder/spi-builder-workspace/.derivedData/Build/Products/Debug-watchos/PackageFrameworks -F /Users/admin/builder/spi-builder-workspace/.derivedData/Build/Products/Debug-watchos -F /Applications/Xcode-27.0.0-Release.Candidate.app/Contents/Developer/Platforms/WatchOS.platform/Developer/Library/Frameworks -F /Applications/Xcode-27.0.0-Release.Candidate.app/Contents/Developer/Platforms/WatchOS.platform/Developer/SDKs/WatchOS27.0.sdk/Developer/Library/Frameworks -c -j10 -enable-batch-mode -incremental -Xcc -ivfsstatcache -Xcc /Users/admin/builder/spi-builder-workspace/.derivedData/SDKStatCaches.noindex/watchos27.0-24R360-e829b21a6f8c9b70876ba0858053c04477534ef55a1706bf4c1112bbb242f0a2.sdkstatcache -output-file-map /Users/admin/builder/spi-builder-workspace/.derivedData/Build/Intermediates.noindex/LoggerAPI.build/Debug-watchos/LoggerAPI-t.build/Objects-normal/arm64/LoggerAPI-OutputFileMap.json -save-temps -no-color-diagnostics -explicit-module-build -module-cache-path /Users/admin/builder/spi-builder-workspace/.derivedData/Build/Intermediates.noindex/SwiftExplicitPrecompiledModules -clang-scanner-module-cache-path /Users/admin/builder/spi-builder-workspace/.derivedData/ModuleCache.noindex -sdk-module-cache-path /Users/admin/builder/spi-builder-workspace/.derivedData/SDKExplicitPrecompiledModules -emit-dependencies -emit-module -emit-module-path /Users/admin/builder/spi-builder-workspace/.derivedData/Build/Intermediates.noindex/LoggerAPI.build/Debug-watchos/LoggerAPI-t.build/Objects-normal/arm64/LoggerAPI.swiftmodule -serialize-diagnostics -dependency-scan-serialize-diagnostics-path /Users/admin/builder/spi-builder-workspace/.derivedData/Build/Intermediates.noindex/LoggerAPI.build/Debug-watchos/LoggerAPI-t.build/Objects-normal/arm64/LoggerAPI-dependency-scan.dia -validate-clang-modules-once -clang-build-session-file /Users/admin/builder/spi-builder-workspace/.derivedData/ModuleCache.noindex/Session.modulevalidation -Xcc -fmodules-prune-interval\=86400 -Xcc -fmodules-prune-after\=345600 -emit-const-values -const-gather-protocols-list /Users/admin/builder/spi-builder-workspace/.derivedData/Build/Intermediates.noindex/LoggerAPI.build/Debug-watchos/LoggerAPI-t.build/Objects-normal/arm64/LoggerAPI_const_extract_protocols.json -Xcc -I/Users/admin/builder/spi-builder-workspace/.derivedData/Build/Products/Debug-watchos/include -Xcc -I/Users/admin/builder/spi-builder-workspace/.derivedData/Build/Intermediates.noindex/LoggerAPI.build/Debug-watchos/LoggerAPI-t.build/DerivedSources-normal/arm64 -Xcc -I/Users/admin/builder/spi-builder-workspace/.derivedData/Build/Intermediates.noindex/LoggerAPI.build/Debug-watchos/LoggerAPI-t.build/DerivedSources/arm64 -Xcc -I/Users/admin/builder/spi-builder-workspace/.derivedData/Build/Intermediates.noindex/LoggerAPI.build/Debug-watchos/LoggerAPI-t.build/DerivedSources -Xcc -DSWIFT_PACKAGE -Xcc -DDEBUG\=1 -emit-objc-header -emit-objc-header-path /Users/admin/builder/spi-builder-workspace/.derivedData/Build/Intermediates.noindex/LoggerAPI.build/Debug-watchos/LoggerAPI-t.build/Objects-normal/arm64/LoggerAPI-Swift.h -working-directory /Users/admin/builder/spi-builder-workspace/.swiftpm/xcode -experimental-emit-module-separately -disable-cmo
Copy /Users/admin/builder/spi-builder-workspace/.derivedData/Build/Products/Debug-watchos/LoggerAPI.swiftmodule/arm64-apple-watchos.abi.json /Users/admin/builder/spi-builder-workspace/.derivedData/Build/Intermediates.noindex/LoggerAPI.build/Debug-watchos/LoggerAPI-t.build/Objects-normal/arm64/LoggerAPI.abi.json (in target 'LoggerAPI' from project 'LoggerAPI')
cd /Users/admin/builder/spi-builder-workspace/.dependencies/checkouts/LoggerAPI
builtin-copy -exclude .DS_Store -exclude CVS -exclude .svn -exclude .git -exclude .hg -resolve-src-symlinks -rename /Users/admin/builder/spi-builder-workspace/.derivedData/Build/Intermediates.noindex/LoggerAPI.build/Debug-watchos/LoggerAPI-t.build/Objects-normal/arm64/LoggerAPI.abi.json /Users/admin/builder/spi-builder-workspace/.derivedData/Build/Products/Debug-watchos/LoggerAPI.swiftmodule/arm64-apple-watchos.abi.json
Copy /Users/admin/builder/spi-builder-workspace/.derivedData/Build/Products/Debug-watchos/LoggerAPI.swiftmodule/arm64-apple-watchos.swiftdoc /Users/admin/builder/spi-builder-workspace/.derivedData/Build/Intermediates.noindex/LoggerAPI.build/Debug-watchos/LoggerAPI-t.build/Objects-normal/arm64/LoggerAPI.swiftdoc (in target 'LoggerAPI' from project 'LoggerAPI')
cd /Users/admin/builder/spi-builder-workspace/.dependencies/checkouts/LoggerAPI
builtin-copy -exclude .DS_Store -exclude CVS -exclude .svn -exclude .git -exclude .hg -resolve-src-symlinks -rename /Users/admin/builder/spi-builder-workspace/.derivedData/Build/Intermediates.noindex/LoggerAPI.build/Debug-watchos/LoggerAPI-t.build/Objects-normal/arm64/LoggerAPI.swiftdoc /Users/admin/builder/spi-builder-workspace/.derivedData/Build/Products/Debug-watchos/LoggerAPI.swiftmodule/arm64-apple-watchos.swiftdoc
Copy /Users/admin/builder/spi-builder-workspace/.derivedData/Build/Products/Debug-watchos/LoggerAPI.swiftmodule/arm64-apple-watchos.swiftmodule /Users/admin/builder/spi-builder-workspace/.derivedData/Build/Intermediates.noindex/LoggerAPI.build/Debug-watchos/LoggerAPI-t.build/Objects-normal/arm64/LoggerAPI.swiftmodule (in target 'LoggerAPI' from project 'LoggerAPI')
cd /Users/admin/builder/spi-builder-workspace/.dependencies/checkouts/LoggerAPI
builtin-copy -exclude .DS_Store -exclude CVS -exclude .svn -exclude .git -exclude .hg -resolve-src-symlinks -rename /Users/admin/builder/spi-builder-workspace/.derivedData/Build/Intermediates.noindex/LoggerAPI.build/Debug-watchos/LoggerAPI-t.build/Objects-normal/arm64/LoggerAPI.swiftmodule /Users/admin/builder/spi-builder-workspace/.derivedData/Build/Products/Debug-watchos/LoggerAPI.swiftmodule/arm64-apple-watchos.swiftmodule
Copy /Users/admin/builder/spi-builder-workspace/.derivedData/Build/Products/Debug-watchos/LoggerAPI.swiftmodule/Project/arm64-apple-watchos.swiftsourceinfo /Users/admin/builder/spi-builder-workspace/.derivedData/Build/Intermediates.noindex/LoggerAPI.build/Debug-watchos/LoggerAPI-t.build/Objects-normal/arm64/LoggerAPI.swiftsourceinfo (in target 'LoggerAPI' from project 'LoggerAPI')
cd /Users/admin/builder/spi-builder-workspace/.dependencies/checkouts/LoggerAPI
builtin-copy -exclude .DS_Store -exclude CVS -exclude .svn -exclude .git -exclude .hg -resolve-src-symlinks -rename /Users/admin/builder/spi-builder-workspace/.derivedData/Build/Intermediates.noindex/LoggerAPI.build/Debug-watchos/LoggerAPI-t.build/Objects-normal/arm64/LoggerAPI.swiftsourceinfo /Users/admin/builder/spi-builder-workspace/.derivedData/Build/Products/Debug-watchos/LoggerAPI.swiftmodule/Project/arm64-apple-watchos.swiftsourceinfo
SwiftDriverJobDiscovery normal arm64_32 Emitting module for LoggerAPI (in target 'LoggerAPI' from project 'LoggerAPI')
SwiftDriver\ Compilation\ Requirements LoggerAPI normal arm64_32 com.apple.xcode.tools.swift.compiler (in target 'LoggerAPI' from project 'LoggerAPI')
cd /Users/admin/builder/spi-builder-workspace/.swiftpm/xcode
builtin-Swift-Compilation-Requirements -- /Applications/Xcode-27.0.0-Release.Candidate.app/Contents/Developer/Toolchains/XcodeDefault.xctoolchain/usr/bin/swiftc -parse-as-library -module-name LoggerAPI -Onone @/Users/admin/builder/spi-builder-workspace/.derivedData/Build/Intermediates.noindex/LoggerAPI.build/Debug-watchos/LoggerAPI-t.build/Objects-normal/arm64_32/LoggerAPI.SwiftFileList -DSWIFT_PACKAGE -DDEBUG -DSWIFT_MODULE_RESOURCE_BUNDLE_UNAVAILABLE -DXcode -plugin-path /Applications/Xcode-27.0.0-Release.Candidate.app/Contents/Developer/Toolchains/XcodeDefault.xctoolchain/usr/lib/swift/host/plugins/testing -enable-experimental-feature DebugDescriptionMacro -sdk /Applications/Xcode-27.0.0-Release.Candidate.app/Contents/Developer/Platforms/WatchOS.platform/Developer/SDKs/WatchOS27.0.sdk -target arm64_32-apple-watchos9.0 -g -module-cache-path /Users/admin/builder/spi-builder-workspace/.derivedData/ModuleCache.noindex -Xfrontend -serialize-debugging-options -profile-coverage-mapping -profile-generate -enable-testing -suppress-warnings -index-store-path /Users/admin/builder/spi-builder-workspace/.derivedData/Index.noindex/DataStore -Xcc -D_LIBCPP_HARDENING_MODE\=_LIBCPP_HARDENING_MODE_DEBUG -swift-version 5 -I /Users/admin/builder/spi-builder-workspace/.derivedData/Build/Products/Debug-watchos -Isystem /Applications/Xcode-27.0.0-Release.Candidate.app/Contents/Developer/Platforms/WatchOS.platform/Developer/usr/lib -F /Users/admin/builder/spi-builder-workspace/.derivedData/Build/Products/Debug-watchos/PackageFrameworks -F /Users/admin/builder/spi-builder-workspace/.derivedData/Build/Products/Debug-watchos -F /Applications/Xcode-27.0.0-Release.Candidate.app/Contents/Developer/Platforms/WatchOS.platform/Developer/Library/Frameworks -F /Applications/Xcode-27.0.0-Release.Candidate.app/Contents/Developer/Platforms/WatchOS.platform/Developer/SDKs/WatchOS27.0.sdk/Developer/Library/Frameworks -c -j10 -enable-batch-mode -incremental -Xcc -ivfsstatcache -Xcc /Users/admin/builder/spi-builder-workspace/.derivedData/SDKStatCaches.noindex/watchos27.0-24R360-e829b21a6f8c9b70876ba0858053c04477534ef55a1706bf4c1112bbb242f0a2.sdkstatcache -output-file-map /Users/admin/builder/spi-builder-workspace/.derivedData/Build/Intermediates.noindex/LoggerAPI.build/Debug-watchos/LoggerAPI-t.build/Objects-normal/arm64_32/LoggerAPI-OutputFileMap.json -save-temps -no-color-diagnostics -explicit-module-build -module-cache-path /Users/admin/builder/spi-builder-workspace/.derivedData/Build/Intermediates.noindex/SwiftExplicitPrecompiledModules -clang-scanner-module-cache-path /Users/admin/builder/spi-builder-workspace/.derivedData/ModuleCache.noindex -sdk-module-cache-path /Users/admin/builder/spi-builder-workspace/.derivedData/SDKExplicitPrecompiledModules -emit-dependencies -emit-module -emit-module-path /Users/admin/builder/spi-builder-workspace/.derivedData/Build/Intermediates.noindex/LoggerAPI.build/Debug-watchos/LoggerAPI-t.build/Objects-normal/arm64_32/LoggerAPI.swiftmodule -serialize-diagnostics -dependency-scan-serialize-diagnostics-path /Users/admin/builder/spi-builder-workspace/.derivedData/Build/Intermediates.noindex/LoggerAPI.build/Debug-watchos/LoggerAPI-t.build/Objects-normal/arm64_32/LoggerAPI-dependency-scan.dia -validate-clang-modules-once -clang-build-session-file /Users/admin/builder/spi-builder-workspace/.derivedData/ModuleCache.noindex/Session.modulevalidation -Xcc -fmodules-prune-interval\=86400 -Xcc -fmodules-prune-after\=345600 -emit-const-values -const-gather-protocols-list /Users/admin/builder/spi-builder-workspace/.derivedData/Build/Intermediates.noindex/LoggerAPI.build/Debug-watchos/LoggerAPI-t.build/Objects-normal/arm64_32/LoggerAPI_const_extract_protocols.json -Xcc -I/Users/admin/builder/spi-builder-workspace/.derivedData/Build/Products/Debug-watchos/include -Xcc -I/Users/admin/builder/spi-builder-workspace/.derivedData/Build/Intermediates.noindex/LoggerAPI.build/Debug-watchos/LoggerAPI-t.build/DerivedSources-normal/arm64_32 -Xcc -I/Users/admin/builder/spi-builder-workspace/.derivedData/Build/Intermediates.noindex/LoggerAPI.build/Debug-watchos/LoggerAPI-t.build/DerivedSources/arm64_32 -Xcc -I/Users/admin/builder/spi-builder-workspace/.derivedData/Build/Intermediates.noindex/LoggerAPI.build/Debug-watchos/LoggerAPI-t.build/DerivedSources -Xcc -DSWIFT_PACKAGE -Xcc -DDEBUG\=1 -emit-objc-header -emit-objc-header-path /Users/admin/builder/spi-builder-workspace/.derivedData/Build/Intermediates.noindex/LoggerAPI.build/Debug-watchos/LoggerAPI-t.build/Objects-normal/arm64_32/LoggerAPI-Swift.h -working-directory /Users/admin/builder/spi-builder-workspace/.swiftpm/xcode -experimental-emit-module-separately -disable-cmo
SwiftMergeGeneratedHeaders /Users/admin/builder/spi-builder-workspace/.derivedData/Build/Intermediates.noindex/GeneratedModuleMaps-watchos/LoggerAPI-Swift.h /Users/admin/builder/spi-builder-workspace/.derivedData/Build/Intermediates.noindex/LoggerAPI.build/Debug-watchos/LoggerAPI-t.build/Objects-normal/arm64/LoggerAPI-Swift.h /Users/admin/builder/spi-builder-workspace/.derivedData/Build/Intermediates.noindex/LoggerAPI.build/Debug-watchos/LoggerAPI-t.build/Objects-normal/arm64_32/LoggerAPI-Swift.h (in target 'LoggerAPI' from project 'LoggerAPI')
cd /Users/admin/builder/spi-builder-workspace/.dependencies/checkouts/LoggerAPI
builtin-swiftHeaderTool -arch arm64 /Users/admin/builder/spi-builder-workspace/.derivedData/Build/Intermediates.noindex/LoggerAPI.build/Debug-watchos/LoggerAPI-t.build/Objects-normal/arm64/LoggerAPI-Swift.h -arch arm64_32 /Users/admin/builder/spi-builder-workspace/.derivedData/Build/Intermediates.noindex/LoggerAPI.build/Debug-watchos/LoggerAPI-t.build/Objects-normal/arm64_32/LoggerAPI-Swift.h -o /Users/admin/builder/spi-builder-workspace/.derivedData/Build/Intermediates.noindex/GeneratedModuleMaps-watchos/LoggerAPI-Swift.h
Copy /Users/admin/builder/spi-builder-workspace/.derivedData/Build/Products/Debug-watchos/LoggerAPI.swiftmodule/arm64_32-apple-watchos.swiftdoc /Users/admin/builder/spi-builder-workspace/.derivedData/Build/Intermediates.noindex/LoggerAPI.build/Debug-watchos/LoggerAPI-t.build/Objects-normal/arm64_32/LoggerAPI.swiftdoc (in target 'LoggerAPI' from project 'LoggerAPI')
cd /Users/admin/builder/spi-builder-workspace/.dependencies/checkouts/LoggerAPI
builtin-copy -exclude .DS_Store -exclude CVS -exclude .svn -exclude .git -exclude .hg -resolve-src-symlinks -rename /Users/admin/builder/spi-builder-workspace/.derivedData/Build/Intermediates.noindex/LoggerAPI.build/Debug-watchos/LoggerAPI-t.build/Objects-normal/arm64_32/LoggerAPI.swiftdoc /Users/admin/builder/spi-builder-workspace/.derivedData/Build/Products/Debug-watchos/LoggerAPI.swiftmodule/arm64_32-apple-watchos.swiftdoc
Copy /Users/admin/builder/spi-builder-workspace/.derivedData/Build/Products/Debug-watchos/LoggerAPI.swiftmodule/arm64_32-apple-watchos.swiftmodule /Users/admin/builder/spi-builder-workspace/.derivedData/Build/Intermediates.noindex/LoggerAPI.build/Debug-watchos/LoggerAPI-t.build/Objects-normal/arm64_32/LoggerAPI.swiftmodule (in target 'LoggerAPI' from project 'LoggerAPI')
cd /Users/admin/builder/spi-builder-workspace/.dependencies/checkouts/LoggerAPI
builtin-copy -exclude .DS_Store -exclude CVS -exclude .svn -exclude .git -exclude .hg -resolve-src-symlinks -rename /Users/admin/builder/spi-builder-workspace/.derivedData/Build/Intermediates.noindex/LoggerAPI.build/Debug-watchos/LoggerAPI-t.build/Objects-normal/arm64_32/LoggerAPI.swiftmodule /Users/admin/builder/spi-builder-workspace/.derivedData/Build/Products/Debug-watchos/LoggerAPI.swiftmodule/arm64_32-apple-watchos.swiftmodule
Copy /Users/admin/builder/spi-builder-workspace/.derivedData/Build/Products/Debug-watchos/LoggerAPI.swiftmodule/Project/arm64_32-apple-watchos.swiftsourceinfo /Users/admin/builder/spi-builder-workspace/.derivedData/Build/Intermediates.noindex/LoggerAPI.build/Debug-watchos/LoggerAPI-t.build/Objects-normal/arm64_32/LoggerAPI.swiftsourceinfo (in target 'LoggerAPI' from project 'LoggerAPI')
cd /Users/admin/builder/spi-builder-workspace/.dependencies/checkouts/LoggerAPI
builtin-copy -exclude .DS_Store -exclude CVS -exclude .svn -exclude .git -exclude .hg -resolve-src-symlinks -rename /Users/admin/builder/spi-builder-workspace/.derivedData/Build/Intermediates.noindex/LoggerAPI.build/Debug-watchos/LoggerAPI-t.build/Objects-normal/arm64_32/LoggerAPI.swiftsourceinfo /Users/admin/builder/spi-builder-workspace/.derivedData/Build/Products/Debug-watchos/LoggerAPI.swiftmodule/Project/arm64_32-apple-watchos.swiftsourceinfo
Copy /Users/admin/builder/spi-builder-workspace/.derivedData/Build/Products/Debug-watchos/LoggerAPI.swiftmodule/arm64_32-apple-watchos.abi.json /Users/admin/builder/spi-builder-workspace/.derivedData/Build/Intermediates.noindex/LoggerAPI.build/Debug-watchos/LoggerAPI-t.build/Objects-normal/arm64_32/LoggerAPI.abi.json (in target 'LoggerAPI' from project 'LoggerAPI')
cd /Users/admin/builder/spi-builder-workspace/.dependencies/checkouts/LoggerAPI
builtin-copy -exclude .DS_Store -exclude CVS -exclude .svn -exclude .git -exclude .hg -resolve-src-symlinks -rename /Users/admin/builder/spi-builder-workspace/.derivedData/Build/Intermediates.noindex/LoggerAPI.build/Debug-watchos/LoggerAPI-t.build/Objects-normal/arm64_32/LoggerAPI.abi.json /Users/admin/builder/spi-builder-workspace/.derivedData/Build/Products/Debug-watchos/LoggerAPI.swiftmodule/arm64_32-apple-watchos.abi.json
SwiftDriver SwiftKuery normal arm64 com.apple.xcode.tools.swift.compiler (in target 'SwiftKuery' from project 'SwiftKuery')
cd /Users/admin/builder/spi-builder-workspace/.swiftpm/xcode
builtin-SwiftDriver -- /Applications/Xcode-27.0.0-Release.Candidate.app/Contents/Developer/Toolchains/XcodeDefault.xctoolchain/usr/bin/swiftc -parse-as-library -module-name SwiftKuery -Onone @/Users/admin/builder/spi-builder-workspace/.derivedData/Build/Intermediates.noindex/SwiftKuery.build/Debug-watchos/SwiftKuery-t.build/Objects-normal/arm64/SwiftKuery.SwiftFileList -DSWIFT_PACKAGE -DDEBUG -DSWIFT_MODULE_RESOURCE_BUNDLE_UNAVAILABLE -DXcode -plugin-path /Applications/Xcode-27.0.0-Release.Candidate.app/Contents/Developer/Toolchains/XcodeDefault.xctoolchain/usr/lib/swift/host/plugins/testing -enable-experimental-feature DebugDescriptionMacro -sdk /Applications/Xcode-27.0.0-Release.Candidate.app/Contents/Developer/Platforms/WatchOS.platform/Developer/SDKs/WatchOS27.0.sdk -target arm64-apple-watchos9.0 -g -module-cache-path /Users/admin/builder/spi-builder-workspace/.derivedData/ModuleCache.noindex -Xfrontend -serialize-debugging-options -profile-coverage-mapping -profile-generate -enable-testing -suppress-warnings -index-store-path /Users/admin/builder/spi-builder-workspace/.derivedData/Index.noindex/DataStore -Xcc -D_LIBCPP_HARDENING_MODE\=_LIBCPP_HARDENING_MODE_DEBUG -swift-version 5 -I /Users/admin/builder/spi-builder-workspace/.derivedData/Build/Products/Debug-watchos -Isystem /Applications/Xcode-27.0.0-Release.Candidate.app/Contents/Developer/Platforms/WatchOS.platform/Developer/usr/lib -F /Users/admin/builder/spi-builder-workspace/.derivedData/Build/Products/Debug-watchos/PackageFrameworks -F /Users/admin/builder/spi-builder-workspace/.derivedData/Build/Products/Debug-watchos -F /Applications/Xcode-27.0.0-Release.Candidate.app/Contents/Developer/Platforms/WatchOS.platform/Developer/Library/Frameworks -F /Applications/Xcode-27.0.0-Release.Candidate.app/Contents/Developer/Platforms/WatchOS.platform/Developer/SDKs/WatchOS27.0.sdk/Developer/Library/Frameworks -c -j10 -enable-batch-mode -incremental -Xcc -ivfsstatcache -Xcc /Users/admin/builder/spi-builder-workspace/.derivedData/SDKStatCaches.noindex/watchos27.0-24R360-e829b21a6f8c9b70876ba0858053c04477534ef55a1706bf4c1112bbb242f0a2.sdkstatcache -output-file-map /Users/admin/builder/spi-builder-workspace/.derivedData/Build/Intermediates.noindex/SwiftKuery.build/Debug-watchos/SwiftKuery-t.build/Objects-normal/arm64/SwiftKuery-OutputFileMap.json -save-temps -no-color-diagnostics -explicit-module-build -module-cache-path /Users/admin/builder/spi-builder-workspace/.derivedData/Build/Intermediates.noindex/SwiftExplicitPrecompiledModules -clang-scanner-module-cache-path /Users/admin/builder/spi-builder-workspace/.derivedData/ModuleCache.noindex -sdk-module-cache-path /Users/admin/builder/spi-builder-workspace/.derivedData/SDKExplicitPrecompiledModules -emit-dependencies -emit-module -emit-module-path /Users/admin/builder/spi-builder-workspace/.derivedData/Build/Intermediates.noindex/SwiftKuery.build/Debug-watchos/SwiftKuery-t.build/Objects-normal/arm64/SwiftKuery.swiftmodule -serialize-diagnostics -dependency-scan-serialize-diagnostics-path /Users/admin/builder/spi-builder-workspace/.derivedData/Build/Intermediates.noindex/SwiftKuery.build/Debug-watchos/SwiftKuery-t.build/Objects-normal/arm64/SwiftKuery-dependency-scan.dia -validate-clang-modules-once -clang-build-session-file /Users/admin/builder/spi-builder-workspace/.derivedData/ModuleCache.noindex/Session.modulevalidation -Xcc -fmodules-prune-interval\=86400 -Xcc -fmodules-prune-after\=345600 -emit-const-values -const-gather-protocols-list /Users/admin/builder/spi-builder-workspace/.derivedData/Build/Intermediates.noindex/SwiftKuery.build/Debug-watchos/SwiftKuery-t.build/Objects-normal/arm64/SwiftKuery_const_extract_protocols.json -Xcc -I/Users/admin/builder/spi-builder-workspace/.derivedData/Build/Products/Debug-watchos/include -Xcc -I/Users/admin/builder/spi-builder-workspace/.derivedData/Build/Intermediates.noindex/SwiftKuery.build/Debug-watchos/SwiftKuery-t.build/DerivedSources-normal/arm64 -Xcc -I/Users/admin/builder/spi-builder-workspace/.derivedData/Build/Intermediates.noindex/SwiftKuery.build/Debug-watchos/SwiftKuery-t.build/DerivedSources/arm64 -Xcc -I/Users/admin/builder/spi-builder-workspace/.derivedData/Build/Intermediates.noindex/SwiftKuery.build/Debug-watchos/SwiftKuery-t.build/DerivedSources -Xcc -DSWIFT_PACKAGE -Xcc -DDEBUG\=1 -emit-objc-header -emit-objc-header-path /Users/admin/builder/spi-builder-workspace/.derivedData/Build/Intermediates.noindex/SwiftKuery.build/Debug-watchos/SwiftKuery-t.build/Objects-normal/arm64/SwiftKuery-Swift.h -working-directory /Users/admin/builder/spi-builder-workspace/.swiftpm/xcode -experimental-emit-module-separately -disable-cmo
SwiftDriver SwiftKuery normal arm64_32 com.apple.xcode.tools.swift.compiler (in target 'SwiftKuery' from project 'SwiftKuery')
cd /Users/admin/builder/spi-builder-workspace/.swiftpm/xcode
builtin-SwiftDriver -- /Applications/Xcode-27.0.0-Release.Candidate.app/Contents/Developer/Toolchains/XcodeDefault.xctoolchain/usr/bin/swiftc -parse-as-library -module-name SwiftKuery -Onone @/Users/admin/builder/spi-builder-workspace/.derivedData/Build/Intermediates.noindex/SwiftKuery.build/Debug-watchos/SwiftKuery-t.build/Objects-normal/arm64_32/SwiftKuery.SwiftFileList -DSWIFT_PACKAGE -DDEBUG -DSWIFT_MODULE_RESOURCE_BUNDLE_UNAVAILABLE -DXcode -plugin-path /Applications/Xcode-27.0.0-Release.Candidate.app/Contents/Developer/Toolchains/XcodeDefault.xctoolchain/usr/lib/swift/host/plugins/testing -enable-experimental-feature DebugDescriptionMacro -sdk /Applications/Xcode-27.0.0-Release.Candidate.app/Contents/Developer/Platforms/WatchOS.platform/Developer/SDKs/WatchOS27.0.sdk -target arm64_32-apple-watchos9.0 -g -module-cache-path /Users/admin/builder/spi-builder-workspace/.derivedData/ModuleCache.noindex -Xfrontend -serialize-debugging-options -profile-coverage-mapping -profile-generate -enable-testing -suppress-warnings -index-store-path /Users/admin/builder/spi-builder-workspace/.derivedData/Index.noindex/DataStore -Xcc -D_LIBCPP_HARDENING_MODE\=_LIBCPP_HARDENING_MODE_DEBUG -swift-version 5 -I /Users/admin/builder/spi-builder-workspace/.derivedData/Build/Products/Debug-watchos -Isystem /Applications/Xcode-27.0.0-Release.Candidate.app/Contents/Developer/Platforms/WatchOS.platform/Developer/usr/lib -F /Users/admin/builder/spi-builder-workspace/.derivedData/Build/Products/Debug-watchos/PackageFrameworks -F /Users/admin/builder/spi-builder-workspace/.derivedData/Build/Products/Debug-watchos -F /Applications/Xcode-27.0.0-Release.Candidate.app/Contents/Developer/Platforms/WatchOS.platform/Developer/Library/Frameworks -F /Applications/Xcode-27.0.0-Release.Candidate.app/Contents/Developer/Platforms/WatchOS.platform/Developer/SDKs/WatchOS27.0.sdk/Developer/Library/Frameworks -c -j10 -enable-batch-mode -incremental -Xcc -ivfsstatcache -Xcc /Users/admin/builder/spi-builder-workspace/.derivedData/SDKStatCaches.noindex/watchos27.0-24R360-e829b21a6f8c9b70876ba0858053c04477534ef55a1706bf4c1112bbb242f0a2.sdkstatcache -output-file-map /Users/admin/builder/spi-builder-workspace/.derivedData/Build/Intermediates.noindex/SwiftKuery.build/Debug-watchos/SwiftKuery-t.build/Objects-normal/arm64_32/SwiftKuery-OutputFileMap.json -save-temps -no-color-diagnostics -explicit-module-build -module-cache-path /Users/admin/builder/spi-builder-workspace/.derivedData/Build/Intermediates.noindex/SwiftExplicitPrecompiledModules -clang-scanner-module-cache-path /Users/admin/builder/spi-builder-workspace/.derivedData/ModuleCache.noindex -sdk-module-cache-path /Users/admin/builder/spi-builder-workspace/.derivedData/SDKExplicitPrecompiledModules -emit-dependencies -emit-module -emit-module-path /Users/admin/builder/spi-builder-workspace/.derivedData/Build/Intermediates.noindex/SwiftKuery.build/Debug-watchos/SwiftKuery-t.build/Objects-normal/arm64_32/SwiftKuery.swiftmodule -serialize-diagnostics -dependency-scan-serialize-diagnostics-path /Users/admin/builder/spi-builder-workspace/.derivedData/Build/Intermediates.noindex/SwiftKuery.build/Debug-watchos/SwiftKuery-t.build/Objects-normal/arm64_32/SwiftKuery-dependency-scan.dia -validate-clang-modules-once -clang-build-session-file /Users/admin/builder/spi-builder-workspace/.derivedData/ModuleCache.noindex/Session.modulevalidation -Xcc -fmodules-prune-interval\=86400 -Xcc -fmodules-prune-after\=345600 -emit-const-values -const-gather-protocols-list /Users/admin/builder/spi-builder-workspace/.derivedData/Build/Intermediates.noindex/SwiftKuery.build/Debug-watchos/SwiftKuery-t.build/Objects-normal/arm64_32/SwiftKuery_const_extract_protocols.json -Xcc -I/Users/admin/builder/spi-builder-workspace/.derivedData/Build/Products/Debug-watchos/include -Xcc -I/Users/admin/builder/spi-builder-workspace/.derivedData/Build/Intermediates.noindex/SwiftKuery.build/Debug-watchos/SwiftKuery-t.build/DerivedSources-normal/arm64_32 -Xcc -I/Users/admin/builder/spi-builder-workspace/.derivedData/Build/Intermediates.noindex/SwiftKuery.build/Debug-watchos/SwiftKuery-t.build/DerivedSources/arm64_32 -Xcc -I/Users/admin/builder/spi-builder-workspace/.derivedData/Build/Intermediates.noindex/SwiftKuery.build/Debug-watchos/SwiftKuery-t.build/DerivedSources -Xcc -DSWIFT_PACKAGE -Xcc -DDEBUG\=1 -emit-objc-header -emit-objc-header-path /Users/admin/builder/spi-builder-workspace/.derivedData/Build/Intermediates.noindex/SwiftKuery.build/Debug-watchos/SwiftKuery-t.build/Objects-normal/arm64_32/SwiftKuery-Swift.h -working-directory /Users/admin/builder/spi-builder-workspace/.swiftpm/xcode -experimental-emit-module-separately -disable-cmo
SwiftEmitModule normal arm64_32 Emitting\ module\ for\ SwiftKuery (in target 'SwiftKuery' from project 'SwiftKuery')
SwiftCompile normal arm64_32 (in target 'SwiftKuery' from project 'SwiftKuery')
cd /Users/admin/builder/spi-builder-workspace/.swiftpm/xcode
SwiftCompile normal arm64_32 Compiling\ ColumnCreator.swift,\ Condition.swift,\ ConditionalClause.swift,\ Connection.swift,\ ConnectionPool.swift /Users/admin/builder/spi-builder-workspace/.dependencies/checkouts/Swift-Kuery/Sources/SwiftKuery/ColumnCreator.swift /Users/admin/builder/spi-builder-workspace/.dependencies/checkouts/Swift-Kuery/Sources/SwiftKuery/Condition.swift /Users/admin/builder/spi-builder-workspace/.dependencies/checkouts/Swift-Kuery/Sources/SwiftKuery/ConditionalClause.swift /Users/admin/builder/spi-builder-workspace/.dependencies/checkouts/Swift-Kuery/Sources/SwiftKuery/Connection.swift /Users/admin/builder/spi-builder-workspace/.dependencies/checkouts/Swift-Kuery/Sources/SwiftKuery/ConnectionPool.swift (in target 'SwiftKuery' from project 'SwiftKuery')
SwiftCompile normal arm64_32 /Users/admin/builder/spi-builder-workspace/.dependencies/checkouts/Swift-Kuery/Sources/SwiftKuery/ColumnCreator.swift (in target 'SwiftKuery' from project 'SwiftKuery')
cd /Users/admin/builder/spi-builder-workspace/.swiftpm/xcode
builtin-SwiftPerFileCompile ColumnCreator.swift
SwiftCompile normal arm64_32 /Users/admin/builder/spi-builder-workspace/.dependencies/checkouts/Swift-Kuery/Sources/SwiftKuery/Condition.swift (in target 'SwiftKuery' from project 'SwiftKuery')
cd /Users/admin/builder/spi-builder-workspace/.swiftpm/xcode
builtin-SwiftPerFileCompile Condition.swift
SwiftCompile normal arm64_32 /Users/admin/builder/spi-builder-workspace/.dependencies/checkouts/Swift-Kuery/Sources/SwiftKuery/ConditionalClause.swift (in target 'SwiftKuery' from project 'SwiftKuery')
cd /Users/admin/builder/spi-builder-workspace/.swiftpm/xcode
builtin-SwiftPerFileCompile ConditionalClause.swift
SwiftCompile normal arm64_32 /Users/admin/builder/spi-builder-workspace/.dependencies/checkouts/Swift-Kuery/Sources/SwiftKuery/Connection.swift (in target 'SwiftKuery' from project 'SwiftKuery')
cd /Users/admin/builder/spi-builder-workspace/.swiftpm/xcode
builtin-SwiftPerFileCompile Connection.swift
SwiftCompile normal arm64_32 /Users/admin/builder/spi-builder-workspace/.dependencies/checkouts/Swift-Kuery/Sources/SwiftKuery/ConnectionPool.swift (in target 'SwiftKuery' from project 'SwiftKuery')
cd /Users/admin/builder/spi-builder-workspace/.swiftpm/xcode
builtin-SwiftPerFileCompile ConnectionPool.swift
SwiftCompile normal arm64_32 Compiling\ AggregateColumnExpression.swift,\ AuxiliaryTable.swift,\ Buildable.swift,\ Column.swift,\ ColumnAndExpressions_Extensions.swift /Users/admin/builder/spi-builder-workspace/.dependencies/checkouts/Swift-Kuery/Sources/SwiftKuery/AggregateColumnExpression.swift /Users/admin/builder/spi-builder-workspace/.dependencies/checkouts/Swift-Kuery/Sources/SwiftKuery/AuxiliaryTable.swift /Users/admin/builder/spi-builder-workspace/.dependencies/checkouts/Swift-Kuery/Sources/SwiftKuery/Buildable.swift /Users/admin/builder/spi-builder-workspace/.dependencies/checkouts/Swift-Kuery/Sources/SwiftKuery/Column.swift /Users/admin/builder/spi-builder-workspace/.dependencies/checkouts/Swift-Kuery/Sources/SwiftKuery/ColumnAndExpressions_Extensions.swift (in target 'SwiftKuery' from project 'SwiftKuery')
SwiftCompile normal arm64_32 /Users/admin/builder/spi-builder-workspace/.dependencies/checkouts/Swift-Kuery/Sources/SwiftKuery/AggregateColumnExpression.swift (in target 'SwiftKuery' from project 'SwiftKuery')
cd /Users/admin/builder/spi-builder-workspace/.swiftpm/xcode
builtin-SwiftPerFileCompile AggregateColumnExpression.swift
SwiftCompile normal arm64_32 /Users/admin/builder/spi-builder-workspace/.dependencies/checkouts/Swift-Kuery/Sources/SwiftKuery/AuxiliaryTable.swift (in target 'SwiftKuery' from project 'SwiftKuery')
cd /Users/admin/builder/spi-builder-workspace/.swiftpm/xcode
builtin-SwiftPerFileCompile AuxiliaryTable.swift
SwiftCompile normal arm64_32 /Users/admin/builder/spi-builder-workspace/.dependencies/checkouts/Swift-Kuery/Sources/SwiftKuery/Buildable.swift (in target 'SwiftKuery' from project 'SwiftKuery')
cd /Users/admin/builder/spi-builder-workspace/.swiftpm/xcode
builtin-SwiftPerFileCompile Buildable.swift
SwiftCompile normal arm64_32 /Users/admin/builder/spi-builder-workspace/.dependencies/checkouts/Swift-Kuery/Sources/SwiftKuery/Column.swift (in target 'SwiftKuery' from project 'SwiftKuery')
cd /Users/admin/builder/spi-builder-workspace/.swiftpm/xcode
builtin-SwiftPerFileCompile Column.swift
SwiftCompile normal arm64_32 /Users/admin/builder/spi-builder-workspace/.dependencies/checkouts/Swift-Kuery/Sources/SwiftKuery/ColumnAndExpressions_Extensions.swift (in target 'SwiftKuery' from project 'SwiftKuery')
cd /Users/admin/builder/spi-builder-workspace/.swiftpm/xcode
builtin-SwiftPerFileCompile ColumnAndExpressions_Extensions.swift
SwiftCompile normal arm64_32 Compiling\ FilterAndHaving_Extensions.swift,\ FilterAndHaving_GlobalFunctions.swift,\ ForeignKey.swift,\ Having.swift,\ Index.swift /Users/admin/builder/spi-builder-workspace/.dependencies/checkouts/Swift-Kuery/Sources/SwiftKuery/FilterAndHaving_Extensions.swift /Users/admin/builder/spi-builder-workspace/.dependencies/checkouts/Swift-Kuery/Sources/SwiftKuery/FilterAndHaving_GlobalFunctions.swift /Users/admin/builder/spi-builder-workspace/.dependencies/checkouts/Swift-Kuery/Sources/SwiftKuery/ForeignKey.swift /Users/admin/builder/spi-builder-workspace/.dependencies/checkouts/Swift-Kuery/Sources/SwiftKuery/Having.swift /Users/admin/builder/spi-builder-workspace/.dependencies/checkouts/Swift-Kuery/Sources/SwiftKuery/Index.swift (in target 'SwiftKuery' from project 'SwiftKuery')
SwiftCompile normal arm64_32 /Users/admin/builder/spi-builder-workspace/.dependencies/checkouts/Swift-Kuery/Sources/SwiftKuery/FilterAndHaving_Extensions.swift (in target 'SwiftKuery' from project 'SwiftKuery')
cd /Users/admin/builder/spi-builder-workspace/.swiftpm/xcode
builtin-SwiftPerFileCompile FilterAndHaving_Extensions.swift
SwiftCompile normal arm64_32 /Users/admin/builder/spi-builder-workspace/.dependencies/checkouts/Swift-Kuery/Sources/SwiftKuery/FilterAndHaving_GlobalFunctions.swift (in target 'SwiftKuery' from project 'SwiftKuery')
cd /Users/admin/builder/spi-builder-workspace/.swiftpm/xcode
builtin-SwiftPerFileCompile FilterAndHaving_GlobalFunctions.swift
SwiftCompile normal arm64_32 /Users/admin/builder/spi-builder-workspace/.dependencies/checkouts/Swift-Kuery/Sources/SwiftKuery/ForeignKey.swift (in target 'SwiftKuery' from project 'SwiftKuery')
cd /Users/admin/builder/spi-builder-workspace/.swiftpm/xcode
builtin-SwiftPerFileCompile ForeignKey.swift
SwiftCompile normal arm64_32 /Users/admin/builder/spi-builder-workspace/.dependencies/checkouts/Swift-Kuery/Sources/SwiftKuery/Having.swift (in target 'SwiftKuery' from project 'SwiftKuery')
cd /Users/admin/builder/spi-builder-workspace/.swiftpm/xcode
builtin-SwiftPerFileCompile Having.swift
SwiftCompile normal arm64_32 /Users/admin/builder/spi-builder-workspace/.dependencies/checkouts/Swift-Kuery/Sources/SwiftKuery/Index.swift (in target 'SwiftKuery' from project 'SwiftKuery')
cd /Users/admin/builder/spi-builder-workspace/.swiftpm/xcode
builtin-SwiftPerFileCompile Index.swift
SwiftCompile normal arm64_32 Compiling\ ConnectionPoolConnection.swift,\ ConnectionPoolOptions.swift,\ Delete.swift,\ Field.swift,\ Filter.swift /Users/admin/builder/spi-builder-workspace/.dependencies/checkouts/Swift-Kuery/Sources/SwiftKuery/ConnectionPoolConnection.swift /Users/admin/builder/spi-builder-workspace/.dependencies/checkouts/Swift-Kuery/Sources/SwiftKuery/ConnectionPoolOptions.swift /Users/admin/builder/spi-builder-workspace/.dependencies/checkouts/Swift-Kuery/Sources/SwiftKuery/Delete.swift /Users/admin/builder/spi-builder-workspace/.dependencies/checkouts/Swift-Kuery/Sources/SwiftKuery/Field.swift /Users/admin/builder/spi-builder-workspace/.dependencies/checkouts/Swift-Kuery/Sources/SwiftKuery/Filter.swift (in target 'SwiftKuery' from project 'SwiftKuery')
SwiftCompile normal arm64_32 /Users/admin/builder/spi-builder-workspace/.dependencies/checkouts/Swift-Kuery/Sources/SwiftKuery/ConnectionPoolConnection.swift (in target 'SwiftKuery' from project 'SwiftKuery')
cd /Users/admin/builder/spi-builder-workspace/.swiftpm/xcode
builtin-SwiftPerFileCompile ConnectionPoolConnection.swift
SwiftCompile normal arm64_32 /Users/admin/builder/spi-builder-workspace/.dependencies/checkouts/Swift-Kuery/Sources/SwiftKuery/ConnectionPoolOptions.swift (in target 'SwiftKuery' from project 'SwiftKuery')
cd /Users/admin/builder/spi-builder-workspace/.swiftpm/xcode
builtin-SwiftPerFileCompile ConnectionPoolOptions.swift
SwiftCompile normal arm64_32 /Users/admin/builder/spi-builder-workspace/.dependencies/checkouts/Swift-Kuery/Sources/SwiftKuery/Delete.swift (in target 'SwiftKuery' from project 'SwiftKuery')
cd /Users/admin/builder/spi-builder-workspace/.swiftpm/xcode
builtin-SwiftPerFileCompile Delete.swift
SwiftCompile normal arm64_32 /Users/admin/builder/spi-builder-workspace/.dependencies/checkouts/Swift-Kuery/Sources/SwiftKuery/Field.swift (in target 'SwiftKuery' from project 'SwiftKuery')
cd /Users/admin/builder/spi-builder-workspace/.swiftpm/xcode
builtin-SwiftPerFileCompile Field.swift
SwiftCompile normal arm64_32 /Users/admin/builder/spi-builder-workspace/.dependencies/checkouts/Swift-Kuery/Sources/SwiftKuery/Filter.swift (in target 'SwiftKuery' from project 'SwiftKuery')
cd /Users/admin/builder/spi-builder-workspace/.swiftpm/xcode
builtin-SwiftPerFileCompile Filter.swift
SwiftCompile normal arm64_32 Compiling\ IndexColumn.swift,\ IndexColumnOrdered.swift,\ Insert.swift,\ Join.swift,\ Migration.swift /Users/admin/builder/spi-builder-workspace/.dependencies/checkouts/Swift-Kuery/Sources/SwiftKuery/IndexColumn.swift /Users/admin/builder/spi-builder-workspace/.dependencies/checkouts/Swift-Kuery/Sources/SwiftKuery/IndexColumnOrdered.swift /Users/admin/builder/spi-builder-workspace/.dependencies/checkouts/Swift-Kuery/Sources/SwiftKuery/Insert.swift /Users/admin/builder/spi-builder-workspace/.dependencies/checkouts/Swift-Kuery/Sources/SwiftKuery/Join.swift /Users/admin/builder/spi-builder-workspace/.dependencies/checkouts/Swift-Kuery/Sources/SwiftKuery/Migration.swift (in target 'SwiftKuery' from project 'SwiftKuery')
SwiftCompile normal arm64_32 /Users/admin/builder/spi-builder-workspace/.dependencies/checkouts/Swift-Kuery/Sources/SwiftKuery/IndexColumn.swift (in target 'SwiftKuery' from project 'SwiftKuery')
cd /Users/admin/builder/spi-builder-workspace/.swiftpm/xcode
builtin-SwiftPerFileCompile IndexColumn.swift
SwiftCompile normal arm64_32 /Users/admin/builder/spi-builder-workspace/.dependencies/checkouts/Swift-Kuery/Sources/SwiftKuery/IndexColumnOrdered.swift (in target 'SwiftKuery' from project 'SwiftKuery')
cd /Users/admin/builder/spi-builder-workspace/.swiftpm/xcode
builtin-SwiftPerFileCompile IndexColumnOrdered.swift
SwiftCompile normal arm64_32 /Users/admin/builder/spi-builder-workspace/.dependencies/checkouts/Swift-Kuery/Sources/SwiftKuery/Insert.swift (in target 'SwiftKuery' from project 'SwiftKuery')
cd /Users/admin/builder/spi-builder-workspace/.swiftpm/xcode
builtin-SwiftPerFileCompile Insert.swift
SwiftCompile normal arm64_32 /Users/admin/builder/spi-builder-workspace/.dependencies/checkouts/Swift-Kuery/Sources/SwiftKuery/Join.swift (in target 'SwiftKuery' from project 'SwiftKuery')
cd /Users/admin/builder/spi-builder-workspace/.swiftpm/xcode
builtin-SwiftPerFileCompile Join.swift
SwiftCompile normal arm64_32 /Users/admin/builder/spi-builder-workspace/.dependencies/checkouts/Swift-Kuery/Sources/SwiftKuery/Migration.swift (in target 'SwiftKuery' from project 'SwiftKuery')
cd /Users/admin/builder/spi-builder-workspace/.swiftpm/xcode
builtin-SwiftPerFileCompile Migration.swift
SwiftCompile normal arm64_32 Compiling\ OrderBy.swift,\ Parameter.swift,\ Predicate.swift,\ PreparedStatement.swift,\ Query.swift /Users/admin/builder/spi-builder-workspace/.dependencies/checkouts/Swift-Kuery/Sources/SwiftKuery/OrderBy.swift /Users/admin/builder/spi-builder-workspace/.dependencies/checkouts/Swift-Kuery/Sources/SwiftKuery/Parameter.swift /Users/admin/builder/spi-builder-workspace/.dependencies/checkouts/Swift-Kuery/Sources/SwiftKuery/Predicate.swift /Users/admin/builder/spi-builder-workspace/.dependencies/checkouts/Swift-Kuery/Sources/SwiftKuery/PreparedStatement.swift /Users/admin/builder/spi-builder-workspace/.dependencies/checkouts/Swift-Kuery/Sources/SwiftKuery/Query.swift (in target 'SwiftKuery' from project 'SwiftKuery')
SwiftCompile normal arm64_32 /Users/admin/builder/spi-builder-workspace/.dependencies/checkouts/Swift-Kuery/Sources/SwiftKuery/OrderBy.swift (in target 'SwiftKuery' from project 'SwiftKuery')
cd /Users/admin/builder/spi-builder-workspace/.swiftpm/xcode
builtin-SwiftPerFileCompile OrderBy.swift
SwiftCompile normal arm64_32 /Users/admin/builder/spi-builder-workspace/.dependencies/checkouts/Swift-Kuery/Sources/SwiftKuery/Parameter.swift (in target 'SwiftKuery' from project 'SwiftKuery')
cd /Users/admin/builder/spi-builder-workspace/.swiftpm/xcode
builtin-SwiftPerFileCompile Parameter.swift
SwiftCompile normal arm64_32 /Users/admin/builder/spi-builder-workspace/.dependencies/checkouts/Swift-Kuery/Sources/SwiftKuery/Predicate.swift (in target 'SwiftKuery' from project 'SwiftKuery')
cd /Users/admin/builder/spi-builder-workspace/.swiftpm/xcode
builtin-SwiftPerFileCompile Predicate.swift
SwiftCompile normal arm64_32 /Users/admin/builder/spi-builder-workspace/.dependencies/checkouts/Swift-Kuery/Sources/SwiftKuery/PreparedStatement.swift (in target 'SwiftKuery' from project 'SwiftKuery')
cd /Users/admin/builder/spi-builder-workspace/.swiftpm/xcode
builtin-SwiftPerFileCompile PreparedStatement.swift
SwiftCompile normal arm64_32 /Users/admin/builder/spi-builder-workspace/.dependencies/checkouts/Swift-Kuery/Sources/SwiftKuery/Query.swift (in target 'SwiftKuery' from project 'SwiftKuery')
cd /Users/admin/builder/spi-builder-workspace/.swiftpm/xcode
builtin-SwiftPerFileCompile Query.swift
SwiftEmitModule normal arm64 Emitting\ module\ for\ SwiftKuery (in target 'SwiftKuery' from project 'SwiftKuery')
SwiftCompile normal arm64 (in target 'SwiftKuery' from project 'SwiftKuery')
cd /Users/admin/builder/spi-builder-workspace/.swiftpm/xcode
SwiftCompile normal arm64 Compiling\ ConnectionPoolConnection.swift,\ ConnectionPoolOptions.swift,\ Delete.swift,\ Field.swift,\ Filter.swift /Users/admin/builder/spi-builder-workspace/.dependencies/checkouts/Swift-Kuery/Sources/SwiftKuery/ConnectionPoolConnection.swift /Users/admin/builder/spi-builder-workspace/.dependencies/checkouts/Swift-Kuery/Sources/SwiftKuery/ConnectionPoolOptions.swift /Users/admin/builder/spi-builder-workspace/.dependencies/checkouts/Swift-Kuery/Sources/SwiftKuery/Delete.swift /Users/admin/builder/spi-builder-workspace/.dependencies/checkouts/Swift-Kuery/Sources/SwiftKuery/Field.swift /Users/admin/builder/spi-builder-workspace/.dependencies/checkouts/Swift-Kuery/Sources/SwiftKuery/Filter.swift (in target 'SwiftKuery' from project 'SwiftKuery')
SwiftCompile normal arm64 /Users/admin/builder/spi-builder-workspace/.dependencies/checkouts/Swift-Kuery/Sources/SwiftKuery/ConnectionPoolConnection.swift (in target 'SwiftKuery' from project 'SwiftKuery')
cd /Users/admin/builder/spi-builder-workspace/.swiftpm/xcode
builtin-SwiftPerFileCompile ConnectionPoolConnection.swift
SwiftCompile normal arm64 /Users/admin/builder/spi-builder-workspace/.dependencies/checkouts/Swift-Kuery/Sources/SwiftKuery/ConnectionPoolOptions.swift (in target 'SwiftKuery' from project 'SwiftKuery')
cd /Users/admin/builder/spi-builder-workspace/.swiftpm/xcode
builtin-SwiftPerFileCompile ConnectionPoolOptions.swift
SwiftCompile normal arm64 /Users/admin/builder/spi-builder-workspace/.dependencies/checkouts/Swift-Kuery/Sources/SwiftKuery/Delete.swift (in target 'SwiftKuery' from project 'SwiftKuery')
cd /Users/admin/builder/spi-builder-workspace/.swiftpm/xcode
builtin-SwiftPerFileCompile Delete.swift
SwiftCompile normal arm64 /Users/admin/builder/spi-builder-workspace/.dependencies/checkouts/Swift-Kuery/Sources/SwiftKuery/Field.swift (in target 'SwiftKuery' from project 'SwiftKuery')
cd /Users/admin/builder/spi-builder-workspace/.swiftpm/xcode
builtin-SwiftPerFileCompile Field.swift
SwiftCompile normal arm64 /Users/admin/builder/spi-builder-workspace/.dependencies/checkouts/Swift-Kuery/Sources/SwiftKuery/Filter.swift (in target 'SwiftKuery' from project 'SwiftKuery')
cd /Users/admin/builder/spi-builder-workspace/.swiftpm/xcode
builtin-SwiftPerFileCompile Filter.swift
SwiftDriverJobDiscovery normal arm64 Compiling Logger.swift (in target 'LoggerAPI' from project 'LoggerAPI')
SwiftCompile normal arm64 Compiling\ ColumnCreator.swift,\ Condition.swift,\ ConditionalClause.swift,\ Connection.swift,\ ConnectionPool.swift /Users/admin/builder/spi-builder-workspace/.dependencies/checkouts/Swift-Kuery/Sources/SwiftKuery/ColumnCreator.swift /Users/admin/builder/spi-builder-workspace/.dependencies/checkouts/Swift-Kuery/Sources/SwiftKuery/Condition.swift /Users/admin/builder/spi-builder-workspace/.dependencies/checkouts/Swift-Kuery/Sources/SwiftKuery/ConditionalClause.swift /Users/admin/builder/spi-builder-workspace/.dependencies/checkouts/Swift-Kuery/Sources/SwiftKuery/Connection.swift /Users/admin/builder/spi-builder-workspace/.dependencies/checkouts/Swift-Kuery/Sources/SwiftKuery/ConnectionPool.swift (in target 'SwiftKuery' from project 'SwiftKuery')
SwiftCompile normal arm64 /Users/admin/builder/spi-builder-workspace/.dependencies/checkouts/Swift-Kuery/Sources/SwiftKuery/ColumnCreator.swift (in target 'SwiftKuery' from project 'SwiftKuery')
cd /Users/admin/builder/spi-builder-workspace/.swiftpm/xcode
builtin-SwiftPerFileCompile ColumnCreator.swift
SwiftCompile normal arm64 /Users/admin/builder/spi-builder-workspace/.dependencies/checkouts/Swift-Kuery/Sources/SwiftKuery/Condition.swift (in target 'SwiftKuery' from project 'SwiftKuery')
cd /Users/admin/builder/spi-builder-workspace/.swiftpm/xcode
builtin-SwiftPerFileCompile Condition.swift
SwiftCompile normal arm64 /Users/admin/builder/spi-builder-workspace/.dependencies/checkouts/Swift-Kuery/Sources/SwiftKuery/ConditionalClause.swift (in target 'SwiftKuery' from project 'SwiftKuery')
cd /Users/admin/builder/spi-builder-workspace/.swiftpm/xcode
builtin-SwiftPerFileCompile ConditionalClause.swift
SwiftCompile normal arm64 /Users/admin/builder/spi-builder-workspace/.dependencies/checkouts/Swift-Kuery/Sources/SwiftKuery/Connection.swift (in target 'SwiftKuery' from project 'SwiftKuery')
cd /Users/admin/builder/spi-builder-workspace/.swiftpm/xcode
builtin-SwiftPerFileCompile Connection.swift
SwiftCompile normal arm64 /Users/admin/builder/spi-builder-workspace/.dependencies/checkouts/Swift-Kuery/Sources/SwiftKuery/ConnectionPool.swift (in target 'SwiftKuery' from project 'SwiftKuery')
cd /Users/admin/builder/spi-builder-workspace/.swiftpm/xcode
builtin-SwiftPerFileCompile ConnectionPool.swift
SwiftDriverJobDiscovery normal arm64_32 Compiling Logger.swift (in target 'LoggerAPI' from project 'LoggerAPI')
SwiftCompile normal arm64 Compiling\ RawField.swift,\ ResultFetcher.swift,\ ResultSet.swift,\ SQLDataType.swift,\ ScalarColumnExpression.swift /Users/admin/builder/spi-builder-workspace/.dependencies/checkouts/Swift-Kuery/Sources/SwiftKuery/RawField.swift /Users/admin/builder/spi-builder-workspace/.dependencies/checkouts/Swift-Kuery/Sources/SwiftKuery/ResultFetcher.swift /Users/admin/builder/spi-builder-workspace/.dependencies/checkouts/Swift-Kuery/Sources/SwiftKuery/ResultSet.swift /Users/admin/builder/spi-builder-workspace/.dependencies/checkouts/Swift-Kuery/Sources/SwiftKuery/SQLDataType.swift /Users/admin/builder/spi-builder-workspace/.dependencies/checkouts/Swift-Kuery/Sources/SwiftKuery/ScalarColumnExpression.swift (in target 'SwiftKuery' from project 'SwiftKuery')
SwiftCompile normal arm64 /Users/admin/builder/spi-builder-workspace/.dependencies/checkouts/Swift-Kuery/Sources/SwiftKuery/RawField.swift (in target 'SwiftKuery' from project 'SwiftKuery')
cd /Users/admin/builder/spi-builder-workspace/.swiftpm/xcode
builtin-SwiftPerFileCompile RawField.swift
SwiftCompile normal arm64 /Users/admin/builder/spi-builder-workspace/.dependencies/checkouts/Swift-Kuery/Sources/SwiftKuery/ResultFetcher.swift (in target 'SwiftKuery' from project 'SwiftKuery')
cd /Users/admin/builder/spi-builder-workspace/.swiftpm/xcode
builtin-SwiftPerFileCompile ResultFetcher.swift
SwiftCompile normal arm64 /Users/admin/builder/spi-builder-workspace/.dependencies/checkouts/Swift-Kuery/Sources/SwiftKuery/ResultSet.swift (in target 'SwiftKuery' from project 'SwiftKuery')
cd /Users/admin/builder/spi-builder-workspace/.swiftpm/xcode
builtin-SwiftPerFileCompile ResultSet.swift
SwiftCompile normal arm64 /Users/admin/builder/spi-builder-workspace/.dependencies/checkouts/Swift-Kuery/Sources/SwiftKuery/SQLDataType.swift (in target 'SwiftKuery' from project 'SwiftKuery')
cd /Users/admin/builder/spi-builder-workspace/.swiftpm/xcode
builtin-SwiftPerFileCompile SQLDataType.swift
SwiftCompile normal arm64 /Users/admin/builder/spi-builder-workspace/.dependencies/checkouts/Swift-Kuery/Sources/SwiftKuery/ScalarColumnExpression.swift (in target 'SwiftKuery' from project 'SwiftKuery')
cd /Users/admin/builder/spi-builder-workspace/.swiftpm/xcode
builtin-SwiftPerFileCompile ScalarColumnExpression.swift
SwiftDriverJobDiscovery normal arm64_32 Compiling IndexColumn.swift, IndexColumnOrdered.swift, Insert.swift, Join.swift, Migration.swift (in target 'SwiftKuery' from project 'SwiftKuery')
SwiftCompile normal arm64 Compiling\ QueryBuilder.swift,\ QueryError.swift,\ QueryResult.swift,\ QuerySuffixProtocol.swift,\ Raw.swift /Users/admin/builder/spi-builder-workspace/.dependencies/checkouts/Swift-Kuery/Sources/SwiftKuery/QueryBuilder.swift /Users/admin/builder/spi-builder-workspace/.dependencies/checkouts/Swift-Kuery/Sources/SwiftKuery/QueryError.swift /Users/admin/builder/spi-builder-workspace/.dependencies/checkouts/Swift-Kuery/Sources/SwiftKuery/QueryResult.swift /Users/admin/builder/spi-builder-workspace/.dependencies/checkouts/Swift-Kuery/Sources/SwiftKuery/QuerySuffixProtocol.swift /Users/admin/builder/spi-builder-workspace/.dependencies/checkouts/Swift-Kuery/Sources/SwiftKuery/Raw.swift (in target 'SwiftKuery' from project 'SwiftKuery')
SwiftCompile normal arm64 /Users/admin/builder/spi-builder-workspace/.dependencies/checkouts/Swift-Kuery/Sources/SwiftKuery/QueryBuilder.swift (in target 'SwiftKuery' from project 'SwiftKuery')
cd /Users/admin/builder/spi-builder-workspace/.swiftpm/xcode
builtin-SwiftPerFileCompile QueryBuilder.swift
SwiftCompile normal arm64 /Users/admin/builder/spi-builder-workspace/.dependencies/checkouts/Swift-Kuery/Sources/SwiftKuery/QueryError.swift (in target 'SwiftKuery' from project 'SwiftKuery')
cd /Users/admin/builder/spi-builder-workspace/.swiftpm/xcode
builtin-SwiftPerFileCompile QueryError.swift
SwiftCompile normal arm64 /Users/admin/builder/spi-builder-workspace/.dependencies/checkouts/Swift-Kuery/Sources/SwiftKuery/QueryResult.swift (in target 'SwiftKuery' from project 'SwiftKuery')
cd /Users/admin/builder/spi-builder-workspace/.swiftpm/xcode
builtin-SwiftPerFileCompile QueryResult.swift
SwiftCompile normal arm64 /Users/admin/builder/spi-builder-workspace/.dependencies/checkouts/Swift-Kuery/Sources/SwiftKuery/QuerySuffixProtocol.swift (in target 'SwiftKuery' from project 'SwiftKuery')
cd /Users/admin/builder/spi-builder-workspace/.swiftpm/xcode
builtin-SwiftPerFileCompile QuerySuffixProtocol.swift
SwiftCompile normal arm64 /Users/admin/builder/spi-builder-workspace/.dependencies/checkouts/Swift-Kuery/Sources/SwiftKuery/Raw.swift (in target 'SwiftKuery' from project 'SwiftKuery')
cd /Users/admin/builder/spi-builder-workspace/.swiftpm/xcode
builtin-SwiftPerFileCompile Raw.swift
SwiftDriverJobDiscovery normal arm64_32 Compiling ConnectionPoolConnection.swift, ConnectionPoolOptions.swift, Delete.swift, Field.swift, Filter.swift (in target 'SwiftKuery' from project 'SwiftKuery')
SwiftCompile normal arm64 Compiling\ Select.swift,\ SpecialOperators_Extensions.swift,\ String+Buildable.swift,\ Subqueries_GlobalFunctionsAndExtensions.swift,\ Table.swift /Users/admin/builder/spi-builder-workspace/.dependencies/checkouts/Swift-Kuery/Sources/SwiftKuery/Select.swift /Users/admin/builder/spi-builder-workspace/.dependencies/checkouts/Swift-Kuery/Sources/SwiftKuery/SpecialOperators_Extensions.swift /Users/admin/builder/spi-builder-workspace/.dependencies/checkouts/Swift-Kuery/Sources/SwiftKuery/String+Buildable.swift /Users/admin/builder/spi-builder-workspace/.dependencies/checkouts/Swift-Kuery/Sources/SwiftKuery/Subqueries_GlobalFunctionsAndExtensions.swift /Users/admin/builder/spi-builder-workspace/.dependencies/checkouts/Swift-Kuery/Sources/SwiftKuery/Table.swift (in target 'SwiftKuery' from project 'SwiftKuery')
SwiftCompile normal arm64 /Users/admin/builder/spi-builder-workspace/.dependencies/checkouts/Swift-Kuery/Sources/SwiftKuery/Select.swift (in target 'SwiftKuery' from project 'SwiftKuery')
cd /Users/admin/builder/spi-builder-workspace/.swiftpm/xcode
builtin-SwiftPerFileCompile Select.swift
SwiftCompile normal arm64 /Users/admin/builder/spi-builder-workspace/.dependencies/checkouts/Swift-Kuery/Sources/SwiftKuery/SpecialOperators_Extensions.swift (in target 'SwiftKuery' from project 'SwiftKuery')
cd /Users/admin/builder/spi-builder-workspace/.swiftpm/xcode
builtin-SwiftPerFileCompile SpecialOperators_Extensions.swift
SwiftCompile normal arm64 /Users/admin/builder/spi-builder-workspace/.dependencies/checkouts/Swift-Kuery/Sources/SwiftKuery/String+Buildable.swift (in target 'SwiftKuery' from project 'SwiftKuery')
cd /Users/admin/builder/spi-builder-workspace/.swiftpm/xcode
builtin-SwiftPerFileCompile String+Buildable.swift
SwiftCompile normal arm64 /Users/admin/builder/spi-builder-workspace/.dependencies/checkouts/Swift-Kuery/Sources/SwiftKuery/Subqueries_GlobalFunctionsAndExtensions.swift (in target 'SwiftKuery' from project 'SwiftKuery')
cd /Users/admin/builder/spi-builder-workspace/.swiftpm/xcode
builtin-SwiftPerFileCompile Subqueries_GlobalFunctionsAndExtensions.swift
SwiftCompile normal arm64 /Users/admin/builder/spi-builder-workspace/.dependencies/checkouts/Swift-Kuery/Sources/SwiftKuery/Table.swift (in target 'SwiftKuery' from project 'SwiftKuery')
cd /Users/admin/builder/spi-builder-workspace/.swiftpm/xcode
builtin-SwiftPerFileCompile Table.swift
SwiftDriverJobDiscovery normal arm64 Emitting module for SwiftKuery (in target 'SwiftKuery' from project 'SwiftKuery')
SwiftDriver\ Compilation\ Requirements SwiftKuery normal arm64 com.apple.xcode.tools.swift.compiler (in target 'SwiftKuery' from project 'SwiftKuery')
cd /Users/admin/builder/spi-builder-workspace/.swiftpm/xcode
builtin-Swift-Compilation-Requirements -- /Applications/Xcode-27.0.0-Release.Candidate.app/Contents/Developer/Toolchains/XcodeDefault.xctoolchain/usr/bin/swiftc -parse-as-library -module-name SwiftKuery -Onone @/Users/admin/builder/spi-builder-workspace/.derivedData/Build/Intermediates.noindex/SwiftKuery.build/Debug-watchos/SwiftKuery-t.build/Objects-normal/arm64/SwiftKuery.SwiftFileList -DSWIFT_PACKAGE -DDEBUG -DSWIFT_MODULE_RESOURCE_BUNDLE_UNAVAILABLE -DXcode -plugin-path /Applications/Xcode-27.0.0-Release.Candidate.app/Contents/Developer/Toolchains/XcodeDefault.xctoolchain/usr/lib/swift/host/plugins/testing -enable-experimental-feature DebugDescriptionMacro -sdk /Applications/Xcode-27.0.0-Release.Candidate.app/Contents/Developer/Platforms/WatchOS.platform/Developer/SDKs/WatchOS27.0.sdk -target arm64-apple-watchos9.0 -g -module-cache-path /Users/admin/builder/spi-builder-workspace/.derivedData/ModuleCache.noindex -Xfrontend -serialize-debugging-options -profile-coverage-mapping -profile-generate -enable-testing -suppress-warnings -index-store-path /Users/admin/builder/spi-builder-workspace/.derivedData/Index.noindex/DataStore -Xcc -D_LIBCPP_HARDENING_MODE\=_LIBCPP_HARDENING_MODE_DEBUG -swift-version 5 -I /Users/admin/builder/spi-builder-workspace/.derivedData/Build/Products/Debug-watchos -Isystem /Applications/Xcode-27.0.0-Release.Candidate.app/Contents/Developer/Platforms/WatchOS.platform/Developer/usr/lib -F /Users/admin/builder/spi-builder-workspace/.derivedData/Build/Products/Debug-watchos/PackageFrameworks -F /Users/admin/builder/spi-builder-workspace/.derivedData/Build/Products/Debug-watchos -F /Applications/Xcode-27.0.0-Release.Candidate.app/Contents/Developer/Platforms/WatchOS.platform/Developer/Library/Frameworks -F /Applications/Xcode-27.0.0-Release.Candidate.app/Contents/Developer/Platforms/WatchOS.platform/Developer/SDKs/WatchOS27.0.sdk/Developer/Library/Frameworks -c -j10 -enable-batch-mode -incremental -Xcc -ivfsstatcache -Xcc /Users/admin/builder/spi-builder-workspace/.derivedData/SDKStatCaches.noindex/watchos27.0-24R360-e829b21a6f8c9b70876ba0858053c04477534ef55a1706bf4c1112bbb242f0a2.sdkstatcache -output-file-map /Users/admin/builder/spi-builder-workspace/.derivedData/Build/Intermediates.noindex/SwiftKuery.build/Debug-watchos/SwiftKuery-t.build/Objects-normal/arm64/SwiftKuery-OutputFileMap.json -save-temps -no-color-diagnostics -explicit-module-build -module-cache-path /Users/admin/builder/spi-builder-workspace/.derivedData/Build/Intermediates.noindex/SwiftExplicitPrecompiledModules -clang-scanner-module-cache-path /Users/admin/builder/spi-builder-workspace/.derivedData/ModuleCache.noindex -sdk-module-cache-path /Users/admin/builder/spi-builder-workspace/.derivedData/SDKExplicitPrecompiledModules -emit-dependencies -emit-module -emit-module-path /Users/admin/builder/spi-builder-workspace/.derivedData/Build/Intermediates.noindex/SwiftKuery.build/Debug-watchos/SwiftKuery-t.build/Objects-normal/arm64/SwiftKuery.swiftmodule -serialize-diagnostics -dependency-scan-serialize-diagnostics-path /Users/admin/builder/spi-builder-workspace/.derivedData/Build/Intermediates.noindex/SwiftKuery.build/Debug-watchos/SwiftKuery-t.build/Objects-normal/arm64/SwiftKuery-dependency-scan.dia -validate-clang-modules-once -clang-build-session-file /Users/admin/builder/spi-builder-workspace/.derivedData/ModuleCache.noindex/Session.modulevalidation -Xcc -fmodules-prune-interval\=86400 -Xcc -fmodules-prune-after\=345600 -emit-const-values -const-gather-protocols-list /Users/admin/builder/spi-builder-workspace/.derivedData/Build/Intermediates.noindex/SwiftKuery.build/Debug-watchos/SwiftKuery-t.build/Objects-normal/arm64/SwiftKuery_const_extract_protocols.json -Xcc -I/Users/admin/builder/spi-builder-workspace/.derivedData/Build/Products/Debug-watchos/include -Xcc -I/Users/admin/builder/spi-builder-workspace/.derivedData/Build/Intermediates.noindex/SwiftKuery.build/Debug-watchos/SwiftKuery-t.build/DerivedSources-normal/arm64 -Xcc -I/Users/admin/builder/spi-builder-workspace/.derivedData/Build/Intermediates.noindex/SwiftKuery.build/Debug-watchos/SwiftKuery-t.build/DerivedSources/arm64 -Xcc -I/Users/admin/builder/spi-builder-workspace/.derivedData/Build/Intermediates.noindex/SwiftKuery.build/Debug-watchos/SwiftKuery-t.build/DerivedSources -Xcc -DSWIFT_PACKAGE -Xcc -DDEBUG\=1 -emit-objc-header -emit-objc-header-path /Users/admin/builder/spi-builder-workspace/.derivedData/Build/Intermediates.noindex/SwiftKuery.build/Debug-watchos/SwiftKuery-t.build/Objects-normal/arm64/SwiftKuery-Swift.h -working-directory /Users/admin/builder/spi-builder-workspace/.swiftpm/xcode -experimental-emit-module-separately -disable-cmo
SwiftDriverJobDiscovery normal arm64_32 Emitting module for SwiftKuery (in target 'SwiftKuery' from project 'SwiftKuery')
SwiftDriver\ Compilation\ Requirements SwiftKuery normal arm64_32 com.apple.xcode.tools.swift.compiler (in target 'SwiftKuery' from project 'SwiftKuery')
cd /Users/admin/builder/spi-builder-workspace/.swiftpm/xcode
builtin-Swift-Compilation-Requirements -- /Applications/Xcode-27.0.0-Release.Candidate.app/Contents/Developer/Toolchains/XcodeDefault.xctoolchain/usr/bin/swiftc -parse-as-library -module-name SwiftKuery -Onone @/Users/admin/builder/spi-builder-workspace/.derivedData/Build/Intermediates.noindex/SwiftKuery.build/Debug-watchos/SwiftKuery-t.build/Objects-normal/arm64_32/SwiftKuery.SwiftFileList -DSWIFT_PACKAGE -DDEBUG -DSWIFT_MODULE_RESOURCE_BUNDLE_UNAVAILABLE -DXcode -plugin-path /Applications/Xcode-27.0.0-Release.Candidate.app/Contents/Developer/Toolchains/XcodeDefault.xctoolchain/usr/lib/swift/host/plugins/testing -enable-experimental-feature DebugDescriptionMacro -sdk /Applications/Xcode-27.0.0-Release.Candidate.app/Contents/Developer/Platforms/WatchOS.platform/Developer/SDKs/WatchOS27.0.sdk -target arm64_32-apple-watchos9.0 -g -module-cache-path /Users/admin/builder/spi-builder-workspace/.derivedData/ModuleCache.noindex -Xfrontend -serialize-debugging-options -profile-coverage-mapping -profile-generate -enable-testing -suppress-warnings -index-store-path /Users/admin/builder/spi-builder-workspace/.derivedData/Index.noindex/DataStore -Xcc -D_LIBCPP_HARDENING_MODE\=_LIBCPP_HARDENING_MODE_DEBUG -swift-version 5 -I /Users/admin/builder/spi-builder-workspace/.derivedData/Build/Products/Debug-watchos -Isystem /Applications/Xcode-27.0.0-Release.Candidate.app/Contents/Developer/Platforms/WatchOS.platform/Developer/usr/lib -F /Users/admin/builder/spi-builder-workspace/.derivedData/Build/Products/Debug-watchos/PackageFrameworks -F /Users/admin/builder/spi-builder-workspace/.derivedData/Build/Products/Debug-watchos -F /Applications/Xcode-27.0.0-Release.Candidate.app/Contents/Developer/Platforms/WatchOS.platform/Developer/Library/Frameworks -F /Applications/Xcode-27.0.0-Release.Candidate.app/Contents/Developer/Platforms/WatchOS.platform/Developer/SDKs/WatchOS27.0.sdk/Developer/Library/Frameworks -c -j10 -enable-batch-mode -incremental -Xcc -ivfsstatcache -Xcc /Users/admin/builder/spi-builder-workspace/.derivedData/SDKStatCaches.noindex/watchos27.0-24R360-e829b21a6f8c9b70876ba0858053c04477534ef55a1706bf4c1112bbb242f0a2.sdkstatcache -output-file-map /Users/admin/builder/spi-builder-workspace/.derivedData/Build/Intermediates.noindex/SwiftKuery.build/Debug-watchos/SwiftKuery-t.build/Objects-normal/arm64_32/SwiftKuery-OutputFileMap.json -save-temps -no-color-diagnostics -explicit-module-build -module-cache-path /Users/admin/builder/spi-builder-workspace/.derivedData/Build/Intermediates.noindex/SwiftExplicitPrecompiledModules -clang-scanner-module-cache-path /Users/admin/builder/spi-builder-workspace/.derivedData/ModuleCache.noindex -sdk-module-cache-path /Users/admin/builder/spi-builder-workspace/.derivedData/SDKExplicitPrecompiledModules -emit-dependencies -emit-module -emit-module-path /Users/admin/builder/spi-builder-workspace/.derivedData/Build/Intermediates.noindex/SwiftKuery.build/Debug-watchos/SwiftKuery-t.build/Objects-normal/arm64_32/SwiftKuery.swiftmodule -serialize-diagnostics -dependency-scan-serialize-diagnostics-path /Users/admin/builder/spi-builder-workspace/.derivedData/Build/Intermediates.noindex/SwiftKuery.build/Debug-watchos/SwiftKuery-t.build/Objects-normal/arm64_32/SwiftKuery-dependency-scan.dia -validate-clang-modules-once -clang-build-session-file /Users/admin/builder/spi-builder-workspace/.derivedData/ModuleCache.noindex/Session.modulevalidation -Xcc -fmodules-prune-interval\=86400 -Xcc -fmodules-prune-after\=345600 -emit-const-values -const-gather-protocols-list /Users/admin/builder/spi-builder-workspace/.derivedData/Build/Intermediates.noindex/SwiftKuery.build/Debug-watchos/SwiftKuery-t.build/Objects-normal/arm64_32/SwiftKuery_const_extract_protocols.json -Xcc -I/Users/admin/builder/spi-builder-workspace/.derivedData/Build/Products/Debug-watchos/include -Xcc -I/Users/admin/builder/spi-builder-workspace/.derivedData/Build/Intermediates.noindex/SwiftKuery.build/Debug-watchos/SwiftKuery-t.build/DerivedSources-normal/arm64_32 -Xcc -I/Users/admin/builder/spi-builder-workspace/.derivedData/Build/Intermediates.noindex/SwiftKuery.build/Debug-watchos/SwiftKuery-t.build/DerivedSources/arm64_32 -Xcc -I/Users/admin/builder/spi-builder-workspace/.derivedData/Build/Intermediates.noindex/SwiftKuery.build/Debug-watchos/SwiftKuery-t.build/DerivedSources -Xcc -DSWIFT_PACKAGE -Xcc -DDEBUG\=1 -emit-objc-header -emit-objc-header-path /Users/admin/builder/spi-builder-workspace/.derivedData/Build/Intermediates.noindex/SwiftKuery.build/Debug-watchos/SwiftKuery-t.build/Objects-normal/arm64_32/SwiftKuery-Swift.h -working-directory /Users/admin/builder/spi-builder-workspace/.swiftpm/xcode -experimental-emit-module-separately -disable-cmo
Copy /Users/admin/builder/spi-builder-workspace/.derivedData/Build/Products/Debug-watchos/SwiftKuery.swiftmodule/arm64-apple-watchos.swiftmodule /Users/admin/builder/spi-builder-workspace/.derivedData/Build/Intermediates.noindex/SwiftKuery.build/Debug-watchos/SwiftKuery-t.build/Objects-normal/arm64/SwiftKuery.swiftmodule (in target 'SwiftKuery' from project 'SwiftKuery')
cd /Users/admin/builder/spi-builder-workspace/.dependencies/checkouts/Swift-Kuery
builtin-copy -exclude .DS_Store -exclude CVS -exclude .svn -exclude .git -exclude .hg -resolve-src-symlinks -rename /Users/admin/builder/spi-builder-workspace/.derivedData/Build/Intermediates.noindex/SwiftKuery.build/Debug-watchos/SwiftKuery-t.build/Objects-normal/arm64/SwiftKuery.swiftmodule /Users/admin/builder/spi-builder-workspace/.derivedData/Build/Products/Debug-watchos/SwiftKuery.swiftmodule/arm64-apple-watchos.swiftmodule
SwiftMergeGeneratedHeaders /Users/admin/builder/spi-builder-workspace/.derivedData/Build/Intermediates.noindex/GeneratedModuleMaps-watchos/SwiftKuery-Swift.h /Users/admin/builder/spi-builder-workspace/.derivedData/Build/Intermediates.noindex/SwiftKuery.build/Debug-watchos/SwiftKuery-t.build/Objects-normal/arm64/SwiftKuery-Swift.h /Users/admin/builder/spi-builder-workspace/.derivedData/Build/Intermediates.noindex/SwiftKuery.build/Debug-watchos/SwiftKuery-t.build/Objects-normal/arm64_32/SwiftKuery-Swift.h (in target 'SwiftKuery' from project 'SwiftKuery')
cd /Users/admin/builder/spi-builder-workspace/.dependencies/checkouts/Swift-Kuery
builtin-swiftHeaderTool -arch arm64 /Users/admin/builder/spi-builder-workspace/.derivedData/Build/Intermediates.noindex/SwiftKuery.build/Debug-watchos/SwiftKuery-t.build/Objects-normal/arm64/SwiftKuery-Swift.h -arch arm64_32 /Users/admin/builder/spi-builder-workspace/.derivedData/Build/Intermediates.noindex/SwiftKuery.build/Debug-watchos/SwiftKuery-t.build/Objects-normal/arm64_32/SwiftKuery-Swift.h -o /Users/admin/builder/spi-builder-workspace/.derivedData/Build/Intermediates.noindex/GeneratedModuleMaps-watchos/SwiftKuery-Swift.h
Copy /Users/admin/builder/spi-builder-workspace/.derivedData/Build/Products/Debug-watchos/SwiftKuery.swiftmodule/arm64_32-apple-watchos.swiftmodule /Users/admin/builder/spi-builder-workspace/.derivedData/Build/Intermediates.noindex/SwiftKuery.build/Debug-watchos/SwiftKuery-t.build/Objects-normal/arm64_32/SwiftKuery.swiftmodule (in target 'SwiftKuery' from project 'SwiftKuery')
cd /Users/admin/builder/spi-builder-workspace/.dependencies/checkouts/Swift-Kuery
builtin-copy -exclude .DS_Store -exclude CVS -exclude .svn -exclude .git -exclude .hg -resolve-src-symlinks -rename /Users/admin/builder/spi-builder-workspace/.derivedData/Build/Intermediates.noindex/SwiftKuery.build/Debug-watchos/SwiftKuery-t.build/Objects-normal/arm64_32/SwiftKuery.swiftmodule /Users/admin/builder/spi-builder-workspace/.derivedData/Build/Products/Debug-watchos/SwiftKuery.swiftmodule/arm64_32-apple-watchos.swiftmodule
Copy /Users/admin/builder/spi-builder-workspace/.derivedData/Build/Products/Debug-watchos/SwiftKuery.swiftmodule/arm64_32-apple-watchos.swiftdoc /Users/admin/builder/spi-builder-workspace/.derivedData/Build/Intermediates.noindex/SwiftKuery.build/Debug-watchos/SwiftKuery-t.build/Objects-normal/arm64_32/SwiftKuery.swiftdoc (in target 'SwiftKuery' from project 'SwiftKuery')
cd /Users/admin/builder/spi-builder-workspace/.dependencies/checkouts/Swift-Kuery
builtin-copy -exclude .DS_Store -exclude CVS -exclude .svn -exclude .git -exclude .hg -resolve-src-symlinks -rename /Users/admin/builder/spi-builder-workspace/.derivedData/Build/Intermediates.noindex/SwiftKuery.build/Debug-watchos/SwiftKuery-t.build/Objects-normal/arm64_32/SwiftKuery.swiftdoc /Users/admin/builder/spi-builder-workspace/.derivedData/Build/Products/Debug-watchos/SwiftKuery.swiftmodule/arm64_32-apple-watchos.swiftdoc
Copy /Users/admin/builder/spi-builder-workspace/.derivedData/Build/Products/Debug-watchos/SwiftKuery.swiftmodule/arm64_32-apple-watchos.abi.json /Users/admin/builder/spi-builder-workspace/.derivedData/Build/Intermediates.noindex/SwiftKuery.build/Debug-watchos/SwiftKuery-t.build/Objects-normal/arm64_32/SwiftKuery.abi.json (in target 'SwiftKuery' from project 'SwiftKuery')
cd /Users/admin/builder/spi-builder-workspace/.dependencies/checkouts/Swift-Kuery
builtin-copy -exclude .DS_Store -exclude CVS -exclude .svn -exclude .git -exclude .hg -resolve-src-symlinks -rename /Users/admin/builder/spi-builder-workspace/.derivedData/Build/Intermediates.noindex/SwiftKuery.build/Debug-watchos/SwiftKuery-t.build/Objects-normal/arm64_32/SwiftKuery.abi.json /Users/admin/builder/spi-builder-workspace/.derivedData/Build/Products/Debug-watchos/SwiftKuery.swiftmodule/arm64_32-apple-watchos.abi.json
Copy /Users/admin/builder/spi-builder-workspace/.derivedData/Build/Products/Debug-watchos/SwiftKuery.swiftmodule/arm64-apple-watchos.swiftdoc /Users/admin/builder/spi-builder-workspace/.derivedData/Build/Intermediates.noindex/SwiftKuery.build/Debug-watchos/SwiftKuery-t.build/Objects-normal/arm64/SwiftKuery.swiftdoc (in target 'SwiftKuery' from project 'SwiftKuery')
cd /Users/admin/builder/spi-builder-workspace/.dependencies/checkouts/Swift-Kuery
builtin-copy -exclude .DS_Store -exclude CVS -exclude .svn -exclude .git -exclude .hg -resolve-src-symlinks -rename /Users/admin/builder/spi-builder-workspace/.derivedData/Build/Intermediates.noindex/SwiftKuery.build/Debug-watchos/SwiftKuery-t.build/Objects-normal/arm64/SwiftKuery.swiftdoc /Users/admin/builder/spi-builder-workspace/.derivedData/Build/Products/Debug-watchos/SwiftKuery.swiftmodule/arm64-apple-watchos.swiftdoc
Copy /Users/admin/builder/spi-builder-workspace/.derivedData/Build/Products/Debug-watchos/SwiftKuery.swiftmodule/arm64-apple-watchos.abi.json /Users/admin/builder/spi-builder-workspace/.derivedData/Build/Intermediates.noindex/SwiftKuery.build/Debug-watchos/SwiftKuery-t.build/Objects-normal/arm64/SwiftKuery.abi.json (in target 'SwiftKuery' from project 'SwiftKuery')
cd /Users/admin/builder/spi-builder-workspace/.dependencies/checkouts/Swift-Kuery
builtin-copy -exclude .DS_Store -exclude CVS -exclude .svn -exclude .git -exclude .hg -resolve-src-symlinks -rename /Users/admin/builder/spi-builder-workspace/.derivedData/Build/Intermediates.noindex/SwiftKuery.build/Debug-watchos/SwiftKuery-t.build/Objects-normal/arm64/SwiftKuery.abi.json /Users/admin/builder/spi-builder-workspace/.derivedData/Build/Products/Debug-watchos/SwiftKuery.swiftmodule/arm64-apple-watchos.abi.json
Copy /Users/admin/builder/spi-builder-workspace/.derivedData/Build/Products/Debug-watchos/SwiftKuery.swiftmodule/Project/arm64_32-apple-watchos.swiftsourceinfo /Users/admin/builder/spi-builder-workspace/.derivedData/Build/Intermediates.noindex/SwiftKuery.build/Debug-watchos/SwiftKuery-t.build/Objects-normal/arm64_32/SwiftKuery.swiftsourceinfo (in target 'SwiftKuery' from project 'SwiftKuery')
cd /Users/admin/builder/spi-builder-workspace/.dependencies/checkouts/Swift-Kuery
builtin-copy -exclude .DS_Store -exclude CVS -exclude .svn -exclude .git -exclude .hg -resolve-src-symlinks -rename /Users/admin/builder/spi-builder-workspace/.derivedData/Build/Intermediates.noindex/SwiftKuery.build/Debug-watchos/SwiftKuery-t.build/Objects-normal/arm64_32/SwiftKuery.swiftsourceinfo /Users/admin/builder/spi-builder-workspace/.derivedData/Build/Products/Debug-watchos/SwiftKuery.swiftmodule/Project/arm64_32-apple-watchos.swiftsourceinfo
Copy /Users/admin/builder/spi-builder-workspace/.derivedData/Build/Products/Debug-watchos/SwiftKuery.swiftmodule/Project/arm64-apple-watchos.swiftsourceinfo /Users/admin/builder/spi-builder-workspace/.derivedData/Build/Intermediates.noindex/SwiftKuery.build/Debug-watchos/SwiftKuery-t.build/Objects-normal/arm64/SwiftKuery.swiftsourceinfo (in target 'SwiftKuery' from project 'SwiftKuery')
cd /Users/admin/builder/spi-builder-workspace/.dependencies/checkouts/Swift-Kuery
builtin-copy -exclude .DS_Store -exclude CVS -exclude .svn -exclude .git -exclude .hg -resolve-src-symlinks -rename /Users/admin/builder/spi-builder-workspace/.derivedData/Build/Intermediates.noindex/SwiftKuery.build/Debug-watchos/SwiftKuery-t.build/Objects-normal/arm64/SwiftKuery.swiftsourceinfo /Users/admin/builder/spi-builder-workspace/.derivedData/Build/Products/Debug-watchos/SwiftKuery.swiftmodule/Project/arm64-apple-watchos.swiftsourceinfo
SwiftCompile normal arm64 Compiling\ OrderBy.swift,\ Parameter.swift,\ Predicate.swift,\ PreparedStatement.swift,\ Query.swift /Users/admin/builder/spi-builder-workspace/.dependencies/checkouts/Swift-Kuery/Sources/SwiftKuery/OrderBy.swift /Users/admin/builder/spi-builder-workspace/.dependencies/checkouts/Swift-Kuery/Sources/SwiftKuery/Parameter.swift /Users/admin/builder/spi-builder-workspace/.dependencies/checkouts/Swift-Kuery/Sources/SwiftKuery/Predicate.swift /Users/admin/builder/spi-builder-workspace/.dependencies/checkouts/Swift-Kuery/Sources/SwiftKuery/PreparedStatement.swift /Users/admin/builder/spi-builder-workspace/.dependencies/checkouts/Swift-Kuery/Sources/SwiftKuery/Query.swift (in target 'SwiftKuery' from project 'SwiftKuery')
SwiftCompile normal arm64 /Users/admin/builder/spi-builder-workspace/.dependencies/checkouts/Swift-Kuery/Sources/SwiftKuery/OrderBy.swift (in target 'SwiftKuery' from project 'SwiftKuery')
cd /Users/admin/builder/spi-builder-workspace/.swiftpm/xcode
builtin-SwiftPerFileCompile OrderBy.swift
SwiftCompile normal arm64 /Users/admin/builder/spi-builder-workspace/.dependencies/checkouts/Swift-Kuery/Sources/SwiftKuery/Parameter.swift (in target 'SwiftKuery' from project 'SwiftKuery')
cd /Users/admin/builder/spi-builder-workspace/.swiftpm/xcode
builtin-SwiftPerFileCompile Parameter.swift
SwiftCompile normal arm64 /Users/admin/builder/spi-builder-workspace/.dependencies/checkouts/Swift-Kuery/Sources/SwiftKuery/Predicate.swift (in target 'SwiftKuery' from project 'SwiftKuery')
cd /Users/admin/builder/spi-builder-workspace/.swiftpm/xcode
builtin-SwiftPerFileCompile Predicate.swift
SwiftCompile normal arm64 /Users/admin/builder/spi-builder-workspace/.dependencies/checkouts/Swift-Kuery/Sources/SwiftKuery/PreparedStatement.swift (in target 'SwiftKuery' from project 'SwiftKuery')
cd /Users/admin/builder/spi-builder-workspace/.swiftpm/xcode
builtin-SwiftPerFileCompile PreparedStatement.swift
SwiftCompile normal arm64 /Users/admin/builder/spi-builder-workspace/.dependencies/checkouts/Swift-Kuery/Sources/SwiftKuery/Query.swift (in target 'SwiftKuery' from project 'SwiftKuery')
cd /Users/admin/builder/spi-builder-workspace/.swiftpm/xcode
builtin-SwiftPerFileCompile Query.swift
SwiftDriverJobDiscovery normal arm64_32 Compiling ColumnCreator.swift, Condition.swift, ConditionalClause.swift, Connection.swift, ConnectionPool.swift (in target 'SwiftKuery' from project 'SwiftKuery')
SwiftCompile normal arm64_32 Compiling\ QueryBuilder.swift,\ QueryError.swift,\ QueryResult.swift,\ QuerySuffixProtocol.swift,\ Raw.swift /Users/admin/builder/spi-builder-workspace/.dependencies/checkouts/Swift-Kuery/Sources/SwiftKuery/QueryBuilder.swift /Users/admin/builder/spi-builder-workspace/.dependencies/checkouts/Swift-Kuery/Sources/SwiftKuery/QueryError.swift /Users/admin/builder/spi-builder-workspace/.dependencies/checkouts/Swift-Kuery/Sources/SwiftKuery/QueryResult.swift /Users/admin/builder/spi-builder-workspace/.dependencies/checkouts/Swift-Kuery/Sources/SwiftKuery/QuerySuffixProtocol.swift /Users/admin/builder/spi-builder-workspace/.dependencies/checkouts/Swift-Kuery/Sources/SwiftKuery/Raw.swift (in target 'SwiftKuery' from project 'SwiftKuery')
SwiftCompile normal arm64_32 /Users/admin/builder/spi-builder-workspace/.dependencies/checkouts/Swift-Kuery/Sources/SwiftKuery/QueryBuilder.swift (in target 'SwiftKuery' from project 'SwiftKuery')
cd /Users/admin/builder/spi-builder-workspace/.swiftpm/xcode
builtin-SwiftPerFileCompile QueryBuilder.swift
SwiftCompile normal arm64_32 /Users/admin/builder/spi-builder-workspace/.dependencies/checkouts/Swift-Kuery/Sources/SwiftKuery/QueryError.swift (in target 'SwiftKuery' from project 'SwiftKuery')
cd /Users/admin/builder/spi-builder-workspace/.swiftpm/xcode
builtin-SwiftPerFileCompile QueryError.swift
SwiftCompile normal arm64_32 /Users/admin/builder/spi-builder-workspace/.dependencies/checkouts/Swift-Kuery/Sources/SwiftKuery/QueryResult.swift (in target 'SwiftKuery' from project 'SwiftKuery')
cd /Users/admin/builder/spi-builder-workspace/.swiftpm/xcode
builtin-SwiftPerFileCompile QueryResult.swift
SwiftCompile normal arm64_32 /Users/admin/builder/spi-builder-workspace/.dependencies/checkouts/Swift-Kuery/Sources/SwiftKuery/QuerySuffixProtocol.swift (in target 'SwiftKuery' from project 'SwiftKuery')
cd /Users/admin/builder/spi-builder-workspace/.swiftpm/xcode
builtin-SwiftPerFileCompile QuerySuffixProtocol.swift
SwiftCompile normal arm64_32 /Users/admin/builder/spi-builder-workspace/.dependencies/checkouts/Swift-Kuery/Sources/SwiftKuery/Raw.swift (in target 'SwiftKuery' from project 'SwiftKuery')
cd /Users/admin/builder/spi-builder-workspace/.swiftpm/xcode
builtin-SwiftPerFileCompile Raw.swift
SwiftDriverJobDiscovery normal arm64_32 Compiling AggregateColumnExpression.swift, AuxiliaryTable.swift, Buildable.swift, Column.swift, ColumnAndExpressions_Extensions.swift (in target 'SwiftKuery' from project 'SwiftKuery')
SwiftCompile normal arm64 Compiling\ Union.swift,\ Update.swift,\ Utils.swift,\ With.swift /Users/admin/builder/spi-builder-workspace/.dependencies/checkouts/Swift-Kuery/Sources/SwiftKuery/Union.swift /Users/admin/builder/spi-builder-workspace/.dependencies/checkouts/Swift-Kuery/Sources/SwiftKuery/Update.swift /Users/admin/builder/spi-builder-workspace/.dependencies/checkouts/Swift-Kuery/Sources/SwiftKuery/Utils.swift /Users/admin/builder/spi-builder-workspace/.dependencies/checkouts/Swift-Kuery/Sources/SwiftKuery/With.swift (in target 'SwiftKuery' from project 'SwiftKuery')
SwiftCompile normal arm64 /Users/admin/builder/spi-builder-workspace/.dependencies/checkouts/Swift-Kuery/Sources/SwiftKuery/Union.swift (in target 'SwiftKuery' from project 'SwiftKuery')
cd /Users/admin/builder/spi-builder-workspace/.swiftpm/xcode
builtin-SwiftPerFileCompile Union.swift
SwiftCompile normal arm64 /Users/admin/builder/spi-builder-workspace/.dependencies/checkouts/Swift-Kuery/Sources/SwiftKuery/Update.swift (in target 'SwiftKuery' from project 'SwiftKuery')
cd /Users/admin/builder/spi-builder-workspace/.swiftpm/xcode
builtin-SwiftPerFileCompile Update.swift
SwiftCompile normal arm64 /Users/admin/builder/spi-builder-workspace/.dependencies/checkouts/Swift-Kuery/Sources/SwiftKuery/Utils.swift (in target 'SwiftKuery' from project 'SwiftKuery')
cd /Users/admin/builder/spi-builder-workspace/.swiftpm/xcode
builtin-SwiftPerFileCompile Utils.swift
SwiftCompile normal arm64 /Users/admin/builder/spi-builder-workspace/.dependencies/checkouts/Swift-Kuery/Sources/SwiftKuery/With.swift (in target 'SwiftKuery' from project 'SwiftKuery')
cd /Users/admin/builder/spi-builder-workspace/.swiftpm/xcode
builtin-SwiftPerFileCompile With.swift
SwiftDriverJobDiscovery normal arm64_32 Compiling OrderBy.swift, Parameter.swift, Predicate.swift, PreparedStatement.swift, Query.swift (in target 'SwiftKuery' from project 'SwiftKuery')
SwiftCompile normal arm64 Compiling\ AggregateColumnExpression.swift,\ AuxiliaryTable.swift,\ Buildable.swift,\ Column.swift,\ ColumnAndExpressions_Extensions.swift /Users/admin/builder/spi-builder-workspace/.dependencies/checkouts/Swift-Kuery/Sources/SwiftKuery/AggregateColumnExpression.swift /Users/admin/builder/spi-builder-workspace/.dependencies/checkouts/Swift-Kuery/Sources/SwiftKuery/AuxiliaryTable.swift /Users/admin/builder/spi-builder-workspace/.dependencies/checkouts/Swift-Kuery/Sources/SwiftKuery/Buildable.swift /Users/admin/builder/spi-builder-workspace/.dependencies/checkouts/Swift-Kuery/Sources/SwiftKuery/Column.swift /Users/admin/builder/spi-builder-workspace/.dependencies/checkouts/Swift-Kuery/Sources/SwiftKuery/ColumnAndExpressions_Extensions.swift (in target 'SwiftKuery' from project 'SwiftKuery')
SwiftCompile normal arm64 /Users/admin/builder/spi-builder-workspace/.dependencies/checkouts/Swift-Kuery/Sources/SwiftKuery/AggregateColumnExpression.swift (in target 'SwiftKuery' from project 'SwiftKuery')
cd /Users/admin/builder/spi-builder-workspace/.swiftpm/xcode
builtin-SwiftPerFileCompile AggregateColumnExpression.swift
SwiftCompile normal arm64 /Users/admin/builder/spi-builder-workspace/.dependencies/checkouts/Swift-Kuery/Sources/SwiftKuery/AuxiliaryTable.swift (in target 'SwiftKuery' from project 'SwiftKuery')
cd /Users/admin/builder/spi-builder-workspace/.swiftpm/xcode
builtin-SwiftPerFileCompile AuxiliaryTable.swift
SwiftCompile normal arm64 /Users/admin/builder/spi-builder-workspace/.dependencies/checkouts/Swift-Kuery/Sources/SwiftKuery/Buildable.swift (in target 'SwiftKuery' from project 'SwiftKuery')
cd /Users/admin/builder/spi-builder-workspace/.swiftpm/xcode
builtin-SwiftPerFileCompile Buildable.swift
SwiftCompile normal arm64 /Users/admin/builder/spi-builder-workspace/.dependencies/checkouts/Swift-Kuery/Sources/SwiftKuery/Column.swift (in target 'SwiftKuery' from project 'SwiftKuery')
cd /Users/admin/builder/spi-builder-workspace/.swiftpm/xcode
builtin-SwiftPerFileCompile Column.swift
SwiftCompile normal arm64 /Users/admin/builder/spi-builder-workspace/.dependencies/checkouts/Swift-Kuery/Sources/SwiftKuery/ColumnAndExpressions_Extensions.swift (in target 'SwiftKuery' from project 'SwiftKuery')
cd /Users/admin/builder/spi-builder-workspace/.swiftpm/xcode
builtin-SwiftPerFileCompile ColumnAndExpressions_Extensions.swift
SwiftCompile normal arm64_32 Compiling\ Union.swift,\ Update.swift,\ Utils.swift,\ With.swift /Users/admin/builder/spi-builder-workspace/.dependencies/checkouts/Swift-Kuery/Sources/SwiftKuery/Union.swift /Users/admin/builder/spi-builder-workspace/.dependencies/checkouts/Swift-Kuery/Sources/SwiftKuery/Update.swift /Users/admin/builder/spi-builder-workspace/.dependencies/checkouts/Swift-Kuery/Sources/SwiftKuery/Utils.swift /Users/admin/builder/spi-builder-workspace/.dependencies/checkouts/Swift-Kuery/Sources/SwiftKuery/With.swift (in target 'SwiftKuery' from project 'SwiftKuery')
SwiftCompile normal arm64_32 /Users/admin/builder/spi-builder-workspace/.dependencies/checkouts/Swift-Kuery/Sources/SwiftKuery/Union.swift (in target 'SwiftKuery' from project 'SwiftKuery')
cd /Users/admin/builder/spi-builder-workspace/.swiftpm/xcode
builtin-SwiftPerFileCompile Union.swift
SwiftCompile normal arm64_32 /Users/admin/builder/spi-builder-workspace/.dependencies/checkouts/Swift-Kuery/Sources/SwiftKuery/Update.swift (in target 'SwiftKuery' from project 'SwiftKuery')
cd /Users/admin/builder/spi-builder-workspace/.swiftpm/xcode
builtin-SwiftPerFileCompile Update.swift
SwiftCompile normal arm64_32 /Users/admin/builder/spi-builder-workspace/.dependencies/checkouts/Swift-Kuery/Sources/SwiftKuery/Utils.swift (in target 'SwiftKuery' from project 'SwiftKuery')
cd /Users/admin/builder/spi-builder-workspace/.swiftpm/xcode
builtin-SwiftPerFileCompile Utils.swift
SwiftCompile normal arm64_32 /Users/admin/builder/spi-builder-workspace/.dependencies/checkouts/Swift-Kuery/Sources/SwiftKuery/With.swift (in target 'SwiftKuery' from project 'SwiftKuery')
cd /Users/admin/builder/spi-builder-workspace/.swiftpm/xcode
builtin-SwiftPerFileCompile With.swift
SwiftDriverJobDiscovery normal arm64 Compiling RawField.swift, ResultFetcher.swift, ResultSet.swift, SQLDataType.swift, ScalarColumnExpression.swift (in target 'SwiftKuery' from project 'SwiftKuery')
SwiftCompile normal arm64 Compiling\ FilterAndHaving_Extensions.swift,\ FilterAndHaving_GlobalFunctions.swift,\ ForeignKey.swift,\ Having.swift,\ Index.swift /Users/admin/builder/spi-builder-workspace/.dependencies/checkouts/Swift-Kuery/Sources/SwiftKuery/FilterAndHaving_Extensions.swift /Users/admin/builder/spi-builder-workspace/.dependencies/checkouts/Swift-Kuery/Sources/SwiftKuery/FilterAndHaving_GlobalFunctions.swift /Users/admin/builder/spi-builder-workspace/.dependencies/checkouts/Swift-Kuery/Sources/SwiftKuery/ForeignKey.swift /Users/admin/builder/spi-builder-workspace/.dependencies/checkouts/Swift-Kuery/Sources/SwiftKuery/Having.swift /Users/admin/builder/spi-builder-workspace/.dependencies/checkouts/Swift-Kuery/Sources/SwiftKuery/Index.swift (in target 'SwiftKuery' from project 'SwiftKuery')
SwiftCompile normal arm64 /Users/admin/builder/spi-builder-workspace/.dependencies/checkouts/Swift-Kuery/Sources/SwiftKuery/FilterAndHaving_Extensions.swift (in target 'SwiftKuery' from project 'SwiftKuery')
cd /Users/admin/builder/spi-builder-workspace/.swiftpm/xcode
builtin-SwiftPerFileCompile FilterAndHaving_Extensions.swift
SwiftCompile normal arm64 /Users/admin/builder/spi-builder-workspace/.dependencies/checkouts/Swift-Kuery/Sources/SwiftKuery/FilterAndHaving_GlobalFunctions.swift (in target 'SwiftKuery' from project 'SwiftKuery')
cd /Users/admin/builder/spi-builder-workspace/.swiftpm/xcode
builtin-SwiftPerFileCompile FilterAndHaving_GlobalFunctions.swift
SwiftCompile normal arm64 /Users/admin/builder/spi-builder-workspace/.dependencies/checkouts/Swift-Kuery/Sources/SwiftKuery/ForeignKey.swift (in target 'SwiftKuery' from project 'SwiftKuery')
cd /Users/admin/builder/spi-builder-workspace/.swiftpm/xcode
builtin-SwiftPerFileCompile ForeignKey.swift
SwiftCompile normal arm64 /Users/admin/builder/spi-builder-workspace/.dependencies/checkouts/Swift-Kuery/Sources/SwiftKuery/Having.swift (in target 'SwiftKuery' from project 'SwiftKuery')
cd /Users/admin/builder/spi-builder-workspace/.swiftpm/xcode
builtin-SwiftPerFileCompile Having.swift
SwiftCompile normal arm64 /Users/admin/builder/spi-builder-workspace/.dependencies/checkouts/Swift-Kuery/Sources/SwiftKuery/Index.swift (in target 'SwiftKuery' from project 'SwiftKuery')
cd /Users/admin/builder/spi-builder-workspace/.swiftpm/xcode
builtin-SwiftPerFileCompile Index.swift
SwiftDriverJobDiscovery normal arm64 Compiling OrderBy.swift, Parameter.swift, Predicate.swift, PreparedStatement.swift, Query.swift (in target 'SwiftKuery' from project 'SwiftKuery')
SwiftCompile normal arm64_32 Compiling\ RawField.swift,\ ResultFetcher.swift,\ ResultSet.swift,\ SQLDataType.swift,\ ScalarColumnExpression.swift /Users/admin/builder/spi-builder-workspace/.dependencies/checkouts/Swift-Kuery/Sources/SwiftKuery/RawField.swift /Users/admin/builder/spi-builder-workspace/.dependencies/checkouts/Swift-Kuery/Sources/SwiftKuery/ResultFetcher.swift /Users/admin/builder/spi-builder-workspace/.dependencies/checkouts/Swift-Kuery/Sources/SwiftKuery/ResultSet.swift /Users/admin/builder/spi-builder-workspace/.dependencies/checkouts/Swift-Kuery/Sources/SwiftKuery/SQLDataType.swift /Users/admin/builder/spi-builder-workspace/.dependencies/checkouts/Swift-Kuery/Sources/SwiftKuery/ScalarColumnExpression.swift (in target 'SwiftKuery' from project 'SwiftKuery')
SwiftCompile normal arm64_32 /Users/admin/builder/spi-builder-workspace/.dependencies/checkouts/Swift-Kuery/Sources/SwiftKuery/RawField.swift (in target 'SwiftKuery' from project 'SwiftKuery')
cd /Users/admin/builder/spi-builder-workspace/.swiftpm/xcode
builtin-SwiftPerFileCompile RawField.swift
SwiftCompile normal arm64_32 /Users/admin/builder/spi-builder-workspace/.dependencies/checkouts/Swift-Kuery/Sources/SwiftKuery/ResultFetcher.swift (in target 'SwiftKuery' from project 'SwiftKuery')
cd /Users/admin/builder/spi-builder-workspace/.swiftpm/xcode
builtin-SwiftPerFileCompile ResultFetcher.swift
SwiftCompile normal arm64_32 /Users/admin/builder/spi-builder-workspace/.dependencies/checkouts/Swift-Kuery/Sources/SwiftKuery/ResultSet.swift (in target 'SwiftKuery' from project 'SwiftKuery')
cd /Users/admin/builder/spi-builder-workspace/.swiftpm/xcode
builtin-SwiftPerFileCompile ResultSet.swift
SwiftCompile normal arm64_32 /Users/admin/builder/spi-builder-workspace/.dependencies/checkouts/Swift-Kuery/Sources/SwiftKuery/SQLDataType.swift (in target 'SwiftKuery' from project 'SwiftKuery')
cd /Users/admin/builder/spi-builder-workspace/.swiftpm/xcode
builtin-SwiftPerFileCompile SQLDataType.swift
SwiftCompile normal arm64_32 /Users/admin/builder/spi-builder-workspace/.dependencies/checkouts/Swift-Kuery/Sources/SwiftKuery/ScalarColumnExpression.swift (in target 'SwiftKuery' from project 'SwiftKuery')
cd /Users/admin/builder/spi-builder-workspace/.swiftpm/xcode
builtin-SwiftPerFileCompile ScalarColumnExpression.swift
SwiftDriverJobDiscovery normal arm64 Compiling ConnectionPoolConnection.swift, ConnectionPoolOptions.swift, Delete.swift, Field.swift, Filter.swift (in target 'SwiftKuery' from project 'SwiftKuery')
SwiftCompile normal arm64 Compiling\ IndexColumn.swift,\ IndexColumnOrdered.swift,\ Insert.swift,\ Join.swift,\ Migration.swift /Users/admin/builder/spi-builder-workspace/.dependencies/checkouts/Swift-Kuery/Sources/SwiftKuery/IndexColumn.swift /Users/admin/builder/spi-builder-workspace/.dependencies/checkouts/Swift-Kuery/Sources/SwiftKuery/IndexColumnOrdered.swift /Users/admin/builder/spi-builder-workspace/.dependencies/checkouts/Swift-Kuery/Sources/SwiftKuery/Insert.swift /Users/admin/builder/spi-builder-workspace/.dependencies/checkouts/Swift-Kuery/Sources/SwiftKuery/Join.swift /Users/admin/builder/spi-builder-workspace/.dependencies/checkouts/Swift-Kuery/Sources/SwiftKuery/Migration.swift (in target 'SwiftKuery' from project 'SwiftKuery')
SwiftCompile normal arm64 /Users/admin/builder/spi-builder-workspace/.dependencies/checkouts/Swift-Kuery/Sources/SwiftKuery/IndexColumn.swift (in target 'SwiftKuery' from project 'SwiftKuery')
cd /Users/admin/builder/spi-builder-workspace/.swiftpm/xcode
builtin-SwiftPerFileCompile IndexColumn.swift
SwiftCompile normal arm64 /Users/admin/builder/spi-builder-workspace/.dependencies/checkouts/Swift-Kuery/Sources/SwiftKuery/IndexColumnOrdered.swift (in target 'SwiftKuery' from project 'SwiftKuery')
cd /Users/admin/builder/spi-builder-workspace/.swiftpm/xcode
builtin-SwiftPerFileCompile IndexColumnOrdered.swift
SwiftCompile normal arm64 /Users/admin/builder/spi-builder-workspace/.dependencies/checkouts/Swift-Kuery/Sources/SwiftKuery/Insert.swift (in target 'SwiftKuery' from project 'SwiftKuery')
cd /Users/admin/builder/spi-builder-workspace/.swiftpm/xcode
builtin-SwiftPerFileCompile Insert.swift
SwiftCompile normal arm64 /Users/admin/builder/spi-builder-workspace/.dependencies/checkouts/Swift-Kuery/Sources/SwiftKuery/Join.swift (in target 'SwiftKuery' from project 'SwiftKuery')
cd /Users/admin/builder/spi-builder-workspace/.swiftpm/xcode
builtin-SwiftPerFileCompile Join.swift
SwiftCompile normal arm64 /Users/admin/builder/spi-builder-workspace/.dependencies/checkouts/Swift-Kuery/Sources/SwiftKuery/Migration.swift (in target 'SwiftKuery' from project 'SwiftKuery')
cd /Users/admin/builder/spi-builder-workspace/.swiftpm/xcode
builtin-SwiftPerFileCompile Migration.swift
SwiftDriverJobDiscovery normal arm64 Compiling QueryBuilder.swift, QueryError.swift, QueryResult.swift, QuerySuffixProtocol.swift, Raw.swift (in target 'SwiftKuery' from project 'SwiftKuery')
SwiftCompile normal arm64_32 Compiling\ Select.swift,\ SpecialOperators_Extensions.swift,\ String+Buildable.swift,\ Subqueries_GlobalFunctionsAndExtensions.swift,\ Table.swift /Users/admin/builder/spi-builder-workspace/.dependencies/checkouts/Swift-Kuery/Sources/SwiftKuery/Select.swift /Users/admin/builder/spi-builder-workspace/.dependencies/checkouts/Swift-Kuery/Sources/SwiftKuery/SpecialOperators_Extensions.swift /Users/admin/builder/spi-builder-workspace/.dependencies/checkouts/Swift-Kuery/Sources/SwiftKuery/String+Buildable.swift /Users/admin/builder/spi-builder-workspace/.dependencies/checkouts/Swift-Kuery/Sources/SwiftKuery/Subqueries_GlobalFunctionsAndExtensions.swift /Users/admin/builder/spi-builder-workspace/.dependencies/checkouts/Swift-Kuery/Sources/SwiftKuery/Table.swift (in target 'SwiftKuery' from project 'SwiftKuery')
SwiftCompile normal arm64_32 /Users/admin/builder/spi-builder-workspace/.dependencies/checkouts/Swift-Kuery/Sources/SwiftKuery/Select.swift (in target 'SwiftKuery' from project 'SwiftKuery')
cd /Users/admin/builder/spi-builder-workspace/.swiftpm/xcode
builtin-SwiftPerFileCompile Select.swift
SwiftCompile normal arm64_32 /Users/admin/builder/spi-builder-workspace/.dependencies/checkouts/Swift-Kuery/Sources/SwiftKuery/SpecialOperators_Extensions.swift (in target 'SwiftKuery' from project 'SwiftKuery')
cd /Users/admin/builder/spi-builder-workspace/.swiftpm/xcode
builtin-SwiftPerFileCompile SpecialOperators_Extensions.swift
SwiftCompile normal arm64_32 /Users/admin/builder/spi-builder-workspace/.dependencies/checkouts/Swift-Kuery/Sources/SwiftKuery/String+Buildable.swift (in target 'SwiftKuery' from project 'SwiftKuery')
cd /Users/admin/builder/spi-builder-workspace/.swiftpm/xcode
builtin-SwiftPerFileCompile String+Buildable.swift
SwiftCompile normal arm64_32 /Users/admin/builder/spi-builder-workspace/.dependencies/checkouts/Swift-Kuery/Sources/SwiftKuery/Subqueries_GlobalFunctionsAndExtensions.swift (in target 'SwiftKuery' from project 'SwiftKuery')
cd /Users/admin/builder/spi-builder-workspace/.swiftpm/xcode
builtin-SwiftPerFileCompile Subqueries_GlobalFunctionsAndExtensions.swift
SwiftCompile normal arm64_32 /Users/admin/builder/spi-builder-workspace/.dependencies/checkouts/Swift-Kuery/Sources/SwiftKuery/Table.swift (in target 'SwiftKuery' from project 'SwiftKuery')
cd /Users/admin/builder/spi-builder-workspace/.swiftpm/xcode
builtin-SwiftPerFileCompile Table.swift
SwiftDriverJobDiscovery normal arm64_32 Compiling QueryBuilder.swift, QueryError.swift, QueryResult.swift, QuerySuffixProtocol.swift, Raw.swift (in target 'SwiftKuery' from project 'SwiftKuery')
SwiftDriver\ Compilation LoggerAPI normal arm64_32 com.apple.xcode.tools.swift.compiler (in target 'LoggerAPI' from project 'LoggerAPI')
cd /Users/admin/builder/spi-builder-workspace/.swiftpm/xcode
builtin-Swift-Compilation -- /Applications/Xcode-27.0.0-Release.Candidate.app/Contents/Developer/Toolchains/XcodeDefault.xctoolchain/usr/bin/swiftc -parse-as-library -module-name LoggerAPI -Onone @/Users/admin/builder/spi-builder-workspace/.derivedData/Build/Intermediates.noindex/LoggerAPI.build/Debug-watchos/LoggerAPI-t.build/Objects-normal/arm64_32/LoggerAPI.SwiftFileList -DSWIFT_PACKAGE -DDEBUG -DSWIFT_MODULE_RESOURCE_BUNDLE_UNAVAILABLE -DXcode -plugin-path /Applications/Xcode-27.0.0-Release.Candidate.app/Contents/Developer/Toolchains/XcodeDefault.xctoolchain/usr/lib/swift/host/plugins/testing -enable-experimental-feature DebugDescriptionMacro -sdk /Applications/Xcode-27.0.0-Release.Candidate.app/Contents/Developer/Platforms/WatchOS.platform/Developer/SDKs/WatchOS27.0.sdk -target arm64_32-apple-watchos9.0 -g -module-cache-path /Users/admin/builder/spi-builder-workspace/.derivedData/ModuleCache.noindex -Xfrontend -serialize-debugging-options -profile-coverage-mapping -profile-generate -enable-testing -suppress-warnings -index-store-path /Users/admin/builder/spi-builder-workspace/.derivedData/Index.noindex/DataStore -Xcc -D_LIBCPP_HARDENING_MODE\=_LIBCPP_HARDENING_MODE_DEBUG -swift-version 5 -I /Users/admin/builder/spi-builder-workspace/.derivedData/Build/Products/Debug-watchos -Isystem /Applications/Xcode-27.0.0-Release.Candidate.app/Contents/Developer/Platforms/WatchOS.platform/Developer/usr/lib -F /Users/admin/builder/spi-builder-workspace/.derivedData/Build/Products/Debug-watchos/PackageFrameworks -F /Users/admin/builder/spi-builder-workspace/.derivedData/Build/Products/Debug-watchos -F /Applications/Xcode-27.0.0-Release.Candidate.app/Contents/Developer/Platforms/WatchOS.platform/Developer/Library/Frameworks -F /Applications/Xcode-27.0.0-Release.Candidate.app/Contents/Developer/Platforms/WatchOS.platform/Developer/SDKs/WatchOS27.0.sdk/Developer/Library/Frameworks -c -j10 -enable-batch-mode -incremental -Xcc -ivfsstatcache -Xcc /Users/admin/builder/spi-builder-workspace/.derivedData/SDKStatCaches.noindex/watchos27.0-24R360-e829b21a6f8c9b70876ba0858053c04477534ef55a1706bf4c1112bbb242f0a2.sdkstatcache -output-file-map /Users/admin/builder/spi-builder-workspace/.derivedData/Build/Intermediates.noindex/LoggerAPI.build/Debug-watchos/LoggerAPI-t.build/Objects-normal/arm64_32/LoggerAPI-OutputFileMap.json -save-temps -no-color-diagnostics -explicit-module-build -module-cache-path /Users/admin/builder/spi-builder-workspace/.derivedData/Build/Intermediates.noindex/SwiftExplicitPrecompiledModules -clang-scanner-module-cache-path /Users/admin/builder/spi-builder-workspace/.derivedData/ModuleCache.noindex -sdk-module-cache-path /Users/admin/builder/spi-builder-workspace/.derivedData/SDKExplicitPrecompiledModules -emit-dependencies -emit-module -emit-module-path /Users/admin/builder/spi-builder-workspace/.derivedData/Build/Intermediates.noindex/LoggerAPI.build/Debug-watchos/LoggerAPI-t.build/Objects-normal/arm64_32/LoggerAPI.swiftmodule -serialize-diagnostics -dependency-scan-serialize-diagnostics-path /Users/admin/builder/spi-builder-workspace/.derivedData/Build/Intermediates.noindex/LoggerAPI.build/Debug-watchos/LoggerAPI-t.build/Objects-normal/arm64_32/LoggerAPI-dependency-scan.dia -validate-clang-modules-once -clang-build-session-file /Users/admin/builder/spi-builder-workspace/.derivedData/ModuleCache.noindex/Session.modulevalidation -Xcc -fmodules-prune-interval\=86400 -Xcc -fmodules-prune-after\=345600 -emit-const-values -const-gather-protocols-list /Users/admin/builder/spi-builder-workspace/.derivedData/Build/Intermediates.noindex/LoggerAPI.build/Debug-watchos/LoggerAPI-t.build/Objects-normal/arm64_32/LoggerAPI_const_extract_protocols.json -Xcc -I/Users/admin/builder/spi-builder-workspace/.derivedData/Build/Products/Debug-watchos/include -Xcc -I/Users/admin/builder/spi-builder-workspace/.derivedData/Build/Intermediates.noindex/LoggerAPI.build/Debug-watchos/LoggerAPI-t.build/DerivedSources-normal/arm64_32 -Xcc -I/Users/admin/builder/spi-builder-workspace/.derivedData/Build/Intermediates.noindex/LoggerAPI.build/Debug-watchos/LoggerAPI-t.build/DerivedSources/arm64_32 -Xcc -I/Users/admin/builder/spi-builder-workspace/.derivedData/Build/Intermediates.noindex/LoggerAPI.build/Debug-watchos/LoggerAPI-t.build/DerivedSources -Xcc -DSWIFT_PACKAGE -Xcc -DDEBUG\=1 -emit-objc-header -emit-objc-header-path /Users/admin/builder/spi-builder-workspace/.derivedData/Build/Intermediates.noindex/LoggerAPI.build/Debug-watchos/LoggerAPI-t.build/Objects-normal/arm64_32/LoggerAPI-Swift.h -working-directory /Users/admin/builder/spi-builder-workspace/.swiftpm/xcode -experimental-emit-module-separately -disable-cmo
SwiftDriverJobDiscovery normal arm64 Compiling ColumnCreator.swift, Condition.swift, ConditionalClause.swift, Connection.swift, ConnectionPool.swift (in target 'SwiftKuery' from project 'SwiftKuery')
SwiftDriver\ Compilation LoggerAPI normal arm64 com.apple.xcode.tools.swift.compiler (in target 'LoggerAPI' from project 'LoggerAPI')
cd /Users/admin/builder/spi-builder-workspace/.swiftpm/xcode
builtin-Swift-Compilation -- /Applications/Xcode-27.0.0-Release.Candidate.app/Contents/Developer/Toolchains/XcodeDefault.xctoolchain/usr/bin/swiftc -parse-as-library -module-name LoggerAPI -Onone @/Users/admin/builder/spi-builder-workspace/.derivedData/Build/Intermediates.noindex/LoggerAPI.build/Debug-watchos/LoggerAPI-t.build/Objects-normal/arm64/LoggerAPI.SwiftFileList -DSWIFT_PACKAGE -DDEBUG -DSWIFT_MODULE_RESOURCE_BUNDLE_UNAVAILABLE -DXcode -plugin-path /Applications/Xcode-27.0.0-Release.Candidate.app/Contents/Developer/Toolchains/XcodeDefault.xctoolchain/usr/lib/swift/host/plugins/testing -enable-experimental-feature DebugDescriptionMacro -sdk /Applications/Xcode-27.0.0-Release.Candidate.app/Contents/Developer/Platforms/WatchOS.platform/Developer/SDKs/WatchOS27.0.sdk -target arm64-apple-watchos9.0 -g -module-cache-path /Users/admin/builder/spi-builder-workspace/.derivedData/ModuleCache.noindex -Xfrontend -serialize-debugging-options -profile-coverage-mapping -profile-generate -enable-testing -suppress-warnings -index-store-path /Users/admin/builder/spi-builder-workspace/.derivedData/Index.noindex/DataStore -Xcc -D_LIBCPP_HARDENING_MODE\=_LIBCPP_HARDENING_MODE_DEBUG -swift-version 5 -I /Users/admin/builder/spi-builder-workspace/.derivedData/Build/Products/Debug-watchos -Isystem /Applications/Xcode-27.0.0-Release.Candidate.app/Contents/Developer/Platforms/WatchOS.platform/Developer/usr/lib -F /Users/admin/builder/spi-builder-workspace/.derivedData/Build/Products/Debug-watchos/PackageFrameworks -F /Users/admin/builder/spi-builder-workspace/.derivedData/Build/Products/Debug-watchos -F /Applications/Xcode-27.0.0-Release.Candidate.app/Contents/Developer/Platforms/WatchOS.platform/Developer/Library/Frameworks -F /Applications/Xcode-27.0.0-Release.Candidate.app/Contents/Developer/Platforms/WatchOS.platform/Developer/SDKs/WatchOS27.0.sdk/Developer/Library/Frameworks -c -j10 -enable-batch-mode -incremental -Xcc -ivfsstatcache -Xcc /Users/admin/builder/spi-builder-workspace/.derivedData/SDKStatCaches.noindex/watchos27.0-24R360-e829b21a6f8c9b70876ba0858053c04477534ef55a1706bf4c1112bbb242f0a2.sdkstatcache -output-file-map /Users/admin/builder/spi-builder-workspace/.derivedData/Build/Intermediates.noindex/LoggerAPI.build/Debug-watchos/LoggerAPI-t.build/Objects-normal/arm64/LoggerAPI-OutputFileMap.json -save-temps -no-color-diagnostics -explicit-module-build -module-cache-path /Users/admin/builder/spi-builder-workspace/.derivedData/Build/Intermediates.noindex/SwiftExplicitPrecompiledModules -clang-scanner-module-cache-path /Users/admin/builder/spi-builder-workspace/.derivedData/ModuleCache.noindex -sdk-module-cache-path /Users/admin/builder/spi-builder-workspace/.derivedData/SDKExplicitPrecompiledModules -emit-dependencies -emit-module -emit-module-path /Users/admin/builder/spi-builder-workspace/.derivedData/Build/Intermediates.noindex/LoggerAPI.build/Debug-watchos/LoggerAPI-t.build/Objects-normal/arm64/LoggerAPI.swiftmodule -serialize-diagnostics -dependency-scan-serialize-diagnostics-path /Users/admin/builder/spi-builder-workspace/.derivedData/Build/Intermediates.noindex/LoggerAPI.build/Debug-watchos/LoggerAPI-t.build/Objects-normal/arm64/LoggerAPI-dependency-scan.dia -validate-clang-modules-once -clang-build-session-file /Users/admin/builder/spi-builder-workspace/.derivedData/ModuleCache.noindex/Session.modulevalidation -Xcc -fmodules-prune-interval\=86400 -Xcc -fmodules-prune-after\=345600 -emit-const-values -const-gather-protocols-list /Users/admin/builder/spi-builder-workspace/.derivedData/Build/Intermediates.noindex/LoggerAPI.build/Debug-watchos/LoggerAPI-t.build/Objects-normal/arm64/LoggerAPI_const_extract_protocols.json -Xcc -I/Users/admin/builder/spi-builder-workspace/.derivedData/Build/Products/Debug-watchos/include -Xcc -I/Users/admin/builder/spi-builder-workspace/.derivedData/Build/Intermediates.noindex/LoggerAPI.build/Debug-watchos/LoggerAPI-t.build/DerivedSources-normal/arm64 -Xcc -I/Users/admin/builder/spi-builder-workspace/.derivedData/Build/Intermediates.noindex/LoggerAPI.build/Debug-watchos/LoggerAPI-t.build/DerivedSources/arm64 -Xcc -I/Users/admin/builder/spi-builder-workspace/.derivedData/Build/Intermediates.noindex/LoggerAPI.build/Debug-watchos/LoggerAPI-t.build/DerivedSources -Xcc -DSWIFT_PACKAGE -Xcc -DDEBUG\=1 -emit-objc-header -emit-objc-header-path /Users/admin/builder/spi-builder-workspace/.derivedData/Build/Intermediates.noindex/LoggerAPI.build/Debug-watchos/LoggerAPI-t.build/Objects-normal/arm64/LoggerAPI-Swift.h -working-directory /Users/admin/builder/spi-builder-workspace/.swiftpm/xcode -experimental-emit-module-separately -disable-cmo
Ld /Users/admin/builder/spi-builder-workspace/.derivedData/Build/Intermediates.noindex/LoggerAPI.build/Debug-watchos/LoggerAPI-t.build/Objects-normal/arm64_32/Binary/LoggerAPI.o normal arm64_32 (in target 'LoggerAPI' from project 'LoggerAPI')
cd /Users/admin/builder/spi-builder-workspace/.dependencies/checkouts/LoggerAPI
/Applications/Xcode-27.0.0-Release.Candidate.app/Contents/Developer/Toolchains/XcodeDefault.xctoolchain/usr/bin/clang -Xlinker -reproducible -target arm64_32-apple-watchos9.0 -r -isysroot /Applications/Xcode-27.0.0-Release.Candidate.app/Contents/Developer/Platforms/WatchOS.platform/Developer/SDKs/WatchOS27.0.sdk -O0 -w -Xlinker -no_warn_duplicate_libraries -F/Users/admin/builder/spi-builder-workspace/.derivedData/Build/Intermediates.noindex/EagerLinkingTBDs/Debug-watchos -F/Users/admin/builder/spi-builder-workspace/.derivedData/Build/Products/Debug-watchos/PackageFrameworks -F/Users/admin/builder/spi-builder-workspace/.derivedData/Build/Products/Debug-watchos -iframework /Applications/Xcode-27.0.0-Release.Candidate.app/Contents/Developer/Platforms/WatchOS.platform/Developer/Library/Frameworks -iframework /Applications/Xcode-27.0.0-Release.Candidate.app/Contents/Developer/Platforms/WatchOS.platform/Developer/SDKs/WatchOS27.0.sdk/Developer/Library/Frameworks -filelist /Users/admin/builder/spi-builder-workspace/.derivedData/Build/Intermediates.noindex/LoggerAPI.build/Debug-watchos/LoggerAPI-t.build/Objects-normal/arm64_32/LoggerAPI.LinkFileList -nostdlib -Xlinker -object_path_lto -Xlinker /Users/admin/builder/spi-builder-workspace/.derivedData/Build/Intermediates.noindex/LoggerAPI.build/Debug-watchos/LoggerAPI-t.build/Objects-normal/arm64_32/LoggerAPI_lto.o -Xlinker -no_deduplicate -Xlinker -debug_variant -Xlinker -dependency_info -Xlinker /Users/admin/builder/spi-builder-workspace/.derivedData/Build/Intermediates.noindex/LoggerAPI.build/Debug-watchos/LoggerAPI-t.build/Objects-normal/arm64_32/LoggerAPI_dependency_info.dat -fobjc-link-runtime -L/Applications/Xcode-27.0.0-Release.Candidate.app/Contents/Developer/Toolchains/XcodeDefault.xctoolchain/usr/lib/swift/watchos -L/usr/lib/swift -Xlinker -add_ast_path -Xlinker /Users/admin/builder/spi-builder-workspace/.derivedData/Build/Intermediates.noindex/LoggerAPI.build/Debug-watchos/LoggerAPI-t.build/Objects-normal/arm64_32/LoggerAPI.swiftmodule -o /Users/admin/builder/spi-builder-workspace/.derivedData/Build/Intermediates.noindex/LoggerAPI.build/Debug-watchos/LoggerAPI-t.build/Objects-normal/arm64_32/Binary/LoggerAPI.o
Ld /Users/admin/builder/spi-builder-workspace/.derivedData/Build/Intermediates.noindex/LoggerAPI.build/Debug-watchos/LoggerAPI-t.build/Objects-normal/arm64/Binary/LoggerAPI.o normal arm64 (in target 'LoggerAPI' from project 'LoggerAPI')
cd /Users/admin/builder/spi-builder-workspace/.dependencies/checkouts/LoggerAPI
/Applications/Xcode-27.0.0-Release.Candidate.app/Contents/Developer/Toolchains/XcodeDefault.xctoolchain/usr/bin/clang -Xlinker -reproducible -target arm64-apple-watchos9.0 -r -isysroot /Applications/Xcode-27.0.0-Release.Candidate.app/Contents/Developer/Platforms/WatchOS.platform/Developer/SDKs/WatchOS27.0.sdk -O0 -w -Xlinker -no_warn_duplicate_libraries -F/Users/admin/builder/spi-builder-workspace/.derivedData/Build/Intermediates.noindex/EagerLinkingTBDs/Debug-watchos -F/Users/admin/builder/spi-builder-workspace/.derivedData/Build/Products/Debug-watchos/PackageFrameworks -F/Users/admin/builder/spi-builder-workspace/.derivedData/Build/Products/Debug-watchos -iframework /Applications/Xcode-27.0.0-Release.Candidate.app/Contents/Developer/Platforms/WatchOS.platform/Developer/Library/Frameworks -iframework /Applications/Xcode-27.0.0-Release.Candidate.app/Contents/Developer/Platforms/WatchOS.platform/Developer/SDKs/WatchOS27.0.sdk/Developer/Library/Frameworks -filelist /Users/admin/builder/spi-builder-workspace/.derivedData/Build/Intermediates.noindex/LoggerAPI.build/Debug-watchos/LoggerAPI-t.build/Objects-normal/arm64/LoggerAPI.LinkFileList -nostdlib -Xlinker -object_path_lto -Xlinker /Users/admin/builder/spi-builder-workspace/.derivedData/Build/Intermediates.noindex/LoggerAPI.build/Debug-watchos/LoggerAPI-t.build/Objects-normal/arm64/LoggerAPI_lto.o -Xlinker -no_deduplicate -Xlinker -debug_variant -Xlinker -dependency_info -Xlinker /Users/admin/builder/spi-builder-workspace/.derivedData/Build/Intermediates.noindex/LoggerAPI.build/Debug-watchos/LoggerAPI-t.build/Objects-normal/arm64/LoggerAPI_dependency_info.dat -fobjc-link-runtime -L/Applications/Xcode-27.0.0-Release.Candidate.app/Contents/Developer/Toolchains/XcodeDefault.xctoolchain/usr/lib/swift/watchos -L/usr/lib/swift -Xlinker -add_ast_path -Xlinker /Users/admin/builder/spi-builder-workspace/.derivedData/Build/Intermediates.noindex/LoggerAPI.build/Debug-watchos/LoggerAPI-t.build/Objects-normal/arm64/LoggerAPI.swiftmodule -o /Users/admin/builder/spi-builder-workspace/.derivedData/Build/Intermediates.noindex/LoggerAPI.build/Debug-watchos/LoggerAPI-t.build/Objects-normal/arm64/Binary/LoggerAPI.o
CreateUniversalBinary /Users/admin/builder/spi-builder-workspace/.derivedData/Build/Products/Debug-watchos/LoggerAPI.o normal arm64\ arm64_32 (in target 'LoggerAPI' from project 'LoggerAPI')
cd /Users/admin/builder/spi-builder-workspace/.dependencies/checkouts/LoggerAPI
/Applications/Xcode-27.0.0-Release.Candidate.app/Contents/Developer/Toolchains/XcodeDefault.xctoolchain/usr/bin/lipo -create /Users/admin/builder/spi-builder-workspace/.derivedData/Build/Intermediates.noindex/LoggerAPI.build/Debug-watchos/LoggerAPI-t.build/Objects-normal/arm64/Binary/LoggerAPI.o /Users/admin/builder/spi-builder-workspace/.derivedData/Build/Intermediates.noindex/LoggerAPI.build/Debug-watchos/LoggerAPI-t.build/Objects-normal/arm64_32/Binary/LoggerAPI.o -output /Users/admin/builder/spi-builder-workspace/.derivedData/Build/Products/Debug-watchos/LoggerAPI.o
ExtractAppIntentsMetadata (in target 'LoggerAPI' from project 'LoggerAPI')
cd /Users/admin/builder/spi-builder-workspace/.dependencies/checkouts/LoggerAPI
/Applications/Xcode-27.0.0-Release.Candidate.app/Contents/Developer/Toolchains/XcodeDefault.xctoolchain/usr/bin/appintentsmetadataprocessor --toolchain-dir /var/run/com.apple.security.cryptexd/mnt/com.apple.MobileAsset.MetalToolchain-v27.1.266.1.BUwfV1/Metal.xctoolchain --module-name LoggerAPI --sdk-root /Applications/Xcode-27.0.0-Release.Candidate.app/Contents/Developer/Platforms/WatchOS.platform/Developer/SDKs/WatchOS27.0.sdk --xcode-version 27A266a --platform-family watchOS --deployment-target 9.0 --bundle-identifier loggerapi.LoggerAPI --output /Users/admin/builder/spi-builder-workspace/.derivedData/Build/Products/Debug-watchos/LoggerAPI.appintents --target-triple arm64-apple-watchos9.0 --target-triple arm64_32-apple-watchos9.0 --binary-file /Users/admin/builder/spi-builder-workspace/.derivedData/Build/Products/Debug-watchos/LoggerAPI.o --dependency-file /Users/admin/builder/spi-builder-workspace/.derivedData/Build/Intermediates.noindex/LoggerAPI.build/Debug-watchos/LoggerAPI-t.build/Objects-normal/arm64/LoggerAPI_dependency_info.dat --dependency-file /Users/admin/builder/spi-builder-workspace/.derivedData/Build/Intermediates.noindex/LoggerAPI.build/Debug-watchos/LoggerAPI-t.build/Objects-normal/arm64_32/LoggerAPI_dependency_info.dat --stringsdata-file /Users/admin/builder/spi-builder-workspace/.derivedData/Build/Intermediates.noindex/LoggerAPI.build/Debug-watchos/LoggerAPI-t.build/Objects-normal/arm64/ExtractedAppShortcutsMetadata.stringsdata --stringsdata-file /Users/admin/builder/spi-builder-workspace/.derivedData/Build/Intermediates.noindex/LoggerAPI.build/Debug-watchos/LoggerAPI-t.build/Objects-normal/arm64_32/ExtractedAppShortcutsMetadata.stringsdata --source-file-list /Users/admin/builder/spi-builder-workspace/.derivedData/Build/Intermediates.noindex/LoggerAPI.build/Debug-watchos/LoggerAPI-t.build/Objects-normal/arm64/LoggerAPI.SwiftFileList --source-file-list /Users/admin/builder/spi-builder-workspace/.derivedData/Build/Intermediates.noindex/LoggerAPI.build/Debug-watchos/LoggerAPI-t.build/Objects-normal/arm64_32/LoggerAPI.SwiftFileList --metadata-file-list /Users/admin/builder/spi-builder-workspace/.derivedData/Build/Intermediates.noindex/LoggerAPI.build/Debug-watchos/LoggerAPI-t.build/LoggerAPI.DependencyMetadataFileList --static-metadata-file-list /Users/admin/builder/spi-builder-workspace/.derivedData/Build/Intermediates.noindex/LoggerAPI.build/Debug-watchos/LoggerAPI-t.build/LoggerAPI.DependencyStaticMetadataFileList --swift-const-vals-list /Users/admin/builder/spi-builder-workspace/.derivedData/Build/Intermediates.noindex/LoggerAPI.build/Debug-watchos/LoggerAPI-t.build/Objects-normal/arm64/LoggerAPI.SwiftConstValuesFileList --swift-const-vals-list /Users/admin/builder/spi-builder-workspace/.derivedData/Build/Intermediates.noindex/LoggerAPI.build/Debug-watchos/LoggerAPI-t.build/Objects-normal/arm64_32/LoggerAPI.SwiftConstValuesFileList --force --compile-time-extraction --deployment-aware-processing --no-app-shortcuts-localization
2026-09-17 04:16:25.457 appintentsmetadataprocessor[998:5627] Starting appintentsmetadataprocessor export
2026-09-17 04:16:25.531 appintentsmetadataprocessor[998:5627] Extracted no relevant App Intents symbols, skipping writing output
SwiftDriverJobDiscovery normal arm64_32 Compiling FilterAndHaving_Extensions.swift, FilterAndHaving_GlobalFunctions.swift, ForeignKey.swift, Having.swift, Index.swift (in target 'SwiftKuery' from project 'SwiftKuery')
SwiftDriver SwiftKueryMySQL normal arm64 com.apple.xcode.tools.swift.compiler (in target 'SwiftKueryMySQL' from project 'SwiftKueryMySQL')
cd /Users/admin/builder/spi-builder-workspace/.swiftpm/xcode
builtin-SwiftDriver -- /Applications/Xcode-27.0.0-Release.Candidate.app/Contents/Developer/Toolchains/XcodeDefault.xctoolchain/usr/bin/swiftc -parse-as-library -module-name SwiftKueryMySQL -Onone @/Users/admin/builder/spi-builder-workspace/.derivedData/Build/Intermediates.noindex/SwiftKueryMySQL.build/Debug-watchos/SwiftKueryMySQL-t.build/Objects-normal/arm64/SwiftKueryMySQL.SwiftFileList -DSWIFT_PACKAGE -DDEBUG -DSWIFT_MODULE_RESOURCE_BUNDLE_UNAVAILABLE -Xcc -fmodule-map-file\=/Users/admin/builder/spi-builder-workspace/Sources/CMySQL/module.modulemap -DXcode -plugin-path /Applications/Xcode-27.0.0-Release.Candidate.app/Contents/Developer/Toolchains/XcodeDefault.xctoolchain/usr/lib/swift/host/plugins/testing -enable-experimental-feature DebugDescriptionMacro -sdk /Applications/Xcode-27.0.0-Release.Candidate.app/Contents/Developer/Platforms/WatchOS.platform/Developer/SDKs/WatchOS27.0.sdk -target arm64-apple-watchos9.0 -g -module-cache-path /Users/admin/builder/spi-builder-workspace/.derivedData/ModuleCache.noindex -Xfrontend -serialize-debugging-options -profile-coverage-mapping -profile-generate -enable-testing -index-store-path /Users/admin/builder/spi-builder-workspace/.derivedData/Index.noindex/DataStore -Xcc -D_LIBCPP_HARDENING_MODE\=_LIBCPP_HARDENING_MODE_DEBUG -swift-version 5 -I /Users/admin/builder/spi-builder-workspace/.derivedData/Build/Products/Debug-watchos -Isystem /Applications/Xcode-27.0.0-Release.Candidate.app/Contents/Developer/Platforms/WatchOS.platform/Developer/usr/lib -F /Users/admin/builder/spi-builder-workspace/.derivedData/Build/Products/Debug-watchos/PackageFrameworks -F /Users/admin/builder/spi-builder-workspace/.derivedData/Build/Products/Debug-watchos -F /Applications/Xcode-27.0.0-Release.Candidate.app/Contents/Developer/Platforms/WatchOS.platform/Developer/Library/Frameworks -F /Applications/Xcode-27.0.0-Release.Candidate.app/Contents/Developer/Platforms/WatchOS.platform/Developer/SDKs/WatchOS27.0.sdk/Developer/Library/Frameworks -c -j10 -enable-batch-mode -incremental -Xcc -ivfsstatcache -Xcc /Users/admin/builder/spi-builder-workspace/.derivedData/SDKStatCaches.noindex/watchos27.0-24R360-e829b21a6f8c9b70876ba0858053c04477534ef55a1706bf4c1112bbb242f0a2.sdkstatcache -output-file-map /Users/admin/builder/spi-builder-workspace/.derivedData/Build/Intermediates.noindex/SwiftKueryMySQL.build/Debug-watchos/SwiftKueryMySQL-t.build/Objects-normal/arm64/SwiftKueryMySQL-OutputFileMap.json -save-temps -no-color-diagnostics -explicit-module-build -module-cache-path /Users/admin/builder/spi-builder-workspace/.derivedData/Build/Intermediates.noindex/SwiftExplicitPrecompiledModules -clang-scanner-module-cache-path /Users/admin/builder/spi-builder-workspace/.derivedData/ModuleCache.noindex -sdk-module-cache-path /Users/admin/builder/spi-builder-workspace/.derivedData/SDKExplicitPrecompiledModules -emit-dependencies -emit-module -emit-module-path /Users/admin/builder/spi-builder-workspace/.derivedData/Build/Intermediates.noindex/SwiftKueryMySQL.build/Debug-watchos/SwiftKueryMySQL-t.build/Objects-normal/arm64/SwiftKueryMySQL.swiftmodule -serialize-diagnostics -dependency-scan-serialize-diagnostics-path /Users/admin/builder/spi-builder-workspace/.derivedData/Build/Intermediates.noindex/SwiftKueryMySQL.build/Debug-watchos/SwiftKueryMySQL-t.build/Objects-normal/arm64/SwiftKueryMySQL-dependency-scan.dia -validate-clang-modules-once -clang-build-session-file /Users/admin/builder/spi-builder-workspace/.derivedData/ModuleCache.noindex/Session.modulevalidation -Xcc -fmodules-prune-interval\=86400 -Xcc -fmodules-prune-after\=345600 -emit-const-values -const-gather-protocols-list /Users/admin/builder/spi-builder-workspace/.derivedData/Build/Intermediates.noindex/SwiftKueryMySQL.build/Debug-watchos/SwiftKueryMySQL-t.build/Objects-normal/arm64/SwiftKueryMySQL_const_extract_protocols.json -Xcc -I/Users/admin/builder/spi-builder-workspace/.derivedData/Build/Products/Debug-watchos/include -Xcc -I/Users/admin/builder/spi-builder-workspace/.derivedData/Build/Intermediates.noindex/SwiftKueryMySQL.build/Debug-watchos/SwiftKueryMySQL-t.build/DerivedSources-normal/arm64 -Xcc -I/Users/admin/builder/spi-builder-workspace/.derivedData/Build/Intermediates.noindex/SwiftKueryMySQL.build/Debug-watchos/SwiftKueryMySQL-t.build/DerivedSources/arm64 -Xcc -I/Users/admin/builder/spi-builder-workspace/.derivedData/Build/Intermediates.noindex/SwiftKueryMySQL.build/Debug-watchos/SwiftKueryMySQL-t.build/DerivedSources -Xcc -DSWIFT_PACKAGE -Xcc -DDEBUG\=1 -emit-objc-header -emit-objc-header-path /Users/admin/builder/spi-builder-workspace/.derivedData/Build/Intermediates.noindex/SwiftKueryMySQL.build/Debug-watchos/SwiftKueryMySQL-t.build/Objects-normal/arm64/SwiftKueryMySQL-Swift.h -working-directory /Users/admin/builder/spi-builder-workspace/.swiftpm/xcode -experimental-emit-module-separately -disable-cmo
error: Clang dependency scanning failure: While building module 'CMySQL' imported from module-include.input:1:
In file included from <module-includes>:1:
/Users/admin/builder/spi-builder-workspace/Sources/CMySQL/shim.h:3:10: fatal error: 'mysql.h' file not found
module-include.input:1:2: fatal error: could not build module 'CMySQL'
(in target 'SwiftKueryMySQL' from project 'SwiftKueryMySQL')
error: Clang dependency scanning failure: While building module 'CMySQL' imported from module-include.input:1:
In file included from <module-includes>:1:
/Users/admin/builder/spi-builder-workspace/Sources/CMySQL/shim.h:3:10: fatal error: 'mysql.h' file not found
module-include.input:1:2: fatal error: could not build module 'CMySQL'
(in target 'SwiftKueryMySQL' from project 'SwiftKueryMySQL')
error: Clang dependency scanning failure: While building module 'CMySQL' imported from module-include.input:1:
In file included from <module-includes>:1:
/Users/admin/builder/spi-builder-workspace/Sources/CMySQL/shim.h:3:10: fatal error: 'mysql.h' file not found
module-include.input:1:2: fatal error: could not build module 'CMySQL'
(in target 'SwiftKueryMySQL' from project 'SwiftKueryMySQL')
error: Clang dependency scanning failure: While building module 'CMySQL' imported from module-include.input:1:
In file included from <module-includes>:1:
/Users/admin/builder/spi-builder-workspace/Sources/CMySQL/shim.h:3:10: fatal error: 'mysql.h' file not found
module-include.input:1:3: fatal error: could not build module 'CMySQL'
(in target 'SwiftKueryMySQL' from project 'SwiftKueryMySQL')
/Users/admin/builder/spi-builder-workspace/Sources/SwiftKueryMySQL/MySQLConnection.swift:21:8: error: Unable to resolve module dependency: 'CMySQL' (in target 'SwiftKueryMySQL' from project 'SwiftKueryMySQL')
note: A dependency of main module 'SwiftKueryMySQL'
/Users/admin/builder/spi-builder-workspace/Sources/SwiftKueryMySQL/MySQLPreparedStatement.swift:20:8: note: Also imported here
/Users/admin/builder/spi-builder-workspace/Sources/SwiftKueryMySQL/MySQLResultFetcher.swift:21:8: note: Also imported here
error: Clang dependency scanning failure: While building module 'CMySQL' imported from module-include.input:1:
In file included from <module-includes>:1:
/Users/admin/builder/spi-builder-workspace/Sources/CMySQL/shim.h:3:10: fatal error: 'mysql.h' file not found
module-include.input:1:2: fatal error: could not build module 'CMySQL'
(in target 'SwiftKueryMySQL' from project 'SwiftKueryMySQL')
error: Clang dependency scanning failure: While building module 'CMySQL' imported from module-include.input:1:
In file included from <module-includes>:1:
/Users/admin/builder/spi-builder-workspace/Sources/CMySQL/shim.h:3:10: fatal error: 'mysql.h' file not found
module-include.input:1:2: fatal error: could not build module 'CMySQL'
(in target 'SwiftKueryMySQL' from project 'SwiftKueryMySQL')
error: Clang dependency scanning failure: While building module 'CMySQL' imported from module-include.input:1:
In file included from <module-includes>:1:
/Users/admin/builder/spi-builder-workspace/Sources/CMySQL/shim.h:3:10: fatal error: 'mysql.h' file not found
module-include.input:1:2: fatal error: could not build module 'CMySQL'
(in target 'SwiftKueryMySQL' from project 'SwiftKueryMySQL')
error: Clang dependency scanning failure: While building module 'CMySQL' imported from module-include.input:1:
In file included from <module-includes>:1:
/Users/admin/builder/spi-builder-workspace/Sources/CMySQL/shim.h:3:10: fatal error: 'mysql.h' file not found
module-include.input:1:3: fatal error: could not build module 'CMySQL'
(in target 'SwiftKueryMySQL' from project 'SwiftKueryMySQL')
/Users/admin/builder/spi-builder-workspace/Sources/SwiftKueryMySQL/MySQLConnection.swift:21:8: note: A dependency of main module 'SwiftKueryMySQL'
import CMySQL
^ (in target 'SwiftKueryMySQL' from project 'SwiftKueryMySQL')
/Users/admin/builder/spi-builder-workspace/Sources/SwiftKueryMySQL/MySQLPreparedStatement.swift:20:8: note: Also imported here
import CMySQL
^ (in target 'SwiftKueryMySQL' from project 'SwiftKueryMySQL')
/Users/admin/builder/spi-builder-workspace/Sources/SwiftKueryMySQL/MySQLResultFetcher.swift:21:8: note: Also imported here
import CMySQL
^ (in target 'SwiftKueryMySQL' from project 'SwiftKueryMySQL')
SwiftDriver SwiftKueryMySQL normal arm64_32 com.apple.xcode.tools.swift.compiler (in target 'SwiftKueryMySQL' from project 'SwiftKueryMySQL')
cd /Users/admin/builder/spi-builder-workspace/.swiftpm/xcode
builtin-SwiftDriver -- /Applications/Xcode-27.0.0-Release.Candidate.app/Contents/Developer/Toolchains/XcodeDefault.xctoolchain/usr/bin/swiftc -parse-as-library -module-name SwiftKueryMySQL -Onone @/Users/admin/builder/spi-builder-workspace/.derivedData/Build/Intermediates.noindex/SwiftKueryMySQL.build/Debug-watchos/SwiftKueryMySQL-t.build/Objects-normal/arm64_32/SwiftKueryMySQL.SwiftFileList -DSWIFT_PACKAGE -DDEBUG -DSWIFT_MODULE_RESOURCE_BUNDLE_UNAVAILABLE -Xcc -fmodule-map-file\=/Users/admin/builder/spi-builder-workspace/Sources/CMySQL/module.modulemap -DXcode -plugin-path /Applications/Xcode-27.0.0-Release.Candidate.app/Contents/Developer/Toolchains/XcodeDefault.xctoolchain/usr/lib/swift/host/plugins/testing -enable-experimental-feature DebugDescriptionMacro -sdk /Applications/Xcode-27.0.0-Release.Candidate.app/Contents/Developer/Platforms/WatchOS.platform/Developer/SDKs/WatchOS27.0.sdk -target arm64_32-apple-watchos9.0 -g -module-cache-path /Users/admin/builder/spi-builder-workspace/.derivedData/ModuleCache.noindex -Xfrontend -serialize-debugging-options -profile-coverage-mapping -profile-generate -enable-testing -index-store-path /Users/admin/builder/spi-builder-workspace/.derivedData/Index.noindex/DataStore -Xcc -D_LIBCPP_HARDENING_MODE\=_LIBCPP_HARDENING_MODE_DEBUG -swift-version 5 -I /Users/admin/builder/spi-builder-workspace/.derivedData/Build/Products/Debug-watchos -Isystem /Applications/Xcode-27.0.0-Release.Candidate.app/Contents/Developer/Platforms/WatchOS.platform/Developer/usr/lib -F /Users/admin/builder/spi-builder-workspace/.derivedData/Build/Products/Debug-watchos/PackageFrameworks -F /Users/admin/builder/spi-builder-workspace/.derivedData/Build/Products/Debug-watchos -F /Applications/Xcode-27.0.0-Release.Candidate.app/Contents/Developer/Platforms/WatchOS.platform/Developer/Library/Frameworks -F /Applications/Xcode-27.0.0-Release.Candidate.app/Contents/Developer/Platforms/WatchOS.platform/Developer/SDKs/WatchOS27.0.sdk/Developer/Library/Frameworks -c -j10 -enable-batch-mode -incremental -Xcc -ivfsstatcache -Xcc /Users/admin/builder/spi-builder-workspace/.derivedData/SDKStatCaches.noindex/watchos27.0-24R360-e829b21a6f8c9b70876ba0858053c04477534ef55a1706bf4c1112bbb242f0a2.sdkstatcache -output-file-map /Users/admin/builder/spi-builder-workspace/.derivedData/Build/Intermediates.noindex/SwiftKueryMySQL.build/Debug-watchos/SwiftKueryMySQL-t.build/Objects-normal/arm64_32/SwiftKueryMySQL-OutputFileMap.json -save-temps -no-color-diagnostics -explicit-module-build -module-cache-path /Users/admin/builder/spi-builder-workspace/.derivedData/Build/Intermediates.noindex/SwiftExplicitPrecompiledModules -clang-scanner-module-cache-path /Users/admin/builder/spi-builder-workspace/.derivedData/ModuleCache.noindex -sdk-module-cache-path /Users/admin/builder/spi-builder-workspace/.derivedData/SDKExplicitPrecompiledModules -emit-dependencies -emit-module -emit-module-path /Users/admin/builder/spi-builder-workspace/.derivedData/Build/Intermediates.noindex/SwiftKueryMySQL.build/Debug-watchos/SwiftKueryMySQL-t.build/Objects-normal/arm64_32/SwiftKueryMySQL.swiftmodule -serialize-diagnostics -dependency-scan-serialize-diagnostics-path /Users/admin/builder/spi-builder-workspace/.derivedData/Build/Intermediates.noindex/SwiftKueryMySQL.build/Debug-watchos/SwiftKueryMySQL-t.build/Objects-normal/arm64_32/SwiftKueryMySQL-dependency-scan.dia -validate-clang-modules-once -clang-build-session-file /Users/admin/builder/spi-builder-workspace/.derivedData/ModuleCache.noindex/Session.modulevalidation -Xcc -fmodules-prune-interval\=86400 -Xcc -fmodules-prune-after\=345600 -emit-const-values -const-gather-protocols-list /Users/admin/builder/spi-builder-workspace/.derivedData/Build/Intermediates.noindex/SwiftKueryMySQL.build/Debug-watchos/SwiftKueryMySQL-t.build/Objects-normal/arm64_32/SwiftKueryMySQL_const_extract_protocols.json -Xcc -I/Users/admin/builder/spi-builder-workspace/.derivedData/Build/Products/Debug-watchos/include -Xcc -I/Users/admin/builder/spi-builder-workspace/.derivedData/Build/Intermediates.noindex/SwiftKueryMySQL.build/Debug-watchos/SwiftKueryMySQL-t.build/DerivedSources-normal/arm64_32 -Xcc -I/Users/admin/builder/spi-builder-workspace/.derivedData/Build/Intermediates.noindex/SwiftKueryMySQL.build/Debug-watchos/SwiftKueryMySQL-t.build/DerivedSources/arm64_32 -Xcc -I/Users/admin/builder/spi-builder-workspace/.derivedData/Build/Intermediates.noindex/SwiftKueryMySQL.build/Debug-watchos/SwiftKueryMySQL-t.build/DerivedSources -Xcc -DSWIFT_PACKAGE -Xcc -DDEBUG\=1 -emit-objc-header -emit-objc-header-path /Users/admin/builder/spi-builder-workspace/.derivedData/Build/Intermediates.noindex/SwiftKueryMySQL.build/Debug-watchos/SwiftKueryMySQL-t.build/Objects-normal/arm64_32/SwiftKueryMySQL-Swift.h -working-directory /Users/admin/builder/spi-builder-workspace/.swiftpm/xcode -experimental-emit-module-separately -disable-cmo
error: Clang dependency scanning failure: While building module 'CMySQL' imported from module-include.input:1:
In file included from <module-includes>:1:
/Users/admin/builder/spi-builder-workspace/Sources/CMySQL/shim.h:3:10: fatal error: 'mysql.h' file not found
module-include.input:1:2: fatal error: could not build module 'CMySQL'
(in target 'SwiftKueryMySQL' from project 'SwiftKueryMySQL')
error: Clang dependency scanning failure: While building module 'CMySQL' imported from module-include.input:1:
In file included from <module-includes>:1:
/Users/admin/builder/spi-builder-workspace/Sources/CMySQL/shim.h:3:10: fatal error: 'mysql.h' file not found
module-include.input:1:2: fatal error: could not build module 'CMySQL'
(in target 'SwiftKueryMySQL' from project 'SwiftKueryMySQL')
error: Clang dependency scanning failure: While building module 'CMySQL' imported from module-include.input:1:
In file included from <module-includes>:1:
/Users/admin/builder/spi-builder-workspace/Sources/CMySQL/shim.h:3:10: fatal error: 'mysql.h' file not found
module-include.input:1:3: fatal error: could not build module 'CMySQL'
(in target 'SwiftKueryMySQL' from project 'SwiftKueryMySQL')
error: Clang dependency scanning failure: While building module 'CMySQL' imported from module-include.input:1:
In file included from <module-includes>:1:
/Users/admin/builder/spi-builder-workspace/Sources/CMySQL/shim.h:3:10: fatal error: 'mysql.h' file not found
module-include.input:1:2: fatal error: could not build module 'CMySQL'
(in target 'SwiftKueryMySQL' from project 'SwiftKueryMySQL')
/Users/admin/builder/spi-builder-workspace/Sources/SwiftKueryMySQL/MySQLConnection.swift:21:8: error: Unable to resolve module dependency: 'CMySQL' (in target 'SwiftKueryMySQL' from project 'SwiftKueryMySQL')
note: A dependency of main module 'SwiftKueryMySQL'
/Users/admin/builder/spi-builder-workspace/Sources/SwiftKueryMySQL/MySQLPreparedStatement.swift:20:8: note: Also imported here
/Users/admin/builder/spi-builder-workspace/Sources/SwiftKueryMySQL/MySQLResultFetcher.swift:21:8: note: Also imported here
error: Clang dependency scanning failure: While building module 'CMySQL' imported from module-include.input:1:
In file included from <module-includes>:1:
/Users/admin/builder/spi-builder-workspace/Sources/CMySQL/shim.h:3:10: fatal error: 'mysql.h' file not found
module-include.input:1:2: fatal error: could not build module 'CMySQL'
(in target 'SwiftKueryMySQL' from project 'SwiftKueryMySQL')
error: Clang dependency scanning failure: While building module 'CMySQL' imported from module-include.input:1:
In file included from <module-includes>:1:
/Users/admin/builder/spi-builder-workspace/Sources/CMySQL/shim.h:3:10: fatal error: 'mysql.h' file not found
module-include.input:1:2: fatal error: could not build module 'CMySQL'
(in target 'SwiftKueryMySQL' from project 'SwiftKueryMySQL')
error: Clang dependency scanning failure: While building module 'CMySQL' imported from module-include.input:1:
In file included from <module-includes>:1:
/Users/admin/builder/spi-builder-workspace/Sources/CMySQL/shim.h:3:10: fatal error: 'mysql.h' file not found
module-include.input:1:3: fatal error: could not build module 'CMySQL'
(in target 'SwiftKueryMySQL' from project 'SwiftKueryMySQL')
error: Clang dependency scanning failure: While building module 'CMySQL' imported from module-include.input:1:
In file included from <module-includes>:1:
/Users/admin/builder/spi-builder-workspace/Sources/CMySQL/shim.h:3:10: fatal error: 'mysql.h' file not found
module-include.input:1:2: fatal error: could not build module 'CMySQL'
(in target 'SwiftKueryMySQL' from project 'SwiftKueryMySQL')
/Users/admin/builder/spi-builder-workspace/Sources/SwiftKueryMySQL/MySQLConnection.swift:21:8: note: A dependency of main module 'SwiftKueryMySQL'
import CMySQL
^ (in target 'SwiftKueryMySQL' from project 'SwiftKueryMySQL')
/Users/admin/builder/spi-builder-workspace/Sources/SwiftKueryMySQL/MySQLPreparedStatement.swift:20:8: note: Also imported here
import CMySQL
^ (in target 'SwiftKueryMySQL' from project 'SwiftKueryMySQL')
/Users/admin/builder/spi-builder-workspace/Sources/SwiftKueryMySQL/MySQLResultFetcher.swift:21:8: note: Also imported here
import CMySQL
^ (in target 'SwiftKueryMySQL' from project 'SwiftKueryMySQL')
SwiftDriverJobDiscovery normal arm64 Compiling Union.swift, Update.swift, Utils.swift, With.swift (in target 'SwiftKuery' from project 'SwiftKuery')
SwiftDriverJobDiscovery normal arm64_32 Compiling RawField.swift, ResultFetcher.swift, ResultSet.swift, SQLDataType.swift, ScalarColumnExpression.swift (in target 'SwiftKuery' from project 'SwiftKuery')
SwiftDriverJobDiscovery normal arm64_32 Compiling Union.swift, Update.swift, Utils.swift, With.swift (in target 'SwiftKuery' from project 'SwiftKuery')
SwiftDriverJobDiscovery normal arm64 Compiling IndexColumn.swift, IndexColumnOrdered.swift, Insert.swift, Join.swift, Migration.swift (in target 'SwiftKuery' from project 'SwiftKuery')
SwiftDriverJobDiscovery normal arm64 Compiling AggregateColumnExpression.swift, AuxiliaryTable.swift, Buildable.swift, Column.swift, ColumnAndExpressions_Extensions.swift (in target 'SwiftKuery' from project 'SwiftKuery')
PruneExplicitPrecompiledModules /Users/admin/builder/spi-builder-workspace/.derivedData/Build/Intermediates.noindex/SwiftExplicitPrecompiledModules
PruneExplicitPrecompiledModules /Users/admin/builder/spi-builder-workspace/.derivedData/SDKExplicitPrecompiledModules
PruneExplicitPrecompiledModules /Users/admin/builder/spi-builder-workspace/.derivedData/Build/Intermediates.noindex/ExplicitPrecompiledModules
2026-09-17 04:16:18.430 xcodebuild[809:4778] [MT] IDERunDestination: Supported platforms for the buildables in the current scheme is empty.
** BUILD FAILED **
The following build commands failed:
SwiftDriver SwiftKueryMySQL normal arm64 com.apple.xcode.tools.swift.compiler (in target 'SwiftKueryMySQL' from project 'SwiftKueryMySQL')
SwiftDriver SwiftKueryMySQL normal arm64_32 com.apple.xcode.tools.swift.compiler (in target 'SwiftKueryMySQL' from project 'SwiftKueryMySQL')
Building workspace SwiftKueryMySQL with scheme SwiftKueryMySQL
(3 failures)
Command line invocation:
/Applications/Xcode-27.0.0-Release.Candidate.app/Contents/Developer/usr/bin/xcodebuild -IDEClonedSourcePackagesDirPathOverride=/Users/admin/builder/spi-builder-workspace/.dependencies -resolvePackageDependencies
Resolve Package Graph
failed to retrieve search paths with pkg-config; maybe pkg-config is not installedyou may be able to install mysqlclient using your system-packager:
brew install mysql
Resolved source packages:
SwiftKuery: https://github.com/IBM-Swift/Swift-Kuery.git @ master (b9f5355)
SwiftKueryMySQL: /Users/admin/builder/spi-builder-workspace
LoggerAPI: https://github.com/Kitura/LoggerAPI.git @ 1.9.200
swift-log: https://github.com/apple/swift-log.git @ 1.15.1
resolved source packages: SwiftKuery, SwiftKueryMySQL, LoggerAPI, swift-log
2026-09-17 04:16:26.838 xcodebuild[999:5762] [MT] IDERunDestination: Supported platforms for the buildables in the current scheme is empty.
{
"dependencies" : [
{
"identity" : "swift-kuery",
"requirement" : {
"branch" : [
"master"
]
},
"type" : "sourceControl",
"url" : "https://github.com/IBM-Swift/Swift-Kuery.git"
}
],
"manifest_display_name" : "SwiftKueryMySQL",
"name" : "SwiftKueryMySQL",
"path" : "/Users/admin/builder/spi-builder-workspace",
"platforms" : [
],
"products" : [
{
"name" : "SwiftKueryMySQL",
"targets" : [
"SwiftKueryMySQL"
],
"type" : {
"library" : [
"automatic"
]
}
}
],
"targets" : [
{
"c99name" : "SwiftKueryMySQLTests",
"module_type" : "SwiftTarget",
"name" : "SwiftKueryMySQLTests",
"path" : "Tests/SwiftKueryMySQLTests",
"sources" : [
"CommonUtils.swift",
"MySQLTest.swift",
"TestAlias.swift",
"TestColumnTypes.swift",
"TestInsert.swift",
"TestJoin.swift",
"TestParameters.swift",
"TestSchema.swift",
"TestSelect.swift",
"TestSubquery.swift",
"TestTimingWindows.swift",
"TestTransaction.swift",
"TestUpdate.swift"
],
"target_dependencies" : [
"SwiftKueryMySQL",
"CMySQL"
],
"type" : "test"
},
{
"c99name" : "SwiftKueryMySQL",
"module_type" : "SwiftTarget",
"name" : "SwiftKueryMySQL",
"path" : "Sources/SwiftKueryMySQL",
"product_dependencies" : [
"SwiftKuery"
],
"product_memberships" : [
"SwiftKueryMySQL"
],
"sources" : [
"MySQLConnection.swift",
"MySQLPreparedStatement.swift",
"MySQLResultFetcher.swift"
],
"target_dependencies" : [
"CMySQL"
],
"type" : "library"
},
{
"c99name" : "CMySQL",
"module_type" : "SystemLibraryTarget",
"name" : "CMySQL",
"path" : "Sources/CMySQL",
"product_memberships" : [
"SwiftKueryMySQL"
],
"sources" : [
],
"type" : "system-target"
}
],
"tools_version" : "5.0"
}
{
"workspace" : {
"name" : "SwiftKueryMySQL",
"schemes" : [
"SwiftKueryMySQL"
]
}
}
2026-09-17 04:16:28.165 xcodebuild[1014:5837] [MT] IDERunDestination: Supported platforms for the buildables in the current scheme is empty.
Running build ...
env DEVELOPER_DIR=/Applications/Xcode-27.0.0-Release.Candidate.app xcrun xcodebuild -IDEClonedSourcePackagesDirPathOverride=$PWD/.dependencies -skipMacroValidation -skipPackagePluginValidation -derivedDataPath $PWD/.derivedData build -scheme SwiftKueryMySQL -destination generic/platform=watchOS
Command line invocation:
/Applications/Xcode-27.0.0-Release.Candidate.app/Contents/Developer/usr/bin/xcodebuild -IDEClonedSourcePackagesDirPathOverride=/Users/admin/builder/spi-builder-workspace/.dependencies -skipMacroValidation -skipPackagePluginValidation -derivedDataPath /Users/admin/builder/spi-builder-workspace/.derivedData build -scheme SwiftKueryMySQL -destination generic/platform=watchOS
Resolve Package Graph
failed to retrieve search paths with pkg-config; maybe pkg-config is not installedyou may be able to install mysqlclient using your system-packager:
brew install mysql
Resolved source packages:
SwiftKuery: https://github.com/IBM-Swift/Swift-Kuery.git @ master (b9f5355)
LoggerAPI: https://github.com/Kitura/LoggerAPI.git @ 1.9.200
SwiftKueryMySQL: /Users/admin/builder/spi-builder-workspace
swift-log: https://github.com/apple/swift-log.git @ 1.15.1
ComputePackagePrebuildTargetDependencyGraph
Prepare packages
CreateBuildRequest
SendProjectDescription
CreateBuildOperation
ComputeTargetDependencyGraph
note: Building targets in dependency order
note: Target dependency graph (9 targets)
Target 'SwiftKueryMySQL-product' in project 'SwiftKueryMySQL'
➜ Explicit dependency on target 'SwiftKueryMySQL' in project 'SwiftKueryMySQL'
➜ Explicit dependency on target 'SwiftKuery-product' in project 'SwiftKuery'
Target 'SwiftKueryMySQL' in project 'SwiftKueryMySQL'
➜ Explicit dependency on target 'CMySQL' in project 'SwiftKueryMySQL'
➜ Explicit dependency on target 'SwiftKuery-product' in project 'SwiftKuery'
Target 'SwiftKuery-product' in project 'SwiftKuery'
➜ Explicit dependency on target 'SwiftKuery' in project 'SwiftKuery'
➜ Explicit dependency on target 'LoggerAPI-product' in project 'LoggerAPI'
Target 'SwiftKuery' in project 'SwiftKuery'
➜ Explicit dependency on target 'LoggerAPI-product' in project 'LoggerAPI'
Target 'LoggerAPI-product' in project 'LoggerAPI'
➜ Explicit dependency on target 'LoggerAPI' in project 'LoggerAPI'
➜ Explicit dependency on target 'Logging-product' in project 'swift-log'
Target 'LoggerAPI' in project 'LoggerAPI'
➜ Explicit dependency on target 'Logging-product' in project 'swift-log'
Target 'Logging-product' in project 'swift-log'
➜ Explicit dependency on target 'Logging' in project 'swift-log'
Target 'Logging' in project 'swift-log' (no dependencies)
Target 'CMySQL' in project 'SwiftKueryMySQL' (no dependencies)
GatherProvisioningInputs
CreateBuildDescription
ClangStatCache /Applications/Xcode-27.0.0-Release.Candidate.app/Contents/Developer/Toolchains/XcodeDefault.xctoolchain/usr/bin/clang-stat-cache /Applications/Xcode-27.0.0-Release.Candidate.app/Contents/Developer/Platforms/WatchOS.platform/Developer/SDKs/WatchOS27.0.sdk /Users/admin/builder/spi-builder-workspace/.derivedData/SDKStatCaches.noindex/watchos27.0-24R360-e829b21a6f8c9b70876ba0858053c04477534ef55a1706bf4c1112bbb242f0a2.sdkstatcache
cd /Users/admin/builder/spi-builder-workspace/.swiftpm/xcode
/Applications/Xcode-27.0.0-Release.Candidate.app/Contents/Developer/Toolchains/XcodeDefault.xctoolchain/usr/bin/clang-stat-cache /Applications/Xcode-27.0.0-Release.Candidate.app/Contents/Developer/Platforms/WatchOS.platform/Developer/SDKs/WatchOS27.0.sdk -o /Users/admin/builder/spi-builder-workspace/.derivedData/SDKStatCaches.noindex/watchos27.0-24R360-e829b21a6f8c9b70876ba0858053c04477534ef55a1706bf4c1112bbb242f0a2.sdkstatcache
SwiftDriver SwiftKuery normal arm64 com.apple.xcode.tools.swift.compiler (in target 'SwiftKuery' from project 'SwiftKuery')
cd /Users/admin/builder/spi-builder-workspace/.swiftpm/xcode
builtin-SwiftDriver -- /Applications/Xcode-27.0.0-Release.Candidate.app/Contents/Developer/Toolchains/XcodeDefault.xctoolchain/usr/bin/swiftc -parse-as-library -module-name SwiftKuery -Onone @/Users/admin/builder/spi-builder-workspace/.derivedData/Build/Intermediates.noindex/SwiftKuery.build/Debug-watchos/SwiftKuery-t.build/Objects-normal/arm64/SwiftKuery.SwiftFileList -DSWIFT_PACKAGE -DDEBUG -DSWIFT_MODULE_RESOURCE_BUNDLE_UNAVAILABLE -DXcode -plugin-path /Applications/Xcode-27.0.0-Release.Candidate.app/Contents/Developer/Toolchains/XcodeDefault.xctoolchain/usr/lib/swift/host/plugins/testing -enable-experimental-feature DebugDescriptionMacro -sdk /Applications/Xcode-27.0.0-Release.Candidate.app/Contents/Developer/Platforms/WatchOS.platform/Developer/SDKs/WatchOS27.0.sdk -target arm64-apple-watchos9.0 -g -module-cache-path /Users/admin/builder/spi-builder-workspace/.derivedData/ModuleCache.noindex -Xfrontend -serialize-debugging-options -profile-coverage-mapping -profile-generate -enable-testing -suppress-warnings -index-store-path /Users/admin/builder/spi-builder-workspace/.derivedData/Index.noindex/DataStore -Xcc -D_LIBCPP_HARDENING_MODE\=_LIBCPP_HARDENING_MODE_DEBUG -swift-version 5 -I /Users/admin/builder/spi-builder-workspace/.derivedData/Build/Products/Debug-watchos -Isystem /Applications/Xcode-27.0.0-Release.Candidate.app/Contents/Developer/Platforms/WatchOS.platform/Developer/usr/lib -F /Users/admin/builder/spi-builder-workspace/.derivedData/Build/Products/Debug-watchos/PackageFrameworks -F /Users/admin/builder/spi-builder-workspace/.derivedData/Build/Products/Debug-watchos -F /Applications/Xcode-27.0.0-Release.Candidate.app/Contents/Developer/Platforms/WatchOS.platform/Developer/Library/Frameworks -F /Applications/Xcode-27.0.0-Release.Candidate.app/Contents/Developer/Platforms/WatchOS.platform/Developer/SDKs/WatchOS27.0.sdk/Developer/Library/Frameworks -c -j10 -enable-batch-mode -incremental -Xcc -ivfsstatcache -Xcc /Users/admin/builder/spi-builder-workspace/.derivedData/SDKStatCaches.noindex/watchos27.0-24R360-e829b21a6f8c9b70876ba0858053c04477534ef55a1706bf4c1112bbb242f0a2.sdkstatcache -output-file-map /Users/admin/builder/spi-builder-workspace/.derivedData/Build/Intermediates.noindex/SwiftKuery.build/Debug-watchos/SwiftKuery-t.build/Objects-normal/arm64/SwiftKuery-OutputFileMap.json -save-temps -no-color-diagnostics -explicit-module-build -module-cache-path /Users/admin/builder/spi-builder-workspace/.derivedData/Build/Intermediates.noindex/SwiftExplicitPrecompiledModules -clang-scanner-module-cache-path /Users/admin/builder/spi-builder-workspace/.derivedData/ModuleCache.noindex -sdk-module-cache-path /Users/admin/builder/spi-builder-workspace/.derivedData/SDKExplicitPrecompiledModules -emit-dependencies -emit-module -emit-module-path /Users/admin/builder/spi-builder-workspace/.derivedData/Build/Intermediates.noindex/SwiftKuery.build/Debug-watchos/SwiftKuery-t.build/Objects-normal/arm64/SwiftKuery.swiftmodule -serialize-diagnostics -dependency-scan-serialize-diagnostics-path /Users/admin/builder/spi-builder-workspace/.derivedData/Build/Intermediates.noindex/SwiftKuery.build/Debug-watchos/SwiftKuery-t.build/Objects-normal/arm64/SwiftKuery-dependency-scan.dia -validate-clang-modules-once -clang-build-session-file /Users/admin/builder/spi-builder-workspace/.derivedData/ModuleCache.noindex/Session.modulevalidation -Xcc -fmodules-prune-interval\=86400 -Xcc -fmodules-prune-after\=345600 -emit-const-values -const-gather-protocols-list /Users/admin/builder/spi-builder-workspace/.derivedData/Build/Intermediates.noindex/SwiftKuery.build/Debug-watchos/SwiftKuery-t.build/Objects-normal/arm64/SwiftKuery_const_extract_protocols.json -Xcc -I/Users/admin/builder/spi-builder-workspace/.derivedData/Build/Products/Debug-watchos/include -Xcc -I/Users/admin/builder/spi-builder-workspace/.derivedData/Build/Intermediates.noindex/SwiftKuery.build/Debug-watchos/SwiftKuery-t.build/DerivedSources-normal/arm64 -Xcc -I/Users/admin/builder/spi-builder-workspace/.derivedData/Build/Intermediates.noindex/SwiftKuery.build/Debug-watchos/SwiftKuery-t.build/DerivedSources/arm64 -Xcc -I/Users/admin/builder/spi-builder-workspace/.derivedData/Build/Intermediates.noindex/SwiftKuery.build/Debug-watchos/SwiftKuery-t.build/DerivedSources -Xcc -DSWIFT_PACKAGE -Xcc -DDEBUG\=1 -emit-objc-header -emit-objc-header-path /Users/admin/builder/spi-builder-workspace/.derivedData/Build/Intermediates.noindex/SwiftKuery.build/Debug-watchos/SwiftKuery-t.build/Objects-normal/arm64/SwiftKuery-Swift.h -working-directory /Users/admin/builder/spi-builder-workspace/.swiftpm/xcode -experimental-emit-module-separately -disable-cmo
SwiftDriver SwiftKueryMySQL normal arm64_32 com.apple.xcode.tools.swift.compiler (in target 'SwiftKueryMySQL' from project 'SwiftKueryMySQL')
cd /Users/admin/builder/spi-builder-workspace/.swiftpm/xcode
builtin-SwiftDriver -- /Applications/Xcode-27.0.0-Release.Candidate.app/Contents/Developer/Toolchains/XcodeDefault.xctoolchain/usr/bin/swiftc -parse-as-library -module-name SwiftKueryMySQL -Onone @/Users/admin/builder/spi-builder-workspace/.derivedData/Build/Intermediates.noindex/SwiftKueryMySQL.build/Debug-watchos/SwiftKueryMySQL-t.build/Objects-normal/arm64_32/SwiftKueryMySQL.SwiftFileList -DSWIFT_PACKAGE -DDEBUG -DSWIFT_MODULE_RESOURCE_BUNDLE_UNAVAILABLE -Xcc -fmodule-map-file\=/Users/admin/builder/spi-builder-workspace/Sources/CMySQL/module.modulemap -DXcode -plugin-path /Applications/Xcode-27.0.0-Release.Candidate.app/Contents/Developer/Toolchains/XcodeDefault.xctoolchain/usr/lib/swift/host/plugins/testing -enable-experimental-feature DebugDescriptionMacro -sdk /Applications/Xcode-27.0.0-Release.Candidate.app/Contents/Developer/Platforms/WatchOS.platform/Developer/SDKs/WatchOS27.0.sdk -target arm64_32-apple-watchos9.0 -g -module-cache-path /Users/admin/builder/spi-builder-workspace/.derivedData/ModuleCache.noindex -Xfrontend -serialize-debugging-options -profile-coverage-mapping -profile-generate -enable-testing -index-store-path /Users/admin/builder/spi-builder-workspace/.derivedData/Index.noindex/DataStore -Xcc -D_LIBCPP_HARDENING_MODE\=_LIBCPP_HARDENING_MODE_DEBUG -swift-version 5 -I /Users/admin/builder/spi-builder-workspace/.derivedData/Build/Products/Debug-watchos -Isystem /Applications/Xcode-27.0.0-Release.Candidate.app/Contents/Developer/Platforms/WatchOS.platform/Developer/usr/lib -F /Users/admin/builder/spi-builder-workspace/.derivedData/Build/Products/Debug-watchos/PackageFrameworks -F /Users/admin/builder/spi-builder-workspace/.derivedData/Build/Products/Debug-watchos -F /Applications/Xcode-27.0.0-Release.Candidate.app/Contents/Developer/Platforms/WatchOS.platform/Developer/Library/Frameworks -F /Applications/Xcode-27.0.0-Release.Candidate.app/Contents/Developer/Platforms/WatchOS.platform/Developer/SDKs/WatchOS27.0.sdk/Developer/Library/Frameworks -c -j10 -enable-batch-mode -incremental -Xcc -ivfsstatcache -Xcc /Users/admin/builder/spi-builder-workspace/.derivedData/SDKStatCaches.noindex/watchos27.0-24R360-e829b21a6f8c9b70876ba0858053c04477534ef55a1706bf4c1112bbb242f0a2.sdkstatcache -output-file-map /Users/admin/builder/spi-builder-workspace/.derivedData/Build/Intermediates.noindex/SwiftKueryMySQL.build/Debug-watchos/SwiftKueryMySQL-t.build/Objects-normal/arm64_32/SwiftKueryMySQL-OutputFileMap.json -save-temps -no-color-diagnostics -explicit-module-build -module-cache-path /Users/admin/builder/spi-builder-workspace/.derivedData/Build/Intermediates.noindex/SwiftExplicitPrecompiledModules -clang-scanner-module-cache-path /Users/admin/builder/spi-builder-workspace/.derivedData/ModuleCache.noindex -sdk-module-cache-path /Users/admin/builder/spi-builder-workspace/.derivedData/SDKExplicitPrecompiledModules -emit-dependencies -emit-module -emit-module-path /Users/admin/builder/spi-builder-workspace/.derivedData/Build/Intermediates.noindex/SwiftKueryMySQL.build/Debug-watchos/SwiftKueryMySQL-t.build/Objects-normal/arm64_32/SwiftKueryMySQL.swiftmodule -serialize-diagnostics -dependency-scan-serialize-diagnostics-path /Users/admin/builder/spi-builder-workspace/.derivedData/Build/Intermediates.noindex/SwiftKueryMySQL.build/Debug-watchos/SwiftKueryMySQL-t.build/Objects-normal/arm64_32/SwiftKueryMySQL-dependency-scan.dia -validate-clang-modules-once -clang-build-session-file /Users/admin/builder/spi-builder-workspace/.derivedData/ModuleCache.noindex/Session.modulevalidation -Xcc -fmodules-prune-interval\=86400 -Xcc -fmodules-prune-after\=345600 -emit-const-values -const-gather-protocols-list /Users/admin/builder/spi-builder-workspace/.derivedData/Build/Intermediates.noindex/SwiftKueryMySQL.build/Debug-watchos/SwiftKueryMySQL-t.build/Objects-normal/arm64_32/SwiftKueryMySQL_const_extract_protocols.json -Xcc -I/Users/admin/builder/spi-builder-workspace/.derivedData/Build/Products/Debug-watchos/include -Xcc -I/Users/admin/builder/spi-builder-workspace/.derivedData/Build/Intermediates.noindex/SwiftKueryMySQL.build/Debug-watchos/SwiftKueryMySQL-t.build/DerivedSources-normal/arm64_32 -Xcc -I/Users/admin/builder/spi-builder-workspace/.derivedData/Build/Intermediates.noindex/SwiftKueryMySQL.build/Debug-watchos/SwiftKueryMySQL-t.build/DerivedSources/arm64_32 -Xcc -I/Users/admin/builder/spi-builder-workspace/.derivedData/Build/Intermediates.noindex/SwiftKueryMySQL.build/Debug-watchos/SwiftKueryMySQL-t.build/DerivedSources -Xcc -DSWIFT_PACKAGE -Xcc -DDEBUG\=1 -emit-objc-header -emit-objc-header-path /Users/admin/builder/spi-builder-workspace/.derivedData/Build/Intermediates.noindex/SwiftKueryMySQL.build/Debug-watchos/SwiftKueryMySQL-t.build/Objects-normal/arm64_32/SwiftKueryMySQL-Swift.h -working-directory /Users/admin/builder/spi-builder-workspace/.swiftpm/xcode -experimental-emit-module-separately -disable-cmo
error: Clang dependency scanning failure: While building module 'CMySQL' imported from module-include.input:1:
In file included from <module-includes>:1:
/Users/admin/builder/spi-builder-workspace/Sources/CMySQL/shim.h:3:10: fatal error: 'mysql.h' file not found
module-include.input:1:2: fatal error: could not build module 'CMySQL'
(in target 'SwiftKueryMySQL' from project 'SwiftKueryMySQL')
error: Clang dependency scanning failure: While building module 'CMySQL' imported from module-include.input:1:
In file included from <module-includes>:1:
/Users/admin/builder/spi-builder-workspace/Sources/CMySQL/shim.h:3:10: fatal error: 'mysql.h' file not found
module-include.input:1:3: fatal error: could not build module 'CMySQL'
(in target 'SwiftKueryMySQL' from project 'SwiftKueryMySQL')
error: Clang dependency scanning failure: While building module 'CMySQL' imported from module-include.input:1:
In file included from <module-includes>:1:
/Users/admin/builder/spi-builder-workspace/Sources/CMySQL/shim.h:3:10: fatal error: 'mysql.h' file not found
module-include.input:1:3: fatal error: could not build module 'CMySQL'
(in target 'SwiftKueryMySQL' from project 'SwiftKueryMySQL')
error: Clang dependency scanning failure: While building module 'CMySQL' imported from module-include.input:1:
In file included from <module-includes>:1:
/Users/admin/builder/spi-builder-workspace/Sources/CMySQL/shim.h:3:10: fatal error: 'mysql.h' file not found
module-include.input:1:2: fatal error: could not build module 'CMySQL'
(in target 'SwiftKueryMySQL' from project 'SwiftKueryMySQL')
/Users/admin/builder/spi-builder-workspace/Sources/SwiftKueryMySQL/MySQLConnection.swift:21:8: error: Unable to resolve module dependency: 'CMySQL' (in target 'SwiftKueryMySQL' from project 'SwiftKueryMySQL')
note: A dependency of main module 'SwiftKueryMySQL'
/Users/admin/builder/spi-builder-workspace/Sources/SwiftKueryMySQL/MySQLPreparedStatement.swift:20:8: note: Also imported here
/Users/admin/builder/spi-builder-workspace/Sources/SwiftKueryMySQL/MySQLResultFetcher.swift:21:8: note: Also imported here
error: Clang dependency scanning failure: While building module 'CMySQL' imported from module-include.input:1:
In file included from <module-includes>:1:
/Users/admin/builder/spi-builder-workspace/Sources/CMySQL/shim.h:3:10: fatal error: 'mysql.h' file not found
module-include.input:1:2: fatal error: could not build module 'CMySQL'
(in target 'SwiftKueryMySQL' from project 'SwiftKueryMySQL')
error: Clang dependency scanning failure: While building module 'CMySQL' imported from module-include.input:1:
In file included from <module-includes>:1:
/Users/admin/builder/spi-builder-workspace/Sources/CMySQL/shim.h:3:10: fatal error: 'mysql.h' file not found
module-include.input:1:3: fatal error: could not build module 'CMySQL'
(in target 'SwiftKueryMySQL' from project 'SwiftKueryMySQL')
error: Clang dependency scanning failure: While building module 'CMySQL' imported from module-include.input:1:
In file included from <module-includes>:1:
/Users/admin/builder/spi-builder-workspace/Sources/CMySQL/shim.h:3:10: fatal error: 'mysql.h' file not found
module-include.input:1:3: fatal error: could not build module 'CMySQL'
(in target 'SwiftKueryMySQL' from project 'SwiftKueryMySQL')
error: Clang dependency scanning failure: While building module 'CMySQL' imported from module-include.input:1:
In file included from <module-includes>:1:
/Users/admin/builder/spi-builder-workspace/Sources/CMySQL/shim.h:3:10: fatal error: 'mysql.h' file not found
module-include.input:1:2: fatal error: could not build module 'CMySQL'
(in target 'SwiftKueryMySQL' from project 'SwiftKueryMySQL')
/Users/admin/builder/spi-builder-workspace/Sources/SwiftKueryMySQL/MySQLConnection.swift:21:8: note: A dependency of main module 'SwiftKueryMySQL'
import CMySQL
^ (in target 'SwiftKueryMySQL' from project 'SwiftKueryMySQL')
/Users/admin/builder/spi-builder-workspace/Sources/SwiftKueryMySQL/MySQLPreparedStatement.swift:20:8: note: Also imported here
import CMySQL
^ (in target 'SwiftKueryMySQL' from project 'SwiftKueryMySQL')
/Users/admin/builder/spi-builder-workspace/Sources/SwiftKueryMySQL/MySQLResultFetcher.swift:21:8: note: Also imported here
import CMySQL
^ (in target 'SwiftKueryMySQL' from project 'SwiftKueryMySQL')
SwiftDriver SwiftKueryMySQL normal arm64 com.apple.xcode.tools.swift.compiler (in target 'SwiftKueryMySQL' from project 'SwiftKueryMySQL')
cd /Users/admin/builder/spi-builder-workspace/.swiftpm/xcode
builtin-SwiftDriver -- /Applications/Xcode-27.0.0-Release.Candidate.app/Contents/Developer/Toolchains/XcodeDefault.xctoolchain/usr/bin/swiftc -parse-as-library -module-name SwiftKueryMySQL -Onone @/Users/admin/builder/spi-builder-workspace/.derivedData/Build/Intermediates.noindex/SwiftKueryMySQL.build/Debug-watchos/SwiftKueryMySQL-t.build/Objects-normal/arm64/SwiftKueryMySQL.SwiftFileList -DSWIFT_PACKAGE -DDEBUG -DSWIFT_MODULE_RESOURCE_BUNDLE_UNAVAILABLE -Xcc -fmodule-map-file\=/Users/admin/builder/spi-builder-workspace/Sources/CMySQL/module.modulemap -DXcode -plugin-path /Applications/Xcode-27.0.0-Release.Candidate.app/Contents/Developer/Toolchains/XcodeDefault.xctoolchain/usr/lib/swift/host/plugins/testing -enable-experimental-feature DebugDescriptionMacro -sdk /Applications/Xcode-27.0.0-Release.Candidate.app/Contents/Developer/Platforms/WatchOS.platform/Developer/SDKs/WatchOS27.0.sdk -target arm64-apple-watchos9.0 -g -module-cache-path /Users/admin/builder/spi-builder-workspace/.derivedData/ModuleCache.noindex -Xfrontend -serialize-debugging-options -profile-coverage-mapping -profile-generate -enable-testing -index-store-path /Users/admin/builder/spi-builder-workspace/.derivedData/Index.noindex/DataStore -Xcc -D_LIBCPP_HARDENING_MODE\=_LIBCPP_HARDENING_MODE_DEBUG -swift-version 5 -I /Users/admin/builder/spi-builder-workspace/.derivedData/Build/Products/Debug-watchos -Isystem /Applications/Xcode-27.0.0-Release.Candidate.app/Contents/Developer/Platforms/WatchOS.platform/Developer/usr/lib -F /Users/admin/builder/spi-builder-workspace/.derivedData/Build/Products/Debug-watchos/PackageFrameworks -F /Users/admin/builder/spi-builder-workspace/.derivedData/Build/Products/Debug-watchos -F /Applications/Xcode-27.0.0-Release.Candidate.app/Contents/Developer/Platforms/WatchOS.platform/Developer/Library/Frameworks -F /Applications/Xcode-27.0.0-Release.Candidate.app/Contents/Developer/Platforms/WatchOS.platform/Developer/SDKs/WatchOS27.0.sdk/Developer/Library/Frameworks -c -j10 -enable-batch-mode -incremental -Xcc -ivfsstatcache -Xcc /Users/admin/builder/spi-builder-workspace/.derivedData/SDKStatCaches.noindex/watchos27.0-24R360-e829b21a6f8c9b70876ba0858053c04477534ef55a1706bf4c1112bbb242f0a2.sdkstatcache -output-file-map /Users/admin/builder/spi-builder-workspace/.derivedData/Build/Intermediates.noindex/SwiftKueryMySQL.build/Debug-watchos/SwiftKueryMySQL-t.build/Objects-normal/arm64/SwiftKueryMySQL-OutputFileMap.json -save-temps -no-color-diagnostics -explicit-module-build -module-cache-path /Users/admin/builder/spi-builder-workspace/.derivedData/Build/Intermediates.noindex/SwiftExplicitPrecompiledModules -clang-scanner-module-cache-path /Users/admin/builder/spi-builder-workspace/.derivedData/ModuleCache.noindex -sdk-module-cache-path /Users/admin/builder/spi-builder-workspace/.derivedData/SDKExplicitPrecompiledModules -emit-dependencies -emit-module -emit-module-path /Users/admin/builder/spi-builder-workspace/.derivedData/Build/Intermediates.noindex/SwiftKueryMySQL.build/Debug-watchos/SwiftKueryMySQL-t.build/Objects-normal/arm64/SwiftKueryMySQL.swiftmodule -serialize-diagnostics -dependency-scan-serialize-diagnostics-path /Users/admin/builder/spi-builder-workspace/.derivedData/Build/Intermediates.noindex/SwiftKueryMySQL.build/Debug-watchos/SwiftKueryMySQL-t.build/Objects-normal/arm64/SwiftKueryMySQL-dependency-scan.dia -validate-clang-modules-once -clang-build-session-file /Users/admin/builder/spi-builder-workspace/.derivedData/ModuleCache.noindex/Session.modulevalidation -Xcc -fmodules-prune-interval\=86400 -Xcc -fmodules-prune-after\=345600 -emit-const-values -const-gather-protocols-list /Users/admin/builder/spi-builder-workspace/.derivedData/Build/Intermediates.noindex/SwiftKueryMySQL.build/Debug-watchos/SwiftKueryMySQL-t.build/Objects-normal/arm64/SwiftKueryMySQL_const_extract_protocols.json -Xcc -I/Users/admin/builder/spi-builder-workspace/.derivedData/Build/Products/Debug-watchos/include -Xcc -I/Users/admin/builder/spi-builder-workspace/.derivedData/Build/Intermediates.noindex/SwiftKueryMySQL.build/Debug-watchos/SwiftKueryMySQL-t.build/DerivedSources-normal/arm64 -Xcc -I/Users/admin/builder/spi-builder-workspace/.derivedData/Build/Intermediates.noindex/SwiftKueryMySQL.build/Debug-watchos/SwiftKueryMySQL-t.build/DerivedSources/arm64 -Xcc -I/Users/admin/builder/spi-builder-workspace/.derivedData/Build/Intermediates.noindex/SwiftKueryMySQL.build/Debug-watchos/SwiftKueryMySQL-t.build/DerivedSources -Xcc -DSWIFT_PACKAGE -Xcc -DDEBUG\=1 -emit-objc-header -emit-objc-header-path /Users/admin/builder/spi-builder-workspace/.derivedData/Build/Intermediates.noindex/SwiftKueryMySQL.build/Debug-watchos/SwiftKueryMySQL-t.build/Objects-normal/arm64/SwiftKueryMySQL-Swift.h -working-directory /Users/admin/builder/spi-builder-workspace/.swiftpm/xcode -experimental-emit-module-separately -disable-cmo
error: Clang dependency scanning failure: While building module 'CMySQL' imported from module-include.input:1:
In file included from <module-includes>:1:
/Users/admin/builder/spi-builder-workspace/Sources/CMySQL/shim.h:3:10: fatal error: 'mysql.h' file not found
module-include.input:1:2: fatal error: could not build module 'CMySQL'
(in target 'SwiftKueryMySQL' from project 'SwiftKueryMySQL')
error: Clang dependency scanning failure: While building module 'CMySQL' imported from module-include.input:1:
In file included from <module-includes>:1:
/Users/admin/builder/spi-builder-workspace/Sources/CMySQL/shim.h:3:10: fatal error: 'mysql.h' file not found
module-include.input:1:3: fatal error: could not build module 'CMySQL'
(in target 'SwiftKueryMySQL' from project 'SwiftKueryMySQL')
error: Clang dependency scanning failure: While building module 'CMySQL' imported from module-include.input:1:
In file included from <module-includes>:1:
/Users/admin/builder/spi-builder-workspace/Sources/CMySQL/shim.h:3:10: fatal error: 'mysql.h' file not found
module-include.input:1:2: fatal error: could not build module 'CMySQL'
(in target 'SwiftKueryMySQL' from project 'SwiftKueryMySQL')
error: Clang dependency scanning failure: While building module 'CMySQL' imported from module-include.input:1:
In file included from <module-includes>:1:
/Users/admin/builder/spi-builder-workspace/Sources/CMySQL/shim.h:3:10: fatal error: 'mysql.h' file not found
module-include.input:1:2: fatal error: could not build module 'CMySQL'
(in target 'SwiftKueryMySQL' from project 'SwiftKueryMySQL')
/Users/admin/builder/spi-builder-workspace/Sources/SwiftKueryMySQL/MySQLConnection.swift:21:8: error: Unable to resolve module dependency: 'CMySQL' (in target 'SwiftKueryMySQL' from project 'SwiftKueryMySQL')
note: A dependency of main module 'SwiftKueryMySQL'
/Users/admin/builder/spi-builder-workspace/Sources/SwiftKueryMySQL/MySQLPreparedStatement.swift:20:8: note: Also imported here
/Users/admin/builder/spi-builder-workspace/Sources/SwiftKueryMySQL/MySQLResultFetcher.swift:21:8: note: Also imported here
error: Clang dependency scanning failure: While building module 'CMySQL' imported from module-include.input:1:
In file included from <module-includes>:1:
/Users/admin/builder/spi-builder-workspace/Sources/CMySQL/shim.h:3:10: fatal error: 'mysql.h' file not found
module-include.input:1:2: fatal error: could not build module 'CMySQL'
(in target 'SwiftKueryMySQL' from project 'SwiftKueryMySQL')
error: Clang dependency scanning failure: While building module 'CMySQL' imported from module-include.input:1:
In file included from <module-includes>:1:
/Users/admin/builder/spi-builder-workspace/Sources/CMySQL/shim.h:3:10: fatal error: 'mysql.h' file not found
module-include.input:1:3: fatal error: could not build module 'CMySQL'
(in target 'SwiftKueryMySQL' from project 'SwiftKueryMySQL')
error: Clang dependency scanning failure: While building module 'CMySQL' imported from module-include.input:1:
In file included from <module-includes>:1:
/Users/admin/builder/spi-builder-workspace/Sources/CMySQL/shim.h:3:10: fatal error: 'mysql.h' file not found
module-include.input:1:2: fatal error: could not build module 'CMySQL'
(in target 'SwiftKueryMySQL' from project 'SwiftKueryMySQL')
error: Clang dependency scanning failure: While building module 'CMySQL' imported from module-include.input:1:
In file included from <module-includes>:1:
/Users/admin/builder/spi-builder-workspace/Sources/CMySQL/shim.h:3:10: fatal error: 'mysql.h' file not found
module-include.input:1:2: fatal error: could not build module 'CMySQL'
(in target 'SwiftKueryMySQL' from project 'SwiftKueryMySQL')
/Users/admin/builder/spi-builder-workspace/Sources/SwiftKueryMySQL/MySQLConnection.swift:21:8: note: A dependency of main module 'SwiftKueryMySQL'
import CMySQL
^ (in target 'SwiftKueryMySQL' from project 'SwiftKueryMySQL')
/Users/admin/builder/spi-builder-workspace/Sources/SwiftKueryMySQL/MySQLPreparedStatement.swift:20:8: note: Also imported here
import CMySQL
^ (in target 'SwiftKueryMySQL' from project 'SwiftKueryMySQL')
/Users/admin/builder/spi-builder-workspace/Sources/SwiftKueryMySQL/MySQLResultFetcher.swift:21:8: note: Also imported here
import CMySQL
^ (in target 'SwiftKueryMySQL' from project 'SwiftKueryMySQL')
SwiftDriver SwiftKuery normal arm64_32 com.apple.xcode.tools.swift.compiler (in target 'SwiftKuery' from project 'SwiftKuery')
cd /Users/admin/builder/spi-builder-workspace/.swiftpm/xcode
builtin-SwiftDriver -- /Applications/Xcode-27.0.0-Release.Candidate.app/Contents/Developer/Toolchains/XcodeDefault.xctoolchain/usr/bin/swiftc -parse-as-library -module-name SwiftKuery -Onone @/Users/admin/builder/spi-builder-workspace/.derivedData/Build/Intermediates.noindex/SwiftKuery.build/Debug-watchos/SwiftKuery-t.build/Objects-normal/arm64_32/SwiftKuery.SwiftFileList -DSWIFT_PACKAGE -DDEBUG -DSWIFT_MODULE_RESOURCE_BUNDLE_UNAVAILABLE -DXcode -plugin-path /Applications/Xcode-27.0.0-Release.Candidate.app/Contents/Developer/Toolchains/XcodeDefault.xctoolchain/usr/lib/swift/host/plugins/testing -enable-experimental-feature DebugDescriptionMacro -sdk /Applications/Xcode-27.0.0-Release.Candidate.app/Contents/Developer/Platforms/WatchOS.platform/Developer/SDKs/WatchOS27.0.sdk -target arm64_32-apple-watchos9.0 -g -module-cache-path /Users/admin/builder/spi-builder-workspace/.derivedData/ModuleCache.noindex -Xfrontend -serialize-debugging-options -profile-coverage-mapping -profile-generate -enable-testing -suppress-warnings -index-store-path /Users/admin/builder/spi-builder-workspace/.derivedData/Index.noindex/DataStore -Xcc -D_LIBCPP_HARDENING_MODE\=_LIBCPP_HARDENING_MODE_DEBUG -swift-version 5 -I /Users/admin/builder/spi-builder-workspace/.derivedData/Build/Products/Debug-watchos -Isystem /Applications/Xcode-27.0.0-Release.Candidate.app/Contents/Developer/Platforms/WatchOS.platform/Developer/usr/lib -F /Users/admin/builder/spi-builder-workspace/.derivedData/Build/Products/Debug-watchos/PackageFrameworks -F /Users/admin/builder/spi-builder-workspace/.derivedData/Build/Products/Debug-watchos -F /Applications/Xcode-27.0.0-Release.Candidate.app/Contents/Developer/Platforms/WatchOS.platform/Developer/Library/Frameworks -F /Applications/Xcode-27.0.0-Release.Candidate.app/Contents/Developer/Platforms/WatchOS.platform/Developer/SDKs/WatchOS27.0.sdk/Developer/Library/Frameworks -c -j10 -enable-batch-mode -incremental -Xcc -ivfsstatcache -Xcc /Users/admin/builder/spi-builder-workspace/.derivedData/SDKStatCaches.noindex/watchos27.0-24R360-e829b21a6f8c9b70876ba0858053c04477534ef55a1706bf4c1112bbb242f0a2.sdkstatcache -output-file-map /Users/admin/builder/spi-builder-workspace/.derivedData/Build/Intermediates.noindex/SwiftKuery.build/Debug-watchos/SwiftKuery-t.build/Objects-normal/arm64_32/SwiftKuery-OutputFileMap.json -save-temps -no-color-diagnostics -explicit-module-build -module-cache-path /Users/admin/builder/spi-builder-workspace/.derivedData/Build/Intermediates.noindex/SwiftExplicitPrecompiledModules -clang-scanner-module-cache-path /Users/admin/builder/spi-builder-workspace/.derivedData/ModuleCache.noindex -sdk-module-cache-path /Users/admin/builder/spi-builder-workspace/.derivedData/SDKExplicitPrecompiledModules -emit-dependencies -emit-module -emit-module-path /Users/admin/builder/spi-builder-workspace/.derivedData/Build/Intermediates.noindex/SwiftKuery.build/Debug-watchos/SwiftKuery-t.build/Objects-normal/arm64_32/SwiftKuery.swiftmodule -serialize-diagnostics -dependency-scan-serialize-diagnostics-path /Users/admin/builder/spi-builder-workspace/.derivedData/Build/Intermediates.noindex/SwiftKuery.build/Debug-watchos/SwiftKuery-t.build/Objects-normal/arm64_32/SwiftKuery-dependency-scan.dia -validate-clang-modules-once -clang-build-session-file /Users/admin/builder/spi-builder-workspace/.derivedData/ModuleCache.noindex/Session.modulevalidation -Xcc -fmodules-prune-interval\=86400 -Xcc -fmodules-prune-after\=345600 -emit-const-values -const-gather-protocols-list /Users/admin/builder/spi-builder-workspace/.derivedData/Build/Intermediates.noindex/SwiftKuery.build/Debug-watchos/SwiftKuery-t.build/Objects-normal/arm64_32/SwiftKuery_const_extract_protocols.json -Xcc -I/Users/admin/builder/spi-builder-workspace/.derivedData/Build/Products/Debug-watchos/include -Xcc -I/Users/admin/builder/spi-builder-workspace/.derivedData/Build/Intermediates.noindex/SwiftKuery.build/Debug-watchos/SwiftKuery-t.build/DerivedSources-normal/arm64_32 -Xcc -I/Users/admin/builder/spi-builder-workspace/.derivedData/Build/Intermediates.noindex/SwiftKuery.build/Debug-watchos/SwiftKuery-t.build/DerivedSources/arm64_32 -Xcc -I/Users/admin/builder/spi-builder-workspace/.derivedData/Build/Intermediates.noindex/SwiftKuery.build/Debug-watchos/SwiftKuery-t.build/DerivedSources -Xcc -DSWIFT_PACKAGE -Xcc -DDEBUG\=1 -emit-objc-header -emit-objc-header-path /Users/admin/builder/spi-builder-workspace/.derivedData/Build/Intermediates.noindex/SwiftKuery.build/Debug-watchos/SwiftKuery-t.build/Objects-normal/arm64_32/SwiftKuery-Swift.h -working-directory /Users/admin/builder/spi-builder-workspace/.swiftpm/xcode -experimental-emit-module-separately -disable-cmo
PruneExplicitPrecompiledModules /Users/admin/builder/spi-builder-workspace/.derivedData/Build/Intermediates.noindex/SwiftExplicitPrecompiledModules
PruneExplicitPrecompiledModules /Users/admin/builder/spi-builder-workspace/.derivedData/Build/Intermediates.noindex/ExplicitPrecompiledModules
PruneExplicitPrecompiledModules /Users/admin/builder/spi-builder-workspace/.derivedData/SDKExplicitPrecompiledModules
2026-09-17 04:16:29.217 xcodebuild[1022:5870] [MT] IDERunDestination: Supported platforms for the buildables in the current scheme is empty.
** BUILD FAILED **
The following build commands failed:
SwiftDriver SwiftKueryMySQL normal arm64_32 com.apple.xcode.tools.swift.compiler (in target 'SwiftKueryMySQL' from project 'SwiftKueryMySQL')
SwiftDriver SwiftKueryMySQL normal arm64 com.apple.xcode.tools.swift.compiler (in target 'SwiftKueryMySQL' from project 'SwiftKueryMySQL')
Building workspace SwiftKueryMySQL with scheme SwiftKueryMySQL
(3 failures)
BUILD FAILURE 6.4 watchOS