Build Information
Failed to build swift-responsive-layout, reference 0.4.0 (5968b6), with Swift 6.3 for watchOS using Xcode 26.4 on 4 Sep 2026 09:40:18 UTC.
Build Command
env DEVELOPER_DIR=/Applications/Xcode-26.5.0.app xcrun xcodebuild -IDEClonedSourcePackagesDirPathOverride=$PWD/.dependencies -skipMacroValidation -skipPackagePluginValidation -derivedDataPath $PWD/.derivedData build -scheme swift-responsive-layout -destination generic/platform=watchOSBuild Log
========================================
RunAll
========================================
Builder version: 5.0.2
Interrupt handler set up.
========================================
Checkout
========================================
Clone URL: https://github.com/KalebCooper/swift-responsive-layout.git
Reference: 0.4.0
Initialized empty Git repository in /Users/admin/builder/spi-builder-workspace/.git/
From https://github.com/KalebCooper/swift-responsive-layout
* tag 0.4.0 -> FETCH_HEAD
HEAD is now at 5968b6f chore: rename repo to swift-responsive-layout
Cloned https://github.com/KalebCooper/swift-responsive-layout.git
Revision (git rev-parse @):
5968b6ff7208695139ed35e85725d379e1dd6dc2
SPI manifest file found: $PWD/.spi.yml
SUCCESS checkout https://github.com/KalebCooper/swift-responsive-layout.git at 0.4.0
========================================
Build
========================================
Selected platform: watchOS
Swift version: 6.3
Building package at path: $PWD
https://github.com/KalebCooper/swift-responsive-layout.git
Command line invocation:
/Applications/Xcode-26.5.0.app/Contents/Developer/usr/bin/xcodebuild -IDEClonedSourcePackagesDirPathOverride=/Users/admin/builder/spi-builder-workspace/.dependencies -resolvePackageDependencies
Resolve Package Graph
Resolve Package Graph
Resolved source packages:
swift-responsive-layout: /Users/admin/builder/spi-builder-workspace
resolved source packages: swift-responsive-layout
2026-09-04 05:39:58.320 xcodebuild[541:3114] [MT] IDERunDestination: Supported platforms for the buildables in the current scheme is empty.
{
"dependencies" : [
],
"manifest_display_name" : "swift-responsive-layout",
"name" : "swift-responsive-layout",
"path" : "/Users/admin/builder/spi-builder-workspace",
"platforms" : [
{
"name" : "ios",
"version" : "26.0"
}
],
"products" : [
{
"name" : "ResponsiveLayoutKit",
"targets" : [
"ResponsiveLayoutKit"
],
"type" : {
"library" : [
"automatic"
]
}
}
],
"targets" : [
{
"c99name" : "ResponsiveLayoutKitTests",
"module_type" : "SwiftTarget",
"name" : "ResponsiveLayoutKitTests",
"path" : "Tests/ResponsiveLayoutKitTests",
"sources" : [
"ResponsiveLayoutKitTests.swift"
],
"target_dependencies" : [
"ResponsiveLayoutKit"
],
"type" : "test"
},
{
"c99name" : "ResponsiveLayoutKit",
"module_type" : "SwiftTarget",
"name" : "ResponsiveLayoutKit",
"path" : "Sources/ResponsiveLayoutKit",
"product_memberships" : [
"ResponsiveLayoutKit"
],
"sources" : [
"AccessibilityScrollView.swift",
"EnvironmentValues+ResponsiveLayoutKit.swift",
"LayoutContext.swift",
"ResponsiveContent.swift",
"ResponsiveLayout.swift",
"ResponsiveView.swift",
"SceneLayoutEnvironment.swift",
"SceneLayoutMock.swift",
"SceneLayoutProbe.swift",
"SceneLayoutReader.swift",
"SceneLayoutRegistry.swift",
"View+Responsive.swift",
"View+ResponsiveContentWidth.swift",
"View+SceneLayout.swift"
],
"type" : "library"
}
],
"tools_version" : "6.2"
}
{
"workspace" : {
"name" : "spi-builder-workspace",
"schemes" : [
"swift-responsive-layout"
]
}
}
2026-09-04 05:40:06.236 xcodebuild[658:3980] [MT] IDERunDestination: Supported platforms for the buildables in the current scheme is empty.
Running build ...
env DEVELOPER_DIR=/Applications/Xcode-26.5.0.app xcrun xcodebuild -IDEClonedSourcePackagesDirPathOverride=$PWD/.dependencies -skipMacroValidation -skipPackagePluginValidation -derivedDataPath $PWD/.derivedData build -scheme swift-responsive-layout -destination generic/platform=watchOS
Command line invocation:
/Applications/Xcode-26.5.0.app/Contents/Developer/usr/bin/xcodebuild -IDEClonedSourcePackagesDirPathOverride=/Users/admin/builder/spi-builder-workspace/.dependencies -skipMacroValidation -skipPackagePluginValidation -derivedDataPath /Users/admin/builder/spi-builder-workspace/.derivedData build -scheme swift-responsive-layout -destination generic/platform=watchOS
Resolve Package Graph
Resolved source packages:
swift-responsive-layout: /Users/admin/builder/spi-builder-workspace
ComputePackagePrebuildTargetDependencyGraph
Prepare packages
CreateBuildRequest
SendProjectDescription
CreateBuildOperation
ComputeTargetDependencyGraph
note: Building targets in dependency order
note: Target dependency graph (2 targets)
Target 'ResponsiveLayoutKit' in project 'swift-responsive-layout'
➜ Explicit dependency on target 'ResponsiveLayoutKit' in project 'swift-responsive-layout'
Target 'ResponsiveLayoutKit' in project 'swift-responsive-layout' (no dependencies)
GatherProvisioningInputs
CreateBuildDescription
ExecuteExternalTool /Applications/Xcode-26.5.0.app/Contents/Developer/Toolchains/XcodeDefault.xctoolchain/usr/bin/clang -v -E -dM -isysroot /Applications/Xcode-26.5.0.app/Contents/Developer/Platforms/WatchOS.platform/Developer/SDKs/WatchOS26.5.sdk -x c -c /dev/null
ExecuteExternalTool /Applications/Xcode-26.5.0.app/Contents/Developer/Toolchains/XcodeDefault.xctoolchain/usr/bin/swiftc --version
ExecuteExternalTool /Applications/Xcode-26.5.0.app/Contents/Developer/Toolchains/XcodeDefault.xctoolchain/usr/bin/ld -version_details
ReadFileContents /Applications/Xcode-26.5.0.app/Contents/Developer/Toolchains/XcodeDefault.xctoolchain/usr/share/docc/features.json
Build description signature: 8c3b3aabc521bcff4731d92256f781f9
Build description path: /Users/admin/builder/spi-builder-workspace/.derivedData/Build/Intermediates.noindex/XCBuildData/8c3b3aabc521bcff4731d92256f781f9.xcbuilddata
CreateBuildDirectory /Users/admin/builder/spi-builder-workspace/.derivedData/Build/Products
cd /Users/admin/builder/spi-builder-workspace/.swiftpm/xcode
builtin-create-build-directory /Users/admin/builder/spi-builder-workspace/.derivedData/Build/Products
CreateBuildDirectory /Users/admin/builder/spi-builder-workspace/.derivedData/Build/Intermediates.noindex
cd /Users/admin/builder/spi-builder-workspace/.swiftpm/xcode
builtin-create-build-directory /Users/admin/builder/spi-builder-workspace/.derivedData/Build/Intermediates.noindex
ClangStatCache /Applications/Xcode-26.5.0.app/Contents/Developer/Toolchains/XcodeDefault.xctoolchain/usr/bin/clang-stat-cache /Applications/Xcode-26.5.0.app/Contents/Developer/Platforms/WatchOS.platform/Developer/SDKs/WatchOS26.5.sdk /Users/admin/builder/spi-builder-workspace/.derivedData/SDKStatCaches.noindex/watchos26.5-23T570-688ef53f1462e2c8f657fdc38a81448f7931b973dfc65d9472806dbbc3af9379.sdkstatcache
cd /Users/admin/builder/spi-builder-workspace/.swiftpm/xcode
/Applications/Xcode-26.5.0.app/Contents/Developer/Toolchains/XcodeDefault.xctoolchain/usr/bin/clang-stat-cache /Applications/Xcode-26.5.0.app/Contents/Developer/Platforms/WatchOS.platform/Developer/SDKs/WatchOS26.5.sdk -o /Users/admin/builder/spi-builder-workspace/.derivedData/SDKStatCaches.noindex/watchos26.5-23T570-688ef53f1462e2c8f657fdc38a81448f7931b973dfc65d9472806dbbc3af9379.sdkstatcache
CreateBuildDirectory /Users/admin/builder/spi-builder-workspace/.derivedData/Build/Products/Debug-watchos
cd /Users/admin/builder/spi-builder-workspace/.swiftpm/xcode
builtin-create-build-directory /Users/admin/builder/spi-builder-workspace/.derivedData/Build/Products/Debug-watchos
CreateBuildDirectory /Users/admin/builder/spi-builder-workspace/.derivedData/Build/Intermediates.noindex/SwiftExplicitPrecompiledModules
cd /Users/admin/builder/spi-builder-workspace/.swiftpm/xcode
builtin-create-build-directory /Users/admin/builder/spi-builder-workspace/.derivedData/Build/Intermediates.noindex/SwiftExplicitPrecompiledModules
CreateBuildDirectory /Users/admin/builder/spi-builder-workspace/.derivedData/Build/Intermediates.noindex/ExplicitPrecompiledModules
cd /Users/admin/builder/spi-builder-workspace/.swiftpm/xcode
builtin-create-build-directory /Users/admin/builder/spi-builder-workspace/.derivedData/Build/Intermediates.noindex/ExplicitPrecompiledModules
CreateBuildDirectory /Users/admin/builder/spi-builder-workspace/.derivedData/Build/Intermediates.noindex/EagerLinkingTBDs/Debug-watchos
cd /Users/admin/builder/spi-builder-workspace/.swiftpm/xcode
builtin-create-build-directory /Users/admin/builder/spi-builder-workspace/.derivedData/Build/Intermediates.noindex/EagerLinkingTBDs/Debug-watchos
CreateBuildDirectory /Users/admin/builder/spi-builder-workspace/.derivedData/Build/Products/Debug-watchos/PackageFrameworks
cd /Users/admin/builder/spi-builder-workspace/.swiftpm/xcode
builtin-create-build-directory /Users/admin/builder/spi-builder-workspace/.derivedData/Build/Products/Debug-watchos/PackageFrameworks
WriteAuxiliaryFile /Users/admin/builder/spi-builder-workspace/.derivedData/Build/Intermediates.noindex/swift-responsive-layout.build/Debug-watchos/ResponsiveLayoutKit.build/ResponsiveLayoutKit.DependencyStaticMetadataFileList (in target 'ResponsiveLayoutKit' from project 'swift-responsive-layout')
cd /Users/admin/builder/spi-builder-workspace
write-file /Users/admin/builder/spi-builder-workspace/.derivedData/Build/Intermediates.noindex/swift-responsive-layout.build/Debug-watchos/ResponsiveLayoutKit.build/ResponsiveLayoutKit.DependencyStaticMetadataFileList
WriteAuxiliaryFile /Users/admin/builder/spi-builder-workspace/.derivedData/Build/Intermediates.noindex/swift-responsive-layout.build/Debug-watchos/ResponsiveLayoutKit.build/ResponsiveLayoutKit.modulemap (in target 'ResponsiveLayoutKit' from project 'swift-responsive-layout')
cd /Users/admin/builder/spi-builder-workspace
write-file /Users/admin/builder/spi-builder-workspace/.derivedData/Build/Intermediates.noindex/swift-responsive-layout.build/Debug-watchos/ResponsiveLayoutKit.build/ResponsiveLayoutKit.modulemap
WriteAuxiliaryFile /Users/admin/builder/spi-builder-workspace/.derivedData/Build/Intermediates.noindex/swift-responsive-layout.build/Debug-watchos/ResponsiveLayoutKit.build/ResponsiveLayoutKit.DependencyMetadataFileList (in target 'ResponsiveLayoutKit' from project 'swift-responsive-layout')
cd /Users/admin/builder/spi-builder-workspace
write-file /Users/admin/builder/spi-builder-workspace/.derivedData/Build/Intermediates.noindex/swift-responsive-layout.build/Debug-watchos/ResponsiveLayoutKit.build/ResponsiveLayoutKit.DependencyMetadataFileList
WriteAuxiliaryFile /Users/admin/builder/spi-builder-workspace/.derivedData/Build/Intermediates.noindex/swift-responsive-layout.build/Debug-watchos/ResponsiveLayoutKit.build/Objects-normal/arm64/ResponsiveLayoutKit_const_extract_protocols.json (in target 'ResponsiveLayoutKit' from project 'swift-responsive-layout')
cd /Users/admin/builder/spi-builder-workspace
write-file /Users/admin/builder/spi-builder-workspace/.derivedData/Build/Intermediates.noindex/swift-responsive-layout.build/Debug-watchos/ResponsiveLayoutKit.build/Objects-normal/arm64/ResponsiveLayoutKit_const_extract_protocols.json
WriteAuxiliaryFile /Users/admin/builder/spi-builder-workspace/.derivedData/Build/Intermediates.noindex/swift-responsive-layout.build/Debug-watchos/ResponsiveLayoutKit.build/Objects-normal/arm64_32/ResponsiveLayoutKit.SwiftFileList (in target 'ResponsiveLayoutKit' from project 'swift-responsive-layout')
cd /Users/admin/builder/spi-builder-workspace
write-file /Users/admin/builder/spi-builder-workspace/.derivedData/Build/Intermediates.noindex/swift-responsive-layout.build/Debug-watchos/ResponsiveLayoutKit.build/Objects-normal/arm64_32/ResponsiveLayoutKit.SwiftFileList
WriteAuxiliaryFile /Users/admin/builder/spi-builder-workspace/.derivedData/Build/Intermediates.noindex/swift-responsive-layout.build/Debug-watchos/ResponsiveLayoutKit.build/Objects-normal/arm64_32/ResponsiveLayoutKit-OutputFileMap.json (in target 'ResponsiveLayoutKit' from project 'swift-responsive-layout')
cd /Users/admin/builder/spi-builder-workspace
write-file /Users/admin/builder/spi-builder-workspace/.derivedData/Build/Intermediates.noindex/swift-responsive-layout.build/Debug-watchos/ResponsiveLayoutKit.build/Objects-normal/arm64_32/ResponsiveLayoutKit-OutputFileMap.json
WriteAuxiliaryFile /Users/admin/builder/spi-builder-workspace/.derivedData/Build/Intermediates.noindex/swift-responsive-layout.build/Debug-watchos/ResponsiveLayoutKit.build/Objects-normal/arm64_32/ResponsiveLayoutKit.LinkFileList (in target 'ResponsiveLayoutKit' from project 'swift-responsive-layout')
cd /Users/admin/builder/spi-builder-workspace
write-file /Users/admin/builder/spi-builder-workspace/.derivedData/Build/Intermediates.noindex/swift-responsive-layout.build/Debug-watchos/ResponsiveLayoutKit.build/Objects-normal/arm64_32/ResponsiveLayoutKit.LinkFileList
WriteAuxiliaryFile /Users/admin/builder/spi-builder-workspace/.derivedData/Build/Intermediates.noindex/swift-responsive-layout.build/Debug-watchos/ResponsiveLayoutKit.build/Objects-normal/arm64_32/ResponsiveLayoutKit_const_extract_protocols.json (in target 'ResponsiveLayoutKit' from project 'swift-responsive-layout')
cd /Users/admin/builder/spi-builder-workspace
write-file /Users/admin/builder/spi-builder-workspace/.derivedData/Build/Intermediates.noindex/swift-responsive-layout.build/Debug-watchos/ResponsiveLayoutKit.build/Objects-normal/arm64_32/ResponsiveLayoutKit_const_extract_protocols.json
WriteAuxiliaryFile /Users/admin/builder/spi-builder-workspace/.derivedData/Build/Intermediates.noindex/swift-responsive-layout.build/Debug-watchos/ResponsiveLayoutKit.build/Objects-normal/arm64/ResponsiveLayoutKit-OutputFileMap.json (in target 'ResponsiveLayoutKit' from project 'swift-responsive-layout')
cd /Users/admin/builder/spi-builder-workspace
write-file /Users/admin/builder/spi-builder-workspace/.derivedData/Build/Intermediates.noindex/swift-responsive-layout.build/Debug-watchos/ResponsiveLayoutKit.build/Objects-normal/arm64/ResponsiveLayoutKit-OutputFileMap.json
WriteAuxiliaryFile /Users/admin/builder/spi-builder-workspace/.derivedData/Build/Intermediates.noindex/swift-responsive-layout.build/Debug-watchos/ResponsiveLayoutKit.build/Objects-normal/arm64/ResponsiveLayoutKit.SwiftFileList (in target 'ResponsiveLayoutKit' from project 'swift-responsive-layout')
cd /Users/admin/builder/spi-builder-workspace
write-file /Users/admin/builder/spi-builder-workspace/.derivedData/Build/Intermediates.noindex/swift-responsive-layout.build/Debug-watchos/ResponsiveLayoutKit.build/Objects-normal/arm64/ResponsiveLayoutKit.SwiftFileList
WriteAuxiliaryFile /Users/admin/builder/spi-builder-workspace/.derivedData/Build/Intermediates.noindex/swift-responsive-layout.build/Debug-watchos/ResponsiveLayoutKit.build/Objects-normal/arm64_32/ResponsiveLayoutKit.SwiftConstValuesFileList (in target 'ResponsiveLayoutKit' from project 'swift-responsive-layout')
cd /Users/admin/builder/spi-builder-workspace
write-file /Users/admin/builder/spi-builder-workspace/.derivedData/Build/Intermediates.noindex/swift-responsive-layout.build/Debug-watchos/ResponsiveLayoutKit.build/Objects-normal/arm64_32/ResponsiveLayoutKit.SwiftConstValuesFileList
WriteAuxiliaryFile /Users/admin/builder/spi-builder-workspace/.derivedData/Build/Intermediates.noindex/swift-responsive-layout.build/Debug-watchos/ResponsiveLayoutKit.build/Objects-normal/arm64/ResponsiveLayoutKit.SwiftConstValuesFileList (in target 'ResponsiveLayoutKit' from project 'swift-responsive-layout')
cd /Users/admin/builder/spi-builder-workspace
write-file /Users/admin/builder/spi-builder-workspace/.derivedData/Build/Intermediates.noindex/swift-responsive-layout.build/Debug-watchos/ResponsiveLayoutKit.build/Objects-normal/arm64/ResponsiveLayoutKit.SwiftConstValuesFileList
WriteAuxiliaryFile /Users/admin/builder/spi-builder-workspace/.derivedData/Build/Intermediates.noindex/swift-responsive-layout.build/Debug-watchos/ResponsiveLayoutKit.build/Objects-normal/arm64/ResponsiveLayoutKit.LinkFileList (in target 'ResponsiveLayoutKit' from project 'swift-responsive-layout')
cd /Users/admin/builder/spi-builder-workspace
write-file /Users/admin/builder/spi-builder-workspace/.derivedData/Build/Intermediates.noindex/swift-responsive-layout.build/Debug-watchos/ResponsiveLayoutKit.build/Objects-normal/arm64/ResponsiveLayoutKit.LinkFileList
Copy /Users/admin/builder/spi-builder-workspace/.derivedData/Build/Intermediates.noindex/GeneratedModuleMaps-watchos/ResponsiveLayoutKit.modulemap /Users/admin/builder/spi-builder-workspace/.derivedData/Build/Intermediates.noindex/swift-responsive-layout.build/Debug-watchos/ResponsiveLayoutKit.build/ResponsiveLayoutKit.modulemap (in target 'ResponsiveLayoutKit' from project 'swift-responsive-layout')
cd /Users/admin/builder/spi-builder-workspace
builtin-copy -exclude .DS_Store -exclude CVS -exclude .svn -exclude .git -exclude .hg -resolve-src-symlinks /Users/admin/builder/spi-builder-workspace/.derivedData/Build/Intermediates.noindex/swift-responsive-layout.build/Debug-watchos/ResponsiveLayoutKit.build/ResponsiveLayoutKit.modulemap /Users/admin/builder/spi-builder-workspace/.derivedData/Build/Intermediates.noindex/GeneratedModuleMaps-watchos
SwiftDriver ResponsiveLayoutKit normal arm64 com.apple.xcode.tools.swift.compiler (in target 'ResponsiveLayoutKit' from project 'swift-responsive-layout')
cd /Users/admin/builder/spi-builder-workspace/.swiftpm/xcode
builtin-SwiftDriver -- /Applications/Xcode-26.5.0.app/Contents/Developer/Toolchains/XcodeDefault.xctoolchain/usr/bin/swiftc -module-name ResponsiveLayoutKit -Onone @/Users/admin/builder/spi-builder-workspace/.derivedData/Build/Intermediates.noindex/swift-responsive-layout.build/Debug-watchos/ResponsiveLayoutKit.build/Objects-normal/arm64/ResponsiveLayoutKit.SwiftFileList -DSWIFT_PACKAGE -DDEBUG -DSWIFT_MODULE_RESOURCE_BUNDLE_UNAVAILABLE -DXcode -plugin-path /Applications/Xcode-26.5.0.app/Contents/Developer/Toolchains/XcodeDefault.xctoolchain/usr/lib/swift/host/plugins/testing -enable-experimental-feature DebugDescriptionMacro -sdk /Applications/Xcode-26.5.0.app/Contents/Developer/Platforms/WatchOS.platform/Developer/SDKs/WatchOS26.5.sdk -target arm64-apple-watchos26.0 -g -module-cache-path /Users/admin/builder/spi-builder-workspace/.derivedData/ModuleCache.noindex -Xfrontend -serialize-debugging-options -profile-coverage-mapping -profile-generate -enable-testing -index-store-path /Users/admin/builder/spi-builder-workspace/.derivedData/Index.noindex/DataStore -Xcc -D_LIBCPP_HARDENING_MODE\=_LIBCPP_HARDENING_MODE_DEBUG -swift-version 6 -I /Users/admin/builder/spi-builder-workspace/.derivedData/Build/Products/Debug-watchos -Isystem /Applications/Xcode-26.5.0.app/Contents/Developer/Platforms/WatchOS.platform/Developer/usr/lib -F /Users/admin/builder/spi-builder-workspace/.derivedData/Build/Products/Debug-watchos -F /Applications/Xcode-26.5.0.app/Contents/Developer/Platforms/WatchOS.platform/Developer/Library/Frameworks -F /Applications/Xcode-26.5.0.app/Contents/Developer/Platforms/WatchOS.platform/Developer/SDKs/WatchOS26.5.sdk/Developer/Library/Frameworks -c -j10 -enable-batch-mode -incremental -Xcc -ivfsstatcache -Xcc /Users/admin/builder/spi-builder-workspace/.derivedData/SDKStatCaches.noindex/watchos26.5-23T570-688ef53f1462e2c8f657fdc38a81448f7931b973dfc65d9472806dbbc3af9379.sdkstatcache -output-file-map /Users/admin/builder/spi-builder-workspace/.derivedData/Build/Intermediates.noindex/swift-responsive-layout.build/Debug-watchos/ResponsiveLayoutKit.build/Objects-normal/arm64/ResponsiveLayoutKit-OutputFileMap.json -use-frontend-parseable-output -save-temps -no-color-diagnostics -explicit-module-build -module-cache-path /Users/admin/builder/spi-builder-workspace/.derivedData/Build/Intermediates.noindex/SwiftExplicitPrecompiledModules -clang-scanner-module-cache-path /Users/admin/builder/spi-builder-workspace/.derivedData/ModuleCache.noindex -sdk-module-cache-path /Users/admin/builder/spi-builder-workspace/.derivedData/ModuleCache.noindex -serialize-diagnostics -emit-dependencies -emit-module -emit-module-path /Users/admin/builder/spi-builder-workspace/.derivedData/Build/Intermediates.noindex/swift-responsive-layout.build/Debug-watchos/ResponsiveLayoutKit.build/Objects-normal/arm64/ResponsiveLayoutKit.swiftmodule -validate-clang-modules-once -clang-build-session-file /Users/admin/builder/spi-builder-workspace/.derivedData/ModuleCache.noindex/Session.modulevalidation -package-name spi_builder_workspace -Xcc -I/Users/admin/builder/spi-builder-workspace/.derivedData/Build/Intermediates.noindex/swift-responsive-layout.build/Debug-watchos/ResponsiveLayoutKit.build/swift-overrides.hmap -emit-const-values -Xfrontend -const-gather-protocols-file -Xfrontend /Users/admin/builder/spi-builder-workspace/.derivedData/Build/Intermediates.noindex/swift-responsive-layout.build/Debug-watchos/ResponsiveLayoutKit.build/Objects-normal/arm64/ResponsiveLayoutKit_const_extract_protocols.json -Xcc -I/Users/admin/builder/spi-builder-workspace/.derivedData/Build/Products/Debug-watchos/include -Xcc -I/Users/admin/builder/spi-builder-workspace/.derivedData/Build/Intermediates.noindex/swift-responsive-layout.build/Debug-watchos/ResponsiveLayoutKit.build/DerivedSources-normal/arm64 -Xcc -I/Users/admin/builder/spi-builder-workspace/.derivedData/Build/Intermediates.noindex/swift-responsive-layout.build/Debug-watchos/ResponsiveLayoutKit.build/DerivedSources/arm64 -Xcc -I/Users/admin/builder/spi-builder-workspace/.derivedData/Build/Intermediates.noindex/swift-responsive-layout.build/Debug-watchos/ResponsiveLayoutKit.build/DerivedSources -Xcc -DSWIFT_PACKAGE -Xcc -DDEBUG\=1 -emit-objc-header -emit-objc-header-path /Users/admin/builder/spi-builder-workspace/.derivedData/Build/Intermediates.noindex/swift-responsive-layout.build/Debug-watchos/ResponsiveLayoutKit.build/Objects-normal/arm64/ResponsiveLayoutKit-Swift.h -working-directory /Users/admin/builder/spi-builder-workspace/.swiftpm/xcode -experimental-emit-module-separately -disable-cmo
SwiftDriver ResponsiveLayoutKit normal arm64_32 com.apple.xcode.tools.swift.compiler (in target 'ResponsiveLayoutKit' from project 'swift-responsive-layout')
cd /Users/admin/builder/spi-builder-workspace/.swiftpm/xcode
builtin-SwiftDriver -- /Applications/Xcode-26.5.0.app/Contents/Developer/Toolchains/XcodeDefault.xctoolchain/usr/bin/swiftc -module-name ResponsiveLayoutKit -Onone @/Users/admin/builder/spi-builder-workspace/.derivedData/Build/Intermediates.noindex/swift-responsive-layout.build/Debug-watchos/ResponsiveLayoutKit.build/Objects-normal/arm64_32/ResponsiveLayoutKit.SwiftFileList -DSWIFT_PACKAGE -DDEBUG -DSWIFT_MODULE_RESOURCE_BUNDLE_UNAVAILABLE -DXcode -plugin-path /Applications/Xcode-26.5.0.app/Contents/Developer/Toolchains/XcodeDefault.xctoolchain/usr/lib/swift/host/plugins/testing -enable-experimental-feature DebugDescriptionMacro -sdk /Applications/Xcode-26.5.0.app/Contents/Developer/Platforms/WatchOS.platform/Developer/SDKs/WatchOS26.5.sdk -target arm64_32-apple-watchos26.0 -g -module-cache-path /Users/admin/builder/spi-builder-workspace/.derivedData/ModuleCache.noindex -Xfrontend -serialize-debugging-options -profile-coverage-mapping -profile-generate -enable-testing -index-store-path /Users/admin/builder/spi-builder-workspace/.derivedData/Index.noindex/DataStore -Xcc -D_LIBCPP_HARDENING_MODE\=_LIBCPP_HARDENING_MODE_DEBUG -swift-version 6 -I /Users/admin/builder/spi-builder-workspace/.derivedData/Build/Products/Debug-watchos -Isystem /Applications/Xcode-26.5.0.app/Contents/Developer/Platforms/WatchOS.platform/Developer/usr/lib -F /Users/admin/builder/spi-builder-workspace/.derivedData/Build/Products/Debug-watchos -F /Applications/Xcode-26.5.0.app/Contents/Developer/Platforms/WatchOS.platform/Developer/Library/Frameworks -F /Applications/Xcode-26.5.0.app/Contents/Developer/Platforms/WatchOS.platform/Developer/SDKs/WatchOS26.5.sdk/Developer/Library/Frameworks -c -j10 -enable-batch-mode -incremental -Xcc -ivfsstatcache -Xcc /Users/admin/builder/spi-builder-workspace/.derivedData/SDKStatCaches.noindex/watchos26.5-23T570-688ef53f1462e2c8f657fdc38a81448f7931b973dfc65d9472806dbbc3af9379.sdkstatcache -output-file-map /Users/admin/builder/spi-builder-workspace/.derivedData/Build/Intermediates.noindex/swift-responsive-layout.build/Debug-watchos/ResponsiveLayoutKit.build/Objects-normal/arm64_32/ResponsiveLayoutKit-OutputFileMap.json -use-frontend-parseable-output -save-temps -no-color-diagnostics -explicit-module-build -module-cache-path /Users/admin/builder/spi-builder-workspace/.derivedData/Build/Intermediates.noindex/SwiftExplicitPrecompiledModules -clang-scanner-module-cache-path /Users/admin/builder/spi-builder-workspace/.derivedData/ModuleCache.noindex -sdk-module-cache-path /Users/admin/builder/spi-builder-workspace/.derivedData/ModuleCache.noindex -serialize-diagnostics -emit-dependencies -emit-module -emit-module-path /Users/admin/builder/spi-builder-workspace/.derivedData/Build/Intermediates.noindex/swift-responsive-layout.build/Debug-watchos/ResponsiveLayoutKit.build/Objects-normal/arm64_32/ResponsiveLayoutKit.swiftmodule -validate-clang-modules-once -clang-build-session-file /Users/admin/builder/spi-builder-workspace/.derivedData/ModuleCache.noindex/Session.modulevalidation -package-name spi_builder_workspace -Xcc -I/Users/admin/builder/spi-builder-workspace/.derivedData/Build/Intermediates.noindex/swift-responsive-layout.build/Debug-watchos/ResponsiveLayoutKit.build/swift-overrides.hmap -emit-const-values -Xfrontend -const-gather-protocols-file -Xfrontend /Users/admin/builder/spi-builder-workspace/.derivedData/Build/Intermediates.noindex/swift-responsive-layout.build/Debug-watchos/ResponsiveLayoutKit.build/Objects-normal/arm64_32/ResponsiveLayoutKit_const_extract_protocols.json -Xcc -I/Users/admin/builder/spi-builder-workspace/.derivedData/Build/Products/Debug-watchos/include -Xcc -I/Users/admin/builder/spi-builder-workspace/.derivedData/Build/Intermediates.noindex/swift-responsive-layout.build/Debug-watchos/ResponsiveLayoutKit.build/DerivedSources-normal/arm64_32 -Xcc -I/Users/admin/builder/spi-builder-workspace/.derivedData/Build/Intermediates.noindex/swift-responsive-layout.build/Debug-watchos/ResponsiveLayoutKit.build/DerivedSources/arm64_32 -Xcc -I/Users/admin/builder/spi-builder-workspace/.derivedData/Build/Intermediates.noindex/swift-responsive-layout.build/Debug-watchos/ResponsiveLayoutKit.build/DerivedSources -Xcc -DSWIFT_PACKAGE -Xcc -DDEBUG\=1 -emit-objc-header -emit-objc-header-path /Users/admin/builder/spi-builder-workspace/.derivedData/Build/Intermediates.noindex/swift-responsive-layout.build/Debug-watchos/ResponsiveLayoutKit.build/Objects-normal/arm64_32/ResponsiveLayoutKit-Swift.h -working-directory /Users/admin/builder/spi-builder-workspace/.swiftpm/xcode -experimental-emit-module-separately -disable-cmo
SwiftExplicitDependencyGeneratePcm arm64_32 /Users/admin/builder/spi-builder-workspace/.derivedData/ModuleCache.noindex/ptrauth-EIGELRNUEL7SAJU41BKCUDR6K.pcm
SwiftExplicitDependencyGeneratePcm arm64_32 /Users/admin/builder/spi-builder-workspace/.derivedData/ModuleCache.noindex/_Builtin_float-BHCK2B2ROVBMZ91A2DBMECP3P.pcm
SwiftExplicitDependencyGeneratePcm arm64_32 /Users/admin/builder/spi-builder-workspace/.derivedData/ModuleCache.noindex/_AvailabilityInternal-DLHW2QV8S38P9IRN7DKDTHEP9.pcm
SwiftExplicitDependencyGeneratePcm arm64_32 /Users/admin/builder/spi-builder-workspace/.derivedData/ModuleCache.noindex/_SwiftConcurrencyShims-49MSOLZ7F449TZ0TRVKQIVZNP.pcm
SwiftExplicitDependencyGeneratePcm arm64_32 /Users/admin/builder/spi-builder-workspace/.derivedData/ModuleCache.noindex/_Builtin_stdbool-29VZCTHK280GJHA571SXG9ASG.pcm
SwiftExplicitDependencyGeneratePcm arm64_32 /Users/admin/builder/spi-builder-workspace/.derivedData/ModuleCache.noindex/_Builtin_stdarg-2846LW51WR3FJYNEE769BGM54.pcm
SwiftExplicitDependencyGeneratePcm arm64_32 /Users/admin/builder/spi-builder-workspace/.derivedData/ModuleCache.noindex/DeveloperToolsSupport-2GO81KTT8NADYY1YLL3E6R3U0.pcm
SwiftExplicitDependencyGeneratePcm arm64_32 /Users/admin/builder/spi-builder-workspace/.derivedData/ModuleCache.noindex/_Builtin_stddef-44ZBBCAVH9H95PIUL2R06EPNN.pcm
SwiftExplicitDependencyGeneratePcm arm64_32 /Users/admin/builder/spi-builder-workspace/.derivedData/ModuleCache.noindex/ptrcheck-AUKOWKLJ5LR59DLJDZ0QMNHKP.pcm
SwiftExplicitDependencyGeneratePcm arm64_32 /Users/admin/builder/spi-builder-workspace/.derivedData/ModuleCache.noindex/SwiftShims-Y9UOIV5KSIS0KDX5BDVVAMKQ.pcm
SwiftExplicitDependencyGeneratePcm arm64 /Users/admin/builder/spi-builder-workspace/.derivedData/ModuleCache.noindex/_Builtin_stddef-7O9IMW3SKT9J5KMH1DFSCTUT2.pcm
SwiftExplicitDependencyGeneratePcm arm64 /Users/admin/builder/spi-builder-workspace/.derivedData/ModuleCache.noindex/_Builtin_float-2WT5Y9SB362ACJMEXFZK7ZNN2.pcm
SwiftExplicitDependencyGeneratePcm arm64 /Users/admin/builder/spi-builder-workspace/.derivedData/ModuleCache.noindex/_Builtin_stdarg-30UO0JZ3BZL3UJMXZ8NY7BG2N.pcm
SwiftExplicitDependencyGeneratePcm arm64 /Users/admin/builder/spi-builder-workspace/.derivedData/ModuleCache.noindex/DeveloperToolsSupport-3Z5QE87KGVW8G2DDTR9K1HB9K.pcm
SwiftExplicitDependencyGeneratePcm arm64 /Users/admin/builder/spi-builder-workspace/.derivedData/ModuleCache.noindex/SwiftShims-BSAA6BK72NLSMMSC85W2FICHH.pcm
SwiftExplicitDependencyGeneratePcm arm64 /Users/admin/builder/spi-builder-workspace/.derivedData/ModuleCache.noindex/ptrauth-6RRLJFTMP964BUOH3ZA18NCET.pcm
SwiftExplicitDependencyGeneratePcm arm64 /Users/admin/builder/spi-builder-workspace/.derivedData/ModuleCache.noindex/_AvailabilityInternal-EOZA7RNZF83GHAFYVNANSPB7K.pcm
SwiftExplicitDependencyGeneratePcm arm64 /Users/admin/builder/spi-builder-workspace/.derivedData/ModuleCache.noindex/_SwiftConcurrencyShims-6JV4TIBCO35VV8QOUUP4HYHU8.pcm
SwiftExplicitDependencyGeneratePcm arm64 /Users/admin/builder/spi-builder-workspace/.derivedData/ModuleCache.noindex/_Builtin_stdbool-3K0NS9706ZZKMB26W34N7NRJO.pcm
SwiftExplicitDependencyGeneratePcm arm64 /Users/admin/builder/spi-builder-workspace/.derivedData/ModuleCache.noindex/ptrcheck-B3DWAI23K1VSBZ9B4HQFDUGA9.pcm
SwiftExplicitDependencyGeneratePcm arm64_32 /Users/admin/builder/spi-builder-workspace/.derivedData/ModuleCache.noindex/_DarwinFoundation1-BH2JKT0EOE6EKNI1RBDKTQWZU.pcm
SwiftExplicitDependencyGeneratePcm arm64 /Users/admin/builder/spi-builder-workspace/.derivedData/ModuleCache.noindex/_DarwinFoundation1-227SNA2OQZAYY2EILOQ4OZWWI.pcm
SwiftExplicitDependencyGeneratePcm arm64_32 /Users/admin/builder/spi-builder-workspace/.derivedData/ModuleCache.noindex/_Builtin_limits-6HWMASE09GWITZD3QJ535CHWD.pcm
SwiftExplicitDependencyGeneratePcm arm64_32 /Users/admin/builder/spi-builder-workspace/.derivedData/ModuleCache.noindex/_DarwinFoundation2-9GSSHE2BT8BHCO2O1DDAW0NKJ.pcm
SwiftExplicitDependencyGeneratePcm arm64 /Users/admin/builder/spi-builder-workspace/.derivedData/ModuleCache.noindex/_Builtin_limits-BZZBOTGJQZJ01O3UJXM4TUTUN.pcm
SwiftExplicitDependencyGeneratePcm arm64 /Users/admin/builder/spi-builder-workspace/.derivedData/ModuleCache.noindex/_DarwinFoundation2-AWB6S4FOQZ2F9R5HPQGPXLQM1.pcm
SwiftExplicitDependencyGeneratePcm arm64_32 /Users/admin/builder/spi-builder-workspace/.derivedData/ModuleCache.noindex/_Builtin_tgmath-CLWIHJL0E1YNNKOM2DFNKXLSN.pcm
SwiftExplicitDependencyGeneratePcm arm64_32 /Users/admin/builder/spi-builder-workspace/.derivedData/ModuleCache.noindex/_Builtin_stdint-A5GOZXANJIP53GSEWN310YNNY.pcm
SwiftExplicitDependencyGeneratePcm arm64_32 /Users/admin/builder/spi-builder-workspace/.derivedData/ModuleCache.noindex/sys_types-7PPBQQMP9WOPXZY9PV3O6HWOJ.pcm
SwiftExplicitDependencyGeneratePcm arm64 /Users/admin/builder/spi-builder-workspace/.derivedData/ModuleCache.noindex/_Builtin_tgmath-52S12NPAFZC0JNVGTPT0KX4GS.pcm
SwiftExplicitDependencyGeneratePcm arm64 /Users/admin/builder/spi-builder-workspace/.derivedData/ModuleCache.noindex/_Builtin_stdint-ZZ44XETV7JCUHQPW9HSEGAW0.pcm
SwiftExplicitDependencyGeneratePcm arm64 /Users/admin/builder/spi-builder-workspace/.derivedData/ModuleCache.noindex/sys_types-44TDJXBNABH6YIBIB1L6UJG2A.pcm
SwiftExplicitDependencyGeneratePcm arm64_32 /Users/admin/builder/spi-builder-workspace/.derivedData/ModuleCache.noindex/_Builtin_intrinsics-3R0A4SIF6N104KFIOXPA025L7.pcm
SwiftExplicitDependencyGeneratePcm arm64_32 /Users/admin/builder/spi-builder-workspace/.derivedData/ModuleCache.noindex/_Builtin_stdatomic-5U5ITJZ0O5PNT4FRT0VIAZW0S.pcm
SwiftExplicitDependencyGeneratePcm arm64_32 /Users/admin/builder/spi-builder-workspace/.derivedData/ModuleCache.noindex/_DarwinFoundation3-86NTIOJMBO32S9WDN64L1LC6L.pcm
SwiftExplicitDependencyGeneratePcm arm64 /Users/admin/builder/spi-builder-workspace/.derivedData/ModuleCache.noindex/_Builtin_stdatomic-4FPXSGJ3807R0A98B7RJ7KO3P.pcm
SwiftExplicitDependencyGeneratePcm arm64 /Users/admin/builder/spi-builder-workspace/.derivedData/ModuleCache.noindex/_Builtin_intrinsics-9F51UDMJGCH2YPDOXH60OPSS9.pcm
SwiftExplicitDependencyGeneratePcm arm64 /Users/admin/builder/spi-builder-workspace/.derivedData/ModuleCache.noindex/_DarwinFoundation3-DG1LCR8UJOFMAEKZ4QOY33HZX.pcm
SwiftExplicitDependencyGeneratePcm arm64_32 /Users/admin/builder/spi-builder-workspace/.derivedData/ModuleCache.noindex/_Builtin_inttypes-IK3B20A93OGK2P0MVMMPHD49.pcm
SwiftExplicitDependencyGeneratePcm arm64 /Users/admin/builder/spi-builder-workspace/.derivedData/ModuleCache.noindex/_Builtin_inttypes-9RH3ZGRF7L0UFIAA3RWNP3416.pcm
SwiftExplicitDependencyGeneratePcm arm64_32 /Users/admin/builder/spi-builder-workspace/.derivedData/ModuleCache.noindex/Darwin-7EOY6B0FYD3NKAS35RMGXP5LK.pcm
SwiftExplicitDependencyGeneratePcm arm64 /Users/admin/builder/spi-builder-workspace/.derivedData/ModuleCache.noindex/Darwin-16I5UGYPDATFKFISIN5OQGOVM.pcm
SwiftExplicitDependencyGeneratePcm arm64_32 /Users/admin/builder/spi-builder-workspace/.derivedData/ModuleCache.noindex/simd-1DNCP4NJ53D3H5JQJ5PMHIZO9.pcm
SwiftExplicitDependencyGeneratePcm arm64 /Users/admin/builder/spi-builder-workspace/.derivedData/ModuleCache.noindex/simd-4FRD9SUHM7EOTN524JYBMDL9S.pcm
SwiftExplicitDependencyGeneratePcm arm64_32 /Users/admin/builder/spi-builder-workspace/.derivedData/ModuleCache.noindex/MachO-AZNX121YHV7UPYG4ADKN4OZAW.pcm
SwiftExplicitDependencyGeneratePcm arm64_32 /Users/admin/builder/spi-builder-workspace/.derivedData/ModuleCache.noindex/ObjectiveC-MY1YPPP48ZKLRCFMRI5GO9R.pcm
SwiftExplicitDependencyGeneratePcm arm64 /Users/admin/builder/spi-builder-workspace/.derivedData/ModuleCache.noindex/ObjectiveC-8UETU9VIN6TLHAJS803FFNIGA.pcm
SwiftExplicitDependencyGeneratePcm arm64 /Users/admin/builder/spi-builder-workspace/.derivedData/ModuleCache.noindex/MachO-5ONAD48ZCP7NZVK80MAC9ZP1V.pcm
SwiftExplicitDependencyGeneratePcm arm64_32 /Users/admin/builder/spi-builder-workspace/.derivedData/ModuleCache.noindex/os_object-E0CVHB9RT7I5F6HKP5IXA5JJN.pcm
SwiftExplicitDependencyGeneratePcm arm64 /Users/admin/builder/spi-builder-workspace/.derivedData/ModuleCache.noindex/os_object-DJJBVMOS2UUUVOJOUK4V18IDX.pcm
SwiftExplicitDependencyGeneratePcm arm64_32 /Users/admin/builder/spi-builder-workspace/.derivedData/ModuleCache.noindex/os_workgroup-3O8OVEKEFKDEG3VCH3RTEZ94B.pcm
SwiftExplicitDependencyGeneratePcm arm64 /Users/admin/builder/spi-builder-workspace/.derivedData/ModuleCache.noindex/os_workgroup-B77XM89IDYHHAHLL7HI5JSCBX.pcm
SwiftExplicitDependencyGeneratePcm arm64_32 /Users/admin/builder/spi-builder-workspace/.derivedData/ModuleCache.noindex/Spatial-85VKLU4REP851J02ULVCRFSGO.pcm
SwiftExplicitDependencyGeneratePcm arm64 /Users/admin/builder/spi-builder-workspace/.derivedData/ModuleCache.noindex/Spatial-9HRB93N5VW6PYLGE8T0EFPCBN.pcm
SwiftExplicitDependencyGeneratePcm arm64 /Users/admin/builder/spi-builder-workspace/.derivedData/ModuleCache.noindex/Dispatch-VJEF7PUQ9LH822JVM5XG6MK1.pcm
SwiftExplicitDependencyGeneratePcm arm64_32 /Users/admin/builder/spi-builder-workspace/.derivedData/ModuleCache.noindex/Dispatch-1FJ1MI5CEQAKDW1VL40ZXGEZX.pcm
SwiftExplicitDependencyGeneratePcm arm64_32 /Users/admin/builder/spi-builder-workspace/.derivedData/ModuleCache.noindex/CoreFoundation-2WN2GWDD3XFIB7PUN7AGTCXVV.pcm
SwiftExplicitDependencyGeneratePcm arm64_32 /Users/admin/builder/spi-builder-workspace/.derivedData/ModuleCache.noindex/XPC-OZIOUFM4EDBR3SQ2IFY2FZJ3.pcm
SwiftExplicitDependencyGeneratePcm arm64 /Users/admin/builder/spi-builder-workspace/.derivedData/ModuleCache.noindex/CoreFoundation-DJJGOYJ4YNQ64CSPYCZOO8QAP.pcm
SwiftExplicitDependencyGeneratePcm arm64 /Users/admin/builder/spi-builder-workspace/.derivedData/ModuleCache.noindex/XPC-BSDTMJV05ILJA5FSICCCI2OL5.pcm
SwiftExplicitDependencyGeneratePcm arm64_32 /Users/admin/builder/spi-builder-workspace/.derivedData/ModuleCache.noindex/os-AZZ732J76QGJY33B6R5MIFKZA.pcm
SwiftExplicitDependencyGeneratePcm arm64 /Users/admin/builder/spi-builder-workspace/.derivedData/ModuleCache.noindex/os-7D8S9K5739H2BVJ8T4L2OULD4.pcm
SwiftExplicitDependencyGeneratePcm arm64 /Users/admin/builder/spi-builder-workspace/.derivedData/ModuleCache.noindex/Security-AURWBFXY7JXCFHSY4JJOY36RH.pcm
SwiftExplicitDependencyGeneratePcm arm64_32 /Users/admin/builder/spi-builder-workspace/.derivedData/ModuleCache.noindex/Security-7N2K583MEDYU75HOC5BPDGNTH.pcm
SwiftExplicitDependencyGeneratePcm arm64 /Users/admin/builder/spi-builder-workspace/.derivedData/ModuleCache.noindex/CoreGraphics-3MA5R5UK6GBUOC4P4OFE5VS19.pcm
SwiftExplicitDependencyGeneratePcm arm64_32 /Users/admin/builder/spi-builder-workspace/.derivedData/ModuleCache.noindex/CoreGraphics-F524NRJVGDPKYF3PEKGNT518N.pcm
SwiftExplicitDependencyGeneratePcm arm64 /Users/admin/builder/spi-builder-workspace/.derivedData/ModuleCache.noindex/Foundation-EK2FWRD3ACYA8LSCWDBUAPYS5.pcm
SwiftExplicitDependencyGeneratePcm arm64_32 /Users/admin/builder/spi-builder-workspace/.derivedData/ModuleCache.noindex/Foundation-83JWXXASQB5K8FJA2ZIQES3E6.pcm
SwiftExplicitDependencyGeneratePcm arm64_32 /Users/admin/builder/spi-builder-workspace/.derivedData/ModuleCache.noindex/CoreText-79NY5LWZ8HPESJI0AO0MYLN5D.pcm
SwiftExplicitDependencyGeneratePcm arm64_32 /Users/admin/builder/spi-builder-workspace/.derivedData/ModuleCache.noindex/CoreVideo-7UOSE33Y508V1V3IPWM55SEZC.pcm
SwiftExplicitDependencyGeneratePcm arm64 /Users/admin/builder/spi-builder-workspace/.derivedData/ModuleCache.noindex/CoreVideo-985TMIA44BSS94Q117Y6639D7.pcm
SwiftExplicitDependencyGeneratePcm arm64 /Users/admin/builder/spi-builder-workspace/.derivedData/ModuleCache.noindex/CoreText-EYJRKUQ27WCB1HTRB56IBRY9B.pcm
SwiftExplicitDependencyGeneratePcm arm64_32 /Users/admin/builder/spi-builder-workspace/.derivedData/ModuleCache.noindex/QuartzCore-12USPEGADCHTKDTUZCOAXAM63.pcm
SwiftExplicitDependencyGeneratePcm arm64_32 /Users/admin/builder/spi-builder-workspace/.derivedData/ModuleCache.noindex/Symbols-5HQJBE5PYI2IPZ7PAHAX63AGK.pcm
SwiftExplicitDependencyGeneratePcm arm64_32 /Users/admin/builder/spi-builder-workspace/.derivedData/ModuleCache.noindex/UIUtilities-E19SAMDRKGYT98T5FC7RGOWDF.pcm
SwiftExplicitDependencyGeneratePcm arm64_32 /Users/admin/builder/spi-builder-workspace/.derivedData/ModuleCache.noindex/CoreData-14E7KK9ZSVMD3TP8ZW2GV0X4S.pcm
SwiftExplicitDependencyGeneratePcm arm64_32 /Users/admin/builder/spi-builder-workspace/.derivedData/ModuleCache.noindex/DataDetection-660BRTUFP46NFLQACAZMXQDZB.pcm
SwiftExplicitDependencyGeneratePcm arm64_32 /Users/admin/builder/spi-builder-workspace/.derivedData/ModuleCache.noindex/_LocationEssentials-9706A5MOX5KXDOCNJXGJGUFY2.pcm
SwiftExplicitDependencyGeneratePcm arm64_32 /Users/admin/builder/spi-builder-workspace/.derivedData/ModuleCache.noindex/OSLog-15NEI8TBYNL7NGXG5C7ESCAFJ.pcm
SwiftExplicitDependencyGeneratePcm arm64_32 /Users/admin/builder/spi-builder-workspace/.derivedData/ModuleCache.noindex/UserNotifications-4FDK30O6696DXAYXRVALE4S01.pcm
SwiftExplicitDependencyGeneratePcm arm64_32 /Users/admin/builder/spi-builder-workspace/.derivedData/ModuleCache.noindex/Accessibility-17K8378OMR05GTGTUM9VDIHIV.pcm
SwiftExplicitDependencyGeneratePcm arm64_32 /Users/admin/builder/spi-builder-workspace/.derivedData/ModuleCache.noindex/CoreTransferable-6PBL3PO6Z26Q2BWB0QQ5I7VZX.pcm
SwiftExplicitDependencyGeneratePcm arm64 /Users/admin/builder/spi-builder-workspace/.derivedData/ModuleCache.noindex/DataDetection-3EK58L9949CR2MZEX1ZGTH50R.pcm
SwiftExplicitDependencyGeneratePcm arm64 /Users/admin/builder/spi-builder-workspace/.derivedData/ModuleCache.noindex/CoreData-KH2054L0187VNCJO73VAG9O3.pcm
SwiftExplicitDependencyGeneratePcm arm64 /Users/admin/builder/spi-builder-workspace/.derivedData/ModuleCache.noindex/_LocationEssentials-DSWGD8ZEJ2T3Y469RUJ3X9HQX.pcm
SwiftExplicitDependencyGeneratePcm arm64 /Users/admin/builder/spi-builder-workspace/.derivedData/ModuleCache.noindex/UniformTypeIdentifiers-E4TOLLH4NNWUYTNS6P5YENY2U.pcm
SwiftExplicitDependencyGeneratePcm arm64 /Users/admin/builder/spi-builder-workspace/.derivedData/ModuleCache.noindex/UIUtilities-1QO3USC2GRAXGF6SE42B3HQP1.pcm
SwiftExplicitDependencyGeneratePcm arm64 /Users/admin/builder/spi-builder-workspace/.derivedData/ModuleCache.noindex/CoreTransferable-A9D9L35UIWR6GL3GRYS68ZDXA.pcm
SwiftExplicitDependencyGeneratePcm arm64 /Users/admin/builder/spi-builder-workspace/.derivedData/ModuleCache.noindex/Accessibility-6NVQ8KS1ZT8WH1VMRAAMMHEW6.pcm
SwiftExplicitDependencyGeneratePcm arm64 /Users/admin/builder/spi-builder-workspace/.derivedData/ModuleCache.noindex/UserNotifications-76B3ZCYYCXK8MRR2RYV6828AT.pcm
SwiftExplicitDependencyGeneratePcm arm64_32 /Users/admin/builder/spi-builder-workspace/.derivedData/ModuleCache.noindex/CoreLocation-GIR83NPBEVL0I6ENJTC7DBH8.pcm
SwiftExplicitDependencyGeneratePcm arm64_32 /Users/admin/builder/spi-builder-workspace/.derivedData/ModuleCache.noindex/UIKit-6S0NXV803QSHD7MRFKRAJT7GD.pcm
SwiftExplicitDependencyGeneratePcm arm64_32 /Users/admin/builder/spi-builder-workspace/.derivedData/ModuleCache.noindex/SwiftUICore-7GKJV7A5WP0EZL149SPH61M31.pcm
SwiftExplicitDependencyGeneratePcm arm64 /Users/admin/builder/spi-builder-workspace/.derivedData/ModuleCache.noindex/QuartzCore-576A9DFY3Z78V6WR7Q5C98BU1.pcm
SwiftExplicitDependencyGeneratePcm arm64 /Users/admin/builder/spi-builder-workspace/.derivedData/ModuleCache.noindex/Symbols-8BE6DNRL8LFORV399JKUZ6RM1.pcm
SwiftExplicitDependencyGeneratePcm arm64 /Users/admin/builder/spi-builder-workspace/.derivedData/ModuleCache.noindex/OSLog-BGTA5CIZOXOV3QB3D2PVT5DN0.pcm
SwiftExplicitDependencyGeneratePcm arm64 /Users/admin/builder/spi-builder-workspace/.derivedData/ModuleCache.noindex/CoreLocation-78GSJB7V4F8SP5KDY69F1WWGK.pcm
SwiftExplicitDependencyGeneratePcm arm64_32 /Users/admin/builder/spi-builder-workspace/.derivedData/ModuleCache.noindex/UniformTypeIdentifiers-DXPJZXQJE91T5VU8IBTRGQ22W.pcm
SwiftExplicitDependencyGeneratePcm arm64_32 /Users/admin/builder/spi-builder-workspace/.derivedData/ModuleCache.noindex/SceneKit-DZKRMK5BXOV0TLACMEA27SHW.pcm
SwiftExplicitDependencyGeneratePcm arm64 /Users/admin/builder/spi-builder-workspace/.derivedData/ModuleCache.noindex/SceneKit-6HYRLALRAOP1AZY7LNZH5YW4P.pcm
SwiftExplicitDependencyGeneratePcm arm64 /Users/admin/builder/spi-builder-workspace/.derivedData/ModuleCache.noindex/SwiftUICore-9LNO6LEESD9O6WBBN6EGBLDNN.pcm
SwiftExplicitDependencyGeneratePcm arm64 /Users/admin/builder/spi-builder-workspace/.derivedData/ModuleCache.noindex/UIKit-C5I9NHZ0ZNO9H8865LVB1667Z.pcm
SwiftExplicitDependencyGeneratePcm arm64_32 /Users/admin/builder/spi-builder-workspace/.derivedData/ModuleCache.noindex/HomeKit-EMRJRHKDIWFWP77UY7M07RU7Q.pcm
SwiftExplicitDependencyGeneratePcm arm64_32 /Users/admin/builder/spi-builder-workspace/.derivedData/ModuleCache.noindex/MapKit-12CEZMJRZNHXTHFMD4Y02O9KK.pcm
SwiftExplicitDependencyGeneratePcm arm64 /Users/admin/builder/spi-builder-workspace/.derivedData/ModuleCache.noindex/MapKit-EDZES24QYIBRWK9AI32W480UY.pcm
SwiftExplicitDependencyGeneratePcm arm64 /Users/admin/builder/spi-builder-workspace/.derivedData/ModuleCache.noindex/HomeKit-3WIXGCOLRTKFPGQP6DP56OPJ5.pcm
SwiftExplicitDependencyGeneratePcm arm64_32 /Users/admin/builder/spi-builder-workspace/.derivedData/ModuleCache.noindex/WatchKit-D66XOXFVU5LFAMA60XKFW15CJ.pcm
SwiftExplicitDependencyGeneratePcm arm64_32 /Users/admin/builder/spi-builder-workspace/.derivedData/ModuleCache.noindex/SwiftUI-125OTHMG1VS2A2YX0HQ9TNHR.pcm
SwiftExplicitDependencyGeneratePcm arm64 /Users/admin/builder/spi-builder-workspace/.derivedData/ModuleCache.noindex/WatchKit-17IHUIUIOEW19NIXQ7W20M1X8.pcm
SwiftCompile normal arm64_32 Compiling\ SceneLayoutReader.swift /Users/admin/builder/spi-builder-workspace/Sources/ResponsiveLayoutKit/SceneLayoutReader.swift (in target 'ResponsiveLayoutKit' from project 'swift-responsive-layout')
SwiftCompile normal arm64_32 /Users/admin/builder/spi-builder-workspace/Sources/ResponsiveLayoutKit/SceneLayoutReader.swift (in target 'ResponsiveLayoutKit' from project 'swift-responsive-layout')
cd /Users/admin/builder/spi-builder-workspace/.swiftpm/xcode
SwiftCompile normal arm64_32 Compiling\ SceneLayoutRegistry.swift /Users/admin/builder/spi-builder-workspace/Sources/ResponsiveLayoutKit/SceneLayoutRegistry.swift (in target 'ResponsiveLayoutKit' from project 'swift-responsive-layout')
SwiftCompile normal arm64_32 /Users/admin/builder/spi-builder-workspace/Sources/ResponsiveLayoutKit/SceneLayoutRegistry.swift (in target 'ResponsiveLayoutKit' from project 'swift-responsive-layout')
cd /Users/admin/builder/spi-builder-workspace/.swiftpm/xcode
SwiftCompile normal arm64_32 Compiling\ View+SceneLayout.swift /Users/admin/builder/spi-builder-workspace/Sources/ResponsiveLayoutKit/View+SceneLayout.swift (in target 'ResponsiveLayoutKit' from project 'swift-responsive-layout')
SwiftCompile normal arm64_32 /Users/admin/builder/spi-builder-workspace/Sources/ResponsiveLayoutKit/View+SceneLayout.swift (in target 'ResponsiveLayoutKit' from project 'swift-responsive-layout')
cd /Users/admin/builder/spi-builder-workspace/.swiftpm/xcode
SwiftCompile normal arm64_32 Compiling\ View+Responsive.swift /Users/admin/builder/spi-builder-workspace/Sources/ResponsiveLayoutKit/View+Responsive.swift (in target 'ResponsiveLayoutKit' from project 'swift-responsive-layout')
SwiftCompile normal arm64_32 /Users/admin/builder/spi-builder-workspace/Sources/ResponsiveLayoutKit/View+Responsive.swift (in target 'ResponsiveLayoutKit' from project 'swift-responsive-layout')
cd /Users/admin/builder/spi-builder-workspace/.swiftpm/xcode
SwiftCompile normal arm64_32 Compiling\ View+ResponsiveContentWidth.swift /Users/admin/builder/spi-builder-workspace/Sources/ResponsiveLayoutKit/View+ResponsiveContentWidth.swift (in target 'ResponsiveLayoutKit' from project 'swift-responsive-layout')
SwiftCompile normal arm64_32 /Users/admin/builder/spi-builder-workspace/Sources/ResponsiveLayoutKit/View+ResponsiveContentWidth.swift (in target 'ResponsiveLayoutKit' from project 'swift-responsive-layout')
cd /Users/admin/builder/spi-builder-workspace/.swiftpm/xcode
SwiftCompile normal arm64_32 Compiling\ SceneLayoutProbe.swift /Users/admin/builder/spi-builder-workspace/Sources/ResponsiveLayoutKit/SceneLayoutProbe.swift (in target 'ResponsiveLayoutKit' from project 'swift-responsive-layout')
SwiftCompile normal arm64_32 /Users/admin/builder/spi-builder-workspace/Sources/ResponsiveLayoutKit/SceneLayoutProbe.swift (in target 'ResponsiveLayoutKit' from project 'swift-responsive-layout')
cd /Users/admin/builder/spi-builder-workspace/.swiftpm/xcode
SwiftCompile normal arm64_32 Compiling\ AccessibilityScrollView.swift,\ EnvironmentValues+ResponsiveLayoutKit.swift /Users/admin/builder/spi-builder-workspace/Sources/ResponsiveLayoutKit/AccessibilityScrollView.swift /Users/admin/builder/spi-builder-workspace/Sources/ResponsiveLayoutKit/EnvironmentValues+ResponsiveLayoutKit.swift (in target 'ResponsiveLayoutKit' from project 'swift-responsive-layout')
SwiftCompile normal arm64_32 /Users/admin/builder/spi-builder-workspace/Sources/ResponsiveLayoutKit/AccessibilityScrollView.swift (in target 'ResponsiveLayoutKit' from project 'swift-responsive-layout')
cd /Users/admin/builder/spi-builder-workspace/.swiftpm/xcode
SwiftCompile normal arm64_32 /Users/admin/builder/spi-builder-workspace/Sources/ResponsiveLayoutKit/EnvironmentValues+ResponsiveLayoutKit.swift (in target 'ResponsiveLayoutKit' from project 'swift-responsive-layout')
cd /Users/admin/builder/spi-builder-workspace/.swiftpm/xcode
SwiftCompile normal arm64_32 Compiling\ ResponsiveLayout.swift,\ ResponsiveView.swift /Users/admin/builder/spi-builder-workspace/Sources/ResponsiveLayoutKit/ResponsiveLayout.swift /Users/admin/builder/spi-builder-workspace/Sources/ResponsiveLayoutKit/ResponsiveView.swift (in target 'ResponsiveLayoutKit' from project 'swift-responsive-layout')
SwiftCompile normal arm64_32 /Users/admin/builder/spi-builder-workspace/Sources/ResponsiveLayoutKit/ResponsiveLayout.swift (in target 'ResponsiveLayoutKit' from project 'swift-responsive-layout')
cd /Users/admin/builder/spi-builder-workspace/.swiftpm/xcode
SwiftCompile normal arm64_32 /Users/admin/builder/spi-builder-workspace/Sources/ResponsiveLayoutKit/ResponsiveView.swift (in target 'ResponsiveLayoutKit' from project 'swift-responsive-layout')
cd /Users/admin/builder/spi-builder-workspace/.swiftpm/xcode
SwiftEmitModule normal arm64_32 Emitting\ module\ for\ ResponsiveLayoutKit (in target 'ResponsiveLayoutKit' from project 'swift-responsive-layout')
Failed frontend command:
/Applications/Xcode-26.5.0.app/Contents/Developer/Toolchains/XcodeDefault.xctoolchain/usr/bin/swift-frontend -frontend -emit-module -experimental-skip-non-inlinable-function-bodies-without-types /Users/admin/builder/spi-builder-workspace/Sources/ResponsiveLayoutKit/AccessibilityScrollView.swift /Users/admin/builder/spi-builder-workspace/Sources/ResponsiveLayoutKit/EnvironmentValues+ResponsiveLayoutKit.swift /Users/admin/builder/spi-builder-workspace/Sources/ResponsiveLayoutKit/LayoutContext.swift /Users/admin/builder/spi-builder-workspace/Sources/ResponsiveLayoutKit/ResponsiveContent.swift /Users/admin/builder/spi-builder-workspace/Sources/ResponsiveLayoutKit/ResponsiveLayout.swift /Users/admin/builder/spi-builder-workspace/Sources/ResponsiveLayoutKit/ResponsiveView.swift /Users/admin/builder/spi-builder-workspace/Sources/ResponsiveLayoutKit/SceneLayoutEnvironment.swift /Users/admin/builder/spi-builder-workspace/Sources/ResponsiveLayoutKit/SceneLayoutMock.swift /Users/admin/builder/spi-builder-workspace/Sources/ResponsiveLayoutKit/SceneLayoutProbe.swift /Users/admin/builder/spi-builder-workspace/Sources/ResponsiveLayoutKit/SceneLayoutReader.swift /Users/admin/builder/spi-builder-workspace/Sources/ResponsiveLayoutKit/SceneLayoutRegistry.swift /Users/admin/builder/spi-builder-workspace/Sources/ResponsiveLayoutKit/View+Responsive.swift /Users/admin/builder/spi-builder-workspace/Sources/ResponsiveLayoutKit/View+ResponsiveContentWidth.swift /Users/admin/builder/spi-builder-workspace/Sources/ResponsiveLayoutKit/View+SceneLayout.swift -target arm64_32-apple-watchos26.0 -load-resolved-plugin /Applications/Xcode-26.5.0.app/Contents/Developer/Platforms/WatchOS.platform/Developer/usr/lib/swift/host/plugins/libFoundationMacros.dylib\#/Applications/Xcode-26.5.0.app/Contents/Developer/Platforms/WatchOS.platform/Developer/usr/bin/swift-plugin-server\#FoundationMacros -load-resolved-plugin /Applications/Xcode-26.5.0.app/Contents/Developer/Platforms/WatchOS.platform/Developer/usr/lib/swift/host/plugins/libObservationMacros.dylib\#/Applications/Xcode-26.5.0.app/Contents/Developer/Platforms/WatchOS.platform/Developer/usr/bin/swift-plugin-server\#ObservationMacros -load-resolved-plugin /Applications/Xcode-26.5.0.app/Contents/Developer/Platforms/WatchOS.platform/Developer/usr/lib/swift/host/plugins/libPreviewsMacros.dylib\#/Applications/Xcode-26.5.0.app/Contents/Developer/Platforms/WatchOS.platform/Developer/usr/bin/swift-plugin-server\#PreviewsMacros -load-resolved-plugin /Applications/Xcode-26.5.0.app/Contents/Developer/Platforms/WatchOS.platform/Developer/usr/lib/swift/host/plugins/libSwiftMacros.dylib\#/Applications/Xcode-26.5.0.app/Contents/Developer/Platforms/WatchOS.platform/Developer/usr/bin/swift-plugin-server\#SwiftMacros -load-resolved-plugin /Applications/Xcode-26.5.0.app/Contents/Developer/Platforms/WatchOS.platform/Developer/usr/lib/swift/host/plugins/libSwiftUIMacros.dylib\#/Applications/Xcode-26.5.0.app/Contents/Developer/Platforms/WatchOS.platform/Developer/usr/bin/swift-plugin-server\#SwiftUIMacros -disable-implicit-swift-modules -Xcc -fno-implicit-modules -Xcc -fno-implicit-module-maps -explicit-swift-module-map-file /Users/admin/builder/spi-builder-workspace/.derivedData/Build/Intermediates.noindex/swift-responsive-layout.build/Debug-watchos/ResponsiveLayoutKit.build/Objects-normal/arm64_32/ResponsiveLayoutKit-dependencies-1.json -enable-objc-interop -sdk /Applications/Xcode-26.5.0.app/Contents/Developer/Platforms/WatchOS.platform/Developer/SDKs/WatchOS26.5.sdk -I /Users/admin/builder/spi-builder-workspace/.derivedData/Build/Products/Debug-watchos -Isystem /Applications/Xcode-26.5.0.app/Contents/Developer/Platforms/WatchOS.platform/Developer/usr/lib -F /Users/admin/builder/spi-builder-workspace/.derivedData/Build/Products/Debug-watchos -F /Applications/Xcode-26.5.0.app/Contents/Developer/Platforms/WatchOS.platform/Developer/Library/Frameworks -F /Applications/Xcode-26.5.0.app/Contents/Developer/Platforms/WatchOS.platform/Developer/SDKs/WatchOS26.5.sdk/Developer/Library/Frameworks -no-color-diagnostics -Xcc -fno-color-diagnostics -enable-testing -g -debug-info-format\=dwarf -dwarf-version\=5 -module-cache-path /Users/admin/builder/spi-builder-workspace/.derivedData/Build/Intermediates.noindex/SwiftExplicitPrecompiledModules -profile-generate -profile-coverage-mapping -swift-version 6 -Onone -D SWIFT_PACKAGE -D DEBUG -D SWIFT_MODULE_RESOURCE_BUNDLE_UNAVAILABLE -D Xcode -serialize-debugging-options -const-gather-protocols-file /Users/admin/builder/spi-builder-workspace/.derivedData/Build/Intermediates.noindex/swift-responsive-layout.build/Debug-watchos/ResponsiveLayoutKit.build/Objects-normal/arm64_32/ResponsiveLayoutKit_const_extract_protocols.json -enable-experimental-feature DebugDescriptionMacro -empty-abi-descriptor -validate-clang-modules-once -clang-build-session-file /Users/admin/builder/spi-builder-workspace/.derivedData/ModuleCache.noindex/Session.modulevalidation -Xcc -working-directory -Xcc /Users/admin/builder/spi-builder-workspace/.swiftpm/xcode -enable-anonymous-context-mangled-names -file-compilation-dir /Users/admin/builder/spi-builder-workspace/.swiftpm/xcode -Xcc -D_LIBCPP_HARDENING_MODE\=_LIBCPP_HARDENING_MODE_DEBUG -Xcc -ivfsstatcache -Xcc /Users/admin/builder/spi-builder-workspace/.derivedData/SDKStatCaches.noindex/watchos26.5-23T570-688ef53f1462e2c8f657fdc38a81448f7931b973dfc65d9472806dbbc3af9379.sdkstatcache -Xcc -I/Users/admin/builder/spi-builder-workspace/.derivedData/Build/Intermediates.noindex/swift-responsive-layout.build/Debug-watchos/ResponsiveLayoutKit.build/swift-overrides.hmap -Xcc -I/Users/admin/builder/spi-builder-workspace/.derivedData/Build/Products/Debug-watchos/include -Xcc -I/Users/admin/builder/spi-builder-workspace/.derivedData/Build/Intermediates.noindex/swift-responsive-layout.build/Debug-watchos/ResponsiveLayoutKit.build/DerivedSources-normal/arm64_32 -Xcc -I/Users/admin/builder/spi-builder-workspace/.derivedData/Build/Intermediates.noindex/swift-responsive-layout.build/Debug-watchos/ResponsiveLayoutKit.build/DerivedSources/arm64_32 -Xcc -I/Users/admin/builder/spi-builder-workspace/.derivedData/Build/Intermediates.noindex/swift-responsive-layout.build/Debug-watchos/ResponsiveLayoutKit.build/DerivedSources -Xcc -DSWIFT_PACKAGE -Xcc -DDEBUG\=1 -no-auto-bridging-header-chaining -module-name ResponsiveLayoutKit -package-name spi_builder_workspace -frontend-parseable-output -disable-clang-spi -clang-target arm64_32-apple-watchos26.5 -target-sdk-version 26.5 -target-sdk-name watchos26.5 -in-process-plugin-server-path /Applications/Xcode-26.5.0.app/Contents/Developer/Toolchains/XcodeDefault.xctoolchain/usr/lib/swift/host/libSwiftInProcPluginServer.dylib -emit-module-doc-path /Users/admin/builder/spi-builder-workspace/.derivedData/Build/Intermediates.noindex/swift-responsive-layout.build/Debug-watchos/ResponsiveLayoutKit.build/Objects-normal/arm64_32/ResponsiveLayoutKit.swiftdoc -emit-module-source-info-path /Users/admin/builder/spi-builder-workspace/.derivedData/Build/Intermediates.noindex/swift-responsive-layout.build/Debug-watchos/ResponsiveLayoutKit.build/Objects-normal/arm64_32/ResponsiveLayoutKit.swiftsourceinfo -emit-objc-header-path /Users/admin/builder/spi-builder-workspace/.derivedData/Build/Intermediates.noindex/swift-responsive-layout.build/Debug-watchos/ResponsiveLayoutKit.build/Objects-normal/arm64_32/ResponsiveLayoutKit-Swift.h -serialize-diagnostics-path /Users/admin/builder/spi-builder-workspace/.derivedData/Build/Intermediates.noindex/swift-responsive-layout.build/Debug-watchos/ResponsiveLayoutKit.build/Objects-normal/arm64_32/ResponsiveLayoutKit-primary-emit-module.dia -emit-dependencies-path /Users/admin/builder/spi-builder-workspace/.derivedData/Build/Intermediates.noindex/swift-responsive-layout.build/Debug-watchos/ResponsiveLayoutKit.build/Objects-normal/arm64_32/ResponsiveLayoutKit-primary-emit-module.d -o /Users/admin/builder/spi-builder-workspace/.derivedData/Build/Intermediates.noindex/swift-responsive-layout.build/Debug-watchos/ResponsiveLayoutKit.build/Objects-normal/arm64_32/ResponsiveLayoutKit.swiftmodule -emit-abi-descriptor-path /Users/admin/builder/spi-builder-workspace/.derivedData/Build/Intermediates.noindex/swift-responsive-layout.build/Debug-watchos/ResponsiveLayoutKit.build/Objects-normal/arm64_32/ResponsiveLayoutKit.abi.json
EmitSwiftModule normal arm64_32 (in target 'ResponsiveLayoutKit' from project 'swift-responsive-layout')
cd /Users/admin/builder/spi-builder-workspace/.swiftpm/xcode
/Users/admin/builder/spi-builder-workspace/Sources/ResponsiveLayoutKit/SceneLayoutEnvironment.swift:30:49: error: 'UIInterfaceOrientation' is unavailable in watchOS
public private(set) var interfaceOrientation: UIInterfaceOrientation = .portrait
^~~~~~~~~~~~~~~~~~~~~~
/Applications/Xcode-26.5.0.app/Contents/Developer/Platforms/WatchOS.platform/Developer/SDKs/WatchOS26.5.sdk/System/Library/Frameworks/UIKit.framework/Headers/UIOrientation.h:41:28: note: 'UIInterfaceOrientation' has been explicitly marked unavailable here
typedef NS_ENUM(NSInteger, UIInterfaceOrientation) {
^
@__swiftmacro_19ResponsiveLayoutKit05SceneB11EnvironmentC20interfaceOrientation18ObservationTrackedfMp_.swift:4:37: error: 'UIInterfaceOrientation' is unavailable in watchOS
private var _interfaceOrientation: UIInterfaceOrientation = .portrait
^~~~~~~~~~~~~~~~~~~~~~
@__swiftmacro_19ResponsiveLayoutKit05SceneB11EnvironmentC20interfaceOrientation10ObservablefMr0_.swift:1:1: note: in expansion of macro 'ObservationTracked' on property 'interfaceOrientation' here
@ObservationTracked
^
@__swiftmacro_19ResponsiveLayoutKit05SceneB11EnvironmentC20interfaceOrientation10ObservablefMr0_.swift:1:1: note: in expansion of macro 'ObservationTracked' on property 'interfaceOrientation' here
@ObservationTracked
^
/Applications/Xcode-26.5.0.app/Contents/Developer/Platforms/WatchOS.platform/Developer/SDKs/WatchOS26.5.sdk/System/Library/Frameworks/UIKit.framework/Headers/UIOrientation.h:41:28: note: 'UIInterfaceOrientation' has been explicitly marked unavailable here
typedef NS_ENUM(NSInteger, UIInterfaceOrientation) {
^
/Users/admin/builder/spi-builder-workspace/Sources/ResponsiveLayoutKit/SceneLayoutEnvironment.swift:59:59: error: 'UITraitChangeRegistration' is unavailable in watchOS
@ObservationIgnored private var traitRegistration: (any UITraitChangeRegistration)?
^~~~~~~~~~~~~~~~~~~~~~~~~
/Applications/Xcode-26.5.0.app/Contents/Developer/Platforms/WatchOS.platform/Developer/SDKs/WatchOS26.5.sdk/System/Library/Frameworks/UIKit.framework/Headers/UITraitCollection.h:203:11: note: 'UITraitChangeRegistration' has been explicitly marked unavailable here
@protocol UITraitChangeRegistration <NSObject, NSCopying>
^
/Users/admin/builder/spi-builder-workspace/Sources/ResponsiveLayoutKit/SceneLayoutEnvironment.swift:60:55: error: 'UIWindow' is unavailable in watchOS
@ObservationIgnored private weak var trackedWindow: UIWindow?
^~~~~~~~
/Applications/Xcode-26.5.0.app/Contents/Developer/Platforms/WatchOS.platform/Developer/SDKs/WatchOS26.5.sdk/System/Library/Frameworks/UIKit.framework/Headers/UIWindow.h:22:12: note: 'UIWindow' has been explicitly marked unavailable here
@interface UIWindow : UIView
^
/Users/admin/builder/spi-builder-workspace/Sources/ResponsiveLayoutKit/SceneLayoutEnvironment.swift:61:53: error: 'UIWindowScene' is unavailable in watchOS
@ObservationIgnored private weak var windowScene: UIWindowScene?
^~~~~~~~~~~~~
/Applications/Xcode-26.5.0.app/Contents/Developer/Platforms/WatchOS.platform/Developer/SDKs/WatchOS26.5.sdk/System/Library/Frameworks/UIKit.framework/Headers/UIWindowScene.h:21:12: note: 'UIWindowScene' has been explicitly marked unavailable here
@interface UIWindowScene : UIScene
^
/Users/admin/builder/spi-builder-workspace/Sources/ResponsiveLayoutKit/SceneLayoutEnvironment.swift:63:21: error: 'UIWindowScene' is unavailable in watchOS
init(windowScene: UIWindowScene) {
^~~~~~~~~~~~~
/Applications/Xcode-26.5.0.app/Contents/Developer/Platforms/WatchOS.platform/Developer/SDKs/WatchOS26.5.sdk/System/Library/Frameworks/UIKit.framework/Headers/UIWindowScene.h:21:12: note: 'UIWindowScene' has been explicitly marked unavailable here
@interface UIWindowScene : UIScene
^
/Users/admin/builder/spi-builder-workspace/Sources/ResponsiveLayoutKit/SceneLayoutEnvironment.swift:110:23: error: 'UIWindow' is unavailable in watchOS
func attach(window: UIWindow) {
^~~~~~~~
/Applications/Xcode-26.5.0.app/Contents/Developer/Platforms/WatchOS.platform/Developer/SDKs/WatchOS26.5.sdk/System/Library/Frameworks/UIKit.framework/Headers/UIWindow.h:22:12: note: 'UIWindow' has been explicitly marked unavailable here
@interface UIWindow : UIView
^
/Users/admin/builder/spi-builder-workspace/Sources/ResponsiveLayoutKit/SceneLayoutMock.swift:22:36: error: 'UIInterfaceOrientation' is unavailable in watchOS
public var interfaceOrientation: UIInterfaceOrientation
^~~~~~~~~~~~~~~~~~~~~~
/Applications/Xcode-26.5.0.app/Contents/Developer/Platforms/WatchOS.platform/Developer/SDKs/WatchOS26.5.sdk/System/Library/Frameworks/UIKit.framework/Headers/UIOrientation.h:41:28: note: 'UIInterfaceOrientation' has been explicitly marked unavailable here
typedef NS_ENUM(NSInteger, UIInterfaceOrientation) {
^
/Users/admin/builder/spi-builder-workspace/Sources/ResponsiveLayoutKit/SceneLayoutMock.swift:37:27: error: 'UIInterfaceOrientation' is unavailable in watchOS
interfaceOrientation: UIInterfaceOrientation = .portrait,
^~~~~~~~~~~~~~~~~~~~~~
/Applications/Xcode-26.5.0.app/Contents/Developer/Platforms/WatchOS.platform/Developer/SDKs/WatchOS26.5.sdk/System/Library/Frameworks/UIKit.framework/Headers/UIOrientation.h:41:28: note: 'UIInterfaceOrientation' has been explicitly marked unavailable here
typedef NS_ENUM(NSInteger, UIInterfaceOrientation) {
^
/Users/admin/builder/spi-builder-workspace/Sources/ResponsiveLayoutKit/SceneLayoutProbe.swift:18:28: error: cannot find type 'Context' in scope
func makeUIView(context: Context) -> ProbeView {
^~~~~~~
/Users/admin/builder/spi-builder-workspace/Sources/ResponsiveLayoutKit/SceneLayoutProbe.swift:22:51: error: cannot find type 'Context' in scope
func updateUIView(_ uiView: ProbeView, context: Context) {
^~~~~~~
/Users/admin/builder/spi-builder-workspace/Sources/ResponsiveLayoutKit/SceneLayoutProbe.swift:26:26: error: 'UIView' is unavailable in watchOS
final class ProbeView: UIView {
^~~~~~
/Applications/Xcode-26.5.0.app/Contents/Developer/Platforms/WatchOS.platform/Developer/SDKs/WatchOS26.5.sdk/System/Library/Frameworks/UIKit.framework/Headers/UIView.h:148:12: note: 'UIView' has been explicitly marked unavailable here
@interface UIView : UIResponder <NSCoding, UIAppearance, UIAppearanceContainer, UIDynamicItem, UITraitEnvironment, UICoordinateSpace, UIFocusItem, UIFocusItemContainer, CALayerDelegate>
^
/Users/admin/builder/spi-builder-workspace/Sources/ResponsiveLayoutKit/SceneLayoutProbe.swift:14:26: error: cannot find type 'UIViewRepresentable' in scope
struct SceneLayoutProbe: UIViewRepresentable {
^~~~~~~~~~~~~~~~~~~
/Users/admin/builder/spi-builder-workspace/Sources/ResponsiveLayoutKit/SceneLayoutRegistry.swift:23:37: error: 'UIWindowScene' is unavailable in watchOS
func environment(for windowScene: UIWindowScene) -> SceneLayoutEnvironment {
^~~~~~~~~~~~~
/Applications/Xcode-26.5.0.app/Contents/Developer/Platforms/WatchOS.platform/Developer/SDKs/WatchOS26.5.sdk/System/Library/Frameworks/UIKit.framework/Headers/UIWindowScene.h:21:12: note: 'UIWindowScene' has been explicitly marked unavailable here
@interface UIWindowScene : UIScene
^
SwiftCompile normal arm64_32 Compiling\ LayoutContext.swift,\ ResponsiveContent.swift /Users/admin/builder/spi-builder-workspace/Sources/ResponsiveLayoutKit/LayoutContext.swift /Users/admin/builder/spi-builder-workspace/Sources/ResponsiveLayoutKit/ResponsiveContent.swift (in target 'ResponsiveLayoutKit' from project 'swift-responsive-layout')
SwiftCompile normal arm64_32 /Users/admin/builder/spi-builder-workspace/Sources/ResponsiveLayoutKit/LayoutContext.swift (in target 'ResponsiveLayoutKit' from project 'swift-responsive-layout')
cd /Users/admin/builder/spi-builder-workspace/.swiftpm/xcode
SwiftCompile normal arm64_32 /Users/admin/builder/spi-builder-workspace/Sources/ResponsiveLayoutKit/ResponsiveContent.swift (in target 'ResponsiveLayoutKit' from project 'swift-responsive-layout')
cd /Users/admin/builder/spi-builder-workspace/.swiftpm/xcode
2026-09-04 05:40:07.628 xcodebuild[665:4047] [MT] IDERunDestination: Supported platforms for the buildables in the current scheme is empty.
** BUILD FAILED **
The following build commands failed:
SwiftEmitModule normal arm64_32 Emitting\ module\ for\ ResponsiveLayoutKit (in target 'ResponsiveLayoutKit' from project 'swift-responsive-layout')
EmitSwiftModule normal arm64_32 (in target 'ResponsiveLayoutKit' from project 'swift-responsive-layout')
Building workspace spi-builder-workspace with scheme swift-responsive-layout
(3 failures)
Command line invocation:
/Applications/Xcode-26.5.0.app/Contents/Developer/usr/bin/xcodebuild -IDEClonedSourcePackagesDirPathOverride=/Users/admin/builder/spi-builder-workspace/.dependencies -resolvePackageDependencies
Resolve Package Graph
Resolved source packages:
swift-responsive-layout: /Users/admin/builder/spi-builder-workspace
resolved source packages: swift-responsive-layout
2026-09-04 05:40:15.620 xcodebuild[837:4806] [MT] IDERunDestination: Supported platforms for the buildables in the current scheme is empty.
{
"dependencies" : [
],
"manifest_display_name" : "swift-responsive-layout",
"name" : "swift-responsive-layout",
"path" : "/Users/admin/builder/spi-builder-workspace",
"platforms" : [
{
"name" : "ios",
"version" : "26.0"
}
],
"products" : [
{
"name" : "ResponsiveLayoutKit",
"targets" : [
"ResponsiveLayoutKit"
],
"type" : {
"library" : [
"automatic"
]
}
}
],
"targets" : [
{
"c99name" : "ResponsiveLayoutKitTests",
"module_type" : "SwiftTarget",
"name" : "ResponsiveLayoutKitTests",
"path" : "Tests/ResponsiveLayoutKitTests",
"sources" : [
"ResponsiveLayoutKitTests.swift"
],
"target_dependencies" : [
"ResponsiveLayoutKit"
],
"type" : "test"
},
{
"c99name" : "ResponsiveLayoutKit",
"module_type" : "SwiftTarget",
"name" : "ResponsiveLayoutKit",
"path" : "Sources/ResponsiveLayoutKit",
"product_memberships" : [
"ResponsiveLayoutKit"
],
"sources" : [
"AccessibilityScrollView.swift",
"EnvironmentValues+ResponsiveLayoutKit.swift",
"LayoutContext.swift",
"ResponsiveContent.swift",
"ResponsiveLayout.swift",
"ResponsiveView.swift",
"SceneLayoutEnvironment.swift",
"SceneLayoutMock.swift",
"SceneLayoutProbe.swift",
"SceneLayoutReader.swift",
"SceneLayoutRegistry.swift",
"View+Responsive.swift",
"View+ResponsiveContentWidth.swift",
"View+SceneLayout.swift"
],
"type" : "library"
}
],
"tools_version" : "6.2"
}
{
"workspace" : {
"name" : "spi-builder-workspace",
"schemes" : [
"swift-responsive-layout"
]
}
}
2026-09-04 05:40:16.734 xcodebuild[848:4888] [MT] IDERunDestination: Supported platforms for the buildables in the current scheme is empty.
Running build ...
env DEVELOPER_DIR=/Applications/Xcode-26.5.0.app xcrun xcodebuild -IDEClonedSourcePackagesDirPathOverride=$PWD/.dependencies -skipMacroValidation -skipPackagePluginValidation -derivedDataPath $PWD/.derivedData build -scheme swift-responsive-layout -destination generic/platform=watchOS
Command line invocation:
/Applications/Xcode-26.5.0.app/Contents/Developer/usr/bin/xcodebuild -IDEClonedSourcePackagesDirPathOverride=/Users/admin/builder/spi-builder-workspace/.dependencies -skipMacroValidation -skipPackagePluginValidation -derivedDataPath /Users/admin/builder/spi-builder-workspace/.derivedData build -scheme swift-responsive-layout -destination generic/platform=watchOS
Resolve Package Graph
Resolved source packages:
swift-responsive-layout: /Users/admin/builder/spi-builder-workspace
ComputePackagePrebuildTargetDependencyGraph
Prepare packages
CreateBuildRequest
SendProjectDescription
CreateBuildOperation
ComputeTargetDependencyGraph
note: Building targets in dependency order
note: Target dependency graph (2 targets)
Target 'ResponsiveLayoutKit' in project 'swift-responsive-layout'
➜ Explicit dependency on target 'ResponsiveLayoutKit' in project 'swift-responsive-layout'
Target 'ResponsiveLayoutKit' in project 'swift-responsive-layout' (no dependencies)
GatherProvisioningInputs
CreateBuildDescription
ClangStatCache /Applications/Xcode-26.5.0.app/Contents/Developer/Toolchains/XcodeDefault.xctoolchain/usr/bin/clang-stat-cache /Applications/Xcode-26.5.0.app/Contents/Developer/Platforms/WatchOS.platform/Developer/SDKs/WatchOS26.5.sdk /Users/admin/builder/spi-builder-workspace/.derivedData/SDKStatCaches.noindex/watchos26.5-23T570-688ef53f1462e2c8f657fdc38a81448f7931b973dfc65d9472806dbbc3af9379.sdkstatcache
cd /Users/admin/builder/spi-builder-workspace/.swiftpm/xcode
/Applications/Xcode-26.5.0.app/Contents/Developer/Toolchains/XcodeDefault.xctoolchain/usr/bin/clang-stat-cache /Applications/Xcode-26.5.0.app/Contents/Developer/Platforms/WatchOS.platform/Developer/SDKs/WatchOS26.5.sdk -o /Users/admin/builder/spi-builder-workspace/.derivedData/SDKStatCaches.noindex/watchos26.5-23T570-688ef53f1462e2c8f657fdc38a81448f7931b973dfc65d9472806dbbc3af9379.sdkstatcache
SwiftDriver ResponsiveLayoutKit normal arm64 com.apple.xcode.tools.swift.compiler (in target 'ResponsiveLayoutKit' from project 'swift-responsive-layout')
cd /Users/admin/builder/spi-builder-workspace/.swiftpm/xcode
builtin-SwiftDriver -- /Applications/Xcode-26.5.0.app/Contents/Developer/Toolchains/XcodeDefault.xctoolchain/usr/bin/swiftc -module-name ResponsiveLayoutKit -Onone @/Users/admin/builder/spi-builder-workspace/.derivedData/Build/Intermediates.noindex/swift-responsive-layout.build/Debug-watchos/ResponsiveLayoutKit.build/Objects-normal/arm64/ResponsiveLayoutKit.SwiftFileList -DSWIFT_PACKAGE -DDEBUG -DSWIFT_MODULE_RESOURCE_BUNDLE_UNAVAILABLE -DXcode -plugin-path /Applications/Xcode-26.5.0.app/Contents/Developer/Toolchains/XcodeDefault.xctoolchain/usr/lib/swift/host/plugins/testing -enable-experimental-feature DebugDescriptionMacro -sdk /Applications/Xcode-26.5.0.app/Contents/Developer/Platforms/WatchOS.platform/Developer/SDKs/WatchOS26.5.sdk -target arm64-apple-watchos26.0 -g -module-cache-path /Users/admin/builder/spi-builder-workspace/.derivedData/ModuleCache.noindex -Xfrontend -serialize-debugging-options -profile-coverage-mapping -profile-generate -enable-testing -index-store-path /Users/admin/builder/spi-builder-workspace/.derivedData/Index.noindex/DataStore -Xcc -D_LIBCPP_HARDENING_MODE\=_LIBCPP_HARDENING_MODE_DEBUG -swift-version 6 -I /Users/admin/builder/spi-builder-workspace/.derivedData/Build/Products/Debug-watchos -Isystem /Applications/Xcode-26.5.0.app/Contents/Developer/Platforms/WatchOS.platform/Developer/usr/lib -F /Users/admin/builder/spi-builder-workspace/.derivedData/Build/Products/Debug-watchos -F /Applications/Xcode-26.5.0.app/Contents/Developer/Platforms/WatchOS.platform/Developer/Library/Frameworks -F /Applications/Xcode-26.5.0.app/Contents/Developer/Platforms/WatchOS.platform/Developer/SDKs/WatchOS26.5.sdk/Developer/Library/Frameworks -c -j10 -enable-batch-mode -incremental -Xcc -ivfsstatcache -Xcc /Users/admin/builder/spi-builder-workspace/.derivedData/SDKStatCaches.noindex/watchos26.5-23T570-688ef53f1462e2c8f657fdc38a81448f7931b973dfc65d9472806dbbc3af9379.sdkstatcache -output-file-map /Users/admin/builder/spi-builder-workspace/.derivedData/Build/Intermediates.noindex/swift-responsive-layout.build/Debug-watchos/ResponsiveLayoutKit.build/Objects-normal/arm64/ResponsiveLayoutKit-OutputFileMap.json -use-frontend-parseable-output -save-temps -no-color-diagnostics -explicit-module-build -module-cache-path /Users/admin/builder/spi-builder-workspace/.derivedData/Build/Intermediates.noindex/SwiftExplicitPrecompiledModules -clang-scanner-module-cache-path /Users/admin/builder/spi-builder-workspace/.derivedData/ModuleCache.noindex -sdk-module-cache-path /Users/admin/builder/spi-builder-workspace/.derivedData/ModuleCache.noindex -serialize-diagnostics -emit-dependencies -emit-module -emit-module-path /Users/admin/builder/spi-builder-workspace/.derivedData/Build/Intermediates.noindex/swift-responsive-layout.build/Debug-watchos/ResponsiveLayoutKit.build/Objects-normal/arm64/ResponsiveLayoutKit.swiftmodule -validate-clang-modules-once -clang-build-session-file /Users/admin/builder/spi-builder-workspace/.derivedData/ModuleCache.noindex/Session.modulevalidation -package-name spi_builder_workspace -Xcc -I/Users/admin/builder/spi-builder-workspace/.derivedData/Build/Intermediates.noindex/swift-responsive-layout.build/Debug-watchos/ResponsiveLayoutKit.build/swift-overrides.hmap -emit-const-values -Xfrontend -const-gather-protocols-file -Xfrontend /Users/admin/builder/spi-builder-workspace/.derivedData/Build/Intermediates.noindex/swift-responsive-layout.build/Debug-watchos/ResponsiveLayoutKit.build/Objects-normal/arm64/ResponsiveLayoutKit_const_extract_protocols.json -Xcc -I/Users/admin/builder/spi-builder-workspace/.derivedData/Build/Products/Debug-watchos/include -Xcc -I/Users/admin/builder/spi-builder-workspace/.derivedData/Build/Intermediates.noindex/swift-responsive-layout.build/Debug-watchos/ResponsiveLayoutKit.build/DerivedSources-normal/arm64 -Xcc -I/Users/admin/builder/spi-builder-workspace/.derivedData/Build/Intermediates.noindex/swift-responsive-layout.build/Debug-watchos/ResponsiveLayoutKit.build/DerivedSources/arm64 -Xcc -I/Users/admin/builder/spi-builder-workspace/.derivedData/Build/Intermediates.noindex/swift-responsive-layout.build/Debug-watchos/ResponsiveLayoutKit.build/DerivedSources -Xcc -DSWIFT_PACKAGE -Xcc -DDEBUG\=1 -emit-objc-header -emit-objc-header-path /Users/admin/builder/spi-builder-workspace/.derivedData/Build/Intermediates.noindex/swift-responsive-layout.build/Debug-watchos/ResponsiveLayoutKit.build/Objects-normal/arm64/ResponsiveLayoutKit-Swift.h -working-directory /Users/admin/builder/spi-builder-workspace/.swiftpm/xcode -experimental-emit-module-separately -disable-cmo
SwiftDriver ResponsiveLayoutKit normal arm64_32 com.apple.xcode.tools.swift.compiler (in target 'ResponsiveLayoutKit' from project 'swift-responsive-layout')
cd /Users/admin/builder/spi-builder-workspace/.swiftpm/xcode
builtin-SwiftDriver -- /Applications/Xcode-26.5.0.app/Contents/Developer/Toolchains/XcodeDefault.xctoolchain/usr/bin/swiftc -module-name ResponsiveLayoutKit -Onone @/Users/admin/builder/spi-builder-workspace/.derivedData/Build/Intermediates.noindex/swift-responsive-layout.build/Debug-watchos/ResponsiveLayoutKit.build/Objects-normal/arm64_32/ResponsiveLayoutKit.SwiftFileList -DSWIFT_PACKAGE -DDEBUG -DSWIFT_MODULE_RESOURCE_BUNDLE_UNAVAILABLE -DXcode -plugin-path /Applications/Xcode-26.5.0.app/Contents/Developer/Toolchains/XcodeDefault.xctoolchain/usr/lib/swift/host/plugins/testing -enable-experimental-feature DebugDescriptionMacro -sdk /Applications/Xcode-26.5.0.app/Contents/Developer/Platforms/WatchOS.platform/Developer/SDKs/WatchOS26.5.sdk -target arm64_32-apple-watchos26.0 -g -module-cache-path /Users/admin/builder/spi-builder-workspace/.derivedData/ModuleCache.noindex -Xfrontend -serialize-debugging-options -profile-coverage-mapping -profile-generate -enable-testing -index-store-path /Users/admin/builder/spi-builder-workspace/.derivedData/Index.noindex/DataStore -Xcc -D_LIBCPP_HARDENING_MODE\=_LIBCPP_HARDENING_MODE_DEBUG -swift-version 6 -I /Users/admin/builder/spi-builder-workspace/.derivedData/Build/Products/Debug-watchos -Isystem /Applications/Xcode-26.5.0.app/Contents/Developer/Platforms/WatchOS.platform/Developer/usr/lib -F /Users/admin/builder/spi-builder-workspace/.derivedData/Build/Products/Debug-watchos -F /Applications/Xcode-26.5.0.app/Contents/Developer/Platforms/WatchOS.platform/Developer/Library/Frameworks -F /Applications/Xcode-26.5.0.app/Contents/Developer/Platforms/WatchOS.platform/Developer/SDKs/WatchOS26.5.sdk/Developer/Library/Frameworks -c -j10 -enable-batch-mode -incremental -Xcc -ivfsstatcache -Xcc /Users/admin/builder/spi-builder-workspace/.derivedData/SDKStatCaches.noindex/watchos26.5-23T570-688ef53f1462e2c8f657fdc38a81448f7931b973dfc65d9472806dbbc3af9379.sdkstatcache -output-file-map /Users/admin/builder/spi-builder-workspace/.derivedData/Build/Intermediates.noindex/swift-responsive-layout.build/Debug-watchos/ResponsiveLayoutKit.build/Objects-normal/arm64_32/ResponsiveLayoutKit-OutputFileMap.json -use-frontend-parseable-output -save-temps -no-color-diagnostics -explicit-module-build -module-cache-path /Users/admin/builder/spi-builder-workspace/.derivedData/Build/Intermediates.noindex/SwiftExplicitPrecompiledModules -clang-scanner-module-cache-path /Users/admin/builder/spi-builder-workspace/.derivedData/ModuleCache.noindex -sdk-module-cache-path /Users/admin/builder/spi-builder-workspace/.derivedData/ModuleCache.noindex -serialize-diagnostics -emit-dependencies -emit-module -emit-module-path /Users/admin/builder/spi-builder-workspace/.derivedData/Build/Intermediates.noindex/swift-responsive-layout.build/Debug-watchos/ResponsiveLayoutKit.build/Objects-normal/arm64_32/ResponsiveLayoutKit.swiftmodule -validate-clang-modules-once -clang-build-session-file /Users/admin/builder/spi-builder-workspace/.derivedData/ModuleCache.noindex/Session.modulevalidation -package-name spi_builder_workspace -Xcc -I/Users/admin/builder/spi-builder-workspace/.derivedData/Build/Intermediates.noindex/swift-responsive-layout.build/Debug-watchos/ResponsiveLayoutKit.build/swift-overrides.hmap -emit-const-values -Xfrontend -const-gather-protocols-file -Xfrontend /Users/admin/builder/spi-builder-workspace/.derivedData/Build/Intermediates.noindex/swift-responsive-layout.build/Debug-watchos/ResponsiveLayoutKit.build/Objects-normal/arm64_32/ResponsiveLayoutKit_const_extract_protocols.json -Xcc -I/Users/admin/builder/spi-builder-workspace/.derivedData/Build/Products/Debug-watchos/include -Xcc -I/Users/admin/builder/spi-builder-workspace/.derivedData/Build/Intermediates.noindex/swift-responsive-layout.build/Debug-watchos/ResponsiveLayoutKit.build/DerivedSources-normal/arm64_32 -Xcc -I/Users/admin/builder/spi-builder-workspace/.derivedData/Build/Intermediates.noindex/swift-responsive-layout.build/Debug-watchos/ResponsiveLayoutKit.build/DerivedSources/arm64_32 -Xcc -I/Users/admin/builder/spi-builder-workspace/.derivedData/Build/Intermediates.noindex/swift-responsive-layout.build/Debug-watchos/ResponsiveLayoutKit.build/DerivedSources -Xcc -DSWIFT_PACKAGE -Xcc -DDEBUG\=1 -emit-objc-header -emit-objc-header-path /Users/admin/builder/spi-builder-workspace/.derivedData/Build/Intermediates.noindex/swift-responsive-layout.build/Debug-watchos/ResponsiveLayoutKit.build/Objects-normal/arm64_32/ResponsiveLayoutKit-Swift.h -working-directory /Users/admin/builder/spi-builder-workspace/.swiftpm/xcode -experimental-emit-module-separately -disable-cmo
SwiftCompile normal arm64_32 Compiling\ ResponsiveLayout.swift,\ ResponsiveView.swift /Users/admin/builder/spi-builder-workspace/Sources/ResponsiveLayoutKit/ResponsiveLayout.swift /Users/admin/builder/spi-builder-workspace/Sources/ResponsiveLayoutKit/ResponsiveView.swift (in target 'ResponsiveLayoutKit' from project 'swift-responsive-layout')
SwiftCompile normal arm64_32 /Users/admin/builder/spi-builder-workspace/Sources/ResponsiveLayoutKit/ResponsiveLayout.swift (in target 'ResponsiveLayoutKit' from project 'swift-responsive-layout')
cd /Users/admin/builder/spi-builder-workspace/.swiftpm/xcode
SwiftCompile normal arm64_32 /Users/admin/builder/spi-builder-workspace/Sources/ResponsiveLayoutKit/ResponsiveView.swift (in target 'ResponsiveLayoutKit' from project 'swift-responsive-layout')
cd /Users/admin/builder/spi-builder-workspace/.swiftpm/xcode
SwiftEmitModule normal arm64_32 Emitting\ module\ for\ ResponsiveLayoutKit (in target 'ResponsiveLayoutKit' from project 'swift-responsive-layout')
Failed frontend command:
/Applications/Xcode-26.5.0.app/Contents/Developer/Toolchains/XcodeDefault.xctoolchain/usr/bin/swift-frontend -frontend -emit-module -experimental-skip-non-inlinable-function-bodies-without-types /Users/admin/builder/spi-builder-workspace/Sources/ResponsiveLayoutKit/AccessibilityScrollView.swift /Users/admin/builder/spi-builder-workspace/Sources/ResponsiveLayoutKit/EnvironmentValues+ResponsiveLayoutKit.swift /Users/admin/builder/spi-builder-workspace/Sources/ResponsiveLayoutKit/LayoutContext.swift /Users/admin/builder/spi-builder-workspace/Sources/ResponsiveLayoutKit/ResponsiveContent.swift /Users/admin/builder/spi-builder-workspace/Sources/ResponsiveLayoutKit/ResponsiveLayout.swift /Users/admin/builder/spi-builder-workspace/Sources/ResponsiveLayoutKit/ResponsiveView.swift /Users/admin/builder/spi-builder-workspace/Sources/ResponsiveLayoutKit/SceneLayoutEnvironment.swift /Users/admin/builder/spi-builder-workspace/Sources/ResponsiveLayoutKit/SceneLayoutMock.swift /Users/admin/builder/spi-builder-workspace/Sources/ResponsiveLayoutKit/SceneLayoutProbe.swift /Users/admin/builder/spi-builder-workspace/Sources/ResponsiveLayoutKit/SceneLayoutReader.swift /Users/admin/builder/spi-builder-workspace/Sources/ResponsiveLayoutKit/SceneLayoutRegistry.swift /Users/admin/builder/spi-builder-workspace/Sources/ResponsiveLayoutKit/View+Responsive.swift /Users/admin/builder/spi-builder-workspace/Sources/ResponsiveLayoutKit/View+ResponsiveContentWidth.swift /Users/admin/builder/spi-builder-workspace/Sources/ResponsiveLayoutKit/View+SceneLayout.swift -target arm64_32-apple-watchos26.0 -load-resolved-plugin /Applications/Xcode-26.5.0.app/Contents/Developer/Platforms/WatchOS.platform/Developer/usr/lib/swift/host/plugins/libFoundationMacros.dylib\#/Applications/Xcode-26.5.0.app/Contents/Developer/Platforms/WatchOS.platform/Developer/usr/bin/swift-plugin-server\#FoundationMacros -load-resolved-plugin /Applications/Xcode-26.5.0.app/Contents/Developer/Platforms/WatchOS.platform/Developer/usr/lib/swift/host/plugins/libObservationMacros.dylib\#/Applications/Xcode-26.5.0.app/Contents/Developer/Platforms/WatchOS.platform/Developer/usr/bin/swift-plugin-server\#ObservationMacros -load-resolved-plugin /Applications/Xcode-26.5.0.app/Contents/Developer/Platforms/WatchOS.platform/Developer/usr/lib/swift/host/plugins/libPreviewsMacros.dylib\#/Applications/Xcode-26.5.0.app/Contents/Developer/Platforms/WatchOS.platform/Developer/usr/bin/swift-plugin-server\#PreviewsMacros -load-resolved-plugin /Applications/Xcode-26.5.0.app/Contents/Developer/Platforms/WatchOS.platform/Developer/usr/lib/swift/host/plugins/libSwiftMacros.dylib\#/Applications/Xcode-26.5.0.app/Contents/Developer/Platforms/WatchOS.platform/Developer/usr/bin/swift-plugin-server\#SwiftMacros -load-resolved-plugin /Applications/Xcode-26.5.0.app/Contents/Developer/Platforms/WatchOS.platform/Developer/usr/lib/swift/host/plugins/libSwiftUIMacros.dylib\#/Applications/Xcode-26.5.0.app/Contents/Developer/Platforms/WatchOS.platform/Developer/usr/bin/swift-plugin-server\#SwiftUIMacros -disable-implicit-swift-modules -Xcc -fno-implicit-modules -Xcc -fno-implicit-module-maps -explicit-swift-module-map-file /Users/admin/builder/spi-builder-workspace/.derivedData/Build/Intermediates.noindex/swift-responsive-layout.build/Debug-watchos/ResponsiveLayoutKit.build/Objects-normal/arm64_32/ResponsiveLayoutKit-dependencies-1.json -enable-objc-interop -sdk /Applications/Xcode-26.5.0.app/Contents/Developer/Platforms/WatchOS.platform/Developer/SDKs/WatchOS26.5.sdk -I /Users/admin/builder/spi-builder-workspace/.derivedData/Build/Products/Debug-watchos -Isystem /Applications/Xcode-26.5.0.app/Contents/Developer/Platforms/WatchOS.platform/Developer/usr/lib -F /Users/admin/builder/spi-builder-workspace/.derivedData/Build/Products/Debug-watchos -F /Applications/Xcode-26.5.0.app/Contents/Developer/Platforms/WatchOS.platform/Developer/Library/Frameworks -F /Applications/Xcode-26.5.0.app/Contents/Developer/Platforms/WatchOS.platform/Developer/SDKs/WatchOS26.5.sdk/Developer/Library/Frameworks -no-color-diagnostics -Xcc -fno-color-diagnostics -enable-testing -g -debug-info-format\=dwarf -dwarf-version\=5 -module-cache-path /Users/admin/builder/spi-builder-workspace/.derivedData/Build/Intermediates.noindex/SwiftExplicitPrecompiledModules -profile-generate -profile-coverage-mapping -swift-version 6 -Onone -D SWIFT_PACKAGE -D DEBUG -D SWIFT_MODULE_RESOURCE_BUNDLE_UNAVAILABLE -D Xcode -serialize-debugging-options -const-gather-protocols-file /Users/admin/builder/spi-builder-workspace/.derivedData/Build/Intermediates.noindex/swift-responsive-layout.build/Debug-watchos/ResponsiveLayoutKit.build/Objects-normal/arm64_32/ResponsiveLayoutKit_const_extract_protocols.json -enable-experimental-feature DebugDescriptionMacro -empty-abi-descriptor -validate-clang-modules-once -clang-build-session-file /Users/admin/builder/spi-builder-workspace/.derivedData/ModuleCache.noindex/Session.modulevalidation -Xcc -working-directory -Xcc /Users/admin/builder/spi-builder-workspace/.swiftpm/xcode -enable-anonymous-context-mangled-names -file-compilation-dir /Users/admin/builder/spi-builder-workspace/.swiftpm/xcode -Xcc -D_LIBCPP_HARDENING_MODE\=_LIBCPP_HARDENING_MODE_DEBUG -Xcc -ivfsstatcache -Xcc /Users/admin/builder/spi-builder-workspace/.derivedData/SDKStatCaches.noindex/watchos26.5-23T570-688ef53f1462e2c8f657fdc38a81448f7931b973dfc65d9472806dbbc3af9379.sdkstatcache -Xcc -I/Users/admin/builder/spi-builder-workspace/.derivedData/Build/Intermediates.noindex/swift-responsive-layout.build/Debug-watchos/ResponsiveLayoutKit.build/swift-overrides.hmap -Xcc -I/Users/admin/builder/spi-builder-workspace/.derivedData/Build/Products/Debug-watchos/include -Xcc -I/Users/admin/builder/spi-builder-workspace/.derivedData/Build/Intermediates.noindex/swift-responsive-layout.build/Debug-watchos/ResponsiveLayoutKit.build/DerivedSources-normal/arm64_32 -Xcc -I/Users/admin/builder/spi-builder-workspace/.derivedData/Build/Intermediates.noindex/swift-responsive-layout.build/Debug-watchos/ResponsiveLayoutKit.build/DerivedSources/arm64_32 -Xcc -I/Users/admin/builder/spi-builder-workspace/.derivedData/Build/Intermediates.noindex/swift-responsive-layout.build/Debug-watchos/ResponsiveLayoutKit.build/DerivedSources -Xcc -DSWIFT_PACKAGE -Xcc -DDEBUG\=1 -no-auto-bridging-header-chaining -module-name ResponsiveLayoutKit -package-name spi_builder_workspace -frontend-parseable-output -disable-clang-spi -clang-target arm64_32-apple-watchos26.5 -target-sdk-version 26.5 -target-sdk-name watchos26.5 -in-process-plugin-server-path /Applications/Xcode-26.5.0.app/Contents/Developer/Toolchains/XcodeDefault.xctoolchain/usr/lib/swift/host/libSwiftInProcPluginServer.dylib -emit-module-doc-path /Users/admin/builder/spi-builder-workspace/.derivedData/Build/Intermediates.noindex/swift-responsive-layout.build/Debug-watchos/ResponsiveLayoutKit.build/Objects-normal/arm64_32/ResponsiveLayoutKit.swiftdoc -emit-module-source-info-path /Users/admin/builder/spi-builder-workspace/.derivedData/Build/Intermediates.noindex/swift-responsive-layout.build/Debug-watchos/ResponsiveLayoutKit.build/Objects-normal/arm64_32/ResponsiveLayoutKit.swiftsourceinfo -emit-objc-header-path /Users/admin/builder/spi-builder-workspace/.derivedData/Build/Intermediates.noindex/swift-responsive-layout.build/Debug-watchos/ResponsiveLayoutKit.build/Objects-normal/arm64_32/ResponsiveLayoutKit-Swift.h -serialize-diagnostics-path /Users/admin/builder/spi-builder-workspace/.derivedData/Build/Intermediates.noindex/swift-responsive-layout.build/Debug-watchos/ResponsiveLayoutKit.build/Objects-normal/arm64_32/ResponsiveLayoutKit-primary-emit-module.dia -emit-dependencies-path /Users/admin/builder/spi-builder-workspace/.derivedData/Build/Intermediates.noindex/swift-responsive-layout.build/Debug-watchos/ResponsiveLayoutKit.build/Objects-normal/arm64_32/ResponsiveLayoutKit-primary-emit-module.d -o /Users/admin/builder/spi-builder-workspace/.derivedData/Build/Intermediates.noindex/swift-responsive-layout.build/Debug-watchos/ResponsiveLayoutKit.build/Objects-normal/arm64_32/ResponsiveLayoutKit.swiftmodule -emit-abi-descriptor-path /Users/admin/builder/spi-builder-workspace/.derivedData/Build/Intermediates.noindex/swift-responsive-layout.build/Debug-watchos/ResponsiveLayoutKit.build/Objects-normal/arm64_32/ResponsiveLayoutKit.abi.json
EmitSwiftModule normal arm64_32 (in target 'ResponsiveLayoutKit' from project 'swift-responsive-layout')
cd /Users/admin/builder/spi-builder-workspace/.swiftpm/xcode
/Users/admin/builder/spi-builder-workspace/Sources/ResponsiveLayoutKit/SceneLayoutEnvironment.swift:30:49: error: 'UIInterfaceOrientation' is unavailable in watchOS
public private(set) var interfaceOrientation: UIInterfaceOrientation = .portrait
^~~~~~~~~~~~~~~~~~~~~~
/Applications/Xcode-26.5.0.app/Contents/Developer/Platforms/WatchOS.platform/Developer/SDKs/WatchOS26.5.sdk/System/Library/Frameworks/UIKit.framework/Headers/UIOrientation.h:41:28: note: 'UIInterfaceOrientation' has been explicitly marked unavailable here
typedef NS_ENUM(NSInteger, UIInterfaceOrientation) {
^
@__swiftmacro_19ResponsiveLayoutKit05SceneB11EnvironmentC20interfaceOrientation18ObservationTrackedfMp_.swift:4:37: error: 'UIInterfaceOrientation' is unavailable in watchOS
private var _interfaceOrientation: UIInterfaceOrientation = .portrait
^~~~~~~~~~~~~~~~~~~~~~
@__swiftmacro_19ResponsiveLayoutKit05SceneB11EnvironmentC20interfaceOrientation10ObservablefMr0_.swift:1:1: note: in expansion of macro 'ObservationTracked' on property 'interfaceOrientation' here
@ObservationTracked
^
@__swiftmacro_19ResponsiveLayoutKit05SceneB11EnvironmentC20interfaceOrientation10ObservablefMr0_.swift:1:1: note: in expansion of macro 'ObservationTracked' on property 'interfaceOrientation' here
@ObservationTracked
^
/Applications/Xcode-26.5.0.app/Contents/Developer/Platforms/WatchOS.platform/Developer/SDKs/WatchOS26.5.sdk/System/Library/Frameworks/UIKit.framework/Headers/UIOrientation.h:41:28: note: 'UIInterfaceOrientation' has been explicitly marked unavailable here
typedef NS_ENUM(NSInteger, UIInterfaceOrientation) {
^
/Users/admin/builder/spi-builder-workspace/Sources/ResponsiveLayoutKit/SceneLayoutEnvironment.swift:59:59: error: 'UITraitChangeRegistration' is unavailable in watchOS
@ObservationIgnored private var traitRegistration: (any UITraitChangeRegistration)?
^~~~~~~~~~~~~~~~~~~~~~~~~
/Applications/Xcode-26.5.0.app/Contents/Developer/Platforms/WatchOS.platform/Developer/SDKs/WatchOS26.5.sdk/System/Library/Frameworks/UIKit.framework/Headers/UITraitCollection.h:203:11: note: 'UITraitChangeRegistration' has been explicitly marked unavailable here
@protocol UITraitChangeRegistration <NSObject, NSCopying>
^
/Users/admin/builder/spi-builder-workspace/Sources/ResponsiveLayoutKit/SceneLayoutEnvironment.swift:60:55: error: 'UIWindow' is unavailable in watchOS
@ObservationIgnored private weak var trackedWindow: UIWindow?
^~~~~~~~
/Applications/Xcode-26.5.0.app/Contents/Developer/Platforms/WatchOS.platform/Developer/SDKs/WatchOS26.5.sdk/System/Library/Frameworks/UIKit.framework/Headers/UIWindow.h:22:12: note: 'UIWindow' has been explicitly marked unavailable here
@interface UIWindow : UIView
^
/Users/admin/builder/spi-builder-workspace/Sources/ResponsiveLayoutKit/SceneLayoutEnvironment.swift:61:53: error: 'UIWindowScene' is unavailable in watchOS
@ObservationIgnored private weak var windowScene: UIWindowScene?
^~~~~~~~~~~~~
/Applications/Xcode-26.5.0.app/Contents/Developer/Platforms/WatchOS.platform/Developer/SDKs/WatchOS26.5.sdk/System/Library/Frameworks/UIKit.framework/Headers/UIWindowScene.h:21:12: note: 'UIWindowScene' has been explicitly marked unavailable here
@interface UIWindowScene : UIScene
^
/Users/admin/builder/spi-builder-workspace/Sources/ResponsiveLayoutKit/SceneLayoutEnvironment.swift:63:21: error: 'UIWindowScene' is unavailable in watchOS
init(windowScene: UIWindowScene) {
^~~~~~~~~~~~~
/Applications/Xcode-26.5.0.app/Contents/Developer/Platforms/WatchOS.platform/Developer/SDKs/WatchOS26.5.sdk/System/Library/Frameworks/UIKit.framework/Headers/UIWindowScene.h:21:12: note: 'UIWindowScene' has been explicitly marked unavailable here
@interface UIWindowScene : UIScene
^
/Users/admin/builder/spi-builder-workspace/Sources/ResponsiveLayoutKit/SceneLayoutEnvironment.swift:110:23: error: 'UIWindow' is unavailable in watchOS
func attach(window: UIWindow) {
^~~~~~~~
/Applications/Xcode-26.5.0.app/Contents/Developer/Platforms/WatchOS.platform/Developer/SDKs/WatchOS26.5.sdk/System/Library/Frameworks/UIKit.framework/Headers/UIWindow.h:22:12: note: 'UIWindow' has been explicitly marked unavailable here
@interface UIWindow : UIView
^
/Users/admin/builder/spi-builder-workspace/Sources/ResponsiveLayoutKit/SceneLayoutMock.swift:22:36: error: 'UIInterfaceOrientation' is unavailable in watchOS
public var interfaceOrientation: UIInterfaceOrientation
^~~~~~~~~~~~~~~~~~~~~~
/Applications/Xcode-26.5.0.app/Contents/Developer/Platforms/WatchOS.platform/Developer/SDKs/WatchOS26.5.sdk/System/Library/Frameworks/UIKit.framework/Headers/UIOrientation.h:41:28: note: 'UIInterfaceOrientation' has been explicitly marked unavailable here
typedef NS_ENUM(NSInteger, UIInterfaceOrientation) {
^
/Users/admin/builder/spi-builder-workspace/Sources/ResponsiveLayoutKit/SceneLayoutMock.swift:37:27: error: 'UIInterfaceOrientation' is unavailable in watchOS
interfaceOrientation: UIInterfaceOrientation = .portrait,
^~~~~~~~~~~~~~~~~~~~~~
/Applications/Xcode-26.5.0.app/Contents/Developer/Platforms/WatchOS.platform/Developer/SDKs/WatchOS26.5.sdk/System/Library/Frameworks/UIKit.framework/Headers/UIOrientation.h:41:28: note: 'UIInterfaceOrientation' has been explicitly marked unavailable here
typedef NS_ENUM(NSInteger, UIInterfaceOrientation) {
^
/Users/admin/builder/spi-builder-workspace/Sources/ResponsiveLayoutKit/SceneLayoutProbe.swift:18:28: error: cannot find type 'Context' in scope
func makeUIView(context: Context) -> ProbeView {
^~~~~~~
/Users/admin/builder/spi-builder-workspace/Sources/ResponsiveLayoutKit/SceneLayoutProbe.swift:22:51: error: cannot find type 'Context' in scope
func updateUIView(_ uiView: ProbeView, context: Context) {
^~~~~~~
/Users/admin/builder/spi-builder-workspace/Sources/ResponsiveLayoutKit/SceneLayoutProbe.swift:26:26: error: 'UIView' is unavailable in watchOS
final class ProbeView: UIView {
^~~~~~
/Applications/Xcode-26.5.0.app/Contents/Developer/Platforms/WatchOS.platform/Developer/SDKs/WatchOS26.5.sdk/System/Library/Frameworks/UIKit.framework/Headers/UIView.h:148:12: note: 'UIView' has been explicitly marked unavailable here
@interface UIView : UIResponder <NSCoding, UIAppearance, UIAppearanceContainer, UIDynamicItem, UITraitEnvironment, UICoordinateSpace, UIFocusItem, UIFocusItemContainer, CALayerDelegate>
^
/Users/admin/builder/spi-builder-workspace/Sources/ResponsiveLayoutKit/SceneLayoutProbe.swift:14:26: error: cannot find type 'UIViewRepresentable' in scope
struct SceneLayoutProbe: UIViewRepresentable {
^~~~~~~~~~~~~~~~~~~
/Users/admin/builder/spi-builder-workspace/Sources/ResponsiveLayoutKit/SceneLayoutRegistry.swift:23:37: error: 'UIWindowScene' is unavailable in watchOS
func environment(for windowScene: UIWindowScene) -> SceneLayoutEnvironment {
^~~~~~~~~~~~~
/Applications/Xcode-26.5.0.app/Contents/Developer/Platforms/WatchOS.platform/Developer/SDKs/WatchOS26.5.sdk/System/Library/Frameworks/UIKit.framework/Headers/UIWindowScene.h:21:12: note: 'UIWindowScene' has been explicitly marked unavailable here
@interface UIWindowScene : UIScene
^
SwiftCompile normal arm64_32 Compiling\ SceneLayoutEnvironment.swift,\ SceneLayoutMock.swift /Users/admin/builder/spi-builder-workspace/Sources/ResponsiveLayoutKit/SceneLayoutEnvironment.swift /Users/admin/builder/spi-builder-workspace/Sources/ResponsiveLayoutKit/SceneLayoutMock.swift (in target 'ResponsiveLayoutKit' from project 'swift-responsive-layout')
SwiftCompile normal arm64_32 /Users/admin/builder/spi-builder-workspace/Sources/ResponsiveLayoutKit/SceneLayoutEnvironment.swift (in target 'ResponsiveLayoutKit' from project 'swift-responsive-layout')
cd /Users/admin/builder/spi-builder-workspace/.swiftpm/xcode
SwiftCompile normal arm64_32 /Users/admin/builder/spi-builder-workspace/Sources/ResponsiveLayoutKit/SceneLayoutMock.swift (in target 'ResponsiveLayoutKit' from project 'swift-responsive-layout')
cd /Users/admin/builder/spi-builder-workspace/.swiftpm/xcode
SwiftCompile normal arm64_32 Compiling\ SceneLayoutProbe.swift /Users/admin/builder/spi-builder-workspace/Sources/ResponsiveLayoutKit/SceneLayoutProbe.swift (in target 'ResponsiveLayoutKit' from project 'swift-responsive-layout')
SwiftCompile normal arm64_32 /Users/admin/builder/spi-builder-workspace/Sources/ResponsiveLayoutKit/SceneLayoutProbe.swift (in target 'ResponsiveLayoutKit' from project 'swift-responsive-layout')
cd /Users/admin/builder/spi-builder-workspace/.swiftpm/xcode
SwiftCompile normal arm64_32 Compiling\ AccessibilityScrollView.swift,\ EnvironmentValues+ResponsiveLayoutKit.swift /Users/admin/builder/spi-builder-workspace/Sources/ResponsiveLayoutKit/AccessibilityScrollView.swift /Users/admin/builder/spi-builder-workspace/Sources/ResponsiveLayoutKit/EnvironmentValues+ResponsiveLayoutKit.swift (in target 'ResponsiveLayoutKit' from project 'swift-responsive-layout')
SwiftCompile normal arm64_32 /Users/admin/builder/spi-builder-workspace/Sources/ResponsiveLayoutKit/AccessibilityScrollView.swift (in target 'ResponsiveLayoutKit' from project 'swift-responsive-layout')
cd /Users/admin/builder/spi-builder-workspace/.swiftpm/xcode
SwiftCompile normal arm64_32 /Users/admin/builder/spi-builder-workspace/Sources/ResponsiveLayoutKit/EnvironmentValues+ResponsiveLayoutKit.swift (in target 'ResponsiveLayoutKit' from project 'swift-responsive-layout')
cd /Users/admin/builder/spi-builder-workspace/.swiftpm/xcode
SwiftCompile normal arm64_32 Compiling\ LayoutContext.swift,\ ResponsiveContent.swift /Users/admin/builder/spi-builder-workspace/Sources/ResponsiveLayoutKit/LayoutContext.swift /Users/admin/builder/spi-builder-workspace/Sources/ResponsiveLayoutKit/ResponsiveContent.swift (in target 'ResponsiveLayoutKit' from project 'swift-responsive-layout')
SwiftCompile normal arm64_32 /Users/admin/builder/spi-builder-workspace/Sources/ResponsiveLayoutKit/LayoutContext.swift (in target 'ResponsiveLayoutKit' from project 'swift-responsive-layout')
cd /Users/admin/builder/spi-builder-workspace/.swiftpm/xcode
SwiftCompile normal arm64_32 /Users/admin/builder/spi-builder-workspace/Sources/ResponsiveLayoutKit/ResponsiveContent.swift (in target 'ResponsiveLayoutKit' from project 'swift-responsive-layout')
cd /Users/admin/builder/spi-builder-workspace/.swiftpm/xcode
SwiftCompile normal arm64_32 Compiling\ SceneLayoutRegistry.swift /Users/admin/builder/spi-builder-workspace/Sources/ResponsiveLayoutKit/SceneLayoutRegistry.swift (in target 'ResponsiveLayoutKit' from project 'swift-responsive-layout')
SwiftCompile normal arm64_32 /Users/admin/builder/spi-builder-workspace/Sources/ResponsiveLayoutKit/SceneLayoutRegistry.swift (in target 'ResponsiveLayoutKit' from project 'swift-responsive-layout')
cd /Users/admin/builder/spi-builder-workspace/.swiftpm/xcode
SwiftCompile normal arm64_32 Compiling\ SceneLayoutReader.swift /Users/admin/builder/spi-builder-workspace/Sources/ResponsiveLayoutKit/SceneLayoutReader.swift (in target 'ResponsiveLayoutKit' from project 'swift-responsive-layout')
SwiftCompile normal arm64_32 /Users/admin/builder/spi-builder-workspace/Sources/ResponsiveLayoutKit/SceneLayoutReader.swift (in target 'ResponsiveLayoutKit' from project 'swift-responsive-layout')
cd /Users/admin/builder/spi-builder-workspace/.swiftpm/xcode
SwiftExplicitDependencyGeneratePcm arm64 /Users/admin/builder/spi-builder-workspace/.derivedData/ModuleCache.noindex/SwiftUI-CG6ECLZX98OUCDX22DNETYRI5.pcm
SwiftCompile normal arm64_32 Compiling\ View+Responsive.swift /Users/admin/builder/spi-builder-workspace/Sources/ResponsiveLayoutKit/View+Responsive.swift (in target 'ResponsiveLayoutKit' from project 'swift-responsive-layout')
SwiftCompile normal arm64_32 /Users/admin/builder/spi-builder-workspace/Sources/ResponsiveLayoutKit/View+Responsive.swift (in target 'ResponsiveLayoutKit' from project 'swift-responsive-layout')
cd /Users/admin/builder/spi-builder-workspace/.swiftpm/xcode
SwiftCompile normal arm64_32 Compiling\ View+SceneLayout.swift /Users/admin/builder/spi-builder-workspace/Sources/ResponsiveLayoutKit/View+SceneLayout.swift (in target 'ResponsiveLayoutKit' from project 'swift-responsive-layout')
SwiftCompile normal arm64_32 /Users/admin/builder/spi-builder-workspace/Sources/ResponsiveLayoutKit/View+SceneLayout.swift (in target 'ResponsiveLayoutKit' from project 'swift-responsive-layout')
cd /Users/admin/builder/spi-builder-workspace/.swiftpm/xcode
SwiftEmitModule normal arm64 Emitting\ module\ for\ ResponsiveLayoutKit (in target 'ResponsiveLayoutKit' from project 'swift-responsive-layout')
2026-09-04 05:40:17.599 xcodebuild[851:4923] [MT] IDERunDestination: Supported platforms for the buildables in the current scheme is empty.
** BUILD FAILED **
The following build commands failed:
SwiftEmitModule normal arm64_32 Emitting\ module\ for\ ResponsiveLayoutKit (in target 'ResponsiveLayoutKit' from project 'swift-responsive-layout')
EmitSwiftModule normal arm64_32 (in target 'ResponsiveLayoutKit' from project 'swift-responsive-layout')
Building workspace spi-builder-workspace with scheme swift-responsive-layout
(3 failures)
BUILD FAILURE 6.3 watchOS