The Swift Package Index logo.Swift Package Index

Build Information

Failed to build JsonData, reference 1.0.0 (277f71), with Swift 6.3 for Wasm on 9 Oct 2026 02:26:51 UTC.

Build Command

bash -c docker run --pull=always --rm -v "checkouts-54344847-1":/host -w "$PWD" -e JAVA_HOME="/root/.sdkman/candidates/java/current" -e SPI_BUILD="1" -e SPI_PROCESSING="1" registry.gitlab.com/saguaro1/spi-images:wasm-6.3-latest swift build --swift-sdk swift-6.3.2-RELEASE_wasm 2>&1

Build Log

========================================
RunAll
========================================
Builder version: 5.1.1
Interrupt handler set up.
========================================
Checkout
========================================
Clone URL: https://github.com/zxss702/JsonData.git
Reference: 1.0.0
Initialized empty Git repository in /host/spi-builder-workspace/.git/
hint: Using 'master' as the name for the initial branch. This default branch name
hint: is subject to change. To configure the initial branch name to use in all
hint: of your new repositories, which will suppress this warning, call:
hint:
hint: 	git config --global init.defaultBranch <name>
hint:
hint: Names commonly chosen instead of 'master' are 'main', 'trunk' and
hint: 'development'. The just-created branch can be renamed via this command:
hint:
hint: 	git branch -m <name>
From https://github.com/zxss702/JsonData
 * tag               1.0.0      -> FETCH_HEAD
HEAD is now at 277f718 修复串消息问题
Cloned https://github.com/zxss702/JsonData.git
Revision (git rev-parse @):
277f718e0c8692bbae17eeccf23339353397da38
SUCCESS checkout https://github.com/zxss702/JsonData.git at 1.0.0
========================================
Build
========================================
Selected platform:         wasm
Swift version:             6.3
Building package at path:  $PWD
https://github.com/zxss702/JsonData.git
Running build ...
bash -c docker run --pull=always --rm -v "checkouts-54344847-1":/host -w "$PWD" -e JAVA_HOME="/root/.sdkman/candidates/java/current" -e SPI_BUILD="1" -e SPI_PROCESSING="1" registry.gitlab.com/saguaro1/spi-images:wasm-6.3-latest swift build --swift-sdk swift-6.3.2-RELEASE_wasm 2>&1
wasm-6.3-latest: Pulling from saguaro1/spi-images
Digest: sha256:df2e9038ff906af397ec7b7e13902ccb183f8867606bc33419e44453a9abdb4b
Status: Image is up to date for registry.gitlab.com/saguaro1/spi-images:wasm-6.3-latest
Fetching https://github.com/swiftlang/swift-syntax.git
[1/80397] Fetching swift-syntax
Fetched https://github.com/swiftlang/swift-syntax.git from cache (4.04s)
Computing version for https://github.com/swiftlang/swift-syntax.git
Computed https://github.com/swiftlang/swift-syntax.git at 603.0.2 (5.03s)
Creating working copy for https://github.com/swiftlang/swift-syntax.git
Working copy of https://github.com/swiftlang/swift-syntax.git resolved at 603.0.2
Downloading package prebuilt https://download.swift.org/prebuilts/swift-syntax/603.0.2/swift-6.3.2-RELEASE-ubuntu_noble_x86_64-MacroSupport.tar.gz
Downloaded https://download.swift.org/prebuilts/swift-syntax/603.0.2/swift-6.3.2-RELEASE-ubuntu_noble_x86_64-MacroSupport.tar.gz (0.21s)
Building for debugging...
[0/10] Write sources
[5/10] Compiling GRDBSQLite sqlite3.c
[6/10] Write swift-version-24593BA9C3E375BF.txt
[8/160] Emitting module JsonDataMacros
/host/spi-builder-workspace/Sources/JsonDataMacros/JsonDataMacros.swift:926:15: warning: deprecated default implementation is used to satisfy static method 'expansion(of:providingMembersOf:conformingTo:in:)' required by protocol 'MemberMacro': `MemberMacro` conformance should implement the `expansion` function that takes a `conformingTo` parameter [#DeprecatedDeclaration]
924 |
925 | // @contributor
926 | public struct PersistentModelActorMacro: MemberMacro, ExtensionMacro {
    |               `- warning: deprecated default implementation is used to satisfy static method 'expansion(of:providingMembersOf:conformingTo:in:)' required by protocol 'MemberMacro': `MemberMacro` conformance should implement the `expansion` function that takes a `conformingTo` parameter [#DeprecatedDeclaration]
927 |     public static func expansion(
928 |         of node: AttributeSyntax,
SwiftSyntaxMacros.MemberMacro.expansion:3:22: note: 'expansion(of:providingMembersOf:conformingTo:in:)' declared here
1 | protocol MemberMacro {
2 | @available(*, deprecated, message: "`MemberMacro` conformance should implement the `expansion` function that takes a `conformingTo` parameter")
3 |   public static func expansion(of node: SwiftSyntax.AttributeSyntax, providingMembersOf declaration: some SwiftSyntax.DeclGroupSyntax, conformingTo protocols: [SwiftSyntax.TypeSyntax], in context: some SwiftSyntaxMacros.MacroExpansionContext) throws -> [SwiftSyntax.DeclSyntax]}
  |                      `- note: 'expansion(of:providingMembersOf:conformingTo:in:)' declared here
4 |
SwiftSyntaxMacros.MemberMacro.expansion:2:13: note: requirement 'expansion(of:providingMembersOf:conformingTo:in:)' declared here
1 | protocol MemberMacro {
2 | static func expansion(of node: SwiftSyntax.AttributeSyntax, providingMembersOf declaration: some SwiftSyntax.DeclGroupSyntax, conformingTo protocols: [SwiftSyntax.TypeSyntax], in context: some SwiftSyntaxMacros.MacroExpansionContext) throws -> [SwiftSyntax.DeclSyntax]}
  |             `- note: requirement 'expansion(of:providingMembersOf:conformingTo:in:)' declared here
3 |
[#DeprecatedDeclaration]: <https://docs.swift.org/compiler/documentation/diagnostics/deprecated-declaration>
error: emit-module command failed with exit code 1 (use -v to see invocation)
[9/160] Emitting module GRDB
/host/spi-builder-workspace/Sources/GRDB/Core/Configuration.swift:16:8: error: no such module 'Dispatch'
 14 | @preconcurrency
 15 | #endif
 16 | import Dispatch
    |        `- error: no such module 'Dispatch'
 17 | import Foundation
 18 |
[10/180] Compiling GRDB SQLOrdering.swift
/host/spi-builder-workspace/Sources/GRDB/Core/Configuration.swift:16:8: error: no such module 'Dispatch'
 14 | @preconcurrency
 15 | #endif
 16 | import Dispatch
    |        `- error: no such module 'Dispatch'
 17 | import Foundation
 18 |
[11/180] Compiling GRDB SQLRelation.swift
/host/spi-builder-workspace/Sources/GRDB/Core/Configuration.swift:16:8: error: no such module 'Dispatch'
 14 | @preconcurrency
 15 | #endif
 16 | import Dispatch
    |        `- error: no such module 'Dispatch'
 17 | import Foundation
 18 |
[12/180] Compiling GRDB SQLSelection.swift
/host/spi-builder-workspace/Sources/GRDB/Core/Configuration.swift:16:8: error: no such module 'Dispatch'
 14 | @preconcurrency
 15 | #endif
 16 | import Dispatch
    |        `- error: no such module 'Dispatch'
 17 | import Foundation
 18 |
[13/180] Compiling GRDB SQLSubquery.swift
/host/spi-builder-workspace/Sources/GRDB/Core/Configuration.swift:16:8: error: no such module 'Dispatch'
 14 | @preconcurrency
 15 | #endif
 16 | import Dispatch
    |        `- error: no such module 'Dispatch'
 17 | import Foundation
 18 |
[14/180] Compiling GRDB Table.swift
/host/spi-builder-workspace/Sources/GRDB/Core/Configuration.swift:16:8: error: no such module 'Dispatch'
 14 | @preconcurrency
 15 | #endif
 16 | import Dispatch
    |        `- error: no such module 'Dispatch'
 17 | import Foundation
 18 |
[15/180] Compiling GRDB SQLColumnGenerator.swift
/host/spi-builder-workspace/Sources/GRDB/Core/Configuration.swift:16:8: error: no such module 'Dispatch'
 14 | @preconcurrency
 15 | #endif
 16 | import Dispatch
    |        `- error: no such module 'Dispatch'
 17 | import Foundation
 18 |
[16/180] Compiling GRDB SQLGenerationContext.swift
/host/spi-builder-workspace/Sources/GRDB/Core/Configuration.swift:16:8: error: no such module 'Dispatch'
 14 | @preconcurrency
 15 | #endif
 16 | import Dispatch
    |        `- error: no such module 'Dispatch'
 17 | import Foundation
 18 |
[17/180] Compiling GRDB SQLIndexGenerator.swift
/host/spi-builder-workspace/Sources/GRDB/Core/Configuration.swift:16:8: error: no such module 'Dispatch'
 14 | @preconcurrency
 15 | #endif
 16 | import Dispatch
    |        `- error: no such module 'Dispatch'
 17 | import Foundation
 18 |
[18/180] Compiling GRDB SQLQueryGenerator.swift
/host/spi-builder-workspace/Sources/GRDB/Core/Configuration.swift:16:8: error: no such module 'Dispatch'
 14 | @preconcurrency
 15 | #endif
 16 | import Dispatch
    |        `- error: no such module 'Dispatch'
 17 | import Foundation
 18 |
[19/180] Compiling GRDB SQLTableAlterationGenerator.swift
/host/spi-builder-workspace/Sources/GRDB/Core/Configuration.swift:16:8: error: no such module 'Dispatch'
 14 | @preconcurrency
 15 | #endif
 16 | import Dispatch
    |        `- error: no such module 'Dispatch'
 17 | import Foundation
 18 |
[20/180] Compiling GRDB SQLTableGenerator.swift
/host/spi-builder-workspace/Sources/GRDB/Core/Configuration.swift:16:8: error: no such module 'Dispatch'
 14 | @preconcurrency
 15 | #endif
 16 | import Dispatch
    |        `- error: no such module 'Dispatch'
 17 | import Foundation
 18 |
[21/180] Compiling GRDB TableAlias.swift
/host/spi-builder-workspace/Sources/GRDB/Core/Configuration.swift:16:8: error: no such module 'Dispatch'
 14 | @preconcurrency
 15 | #endif
 16 | import Dispatch
    |        `- error: no such module 'Dispatch'
 17 | import Foundation
 18 |
[22/180] Compiling GRDB SQLInterpolation+QueryInterface.swift
/host/spi-builder-workspace/Sources/GRDB/Core/Configuration.swift:16:8: error: no such module 'Dispatch'
 14 | @preconcurrency
 15 | #endif
 16 | import Dispatch
    |        `- error: no such module 'Dispatch'
 17 | import Foundation
 18 |
[23/180] Compiling GRDB ColumnDefinition.swift
/host/spi-builder-workspace/Sources/GRDB/Core/Configuration.swift:16:8: error: no such module 'Dispatch'
 14 | @preconcurrency
 15 | #endif
 16 | import Dispatch
    |        `- error: no such module 'Dispatch'
 17 | import Foundation
 18 |
[24/180] Compiling GRDB Database+SchemaDefinition.swift
/host/spi-builder-workspace/Sources/GRDB/Core/Configuration.swift:16:8: error: no such module 'Dispatch'
 14 | @preconcurrency
 15 | #endif
 16 | import Dispatch
    |        `- error: no such module 'Dispatch'
 17 | import Foundation
 18 |
[25/180] Compiling GRDB ForeignKeyDefinition.swift
/host/spi-builder-workspace/Sources/GRDB/Core/Configuration.swift:16:8: error: no such module 'Dispatch'
 14 | @preconcurrency
 15 | #endif
 16 | import Dispatch
    |        `- error: no such module 'Dispatch'
 17 | import Foundation
 18 |
[26/180] Compiling GRDB IndexDefinition.swift
/host/spi-builder-workspace/Sources/GRDB/Core/Configuration.swift:16:8: error: no such module 'Dispatch'
 14 | @preconcurrency
 15 | #endif
 16 | import Dispatch
    |        `- error: no such module 'Dispatch'
 17 | import Foundation
 18 |
[27/180] Compiling GRDB TableAlteration.swift
/host/spi-builder-workspace/Sources/GRDB/Core/Configuration.swift:16:8: error: no such module 'Dispatch'
 14 | @preconcurrency
 15 | #endif
 16 | import Dispatch
    |        `- error: no such module 'Dispatch'
 17 | import Foundation
 18 |
[28/180] Compiling GRDB TableDefinition.swift
/host/spi-builder-workspace/Sources/GRDB/Core/Configuration.swift:16:8: error: no such module 'Dispatch'
 14 | @preconcurrency
 15 | #endif
 16 | import Dispatch
    |        `- error: no such module 'Dispatch'
 17 | import Foundation
 18 |
[29/180] Compiling GRDB VirtualTableModule.swift
/host/spi-builder-workspace/Sources/GRDB/Core/Configuration.swift:16:8: error: no such module 'Dispatch'
 14 | @preconcurrency
 15 | #endif
 16 | import Dispatch
    |        `- error: no such module 'Dispatch'
 17 | import Foundation
 18 |
[30/180] Compiling GRDB TableRecord+Association.swift
/host/spi-builder-workspace/Sources/GRDB/Core/Configuration.swift:16:8: error: no such module 'Dispatch'
 14 | @preconcurrency
 15 | #endif
 16 | import Dispatch
    |        `- error: no such module 'Dispatch'
 17 | import Foundation
 18 |
[31/180] Compiling GRDB Inflections.swift
/host/spi-builder-workspace/Sources/GRDB/Core/Configuration.swift:16:8: error: no such module 'Dispatch'
 14 | @preconcurrency
 15 | #endif
 16 | import Dispatch
    |        `- error: no such module 'Dispatch'
 17 | import Foundation
 18 |
[32/180] Compiling GRDB Mutex.swift
/host/spi-builder-workspace/Sources/GRDB/Core/Configuration.swift:16:8: error: no such module 'Dispatch'
 14 | @preconcurrency
 15 | #endif
 16 | import Dispatch
    |        `- error: no such module 'Dispatch'
 17 | import Foundation
 18 |
[33/180] Compiling GRDB OnDemandFuture.swift
/host/spi-builder-workspace/Sources/GRDB/Core/Configuration.swift:16:8: error: no such module 'Dispatch'
 14 | @preconcurrency
 15 | #endif
 16 | import Dispatch
    |        `- error: no such module 'Dispatch'
 17 | import Foundation
 18 |
[34/180] Compiling GRDB OrderedDictionary.swift
/host/spi-builder-workspace/Sources/GRDB/Core/Configuration.swift:16:8: error: no such module 'Dispatch'
 14 | @preconcurrency
 15 | #endif
 16 | import Dispatch
    |        `- error: no such module 'Dispatch'
 17 | import Foundation
 18 |
[35/180] Compiling GRDB Pool.swift
/host/spi-builder-workspace/Sources/GRDB/Core/Configuration.swift:16:8: error: no such module 'Dispatch'
 14 | @preconcurrency
 15 | #endif
 16 | import Dispatch
    |        `- error: no such module 'Dispatch'
 17 | import Foundation
 18 |
[36/180] Compiling GRDB ReadWriteLock.swift
/host/spi-builder-workspace/Sources/GRDB/Core/Configuration.swift:16:8: error: no such module 'Dispatch'
 14 | @preconcurrency
 15 | #endif
 16 | import Dispatch
    |        `- error: no such module 'Dispatch'
 17 | import Foundation
 18 |
[37/180] Compiling GRDB ReceiveValuesOn.swift
/host/spi-builder-workspace/Sources/GRDB/Core/Configuration.swift:16:8: error: no such module 'Dispatch'
 14 | @preconcurrency
 15 | #endif
 16 | import Dispatch
    |        `- error: no such module 'Dispatch'
 17 | import Foundation
 18 |
[38/180] Compiling GRDB Refinable.swift
/host/spi-builder-workspace/Sources/GRDB/Core/Configuration.swift:16:8: error: no such module 'Dispatch'
 14 | @preconcurrency
 15 | #endif
 16 | import Dispatch
    |        `- error: no such module 'Dispatch'
 17 | import Foundation
 18 |
[39/180] Compiling GRDB Utils.swift
/host/spi-builder-workspace/Sources/GRDB/Core/Configuration.swift:16:8: error: no such module 'Dispatch'
 14 | @preconcurrency
 15 | #endif
 16 | import Dispatch
    |        `- error: no such module 'Dispatch'
 17 | import Foundation
 18 |
[40/180] Compiling GRDB DatabaseCancellable.swift
/host/spi-builder-workspace/Sources/GRDB/Core/Configuration.swift:16:8: error: no such module 'Dispatch'
 14 | @preconcurrency
 15 | #endif
 16 | import Dispatch
    |        `- error: no such module 'Dispatch'
 17 | import Foundation
 18 |
[41/180] Compiling GRDB ValueConcurrentObserver.swift
/host/spi-builder-workspace/Sources/GRDB/Core/Configuration.swift:16:8: error: no such module 'Dispatch'
 14 | @preconcurrency
 15 | #endif
 16 | import Dispatch
    |        `- error: no such module 'Dispatch'
 17 | import Foundation
 18 |
[42/180] Compiling GRDB ValueWriteOnlyObserver.swift
/host/spi-builder-workspace/Sources/GRDB/Core/Configuration.swift:16:8: error: no such module 'Dispatch'
 14 | @preconcurrency
 15 | #endif
 16 | import Dispatch
    |        `- error: no such module 'Dispatch'
 17 | import Foundation
 18 |
[43/180] Compiling GRDB Fetch.swift
/host/spi-builder-workspace/Sources/GRDB/Core/Configuration.swift:16:8: error: no such module 'Dispatch'
 14 | @preconcurrency
 15 | #endif
 16 | import Dispatch
    |        `- error: no such module 'Dispatch'
 17 | import Foundation
 18 |
[44/180] Compiling GRDB Map.swift
/host/spi-builder-workspace/Sources/GRDB/Core/Configuration.swift:16:8: error: no such module 'Dispatch'
 14 | @preconcurrency
 15 | #endif
 16 | import Dispatch
    |        `- error: no such module 'Dispatch'
 17 | import Foundation
 18 |
[45/180] Compiling GRDB RemoveDuplicates.swift
/host/spi-builder-workspace/Sources/GRDB/Core/Configuration.swift:16:8: error: no such module 'Dispatch'
 14 | @preconcurrency
 15 | #endif
 16 | import Dispatch
    |        `- error: no such module 'Dispatch'
 17 | import Foundation
 18 |
[46/180] Compiling GRDB Trace.swift
/host/spi-builder-workspace/Sources/GRDB/Core/Configuration.swift:16:8: error: no such module 'Dispatch'
 14 | @preconcurrency
 15 | #endif
 16 | import Dispatch
    |        `- error: no such module 'Dispatch'
 17 | import Foundation
 18 |
[47/180] Compiling GRDB ValueReducer.swift
/host/spi-builder-workspace/Sources/GRDB/Core/Configuration.swift:16:8: error: no such module 'Dispatch'
 14 | @preconcurrency
 15 | #endif
 16 | import Dispatch
    |        `- error: no such module 'Dispatch'
 17 | import Foundation
 18 |
[48/180] Compiling GRDB SharedValueObservation.swift
/host/spi-builder-workspace/Sources/GRDB/Core/Configuration.swift:16:8: error: no such module 'Dispatch'
 14 | @preconcurrency
 15 | #endif
 16 | import Dispatch
    |        `- error: no such module 'Dispatch'
 17 | import Foundation
 18 |
[49/180] Compiling GRDB ValueObservation.swift
/host/spi-builder-workspace/Sources/GRDB/Core/Configuration.swift:16:8: error: no such module 'Dispatch'
 14 | @preconcurrency
 15 | #endif
 16 | import Dispatch
    |        `- error: no such module 'Dispatch'
 17 | import Foundation
 18 |
[50/180] Compiling GRDB ValueObservationScheduler.swift
/host/spi-builder-workspace/Sources/GRDB/Core/Configuration.swift:16:8: error: no such module 'Dispatch'
 14 | @preconcurrency
 15 | #endif
 16 | import Dispatch
    |        `- error: no such module 'Dispatch'
 17 | import Foundation
 18 |
[51/180] Compiling GRDB NSData.swift
/host/spi-builder-workspace/Sources/GRDB/Core/Configuration.swift:16:8: error: no such module 'Dispatch'
 14 | @preconcurrency
 15 | #endif
 16 | import Dispatch
    |        `- error: no such module 'Dispatch'
 17 | import Foundation
 18 |
[52/180] Compiling GRDB NSNull.swift
/host/spi-builder-workspace/Sources/GRDB/Core/Configuration.swift:16:8: error: no such module 'Dispatch'
 14 | @preconcurrency
 15 | #endif
 16 | import Dispatch
    |        `- error: no such module 'Dispatch'
 17 | import Foundation
 18 |
[53/180] Compiling GRDB NSNumber.swift
/host/spi-builder-workspace/Sources/GRDB/Core/Configuration.swift:16:8: error: no such module 'Dispatch'
 14 | @preconcurrency
 15 | #endif
 16 | import Dispatch
    |        `- error: no such module 'Dispatch'
 17 | import Foundation
 18 |
[54/180] Compiling GRDB NSString.swift
/host/spi-builder-workspace/Sources/GRDB/Core/Configuration.swift:16:8: error: no such module 'Dispatch'
 14 | @preconcurrency
 15 | #endif
 16 | import Dispatch
    |        `- error: no such module 'Dispatch'
 17 | import Foundation
 18 |
[55/180] Compiling GRDB SQLiteDateParser.swift
/host/spi-builder-workspace/Sources/GRDB/Core/Configuration.swift:16:8: error: no such module 'Dispatch'
 14 | @preconcurrency
 15 | #endif
 16 | import Dispatch
    |        `- error: no such module 'Dispatch'
 17 | import Foundation
 18 |
[56/180] Compiling GRDB URL.swift
/host/spi-builder-workspace/Sources/GRDB/Core/Configuration.swift:16:8: error: no such module 'Dispatch'
 14 | @preconcurrency
 15 | #endif
 16 | import Dispatch
    |        `- error: no such module 'Dispatch'
 17 | import Foundation
 18 |
[57/180] Compiling GRDB UUID.swift
/host/spi-builder-workspace/Sources/GRDB/Core/Configuration.swift:16:8: error: no such module 'Dispatch'
 14 | @preconcurrency
 15 | #endif
 16 | import Dispatch
    |        `- error: no such module 'Dispatch'
 17 | import Foundation
 18 |
[58/180] Compiling GRDB DatabaseValueConvertible+Decodable.swift
/host/spi-builder-workspace/Sources/GRDB/Core/Configuration.swift:16:8: error: no such module 'Dispatch'
 14 | @preconcurrency
 15 | #endif
 16 | import Dispatch
    |        `- error: no such module 'Dispatch'
 17 | import Foundation
 18 |
[59/180] Compiling GRDB DatabaseValueConvertible+Encodable.swift
/host/spi-builder-workspace/Sources/GRDB/Core/Configuration.swift:16:8: error: no such module 'Dispatch'
 14 | @preconcurrency
 15 | #endif
 16 | import Dispatch
    |        `- error: no such module 'Dispatch'
 17 | import Foundation
 18 |
[60/180] Compiling GRDB DatabaseValueConvertible+RawRepresentable.swift
/host/spi-builder-workspace/Sources/GRDB/Core/Configuration.swift:16:8: error: no such module 'Dispatch'
 14 | @preconcurrency
 15 | #endif
 16 | import Dispatch
    |        `- error: no such module 'Dispatch'
 17 | import Foundation
 18 |
[61/180] Compiling GRDB JSONRequiredEncoder.swift
/host/spi-builder-workspace/Sources/GRDB/Core/Configuration.swift:16:8: error: no such module 'Dispatch'
 14 | @preconcurrency
 15 | #endif
 16 | import Dispatch
    |        `- error: no such module 'Dispatch'
 17 | import Foundation
 18 |
[62/180] Compiling GRDB Optional.swift
/host/spi-builder-workspace/Sources/GRDB/Core/Configuration.swift:16:8: error: no such module 'Dispatch'
 14 | @preconcurrency
 15 | #endif
 16 | import Dispatch
    |        `- error: no such module 'Dispatch'
 17 | import Foundation
 18 |
[63/180] Compiling GRDB StandardLibrary.swift
/host/spi-builder-workspace/Sources/GRDB/Core/Configuration.swift:16:8: error: no such module 'Dispatch'
 14 | @preconcurrency
 15 | #endif
 16 | import Dispatch
    |        `- error: no such module 'Dispatch'
 17 | import Foundation
 18 |
[64/180] Compiling GRDB TransactionClock.swift
/host/spi-builder-workspace/Sources/GRDB/Core/Configuration.swift:16:8: error: no such module 'Dispatch'
 14 | @preconcurrency
 15 | #endif
 16 | import Dispatch
    |        `- error: no such module 'Dispatch'
 17 | import Foundation
 18 |
[65/180] Compiling GRDB TransactionObserver.swift
/host/spi-builder-workspace/Sources/GRDB/Core/Configuration.swift:16:8: error: no such module 'Dispatch'
 14 | @preconcurrency
 15 | #endif
 16 | import Dispatch
    |        `- error: no such module 'Dispatch'
 17 | import Foundation
 18 |
[66/180] Compiling GRDB WALSnapshot.swift
/host/spi-builder-workspace/Sources/GRDB/Core/Configuration.swift:16:8: error: no such module 'Dispatch'
 14 | @preconcurrency
 15 | #endif
 16 | import Dispatch
    |        `- error: no such module 'Dispatch'
 17 | import Foundation
 18 |
[67/180] Compiling GRDB WALSnapshotTransaction.swift
/host/spi-builder-workspace/Sources/GRDB/Core/Configuration.swift:16:8: error: no such module 'Dispatch'
 14 | @preconcurrency
 15 | #endif
 16 | import Dispatch
    |        `- error: no such module 'Dispatch'
 17 | import Foundation
 18 |
[68/180] Compiling GRDB Database+Dump.swift
/host/spi-builder-workspace/Sources/GRDB/Core/Configuration.swift:16:8: error: no such module 'Dispatch'
 14 | @preconcurrency
 15 | #endif
 16 | import Dispatch
    |        `- error: no such module 'Dispatch'
 17 | import Foundation
 18 |
[69/180] Compiling GRDB DatabaseReader+dump.swift
/host/spi-builder-workspace/Sources/GRDB/Core/Configuration.swift:16:8: error: no such module 'Dispatch'
 14 | @preconcurrency
 15 | #endif
 16 | import Dispatch
    |        `- error: no such module 'Dispatch'
 17 | import Foundation
 18 |
[70/180] Compiling GRDB DumpFormat.swift
/host/spi-builder-workspace/Sources/GRDB/Core/Configuration.swift:16:8: error: no such module 'Dispatch'
 14 | @preconcurrency
 15 | #endif
 16 | import Dispatch
    |        `- error: no such module 'Dispatch'
 17 | import Foundation
 18 |
[71/180] Compiling GRDB DebugDumpFormat.swift
/host/spi-builder-workspace/Sources/GRDB/Core/Configuration.swift:16:8: error: no such module 'Dispatch'
 14 | @preconcurrency
 15 | #endif
 16 | import Dispatch
    |        `- error: no such module 'Dispatch'
 17 | import Foundation
 18 |
[72/180] Compiling GRDB DatabaseValueConvertible.swift
/host/spi-builder-workspace/Sources/GRDB/Core/Configuration.swift:16:8: error: no such module 'Dispatch'
 14 | @preconcurrency
 15 | #endif
 16 | import Dispatch
    |        `- error: no such module 'Dispatch'
 17 | import Foundation
 18 |
[73/180] Compiling GRDB DatabaseWriter.swift
/host/spi-builder-workspace/Sources/GRDB/Core/Configuration.swift:16:8: error: no such module 'Dispatch'
 14 | @preconcurrency
 15 | #endif
 16 | import Dispatch
    |        `- error: no such module 'Dispatch'
 17 | import Foundation
 18 |
[74/180] Compiling GRDB DispatchQueueActor.swift
/host/spi-builder-workspace/Sources/GRDB/Core/Configuration.swift:16:8: error: no such module 'Dispatch'
 14 | @preconcurrency
 15 | #endif
 16 | import Dispatch
    |        `- error: no such module 'Dispatch'
 17 | import Foundation
 18 |
[75/180] Compiling GRDB FetchRequest.swift
/host/spi-builder-workspace/Sources/GRDB/Core/Configuration.swift:16:8: error: no such module 'Dispatch'
 14 | @preconcurrency
 15 | #endif
 16 | import Dispatch
    |        `- error: no such module 'Dispatch'
 17 | import Foundation
 18 |
[76/180] Compiling GRDB Row.swift
/host/spi-builder-workspace/Sources/GRDB/Core/Configuration.swift:16:8: error: no such module 'Dispatch'
 14 | @preconcurrency
 15 | #endif
 16 | import Dispatch
    |        `- error: no such module 'Dispatch'
 17 | import Foundation
 18 |
[77/180] Compiling GRDB RowAdapter.swift
/host/spi-builder-workspace/Sources/GRDB/Core/Configuration.swift:16:8: error: no such module 'Dispatch'
 14 | @preconcurrency
 15 | #endif
 16 | import Dispatch
    |        `- error: no such module 'Dispatch'
 17 | import Foundation
 18 |
[78/180] Compiling GRDB RowDecodingError.swift
/host/spi-builder-workspace/Sources/GRDB/Core/Configuration.swift:16:8: error: no such module 'Dispatch'
 14 | @preconcurrency
 15 | #endif
 16 | import Dispatch
    |        `- error: no such module 'Dispatch'
 17 | import Foundation
 18 |
[79/180] Compiling GRDB SQL.swift
/host/spi-builder-workspace/Sources/GRDB/Core/Configuration.swift:16:8: error: no such module 'Dispatch'
 14 | @preconcurrency
 15 | #endif
 16 | import Dispatch
    |        `- error: no such module 'Dispatch'
 17 | import Foundation
 18 |
[80/180] Compiling GRDB SQLInterpolation.swift
/host/spi-builder-workspace/Sources/GRDB/Core/Configuration.swift:16:8: error: no such module 'Dispatch'
 14 | @preconcurrency
 15 | #endif
 16 | import Dispatch
    |        `- error: no such module 'Dispatch'
 17 | import Foundation
 18 |
[81/180] Compiling GRDB SQLRequest.swift
/host/spi-builder-workspace/Sources/GRDB/Core/Configuration.swift:16:8: error: no such module 'Dispatch'
 14 | @preconcurrency
 15 | #endif
 16 | import Dispatch
    |        `- error: no such module 'Dispatch'
 17 | import Foundation
 18 |
[82/180] Compiling GRDB SchedulingWatchdog.swift
/host/spi-builder-workspace/Sources/GRDB/Core/Configuration.swift:16:8: error: no such module 'Dispatch'
 14 | @preconcurrency
 15 | #endif
 16 | import Dispatch
    |        `- error: no such module 'Dispatch'
 17 | import Foundation
 18 |
[83/180] Compiling GRDB SerializedDatabase.swift
/host/spi-builder-workspace/Sources/GRDB/Core/Configuration.swift:16:8: error: no such module 'Dispatch'
 14 | @preconcurrency
 15 | #endif
 16 | import Dispatch
    |        `- error: no such module 'Dispatch'
 17 | import Foundation
 18 |
[84/180] Compiling GRDB Statement.swift
/host/spi-builder-workspace/Sources/GRDB/Core/Configuration.swift:16:8: error: no such module 'Dispatch'
 14 | @preconcurrency
 15 | #endif
 16 | import Dispatch
    |        `- error: no such module 'Dispatch'
 17 | import Foundation
 18 |
[85/180] Compiling GRDB StatementAuthorizer.swift
/host/spi-builder-workspace/Sources/GRDB/Core/Configuration.swift:16:8: error: no such module 'Dispatch'
 14 | @preconcurrency
 15 | #endif
 16 | import Dispatch
    |        `- error: no such module 'Dispatch'
 17 | import Foundation
 18 |
[86/180] Compiling GRDB StatementColumnConvertible.swift
/host/spi-builder-workspace/Sources/GRDB/Core/Configuration.swift:16:8: error: no such module 'Dispatch'
 14 | @preconcurrency
 15 | #endif
 16 | import Dispatch
    |        `- error: no such module 'Dispatch'
 17 | import Foundation
 18 |
[87/180] Compiling GRDB CGFloat.swift
/host/spi-builder-workspace/Sources/GRDB/Core/Configuration.swift:16:8: error: no such module 'Dispatch'
 14 | @preconcurrency
 15 | #endif
 16 | import Dispatch
    |        `- error: no such module 'Dispatch'
 17 | import Foundation
 18 |
[88/180] Compiling GRDB Data.swift
/host/spi-builder-workspace/Sources/GRDB/Core/Configuration.swift:16:8: error: no such module 'Dispatch'
 14 | @preconcurrency
 15 | #endif
 16 | import Dispatch
    |        `- error: no such module 'Dispatch'
 17 | import Foundation
 18 |
[89/180] Compiling GRDB DatabaseDateComponents.swift
/host/spi-builder-workspace/Sources/GRDB/Core/Configuration.swift:16:8: error: no such module 'Dispatch'
 14 | @preconcurrency
 15 | #endif
 16 | import Dispatch
    |        `- error: no such module 'Dispatch'
 17 | import Foundation
 18 |
[90/180] Compiling GRDB DatabaseValueConvertible+ReferenceConvertible.swift
/host/spi-builder-workspace/Sources/GRDB/Core/Configuration.swift:16:8: error: no such module 'Dispatch'
 14 | @preconcurrency
 15 | #endif
 16 | import Dispatch
    |        `- error: no such module 'Dispatch'
 17 | import Foundation
 18 |
[91/180] Compiling GRDB Date.swift
/host/spi-builder-workspace/Sources/GRDB/Core/Configuration.swift:16:8: error: no such module 'Dispatch'
 14 | @preconcurrency
 15 | #endif
 16 | import Dispatch
    |        `- error: no such module 'Dispatch'
 17 | import Foundation
 18 |
[92/180] Compiling GRDB Decimal.swift
/host/spi-builder-workspace/Sources/GRDB/Core/Configuration.swift:16:8: error: no such module 'Dispatch'
 14 | @preconcurrency
 15 | #endif
 16 | import Dispatch
    |        `- error: no such module 'Dispatch'
 17 | import Foundation
 18 |
[93/180] Compiling GRDB FTS5+QueryInterface.swift
/host/spi-builder-workspace/Sources/GRDB/Core/Configuration.swift:16:8: error: no such module 'Dispatch'
 14 | @preconcurrency
 15 | #endif
 16 | import Dispatch
    |        `- error: no such module 'Dispatch'
 17 | import Foundation
 18 |
[94/180] Compiling GRDB ForeignKey.swift
/host/spi-builder-workspace/Sources/GRDB/Core/Configuration.swift:16:8: error: no such module 'Dispatch'
 14 | @preconcurrency
 15 | #endif
 16 | import Dispatch
    |        `- error: no such module 'Dispatch'
 17 | import Foundation
 18 |
[95/180] Compiling GRDB Association.swift
/host/spi-builder-workspace/Sources/GRDB/Core/Configuration.swift:16:8: error: no such module 'Dispatch'
 14 | @preconcurrency
 15 | #endif
 16 | import Dispatch
    |        `- error: no such module 'Dispatch'
 17 | import Foundation
 18 |
[96/180] Compiling GRDB AssociationAggregate.swift
/host/spi-builder-workspace/Sources/GRDB/Core/Configuration.swift:16:8: error: no such module 'Dispatch'
 14 | @preconcurrency
 15 | #endif
 16 | import Dispatch
    |        `- error: no such module 'Dispatch'
 17 | import Foundation
 18 |
[97/180] Compiling GRDB BelongsToAssociation.swift
/host/spi-builder-workspace/Sources/GRDB/Core/Configuration.swift:16:8: error: no such module 'Dispatch'
 14 | @preconcurrency
 15 | #endif
 16 | import Dispatch
    |        `- error: no such module 'Dispatch'
 17 | import Foundation
 18 |
[98/180] Compiling GRDB HasManyAssociation.swift
/host/spi-builder-workspace/Sources/GRDB/Core/Configuration.swift:16:8: error: no such module 'Dispatch'
 14 | @preconcurrency
 15 | #endif
 16 | import Dispatch
    |        `- error: no such module 'Dispatch'
 17 | import Foundation
 18 |
[99/180] Compiling GRDB HasManyThroughAssociation.swift
/host/spi-builder-workspace/Sources/GRDB/Core/Configuration.swift:16:8: error: no such module 'Dispatch'
 14 | @preconcurrency
 15 | #endif
 16 | import Dispatch
    |        `- error: no such module 'Dispatch'
 17 | import Foundation
 18 |
[100/180] Compiling GRDB HasOneAssociation.swift
/host/spi-builder-workspace/Sources/GRDB/Core/Configuration.swift:16:8: error: no such module 'Dispatch'
 14 | @preconcurrency
 15 | #endif
 16 | import Dispatch
    |        `- error: no such module 'Dispatch'
 17 | import Foundation
 18 |
[101/180] Compiling GRDB HasOneThroughAssociation.swift
/host/spi-builder-workspace/Sources/GRDB/Core/Configuration.swift:16:8: error: no such module 'Dispatch'
 14 | @preconcurrency
 15 | #endif
 16 | import Dispatch
    |        `- error: no such module 'Dispatch'
 17 | import Foundation
 18 |
[102/180] Compiling GRDB JoinAssociation.swift
/host/spi-builder-workspace/Sources/GRDB/Core/Configuration.swift:16:8: error: no such module 'Dispatch'
 14 | @preconcurrency
 15 | #endif
 16 | import Dispatch
    |        `- error: no such module 'Dispatch'
 17 | import Foundation
 18 |
[103/180] Compiling GRDB CommonTableExpression.swift
/host/spi-builder-workspace/Sources/GRDB/Core/Configuration.swift:16:8: error: no such module 'Dispatch'
 14 | @preconcurrency
 15 | #endif
 16 | import Dispatch
    |        `- error: no such module 'Dispatch'
 17 | import Foundation
 18 |
[104/180] Compiling GRDB QueryInterfaceRequest.swift
/host/spi-builder-workspace/Sources/GRDB/Core/Configuration.swift:16:8: error: no such module 'Dispatch'
 14 | @preconcurrency
 15 | #endif
 16 | import Dispatch
    |        `- error: no such module 'Dispatch'
 17 | import Foundation
 18 |
[105/180] Compiling GRDB RequestProtocols.swift
/host/spi-builder-workspace/Sources/GRDB/Core/Configuration.swift:16:8: error: no such module 'Dispatch'
 14 | @preconcurrency
 15 | #endif
 16 | import Dispatch
    |        `- error: no such module 'Dispatch'
 17 | import Foundation
 18 |
[106/180] Compiling GRDB Column.swift
/host/spi-builder-workspace/Sources/GRDB/Core/Configuration.swift:16:8: error: no such module 'Dispatch'
 14 | @preconcurrency
 15 | #endif
 16 | import Dispatch
    |        `- error: no such module 'Dispatch'
 17 | import Foundation
 18 |
[107/180] Compiling GRDB DatabasePromise.swift
/host/spi-builder-workspace/Sources/GRDB/Core/Configuration.swift:16:8: error: no such module 'Dispatch'
 14 | @preconcurrency
 15 | #endif
 16 | import Dispatch
    |        `- error: no such module 'Dispatch'
 17 | import Foundation
 18 |
[108/180] Compiling GRDB SQLAssociation.swift
/host/spi-builder-workspace/Sources/GRDB/Core/Configuration.swift:16:8: error: no such module 'Dispatch'
 14 | @preconcurrency
 15 | #endif
 16 | import Dispatch
    |        `- error: no such module 'Dispatch'
 17 | import Foundation
 18 |
[109/180] Compiling GRDB SQLCollection.swift
/host/spi-builder-workspace/Sources/GRDB/Core/Configuration.swift:16:8: error: no such module 'Dispatch'
 14 | @preconcurrency
 15 | #endif
 16 | import Dispatch
    |        `- error: no such module 'Dispatch'
 17 | import Foundation
 18 |
[110/180] Compiling GRDB SQLExpression.swift
/host/spi-builder-workspace/Sources/GRDB/Core/Configuration.swift:16:8: error: no such module 'Dispatch'
 14 | @preconcurrency
 15 | #endif
 16 | import Dispatch
    |        `- error: no such module 'Dispatch'
 17 | import Foundation
 18 |
[111/180] Compiling GRDB SQLForeignKeyRequest.swift
/host/spi-builder-workspace/Sources/GRDB/Core/Configuration.swift:16:8: error: no such module 'Dispatch'
 14 | @preconcurrency
 15 | #endif
 16 | import Dispatch
    |        `- error: no such module 'Dispatch'
 17 | import Foundation
 18 |
[112/180] Compiling GRDB SQLFunctions.swift
/host/spi-builder-workspace/Sources/GRDB/Core/Configuration.swift:16:8: error: no such module 'Dispatch'
 14 | @preconcurrency
 15 | #endif
 16 | import Dispatch
    |        `- error: no such module 'Dispatch'
 17 | import Foundation
 18 |
[113/180] Compiling GRDB SQLOperators.swift
/host/spi-builder-workspace/Sources/GRDB/Core/Configuration.swift:16:8: error: no such module 'Dispatch'
 14 | @preconcurrency
 15 | #endif
 16 | import Dispatch
    |        `- error: no such module 'Dispatch'
 17 | import Foundation
 18 |
[114/180] Compiling GRDB JSONDumpFormat.swift
/host/spi-builder-workspace/Sources/GRDB/Core/Configuration.swift:16:8: error: no such module 'Dispatch'
 14 | @preconcurrency
 15 | #endif
 16 | import Dispatch
    |        `- error: no such module 'Dispatch'
 17 | import Foundation
 18 |
[115/180] Compiling GRDB LineDumpFormat.swift
/host/spi-builder-workspace/Sources/GRDB/Core/Configuration.swift:16:8: error: no such module 'Dispatch'
 14 | @preconcurrency
 15 | #endif
 16 | import Dispatch
    |        `- error: no such module 'Dispatch'
 17 | import Foundation
 18 |
[116/180] Compiling GRDB ListDumpFormat.swift
/host/spi-builder-workspace/Sources/GRDB/Core/Configuration.swift:16:8: error: no such module 'Dispatch'
 14 | @preconcurrency
 15 | #endif
 16 | import Dispatch
    |        `- error: no such module 'Dispatch'
 17 | import Foundation
 18 |
[117/180] Compiling GRDB QuoteDumpFormat.swift
/host/spi-builder-workspace/Sources/GRDB/Core/Configuration.swift:16:8: error: no such module 'Dispatch'
 14 | @preconcurrency
 15 | #endif
 16 | import Dispatch
    |        `- error: no such module 'Dispatch'
 17 | import Foundation
 18 |
[118/180] Compiling GRDB FTS3.swift
/host/spi-builder-workspace/Sources/GRDB/Core/Configuration.swift:16:8: error: no such module 'Dispatch'
 14 | @preconcurrency
 15 | #endif
 16 | import Dispatch
    |        `- error: no such module 'Dispatch'
 17 | import Foundation
 18 |
[119/180] Compiling GRDB FTS3Pattern.swift
/host/spi-builder-workspace/Sources/GRDB/Core/Configuration.swift:16:8: error: no such module 'Dispatch'
 14 | @preconcurrency
 15 | #endif
 16 | import Dispatch
    |        `- error: no such module 'Dispatch'
 17 | import Foundation
 18 |
[120/180] Compiling GRDB FTS3TokenizerDescriptor.swift
/host/spi-builder-workspace/Sources/GRDB/Core/Configuration.swift:16:8: error: no such module 'Dispatch'
 14 | @preconcurrency
 15 | #endif
 16 | import Dispatch
    |        `- error: no such module 'Dispatch'
 17 | import Foundation
 18 |
[121/180] Compiling GRDB FTS4.swift
/host/spi-builder-workspace/Sources/GRDB/Core/Configuration.swift:16:8: error: no such module 'Dispatch'
 14 | @preconcurrency
 15 | #endif
 16 | import Dispatch
    |        `- error: no such module 'Dispatch'
 17 | import Foundation
 18 |
[122/180] Compiling GRDB FTS5.swift
/host/spi-builder-workspace/Sources/GRDB/Core/Configuration.swift:16:8: error: no such module 'Dispatch'
 14 | @preconcurrency
 15 | #endif
 16 | import Dispatch
    |        `- error: no such module 'Dispatch'
 17 | import Foundation
 18 |
[123/180] Compiling GRDB FTS5CustomTokenizer.swift
/host/spi-builder-workspace/Sources/GRDB/Core/Configuration.swift:16:8: error: no such module 'Dispatch'
 14 | @preconcurrency
 15 | #endif
 16 | import Dispatch
    |        `- error: no such module 'Dispatch'
 17 | import Foundation
 18 |
[124/180] Compiling GRDB FTS5Pattern.swift
/host/spi-builder-workspace/Sources/GRDB/Core/Configuration.swift:16:8: error: no such module 'Dispatch'
 14 | @preconcurrency
 15 | #endif
 16 | import Dispatch
    |        `- error: no such module 'Dispatch'
 17 | import Foundation
 18 |
[125/180] Compiling GRDB FTS5Tokenizer.swift
/host/spi-builder-workspace/Sources/GRDB/Core/Configuration.swift:16:8: error: no such module 'Dispatch'
 14 | @preconcurrency
 15 | #endif
 16 | import Dispatch
    |        `- error: no such module 'Dispatch'
 17 | import Foundation
 18 |
[126/180] Compiling GRDB FTS5TokenizerDescriptor.swift
/host/spi-builder-workspace/Sources/GRDB/Core/Configuration.swift:16:8: error: no such module 'Dispatch'
 14 | @preconcurrency
 15 | #endif
 16 | import Dispatch
    |        `- error: no such module 'Dispatch'
 17 | import Foundation
 18 |
[127/180] Compiling GRDB FTS5WrapperTokenizer.swift
/host/spi-builder-workspace/Sources/GRDB/Core/Configuration.swift:16:8: error: no such module 'Dispatch'
 14 | @preconcurrency
 15 | #endif
 16 | import Dispatch
    |        `- error: no such module 'Dispatch'
 17 | import Foundation
 18 |
[128/180] Compiling GRDB Fixits.swift
/host/spi-builder-workspace/Sources/GRDB/Core/Configuration.swift:16:8: error: no such module 'Dispatch'
 14 | @preconcurrency
 15 | #endif
 16 | import Dispatch
    |        `- error: no such module 'Dispatch'
 17 | import Foundation
 18 |
[129/180] Compiling GRDB JSONColumn.swift
/host/spi-builder-workspace/Sources/GRDB/Core/Configuration.swift:16:8: error: no such module 'Dispatch'
 14 | @preconcurrency
 15 | #endif
 16 | import Dispatch
    |        `- error: no such module 'Dispatch'
 17 | import Foundation
 18 |
[130/180] Compiling GRDB SQLJSONExpressible.swift
/host/spi-builder-workspace/Sources/GRDB/Core/Configuration.swift:16:8: error: no such module 'Dispatch'
 14 | @preconcurrency
 15 | #endif
 16 | import Dispatch
    |        `- error: no such module 'Dispatch'
 17 | import Foundation
 18 |
[131/180] Compiling GRDB SQLJSONFunctions.swift
/host/spi-builder-workspace/Sources/GRDB/Core/Configuration.swift:16:8: error: no such module 'Dispatch'
 14 | @preconcurrency
 15 | #endif
 16 | import Dispatch
    |        `- error: no such module 'Dispatch'
 17 | import Foundation
 18 |
[132/180] Compiling GRDB DatabaseMigrator.swift
/host/spi-builder-workspace/Sources/GRDB/Core/Configuration.swift:16:8: error: no such module 'Dispatch'
 14 | @preconcurrency
 15 | #endif
 16 | import Dispatch
    |        `- error: no such module 'Dispatch'
 17 | import Foundation
 18 |
[133/180] Compiling GRDB Migration.swift
/host/spi-builder-workspace/Sources/GRDB/Core/Configuration.swift:16:8: error: no such module 'Dispatch'
 14 | @preconcurrency
 15 | #endif
 16 | import Dispatch
    |        `- error: no such module 'Dispatch'
 17 | import Foundation
 18 |
[134/180] Compiling GRDB FTS3+QueryInterface.swift
/host/spi-builder-workspace/Sources/GRDB/Core/Configuration.swift:16:8: error: no such module 'Dispatch'
 14 | @preconcurrency
 15 | #endif
 16 | import Dispatch
    |        `- error: no such module 'Dispatch'
 17 | import Foundation
 18 |
[135/180] Compiling GRDB Configuration.swift
/host/spi-builder-workspace/Sources/GRDB/Core/Configuration.swift:16:8: error: no such module 'Dispatch'
 14 | @preconcurrency
 15 | #endif
 16 | import Dispatch
    |        `- error: no such module 'Dispatch'
 17 | import Foundation
 18 |
[136/180] Compiling GRDB Cursor.swift
/host/spi-builder-workspace/Sources/GRDB/Core/Configuration.swift:16:8: error: no such module 'Dispatch'
 14 | @preconcurrency
 15 | #endif
 16 | import Dispatch
    |        `- error: no such module 'Dispatch'
 17 | import Foundation
 18 |
[137/180] Compiling GRDB Database+SQLCipher.swift
/host/spi-builder-workspace/Sources/GRDB/Core/Configuration.swift:16:8: error: no such module 'Dispatch'
 14 | @preconcurrency
 15 | #endif
 16 | import Dispatch
    |        `- error: no such module 'Dispatch'
 17 | import Foundation
 18 |
[138/180] Compiling GRDB Database+Schema.swift
/host/spi-builder-workspace/Sources/GRDB/Core/Configuration.swift:16:8: error: no such module 'Dispatch'
 14 | @preconcurrency
 15 | #endif
 16 | import Dispatch
    |        `- error: no such module 'Dispatch'
 17 | import Foundation
 18 |
[139/180] Compiling GRDB Database+Statements.swift
/host/spi-builder-workspace/Sources/GRDB/Core/Configuration.swift:16:8: error: no such module 'Dispatch'
 14 | @preconcurrency
 15 | #endif
 16 | import Dispatch
    |        `- error: no such module 'Dispatch'
 17 | import Foundation
 18 |
[140/180] Compiling GRDB Database.swift
/host/spi-builder-workspace/Sources/GRDB/Core/Configuration.swift:16:8: error: no such module 'Dispatch'
 14 | @preconcurrency
 15 | #endif
 16 | import Dispatch
    |        `- error: no such module 'Dispatch'
 17 | import Foundation
 18 |
[141/180] Compiling GRDB DatabaseBackupProgress.swift
/host/spi-builder-workspace/Sources/GRDB/Core/Configuration.swift:16:8: error: no such module 'Dispatch'
 14 | @preconcurrency
 15 | #endif
 16 | import Dispatch
    |        `- error: no such module 'Dispatch'
 17 | import Foundation
 18 |
[142/180] Compiling GRDB DatabaseCollation.swift
/host/spi-builder-workspace/Sources/GRDB/Core/Configuration.swift:16:8: error: no such module 'Dispatch'
 14 | @preconcurrency
 15 | #endif
 16 | import Dispatch
    |        `- error: no such module 'Dispatch'
 17 | import Foundation
 18 |
[143/180] Compiling GRDB DatabaseError.swift
/host/spi-builder-workspace/Sources/GRDB/Core/Configuration.swift:16:8: error: no such module 'Dispatch'
 14 | @preconcurrency
 15 | #endif
 16 | import Dispatch
    |        `- error: no such module 'Dispatch'
 17 | import Foundation
 18 |
[144/180] Compiling GRDB DatabaseFunction.swift
/host/spi-builder-workspace/Sources/GRDB/Core/Configuration.swift:16:8: error: no such module 'Dispatch'
 14 | @preconcurrency
 15 | #endif
 16 | import Dispatch
    |        `- error: no such module 'Dispatch'
 17 | import Foundation
 18 |
[145/180] Compiling GRDB DatabasePool.swift
/host/spi-builder-workspace/Sources/GRDB/Core/Configuration.swift:16:8: error: no such module 'Dispatch'
 14 | @preconcurrency
 15 | #endif
 16 | import Dispatch
    |        `- error: no such module 'Dispatch'
 17 | import Foundation
 18 |
[146/180] Compiling GRDB DatabasePublishers.swift
/host/spi-builder-workspace/Sources/GRDB/Core/Configuration.swift:16:8: error: no such module 'Dispatch'
 14 | @preconcurrency
 15 | #endif
 16 | import Dispatch
    |        `- error: no such module 'Dispatch'
 17 | import Foundation
 18 |
[147/180] Compiling GRDB DatabaseQueue.swift
/host/spi-builder-workspace/Sources/GRDB/Core/Configuration.swift:16:8: error: no such module 'Dispatch'
 14 | @preconcurrency
 15 | #endif
 16 | import Dispatch
    |        `- error: no such module 'Dispatch'
 17 | import Foundation
 18 |
[148/180] Compiling GRDB DatabaseReader.swift
/host/spi-builder-workspace/Sources/GRDB/Core/Configuration.swift:16:8: error: no such module 'Dispatch'
 14 | @preconcurrency
 15 | #endif
 16 | import Dispatch
    |        `- error: no such module 'Dispatch'
 17 | import Foundation
 18 |
[149/180] Compiling GRDB DatabaseRegion.swift
/host/spi-builder-workspace/Sources/GRDB/Core/Configuration.swift:16:8: error: no such module 'Dispatch'
 14 | @preconcurrency
 15 | #endif
 16 | import Dispatch
    |        `- error: no such module 'Dispatch'
 17 | import Foundation
 18 |
[150/180] Compiling GRDB DatabaseRegionObservation.swift
/host/spi-builder-workspace/Sources/GRDB/Core/Configuration.swift:16:8: error: no such module 'Dispatch'
 14 | @preconcurrency
 15 | #endif
 16 | import Dispatch
    |        `- error: no such module 'Dispatch'
 17 | import Foundation
 18 |
[151/180] Compiling GRDB DatabaseSchemaCache.swift
/host/spi-builder-workspace/Sources/GRDB/Core/Configuration.swift:16:8: error: no such module 'Dispatch'
 14 | @preconcurrency
 15 | #endif
 16 | import Dispatch
    |        `- error: no such module 'Dispatch'
 17 | import Foundation
 18 |
[152/180] Compiling GRDB DatabaseSchemaSource.swift
/host/spi-builder-workspace/Sources/GRDB/Core/Configuration.swift:16:8: error: no such module 'Dispatch'
 14 | @preconcurrency
 15 | #endif
 16 | import Dispatch
    |        `- error: no such module 'Dispatch'
 17 | import Foundation
 18 |
[153/180] Compiling GRDB DatabaseSnapshot.swift
/host/spi-builder-workspace/Sources/GRDB/Core/Configuration.swift:16:8: error: no such module 'Dispatch'
 14 | @preconcurrency
 15 | #endif
 16 | import Dispatch
    |        `- error: no such module 'Dispatch'
 17 | import Foundation
 18 |
[154/180] Compiling GRDB DatabaseSnapshotPool.swift
/host/spi-builder-workspace/Sources/GRDB/Core/Configuration.swift:16:8: error: no such module 'Dispatch'
 14 | @preconcurrency
 15 | #endif
 16 | import Dispatch
    |        `- error: no such module 'Dispatch'
 17 | import Foundation
 18 |
[155/180] Compiling GRDB DatabaseValue.swift
/host/spi-builder-workspace/Sources/GRDB/Core/Configuration.swift:16:8: error: no such module 'Dispatch'
 14 | @preconcurrency
 15 | #endif
 16 | import Dispatch
    |        `- error: no such module 'Dispatch'
 17 | import Foundation
 18 |
[156/180] Compiling GRDB TableRecord+QueryInterfaceRequest.swift
/host/spi-builder-workspace/Sources/GRDB/Core/Configuration.swift:16:8: error: no such module 'Dispatch'
 14 | @preconcurrency
 15 | #endif
 16 | import Dispatch
    |        `- error: no such module 'Dispatch'
 17 | import Foundation
 18 |
[157/180] Compiling GRDB EncodableRecord+Encodable.swift
/host/spi-builder-workspace/Sources/GRDB/Core/Configuration.swift:16:8: error: no such module 'Dispatch'
 14 | @preconcurrency
 15 | #endif
 16 | import Dispatch
    |        `- error: no such module 'Dispatch'
 17 | import Foundation
 18 |
[158/180] Compiling GRDB EncodableRecord.swift
/host/spi-builder-workspace/Sources/GRDB/Core/Configuration.swift:16:8: error: no such module 'Dispatch'
 14 | @preconcurrency
 15 | #endif
 16 | import Dispatch
    |        `- error: no such module 'Dispatch'
 17 | import Foundation
 18 |
[159/180] Compiling GRDB FetchableRecord+Decodable.swift
/host/spi-builder-workspace/Sources/GRDB/Core/Configuration.swift:16:8: error: no such module 'Dispatch'
 14 | @preconcurrency
 15 | #endif
 16 | import Dispatch
    |        `- error: no such module 'Dispatch'
 17 | import Foundation
 18 |
[160/180] Compiling GRDB FetchableRecord+TableRecord.swift
/host/spi-builder-workspace/Sources/GRDB/Core/Configuration.swift:16:8: error: no such module 'Dispatch'
 14 | @preconcurrency
 15 | #endif
 16 | import Dispatch
    |        `- error: no such module 'Dispatch'
 17 | import Foundation
 18 |
[161/180] Compiling GRDB FetchableRecord.swift
/host/spi-builder-workspace/Sources/GRDB/Core/Configuration.swift:16:8: error: no such module 'Dispatch'
 14 | @preconcurrency
 15 | #endif
 16 | import Dispatch
    |        `- error: no such module 'Dispatch'
 17 | import Foundation
 18 |
[162/180] Compiling GRDB MutablePersistableRecord+DAO.swift
/host/spi-builder-workspace/Sources/GRDB/Core/Configuration.swift:16:8: error: no such module 'Dispatch'
 14 | @preconcurrency
 15 | #endif
 16 | import Dispatch
    |        `- error: no such module 'Dispatch'
 17 | import Foundation
 18 |
[163/180] Compiling GRDB MutablePersistableRecord+Delete.swift
/host/spi-builder-workspace/Sources/GRDB/Core/Configuration.swift:16:8: error: no such module 'Dispatch'
 14 | @preconcurrency
 15 | #endif
 16 | import Dispatch
    |        `- error: no such module 'Dispatch'
 17 | import Foundation
 18 |
[164/180] Compiling GRDB MutablePersistableRecord+Insert.swift
/host/spi-builder-workspace/Sources/GRDB/Core/Configuration.swift:16:8: error: no such module 'Dispatch'
 14 | @preconcurrency
 15 | #endif
 16 | import Dispatch
    |        `- error: no such module 'Dispatch'
 17 | import Foundation
 18 |
[165/180] Compiling GRDB MutablePersistableRecord+Save.swift
/host/spi-builder-workspace/Sources/GRDB/Core/Configuration.swift:16:8: error: no such module 'Dispatch'
 14 | @preconcurrency
 15 | #endif
 16 | import Dispatch
    |        `- error: no such module 'Dispatch'
 17 | import Foundation
 18 |
[166/180] Compiling GRDB MutablePersistableRecord+Update.swift
/host/spi-builder-workspace/Sources/GRDB/Core/Configuration.swift:16:8: error: no such module 'Dispatch'
 14 | @preconcurrency
 15 | #endif
 16 | import Dispatch
    |        `- error: no such module 'Dispatch'
 17 | import Foundation
 18 |
[167/180] Compiling GRDB MutablePersistableRecord+Upsert.swift
/host/spi-builder-workspace/Sources/GRDB/Core/Configuration.swift:16:8: error: no such module 'Dispatch'
 14 | @preconcurrency
 15 | #endif
 16 | import Dispatch
    |        `- error: no such module 'Dispatch'
 17 | import Foundation
 18 |
[168/180] Compiling GRDB MutablePersistableRecord.swift
/host/spi-builder-workspace/Sources/GRDB/Core/Configuration.swift:16:8: error: no such module 'Dispatch'
 14 | @preconcurrency
 15 | #endif
 16 | import Dispatch
    |        `- error: no such module 'Dispatch'
 17 | import Foundation
 18 |
[169/180] Compiling GRDB PersistableRecord+Insert.swift
/host/spi-builder-workspace/Sources/GRDB/Core/Configuration.swift:16:8: error: no such module 'Dispatch'
 14 | @preconcurrency
 15 | #endif
 16 | import Dispatch
    |        `- error: no such module 'Dispatch'
 17 | import Foundation
 18 |
[170/180] Compiling GRDB PersistableRecord+Save.swift
/host/spi-builder-workspace/Sources/GRDB/Core/Configuration.swift:16:8: error: no such module 'Dispatch'
 14 | @preconcurrency
 15 | #endif
 16 | import Dispatch
    |        `- error: no such module 'Dispatch'
 17 | import Foundation
 18 |
[171/180] Compiling GRDB PersistableRecord+Upsert.swift
/host/spi-builder-workspace/Sources/GRDB/Core/Configuration.swift:16:8: error: no such module 'Dispatch'
 14 | @preconcurrency
 15 | #endif
 16 | import Dispatch
    |        `- error: no such module 'Dispatch'
 17 | import Foundation
 18 |
[172/180] Compiling GRDB PersistableRecord.swift
/host/spi-builder-workspace/Sources/GRDB/Core/Configuration.swift:16:8: error: no such module 'Dispatch'
 14 | @preconcurrency
 15 | #endif
 16 | import Dispatch
    |        `- error: no such module 'Dispatch'
 17 | import Foundation
 18 |
[173/180] Compiling GRDB Record.swift
/host/spi-builder-workspace/Sources/GRDB/Core/Configuration.swift:16:8: error: no such module 'Dispatch'
 14 | @preconcurrency
 15 | #endif
 16 | import Dispatch
    |        `- error: no such module 'Dispatch'
 17 | import Foundation
 18 |
[174/180] Compiling GRDB TableRecord.swift
/host/spi-builder-workspace/Sources/GRDB/Core/Configuration.swift:16:8: error: no such module 'Dispatch'
 14 | @preconcurrency
 15 | #endif
 16 | import Dispatch
    |        `- error: no such module 'Dispatch'
 17 | import Foundation
 18 |
[175/180] Compiling GRDB CaseInsensitiveIdentifier.swift
/host/spi-builder-workspace/Sources/GRDB/Core/Configuration.swift:16:8: error: no such module 'Dispatch'
 14 | @preconcurrency
 15 | #endif
 16 | import Dispatch
    |        `- error: no such module 'Dispatch'
 17 | import Foundation
 18 |
[176/180] Compiling GRDB Inflections+English.swift
/host/spi-builder-workspace/Sources/GRDB/Core/Configuration.swift:16:8: error: no such module 'Dispatch'
 14 | @preconcurrency
 15 | #endif
 16 | import Dispatch
    |        `- error: no such module 'Dispatch'
 17 | import Foundation
 18 |
BUILD FAILURE 6.3 wasm