The Swift Package Index logo.Swift Package Index

Build Information

Failed to build PackageGeneratorCLI, reference 0.7.0 (c94ff9), with Swift 6.3 for Android on 25 Jun 2026 04:04:38 UTC.

Build Command

bash -c docker run --pull=always --rm -v "checkouts-53886769-0":/host -w "$PWD" -e JAVA_HOME="/root/.sdkman/candidates/java/current" -e SPI_BUILD="1" -e SPI_PROCESSING="1" registry.gitlab.com/swiftpackageindex/spi-images:android-6.3-latest swift build --swift-sdk aarch64-unknown-linux-android28 2>&1

Build Log

========================================
RunAll
========================================
Builder version: 4071e0796c748d991a0123890d2f0ecadc8fcc8c
Interrupt handler set up.
========================================
Checkout
========================================
Clone URL: https://github.com/mackoj/PackageGeneratorCLI.git
Reference: 0.7.0
Initialized empty Git repository in /host/spi-builder-workspace/.git/
hint: Using 'master' as the name for the initial branch. This default branch name
hint: is subject to change. To configure the initial branch name to use in all
hint: of your new repositories, which will suppress this warning, call:
hint:
hint: 	git config --global init.defaultBranch <name>
hint:
hint: Names commonly chosen instead of 'master' are 'main', 'trunk' and
hint: 'development'. The just-created branch can be renamed via this command:
hint:
hint: 	git branch -m <name>
From https://github.com/mackoj/PackageGeneratorCLI
 * tag               0.7.0      -> FETCH_HEAD
HEAD is now at c94ff9a feat: rewrite (#21)
Cloned https://github.com/mackoj/PackageGeneratorCLI.git
Revision (git rev-parse @):
c94ff9abb109cde4509385e0ea47859604df5eef
SUCCESS checkout https://github.com/mackoj/PackageGeneratorCLI.git at 0.7.0
========================================
Build
========================================
Selected platform:         android
Swift version:             6.3
Building package at path:  $PWD
https://github.com/mackoj/PackageGeneratorCLI.git
Running build ...
bash -c docker run --pull=always --rm -v "checkouts-53886769-0":/host -w "$PWD" -e JAVA_HOME="/root/.sdkman/candidates/java/current" -e SPI_BUILD="1" -e SPI_PROCESSING="1" registry.gitlab.com/swiftpackageindex/spi-images:android-6.3-latest swift build --swift-sdk aarch64-unknown-linux-android28 2>&1
android-6.3-latest: Pulling from swiftpackageindex/spi-images
Digest: sha256:fcf1b80e2a4fb0358ac6fbde579a6598cd5d36a88f81c802eb74b60be64a41a4
Status: Image is up to date for registry.gitlab.com/swiftpackageindex/spi-images:android-6.3-latest
Fetching https://github.com/apple/swift-argument-parser.git
Fetching https://github.com/swiftlang/swift-syntax
[1/17949] Fetching swift-argument-parser
[17950/93692] Fetching swift-argument-parser, swift-syntax
Fetched https://github.com/apple/swift-argument-parser.git from cache (2.59s)
Fetched https://github.com/swiftlang/swift-syntax from cache (2.61s)
Computing version for https://github.com/swiftlang/swift-syntax
Computed https://github.com/swiftlang/swift-syntax at 603.0.2 (3.59s)
Computing version for https://github.com/apple/swift-argument-parser.git
Computed https://github.com/apple/swift-argument-parser.git at 1.8.2 (0.15s)
Creating working copy for https://github.com/swiftlang/swift-syntax
Working copy of https://github.com/swiftlang/swift-syntax resolved at 603.0.2
Creating working copy for https://github.com/apple/swift-argument-parser.git
Working copy of https://github.com/apple/swift-argument-parser.git resolved at 1.8.2
Downloading package prebuilt https://download.swift.org/prebuilts/swift-syntax/603.0.2/swift-6.3.2-RELEASE-ubuntu_jammy_x86_64-MacroSupport.tar.gz
Downloaded https://download.swift.org/prebuilts/swift-syntax/603.0.2/swift-6.3.2-RELEASE-ubuntu_jammy_x86_64-MacroSupport.tar.gz (0.19s)
[1/1] Compiling plugin GenerateManual
[2/2] Compiling plugin GenerateDoccReference
Building for debugging...
[2/30] Write sources
[14/30] Compiling _SwiftSyntaxCShims PlatformMutex.c
[15/30] Write swift-version-272D24FF697CF451.txt
[17/47] Emitting module SwiftSyntax509
[18/47] Compiling SwiftSyntax603 Empty.swift
[19/47] Emitting module SwiftSyntax603
[20/48] Wrapping AST for SwiftSyntax603 for debugging
[22/48] Compiling SwiftSyntax509 Empty.swift
[24/49] Compiling SwiftSyntax601 Empty.swift
[25/49] Emitting module SwiftSyntax601
[27/50] Compiling SwiftSyntax602 Empty.swift
[28/50] Emitting module SwiftSyntax602
[28/51] Wrapping AST for SwiftSyntax509 for debugging
[30/51] Wrapping AST for SwiftSyntax601 for debugging
[31/51] Wrapping AST for SwiftSyntax602 for debugging
[33/51] Emitting module SwiftSyntax510
[34/51] Compiling SwiftSyntax510 Empty.swift
[35/51] Emitting module ArgumentParserToolInfo
[36/51] Compiling ArgumentParserToolInfo ToolInfo.swift
[39/53] Compiling SwiftSyntax600 Empty.swift
[40/53] Emitting module SwiftSyntax600
[40/54] Wrapping AST for SwiftSyntax510 for debugging
[41/54] Wrapping AST for ArgumentParserToolInfo for debugging
[43/55] Wrapping AST for SwiftSyntax600 for debugging
[45/164] Emitting module ArgumentParser
[46/170] Compiling SwiftSyntax SyntaxEnum.swift
[47/170] Compiling SwiftSyntax SyntaxKind.swift
[48/170] Compiling SwiftSyntax SyntaxRewriter.swift
[49/170] Compiling SwiftSyntax SyntaxTraits.swift
[50/170] Compiling SwiftSyntax SyntaxVisitor.swift
[51/170] Compiling SwiftSyntax TokenKind.swift
[52/170] Compiling SwiftSyntax Tokens.swift
[53/170] Compiling SwiftSyntax AbsolutePosition.swift
[54/170] Compiling SwiftSyntax AbsoluteSyntaxInfo.swift
[55/170] Compiling SwiftSyntax ArenaAllocatedBuffer.swift
[56/170] Compiling SwiftSyntax Assert.swift
[57/170] Compiling SwiftSyntax BumpPtrAllocator.swift
[58/170] Compiling SwiftSyntax CommonAncestor.swift
[59/170] Compiling SwiftSyntax Convenience.swift
[60/170] Compiling SwiftSyntax CustomTraits.swift
[61/170] Compiling SwiftSyntax EditorPlaceholder.swift
[62/178] Compiling SwiftSyntax SyntaxTreeViewMode.swift
[63/178] Compiling SwiftSyntax TokenDiagnostic.swift
[64/178] Compiling SwiftSyntax TokenSequence.swift
[65/178] Compiling SwiftSyntax TokenSyntax.swift
[66/178] Compiling SwiftSyntax Trivia.swift
[67/178] Compiling SwiftSyntax Utils.swift
[68/178] Compiling SwiftSyntax RawSyntaxNodesEF.swift
[74/178] Compiling SwiftSyntax ChildNameForKeyPath.swift
[75/178] Compiling SwiftSyntax Identifier.swift
[76/178] Compiling SwiftSyntax MemoryLayout.swift
[77/178] Compiling SwiftSyntax MissingNodeInitializers.swift
[78/178] Compiling SwiftSyntax RawSyntax.swift
[79/178] Compiling SwiftSyntax RawSyntaxArena.swift
[80/178] Compiling SwiftSyntax RawSyntaxLayoutView.swift
[81/178] Compiling SwiftSyntax RawSyntaxNodeProtocol.swift
[82/178] Compiling SwiftSyntax RawSyntaxTokenView.swift
[83/178] Compiling SwiftSyntax SourceEdit.swift
[84/178] Compiling SwiftSyntax Keyword.swift
[85/178] Compiling SwiftSyntax RenamedChildrenCompatibility.swift
[86/178] Compiling SwiftSyntax RenamedNodesCompatibility.swift
[87/178] Compiling SwiftSyntax SyntaxAnyVisitor.swift
[88/178] Compiling SwiftSyntax SyntaxBaseNodes.swift
[89/178] Compiling SwiftSyntax SyntaxCollections.swift
[90/178] Compiling SwiftSyntax SourceLength.swift
[91/178] Compiling SwiftSyntax SourceLocation.swift
[92/178] Compiling SwiftSyntax SourcePresence.swift
[93/178] Compiling SwiftSyntax SwiftSyntaxCompatibility.swift
[94/178] Compiling SwiftSyntax Syntax.swift
[95/178] Compiling SwiftSyntax SyntaxChildren.swift
[96/178] Compiling SwiftSyntax SyntaxCollection.swift
[97/178] Compiling SwiftSyntax SyntaxHashable.swift
[98/178] Compiling SwiftSyntax SyntaxIdentifier.swift
[106/178] Compiling ArgumentParser AsyncCompletionsValidator.swift
[107/178] Compiling ArgumentParser CodingKeyValidator.swift
[108/178] Compiling ArgumentParser NonsenseFlagsValidator.swift
[109/178] Compiling ArgumentParser ParsableArgumentsValidation.swift
[110/178] Compiling ArgumentParser PositionalArgumentsValidator.swift
[111/178] Compiling ArgumentParser UniqueNamesValidator.swift
[112/178] Compiling PackageGeneratorModels PackageInformation.swift
[113/178] Emitting module PackageGeneratorModels
[114/178] Compiling PackageGeneratorModels ParsedPackage.swift
[115/179] Compiling SwiftSyntax SyntaxNodeStructure.swift
[116/179] Compiling SwiftSyntax SyntaxProtocol.swift
[117/179] Compiling SwiftSyntax SyntaxText.swift
[130/179] Wrapping AST for PackageGeneratorModels for debugging
[132/179] Compiling SwiftSyntax TriviaPieces.swift
[133/179] Compiling SwiftSyntax RawSyntaxNodesAB.swift
[134/179] Compiling SwiftSyntax RawSyntaxNodesC.swift
[135/179] Compiling SwiftSyntax RawSyntaxNodesD.swift
[139/180] Wrapping AST for ArgumentParser for debugging
[141/180] Emitting module SwiftSyntax
[149/180] Compiling SwiftSyntax SyntaxNodesAB.swift
[168/180] Compiling SwiftSyntax SyntaxNodesC.swift
[169/180] Compiling SwiftSyntax SyntaxNodesD.swift
[170/180] Compiling SwiftSyntax SyntaxNodesEF.swift
[171/180] Compiling SwiftSyntax SyntaxNodesGHI.swift
[172/180] Compiling SwiftSyntax SyntaxNodesJKLMN.swift
[173/180] Compiling SwiftSyntax SyntaxNodesOP.swift
[174/180] Compiling SwiftSyntax SyntaxNodesQRS.swift
[175/180] Compiling SwiftSyntax SyntaxNodesTUVWXYZ.swift
[176/182] Wrapping AST for SwiftSyntax for debugging
[178/223] Compiling SwiftParser StringLiterals.swift
[179/223] Compiling SwiftParser SwiftParserCompatibility.swift
[180/223] Compiling SwiftParser SwiftVersion.swift
[181/223] Compiling SwiftParser SyntaxUtils.swift
[182/223] Compiling SwiftParser TokenConsumer.swift
[183/223] Compiling SwiftParser TokenPrecedence.swift
[184/228] Compiling SwiftParser LoopProgressCondition.swift
[185/228] Compiling SwiftParser Modifiers.swift
[186/228] Compiling SwiftParser Names.swift
[187/228] Compiling SwiftParser Nominals.swift
[188/228] Compiling SwiftParser Parameters.swift
[189/228] Compiling SwiftParser ParseSourceFile.swift
[190/228] Emitting module SwiftParser
[191/228] Compiling SwiftParser TokenSpec.swift
[192/228] Compiling SwiftParser TokenSpecSet.swift
[193/228] Compiling SwiftParser TopLevel.swift
[194/228] Compiling SwiftParser TriviaParser.swift
[195/228] Compiling SwiftParser Types.swift
[196/228] Compiling SwiftParser Parser.swift
[197/228] Compiling SwiftParser Patterns.swift
[198/228] Compiling SwiftParser Recovery.swift
[199/228] Compiling SwiftParser Specifiers.swift
[200/228] Compiling SwiftParser Statements.swift
[201/228] Compiling SwiftParser StringLiteralRepresentedLiteralValue.swift
[202/228] Compiling SwiftParser Attributes.swift
[203/228] Compiling SwiftParser Availability.swift
[204/228] Compiling SwiftParser CharacterInfo.swift
[205/228] Compiling SwiftParser CollectionNodes+Parsable.swift
[206/228] Compiling SwiftParser CompilerFiles.swift
[207/228] Compiling SwiftParser Declarations.swift
[208/228] Compiling SwiftParser Lexeme.swift
[209/228] Compiling SwiftParser LexemeSequence.swift
[210/228] Compiling SwiftParser Lexer.swift
[211/228] Compiling SwiftParser RegexLiteralLexer.swift
[212/228] Compiling SwiftParser UnicodeScalarExtensions.swift
[213/228] Compiling SwiftParser Lookahead.swift
[214/228] Compiling SwiftParser Directives.swift
[215/228] Compiling SwiftParser ExpressionInterpretedAsVersionTuple.swift
[216/228] Compiling SwiftParser Expressions.swift
[217/228] Compiling SwiftParser IncrementalParseTransition.swift
[218/228] Compiling SwiftParser IsValidIdentifier.swift
[219/228] Compiling SwiftParser Cursor.swift
[220/228] Compiling SwiftParser ExperimentalFeatures.swift
[221/228] Compiling SwiftParser IsLexerClassified.swift
[222/228] Compiling SwiftParser LayoutNodes+Parsable.swift
[223/228] Compiling SwiftParser Parser+TokenSpecSet.swift
[224/228] Compiling SwiftParser TokenSpecStaticMembers.swift
[225/229] Wrapping AST for SwiftParser for debugging
[227/238] Compiling PackageGeneratorCLI ParseResult.swift
/host/spi-builder-workspace/Sources/PackageGeneratorCLI/Logging/LogSink.swift:1:8: error: no such module 'OSLog'
 1 | import OSLog
   |        `- error: no such module 'OSLog'
 2 | import Foundation
 3 |
[228/238] Compiling PackageGeneratorCLI Loggers.swift
/host/spi-builder-workspace/Sources/PackageGeneratorCLI/Logging/LogSink.swift:1:8: error: no such module 'OSLog'
 1 | import OSLog
   |        `- error: no such module 'OSLog'
 2 | import Foundation
 3 |
[229/238] Compiling PackageGeneratorCLI SwiftFileParser.swift
/host/spi-builder-workspace/Sources/PackageGeneratorCLI/Logging/LogSink.swift:1:8: error: no such module 'OSLog'
 1 | import OSLog
   |        `- error: no such module 'OSLog'
 2 | import Foundation
 3 |
error: emit-module command failed with exit code 1 (use -v to see invocation)
[230/239] Emitting module PackageGeneratorCLI
/host/spi-builder-workspace/Sources/PackageGeneratorCLI/Logging/LogSink.swift:1:8: error: no such module 'OSLog'
 1 | import OSLog
   |        `- error: no such module 'OSLog'
 2 | import Foundation
 3 |
[231/239] Compiling PackageGeneratorCLI FileURLCodable.swift
/host/spi-builder-workspace/Sources/PackageGeneratorCLI/Logging/LogSink.swift:1:8: error: no such module 'OSLog'
 1 | import OSLog
   |        `- error: no such module 'OSLog'
 2 | import Foundation
 3 |
[232/239] Compiling PackageGeneratorCLI GetImportVisitor.swift
/host/spi-builder-workspace/Sources/PackageGeneratorCLI/Logging/LogSink.swift:1:8: error: no such module 'OSLog'
 1 | import OSLog
   |        `- error: no such module 'OSLog'
 2 | import Foundation
 3 |
[233/239] Compiling PackageGeneratorCLI LogSink.swift
/host/spi-builder-workspace/Sources/PackageGeneratorCLI/Logging/LogSink.swift:1:8: error: no such module 'OSLog'
 1 | import OSLog
   |        `- error: no such module 'OSLog'
 2 | import Foundation
 3 |
[234/239] Compiling PackageGeneratorCLI CLIError.swift
/host/spi-builder-workspace/Sources/PackageGeneratorCLI/Logging/LogSink.swift:1:8: error: no such module 'OSLog'
 1 | import OSLog
   |        `- error: no such module 'OSLog'
 2 | import Foundation
 3 |
[235/239] Compiling PackageGeneratorCLI FileURL+ExpressibleByArgument.swift
/host/spi-builder-workspace/Sources/PackageGeneratorCLI/Logging/LogSink.swift:1:8: error: no such module 'OSLog'
 1 | import OSLog
   |        `- error: no such module 'OSLog'
 2 | import Foundation
 3 |
[236/239] Compiling PackageGeneratorCLI cli.swift
/host/spi-builder-workspace/Sources/PackageGeneratorCLI/Logging/LogSink.swift:1:8: error: no such module 'OSLog'
 1 | import OSLog
   |        `- error: no such module 'OSLog'
 2 | import Foundation
 3 |
BUILD FAILURE 6.3 android