Build Information
Failed to build Clerk, reference 1.6.1 (173d93), with Swift 6.3 for Wasm on 10 Oct 2026 04:55:48 UTC.
Build Command
bash -c docker run --pull=always --rm -v "checkouts-53886768-1":/host -w "$PWD" -e JAVA_HOME="/root/.sdkman/candidates/java/current" -e SPI_BUILD="1" -e SPI_PROCESSING="1" registry.gitlab.com/saguaro1/spi-images:wasm-6.3-latest swift build --swift-sdk swift-6.3.2-RELEASE_wasm 2>&1Build Log
========================================
RunAll
========================================
Builder version: 5.1.1
Interrupt handler set up.
========================================
Checkout
========================================
Clone URL: https://github.com/clerk/clerk-ios.git
Reference: 1.6.1
Initialized empty Git repository in /host/spi-builder-workspace/.git/
hint: Using 'master' as the name for the initial branch. This default branch name
hint: is subject to change. To configure the initial branch name to use in all
hint: of your new repositories, which will suppress this warning, call:
hint:
hint: git config --global init.defaultBranch <name>
hint:
hint: Names commonly chosen instead of 'master' are 'main', 'trunk' and
hint: 'development'. The just-created branch can be renamed via this command:
hint:
hint: git branch -m <name>
From https://github.com/clerk/clerk-ios
* tag 1.6.1 -> FETCH_HEAD
HEAD is now at 173d938 chore(release): 1.6.1
Cloned https://github.com/clerk/clerk-ios.git
Revision (git rev-parse @):
173d9382073d6a7a9b439c1e810c42c9ec77a25f
SPI manifest file found: $PWD/.spi.yml
SUCCESS checkout https://github.com/clerk/clerk-ios.git at 1.6.1
========================================
Build
========================================
Selected platform: wasm
Swift version: 6.3
Building package at path: $PWD
https://github.com/clerk/clerk-ios.git
Running build ...
bash -c docker run --pull=always --rm -v "checkouts-53886768-1":/host -w "$PWD" -e JAVA_HOME="/root/.sdkman/candidates/java/current" -e SPI_BUILD="1" -e SPI_PROCESSING="1" registry.gitlab.com/saguaro1/spi-images:wasm-6.3-latest swift build --swift-sdk swift-6.3.2-RELEASE_wasm 2>&1
wasm-6.3-latest: Pulling from saguaro1/spi-images
Digest: sha256:df2e9038ff906af397ec7b7e13902ccb183f8867606bc33419e44453a9abdb4b
Status: Image is up to date for registry.gitlab.com/saguaro1/spi-images:wasm-6.3-latest
Fetching https://github.com/pointfreeco/swift-snapshot-testing
Fetching https://github.com/WeTransfer/Mocker
Fetching https://github.com/pointfreeco/swift-concurrency-extras
Fetching https://github.com/PhoneNumberKit/PhoneNumberKit
Fetching https://github.com/kean/Nuke
[1/1058] Fetching swift-concurrency-extras
[76/7147] Fetching swift-concurrency-extras, phonenumberkit
[578/9053] Fetching swift-concurrency-extras, phonenumberkit, mocker
Fetched https://github.com/pointfreeco/swift-concurrency-extras from cache (0.41s)
[3623/7995] Fetching phonenumberkit, mocker
[7996/45085] Fetching phonenumberkit, mocker, nuke
Fetched https://github.com/WeTransfer/Mocker from cache (0.66s)
Fetched https://github.com/PhoneNumberKit/PhoneNumberKit from cache (0.66s)
[8902/37090] Fetching nuke
[37091/53591] Fetching nuke, swift-snapshot-testing
Fetched https://github.com/kean/Nuke from cache (1.38s)
[826/16501] Fetching swift-snapshot-testing
Fetched https://github.com/pointfreeco/swift-snapshot-testing from cache (2.40s)
Computing version for https://github.com/pointfreeco/swift-snapshot-testing
Computed https://github.com/pointfreeco/swift-snapshot-testing at 1.19.6 (2.58s)
Fetching https://github.com/pointfreeco/swift-custom-dump
Fetching https://github.com/swiftlang/swift-syntax
[1/5669] Fetching swift-custom-dump
[5670/86080] Fetching swift-custom-dump, swift-syntax
Fetched https://github.com/pointfreeco/swift-custom-dump from cache (4.06s)
Fetched https://github.com/swiftlang/swift-syntax from cache (4.08s)
Computing version for https://github.com/WeTransfer/Mocker
Computed https://github.com/WeTransfer/Mocker at 3.0.2 (5.00s)
Computing version for https://github.com/kean/Nuke
Computed https://github.com/kean/Nuke at 13.2.0 (0.14s)
Computing version for https://github.com/pointfreeco/swift-concurrency-extras
Computed https://github.com/pointfreeco/swift-concurrency-extras at 1.4.1 (0.17s)
Computing version for https://github.com/pointfreeco/swift-custom-dump
Computed https://github.com/pointfreeco/swift-custom-dump at 1.7.3 (0.18s)
Fetching https://github.com/pointfreeco/xctest-dynamic-overlay
[1/2727] Fetching xctest-dynamic-overlay
Fetched https://github.com/pointfreeco/xctest-dynamic-overlay from cache (0.62s)
Computing version for https://github.com/pointfreeco/xctest-dynamic-overlay
Computed https://github.com/pointfreeco/xctest-dynamic-overlay at 1.13.1 (1.71s)
Computing version for https://github.com/PhoneNumberKit/PhoneNumberKit
Computed https://github.com/PhoneNumberKit/PhoneNumberKit at 5.0.12 (0.14s)
Computing version for https://github.com/swiftlang/swift-syntax
Computed https://github.com/swiftlang/swift-syntax at 604.0.0 (0.27s)
Creating working copy for https://github.com/WeTransfer/Mocker
Working copy of https://github.com/WeTransfer/Mocker resolved at 3.0.2
Creating working copy for https://github.com/kean/Nuke
Working copy of https://github.com/kean/Nuke resolved at 13.2.0
Creating working copy for https://github.com/swiftlang/swift-syntax
Working copy of https://github.com/swiftlang/swift-syntax resolved at 604.0.0
Creating working copy for https://github.com/pointfreeco/swift-concurrency-extras
Working copy of https://github.com/pointfreeco/swift-concurrency-extras resolved at 1.4.1
Creating working copy for https://github.com/pointfreeco/xctest-dynamic-overlay
Working copy of https://github.com/pointfreeco/xctest-dynamic-overlay resolved at 1.13.1
Creating working copy for https://github.com/pointfreeco/swift-snapshot-testing
Working copy of https://github.com/pointfreeco/swift-snapshot-testing resolved at 1.19.6
Creating working copy for https://github.com/PhoneNumberKit/PhoneNumberKit
Working copy of https://github.com/PhoneNumberKit/PhoneNumberKit resolved at 5.0.12
Creating working copy for https://github.com/pointfreeco/swift-custom-dump
Working copy of https://github.com/pointfreeco/swift-custom-dump resolved at 1.7.3
Building for debugging...
[0/16] Write sources
[1/16] Copying PrivacyInfo.xcprivacy
[2/16] Write sources
[6/16] Copying PhoneNumberMetadata.json
[6/16] Copying Localizable.xcstrings
[6/16] Copying Info.plist
[6/16] Copying PrivacyInfo.xcprivacy
[7/16] Write sources
[12/16] Copying Colors.xcassets
[13/16] Copying Info.plist
[14/16] Copying Images.xcassets
[15/16] Write swift-version-24593BA9C3E375BF.txt
error: emit-module command failed with exit code 1 (use -v to see invocation)
[17/245] Emitting module ClerkKit
/host/spi-builder-workspace/Sources/ClerkKit/Core/Auth.swift:8:8: error: no such module 'AuthenticationServices'
6 | // swiftlint:disable file_length
7 |
8 | import AuthenticationServices
| `- error: no such module 'AuthenticationServices'
9 | import Foundation
10 |
[18/268] Compiling ClerkKit PasskeyHelper.swift
/host/spi-builder-workspace/.build/checkouts/Nuke/Sources/Nuke/Caching/ImageCache.swift:7:8: error: no such module 'UIKit'
5 | import Foundation
6 | #if !os(macOS)
7 | import UIKit
| `- error: no such module 'UIKit'
8 | #else
9 | import Cocoa
[19/268] Compiling ClerkKit SignInWithAppleHelper.swift
/host/spi-builder-workspace/.build/checkouts/Nuke/Sources/Nuke/Caching/ImageCache.swift:7:8: error: no such module 'UIKit'
5 | import Foundation
6 | #if !os(macOS)
7 | import UIKit
| `- error: no such module 'UIKit'
8 | #else
9 | import Cocoa
[20/268] Compiling ClerkKit ClerkIdentityController+AuthFlow.swift
/host/spi-builder-workspace/.build/checkouts/Nuke/Sources/Nuke/Caching/ImageCache.swift:7:8: error: no such module 'UIKit'
5 | import Foundation
6 | #if !os(macOS)
7 | import UIKit
| `- error: no such module 'UIKit'
8 | #else
9 | import Cocoa
[21/268] Compiling ClerkKit ClerkIdentityController+SessionTokens.swift
/host/spi-builder-workspace/.build/checkouts/Nuke/Sources/Nuke/Caching/ImageCache.swift:7:8: error: no such module 'UIKit'
5 | import Foundation
6 | #if !os(macOS)
7 | import UIKit
| `- error: no such module 'UIKit'
8 | #else
9 | import Cocoa
[22/268] Compiling ClerkKit ClerkIdentityController.swift
/host/spi-builder-workspace/.build/checkouts/Nuke/Sources/Nuke/Caching/ImageCache.swift:7:8: error: no such module 'UIKit'
5 | import Foundation
6 | #if !os(macOS)
7 | import UIKit
| `- error: no such module 'UIKit'
8 | #else
9 | import Cocoa
[23/268] Compiling ClerkKit ClerkIdentitySnapshot.swift
/host/spi-builder-workspace/.build/checkouts/Nuke/Sources/Nuke/Caching/ImageCache.swift:7:8: error: no such module 'UIKit'
5 | import Foundation
6 | #if !os(macOS)
7 | import UIKit
| `- error: no such module 'UIKit'
8 | #else
9 | import Cocoa
[24/268] Compiling ClerkKit ClerkIdentityStore.swift
/host/spi-builder-workspace/.build/checkouts/Nuke/Sources/Nuke/Caching/ImageCache.swift:7:8: error: no such module 'UIKit'
5 | import Foundation
6 | #if !os(macOS)
7 | import UIKit
| `- error: no such module 'UIKit'
8 | #else
9 | import Cocoa
[25/274] Compiling ClerkKit ClientResponse.swift
/host/spi-builder-workspace/.build/checkouts/Nuke/Sources/Nuke/Caching/ImageCache.swift:7:8: error: no such module 'UIKit'
5 | import Foundation
6 | #if !os(macOS)
7 | import UIKit
| `- error: no such module 'UIKit'
8 | #else
9 | import Cocoa
[26/274] Compiling ClerkKit ClerkAPIError.swift
/host/spi-builder-workspace/.build/checkouts/Nuke/Sources/Nuke/Caching/ImageCache.swift:7:8: error: no such module 'UIKit'
5 | import Foundation
6 | #if !os(macOS)
7 | import UIKit
| `- error: no such module 'UIKit'
8 | #else
9 | import Cocoa
[27/274] Compiling ClerkKit ClerkClientError.swift
/host/spi-builder-workspace/.build/checkouts/Nuke/Sources/Nuke/Caching/ImageCache.swift:7:8: error: no such module 'UIKit'
5 | import Foundation
6 | #if !os(macOS)
7 | import UIKit
| `- error: no such module 'UIKit'
8 | #else
9 | import Cocoa
[28/274] Compiling ClerkKit ClerkError.swift
/host/spi-builder-workspace/.build/checkouts/Nuke/Sources/Nuke/Caching/ImageCache.swift:7:8: error: no such module 'UIKit'
5 | import Foundation
6 | #if !os(macOS)
7 | import UIKit
| `- error: no such module 'UIKit'
8 | #else
9 | import Cocoa
[29/274] Compiling ClerkKit ClerkInitializationError.swift
/host/spi-builder-workspace/.build/checkouts/Nuke/Sources/Nuke/Caching/ImageCache.swift:7:8: error: no such module 'UIKit'
5 | import Foundation
6 | #if !os(macOS)
7 | import UIKit
| `- error: no such module 'UIKit'
8 | #else
9 | import Cocoa
[30/274] Compiling ClerkKit ClerkPaginatedResponse.swift
/host/spi-builder-workspace/.build/checkouts/Nuke/Sources/Nuke/Caching/ImageCache.swift:7:8: error: no such module 'UIKit'
5 | import Foundation
6 | #if !os(macOS)
7 | import UIKit
| `- error: no such module 'UIKit'
8 | #else
9 | import Cocoa
[31/274] Compiling ClerkKit DeletedObject.swift
/host/spi-builder-workspace/.build/checkouts/Nuke/Sources/Nuke/Caching/ImageCache.swift:7:8: error: no such module 'UIKit'
5 | import Foundation
6 | #if !os(macOS)
7 | import UIKit
| `- error: no such module 'UIKit'
8 | #else
9 | import Cocoa
error: emit-module command failed with exit code 1 (use -v to see invocation)
[32/274] Emitting module Nuke
/host/spi-builder-workspace/.build/checkouts/Nuke/Sources/Nuke/Caching/ImageCache.swift:7:8: error: no such module 'UIKit'
5 | import Foundation
6 | #if !os(macOS)
7 | import UIKit
| `- error: no such module 'UIKit'
8 | #else
9 | import Cocoa
[33/274] Compiling ClerkKit ClientResponseOrderingGate.swift
/host/spi-builder-workspace/.build/checkouts/Nuke/Sources/Nuke/Caching/ImageCache.swift:7:8: error: no such module 'UIKit'
5 | import Foundation
6 | #if !os(macOS)
7 | import UIKit
| `- error: no such module 'UIKit'
8 | #else
9 | import Cocoa
[34/274] Compiling ClerkKit SharedIdentityNotifier.swift
/host/spi-builder-workspace/.build/checkouts/Nuke/Sources/Nuke/Caching/ImageCache.swift:7:8: error: no such module 'UIKit'
5 | import Foundation
6 | #if !os(macOS)
7 | import UIKit
| `- error: no such module 'UIKit'
8 | #else
9 | import Cocoa
[35/274] Compiling ClerkKit ClerkInternalStateChangeEmitter.swift
/host/spi-builder-workspace/.build/checkouts/Nuke/Sources/Nuke/Caching/ImageCache.swift:7:8: error: no such module 'UIKit'
5 | import Foundation
6 | #if !os(macOS)
7 | import UIKit
| `- error: no such module 'UIKit'
8 | #else
9 | import Cocoa
[36/274] Compiling ClerkKit LifecycleManager.swift
/host/spi-builder-workspace/.build/checkouts/Nuke/Sources/Nuke/Caching/ImageCache.swift:7:8: error: no such module 'UIKit'
5 | import Foundation
6 | #if !os(macOS)
7 | import UIKit
| `- error: no such module 'UIKit'
8 | #else
9 | import Cocoa
[37/274] Compiling ClerkKit BiometricCredentialAvailability.swift
/host/spi-builder-workspace/.build/checkouts/Nuke/Sources/Nuke/Caching/ImageCache.swift:7:8: error: no such module 'UIKit'
5 | import Foundation
6 | #if !os(macOS)
7 | import UIKit
| `- error: no such module 'UIKit'
8 | #else
9 | import Cocoa
[38/274] Compiling ClerkKit BiometricCredentialChallenge.swift
/host/spi-builder-workspace/.build/checkouts/Nuke/Sources/Nuke/Caching/ImageCache.swift:7:8: error: no such module 'UIKit'
5 | import Foundation
6 | #if !os(macOS)
7 | import UIKit
| `- error: no such module 'UIKit'
8 | #else
9 | import Cocoa
[39/274] Compiling ClerkKit BiometricCredentialError.swift
/host/spi-builder-workspace/.build/checkouts/Nuke/Sources/Nuke/Caching/ImageCache.swift:7:8: error: no such module 'UIKit'
5 | import Foundation
6 | #if !os(macOS)
7 | import UIKit
| `- error: no such module 'UIKit'
8 | #else
9 | import Cocoa
[40/274] Compiling ClerkKit Client.swift
[41/274] Compiling ClerkKit ClientAPI.swift
[42/274] Compiling ClerkKit Feature.swift
[43/274] Compiling ClerkKit Client+Ext.swift
[44/274] Compiling ClerkKit BillingPlan.swift
[45/274] Compiling ClerkKit BillingStatement.swift
[46/276] Compiling ClerkKit BillingCreditBalance.swift
[47/276] Compiling ClerkKit BillingCreditLedger.swift
[48/276] Compiling ClerkKit BillingPayment.swift
[49/276] Compiling ClerkKit BillingPaymentMethod.swift
/host/spi-builder-workspace/.build/checkouts/Nuke/Sources/Nuke/Caching/ImageCache.swift:7:8: error: no such module 'UIKit'
5 | import Foundation
6 | #if !os(macOS)
7 | import UIKit
| `- error: no such module 'UIKit'
8 | #else
9 | import Cocoa
/host/spi-builder-workspace/.build/checkouts/Nuke/Sources/Nuke/Caching/ImageCache.swift:7:8: error: no such module 'UIKit'
5 | import Foundation
6 | #if !os(macOS)
7 | import UIKit
| `- error: no such module 'UIKit'
8 | #else
9 | import Cocoa
[52/276] Compiling ClerkKit BillingMoneyAmount.swift
/host/spi-builder-workspace/.build/checkouts/Nuke/Sources/Nuke/Caching/ImageCache.swift:7:8: error: no such module 'UIKit'
5 | import Foundation
6 | #if !os(macOS)
7 | import UIKit
| `- error: no such module 'UIKit'
8 | #else
9 | import Cocoa
[53/276] Compiling ClerkKit BillingParams.swift
/host/spi-builder-workspace/.build/checkouts/Nuke/Sources/Nuke/Caching/ImageCache.swift:7:8: error: no such module 'UIKit'
5 | import Foundation
6 | #if !os(macOS)
7 | import UIKit
| `- error: no such module 'UIKit'
8 | #else
9 | import Cocoa
/host/spi-builder-workspace/.build/checkouts/Nuke/Sources/Nuke/Caching/ImageCache.swift:7:8: error: no such module 'UIKit'
5 | import Foundation
6 | #if !os(macOS)
7 | import UIKit
| `- error: no such module 'UIKit'
8 | #else
9 | import Cocoa
/host/spi-builder-workspace/.build/checkouts/Nuke/Sources/Nuke/Caching/ImageCache.swift:7:8: error: no such module 'UIKit'
5 | import Foundation
6 | #if !os(macOS)
7 | import UIKit
| `- error: no such module 'UIKit'
8 | #else
9 | import Cocoa
/host/spi-builder-workspace/.build/checkouts/Nuke/Sources/Nuke/Caching/ImageCache.swift:7:8: error: no such module 'UIKit'
5 | import Foundation
6 | #if !os(macOS)
7 | import UIKit
| `- error: no such module 'UIKit'
8 | #else
9 | import Cocoa
[57/276] Compiling ClerkKit User.swift
/host/spi-builder-workspace/.build/checkouts/Nuke/Sources/Nuke/Caching/ImageCache.swift:7:8: error: no such module 'UIKit'
5 | import Foundation
6 | #if !os(macOS)
7 | import UIKit
| `- error: no such module 'UIKit'
8 | #else
9 | import Cocoa
[58/276] Compiling ClerkKit UserAPI.swift
/host/spi-builder-workspace/.build/checkouts/Nuke/Sources/Nuke/Caching/ImageCache.swift:7:8: error: no such module 'UIKit'
5 | import Foundation
6 | #if !os(macOS)
7 | import UIKit
| `- error: no such module 'UIKit'
8 | #else
9 | import Cocoa
[59/276] Compiling ClerkKit UserUpdateParams.swift
/host/spi-builder-workspace/.build/checkouts/Nuke/Sources/Nuke/Caching/ImageCache.swift:7:8: error: no such module 'UIKit'
5 | import Foundation
6 | #if !os(macOS)
7 | import UIKit
| `- error: no such module 'UIKit'
8 | #else
9 | import Cocoa
[60/276] Compiling ClerkKit UserUpdatePasswordParams.swift
/host/spi-builder-workspace/.build/checkouts/Nuke/Sources/Nuke/Caching/ImageCache.swift:7:8: error: no such module 'UIKit'
5 | import Foundation
6 | #if !os(macOS)
7 | import UIKit
| `- error: no such module 'UIKit'
8 | #else
9 | import Cocoa
[61/276] Compiling ClerkKit AuthEvent.swift
/host/spi-builder-workspace/.build/checkouts/Nuke/Sources/Nuke/Caching/ImageCache.swift:7:8: error: no such module 'UIKit'
5 | import Foundation
6 | #if !os(macOS)
7 | import UIKit
| `- error: no such module 'UIKit'
8 | #else
9 | import Cocoa
[62/276] Compiling ClerkKit EventEmitter.swift
/host/spi-builder-workspace/.build/checkouts/Nuke/Sources/Nuke/Caching/ImageCache.swift:7:8: error: no such module 'UIKit'
5 | import Foundation
6 | #if !os(macOS)
7 | import UIKit
| `- error: no such module 'UIKit'
8 | #else
9 | import Cocoa
[63/276] Compiling ClerkKit AppAttestHelper.swift
/host/spi-builder-workspace/.build/checkouts/Nuke/Sources/Nuke/Caching/ImageCache.swift:7:8: error: no such module 'UIKit'
5 | import Foundation
6 | #if !os(macOS)
7 | import UIKit
| `- error: no such module 'UIKit'
8 | #else
9 | import Cocoa
[64/276] Compiling ClerkKit ImageResource.swift
/host/spi-builder-workspace/.build/checkouts/Nuke/Sources/Nuke/Caching/ImageCache.swift:7:8: error: no such module 'UIKit'
5 | import Foundation
6 | #if !os(macOS)
7 | import UIKit
| `- error: no such module 'UIKit'
8 | #else
9 | import Cocoa
[65/276] Compiling ClerkKit AuthConfig.swift
/host/spi-builder-workspace/.build/checkouts/Nuke/Sources/Nuke/Caching/ImageCache.swift:7:8: error: no such module 'UIKit'
5 | import Foundation
6 | #if !os(macOS)
7 | import UIKit
| `- error: no such module 'UIKit'
8 | #else
9 | import Cocoa
[66/276] Compiling ClerkKit ExternalAccount.swift
/host/spi-builder-workspace/.build/checkouts/Nuke/Sources/Nuke/Caching/ImageCache.swift:7:8: error: no such module 'UIKit'
5 | import Foundation
6 | #if !os(macOS)
7 | import UIKit
| `- error: no such module 'UIKit'
8 | #else
9 | import Cocoa
[67/276] Compiling ClerkKit ExternalAccountAPI.swift
/host/spi-builder-workspace/.build/checkouts/Nuke/Sources/Nuke/Caching/ImageCache.swift:7:8: error: no such module 'UIKit'
5 | import Foundation
6 | #if !os(macOS)
7 | import UIKit
| `- error: no such module 'UIKit'
8 | #else
9 | import Cocoa
[68/276] Compiling ClerkKit PhoneNumber.swift
/host/spi-builder-workspace/.build/checkouts/Nuke/Sources/Nuke/Caching/ImageCache.swift:7:8: error: no such module 'UIKit'
5 | import Foundation
6 | #if !os(macOS)
7 | import UIKit
| `- error: no such module 'UIKit'
8 | #else
9 | import Cocoa
[69/276] Compiling ClerkKit PhoneNumberAPI.swift
/host/spi-builder-workspace/.build/checkouts/Nuke/Sources/Nuke/Caching/ImageCache.swift:7:8: error: no such module 'UIKit'
5 | import Foundation
6 | #if !os(macOS)
7 | import UIKit
| `- error: no such module 'UIKit'
8 | #else
9 | import Cocoa
[70/276] Compiling ClerkKit PublicUserData.swift
/host/spi-builder-workspace/.build/checkouts/Nuke/Sources/Nuke/Caching/ImageCache.swift:7:8: error: no such module 'UIKit'
5 | import Foundation
6 | #if !os(macOS)
7 | import UIKit
| `- error: no such module 'UIKit'
8 | #else
9 | import Cocoa
[71/276] Compiling ClerkKit BillingSubscription.swift
[72/276] Compiling ClerkKit BillingUnknownString.swift
[75/276] Emitting module PhoneNumberKit
/host/spi-builder-workspace/.build/checkouts/Nuke/Sources/Nuke/Caching/ImageCache.swift:7:8: error: no such module 'UIKit'
5 | import Foundation
6 | #if !os(macOS)
7 | import UIKit
| `- error: no such module 'UIKit'
8 | #else
9 | import Cocoa
/host/spi-builder-workspace/.build/checkouts/Nuke/Sources/Nuke/Caching/ImageCache.swift:7:8: error: no such module 'UIKit'
5 | import Foundation
6 | #if !os(macOS)
7 | import UIKit
| `- error: no such module 'UIKit'
8 | #else
9 | import Cocoa
/host/spi-builder-workspace/.build/checkouts/Nuke/Sources/Nuke/Caching/ImageCache.swift:7:8: error: no such module 'UIKit'
5 | import Foundation
6 | #if !os(macOS)
7 | import UIKit
| `- error: no such module 'UIKit'
8 | #else
9 | import Cocoa
/host/spi-builder-workspace/.build/checkouts/Nuke/Sources/Nuke/Caching/ImageCache.swift:7:8: error: no such module 'UIKit'
5 | import Foundation
6 | #if !os(macOS)
7 | import UIKit
| `- error: no such module 'UIKit'
8 | #else
9 | import Cocoa
/host/spi-builder-workspace/.build/checkouts/Nuke/Sources/Nuke/Caching/ImageCache.swift:7:8: error: no such module 'UIKit'
5 | import Foundation
6 | #if !os(macOS)
7 | import UIKit
| `- error: no such module 'UIKit'
8 | #else
9 | import Cocoa
/host/spi-builder-workspace/.build/checkouts/Nuke/Sources/Nuke/Caching/ImageCache.swift:7:8: error: no such module 'UIKit'
5 | import Foundation
6 | #if !os(macOS)
7 | import UIKit
| `- error: no such module 'UIKit'
8 | #else
9 | import Cocoa
/host/spi-builder-workspace/.build/checkouts/Nuke/Sources/Nuke/Caching/ImageCache.swift:7:8: error: no such module 'UIKit'
5 | import Foundation
6 | #if !os(macOS)
7 | import UIKit
| `- error: no such module 'UIKit'
8 | #else
9 | import Cocoa
[83/276] Compiling PhoneNumberKit RegexManager.swift
[84/276] Compiling PhoneNumberKit resource_bundle_accessor.swift
[85/277] Compiling ClerkKit CommerceSettings.swift
/host/spi-builder-workspace/Sources/ClerkKit/Core/Auth.swift:8:8: error: no such module 'AuthenticationServices'
6 | // swiftlint:disable file_length
7 |
8 | import AuthenticationServices
| `- error: no such module 'AuthenticationServices'
9 | import Foundation
10 |
[86/277] Compiling ClerkKit DisplayConfig.swift
/host/spi-builder-workspace/Sources/ClerkKit/Core/Auth.swift:8:8: error: no such module 'AuthenticationServices'
6 | // swiftlint:disable file_length
7 |
8 | import AuthenticationServices
| `- error: no such module 'AuthenticationServices'
9 | import Foundation
10 |
[87/277] Compiling ClerkKit Environment.swift
/host/spi-builder-workspace/Sources/ClerkKit/Core/Auth.swift:8:8: error: no such module 'AuthenticationServices'
6 | // swiftlint:disable file_length
7 |
8 | import AuthenticationServices
| `- error: no such module 'AuthenticationServices'
9 | import Foundation
10 |
[88/277] Compiling ClerkKit EnvironmentAPI.swift
/host/spi-builder-workspace/Sources/ClerkKit/Core/Auth.swift:8:8: error: no such module 'AuthenticationServices'
6 | // swiftlint:disable file_length
7 |
8 | import AuthenticationServices
| `- error: no such module 'AuthenticationServices'
9 | import Foundation
10 |
[89/277] Compiling ClerkKit InstanceEnvironmentType.swift
/host/spi-builder-workspace/Sources/ClerkKit/Core/Auth.swift:8:8: error: no such module 'AuthenticationServices'
6 | // swiftlint:disable file_length
7 |
8 | import AuthenticationServices
| `- error: no such module 'AuthenticationServices'
9 | import Foundation
10 |
[90/277] Compiling ClerkKit OrganizationSettings.swift
/host/spi-builder-workspace/Sources/ClerkKit/Core/Auth.swift:8:8: error: no such module 'AuthenticationServices'
6 | // swiftlint:disable file_length
7 |
8 | import AuthenticationServices
| `- error: no such module 'AuthenticationServices'
9 | import Foundation
10 |
[91/277] Compiling ClerkKit UserSettings.swift
/host/spi-builder-workspace/Sources/ClerkKit/Core/Auth.swift:8:8: error: no such module 'AuthenticationServices'
6 | // swiftlint:disable file_length
7 |
8 | import AuthenticationServices
| `- error: no such module 'AuthenticationServices'
9 | import Foundation
10 |
[92/277] Compiling ClerkKit Organization.swift
/host/spi-builder-workspace/Sources/ClerkKit/Core/Auth.swift:8:8: error: no such module 'AuthenticationServices'
6 | // swiftlint:disable file_length
7 |
8 | import AuthenticationServices
| `- error: no such module 'AuthenticationServices'
9 | import Foundation
10 |
[93/277] Compiling ClerkKit OrganizationAPI.swift
/host/spi-builder-workspace/Sources/ClerkKit/Core/Auth.swift:8:8: error: no such module 'AuthenticationServices'
6 | // swiftlint:disable file_length
7 |
8 | import AuthenticationServices
| `- error: no such module 'AuthenticationServices'
9 | import Foundation
10 |
[94/277] Compiling ClerkKit OrganizationCreationDefaults.swift
/host/spi-builder-workspace/Sources/ClerkKit/Core/Auth.swift:8:8: error: no such module 'AuthenticationServices'
6 | // swiftlint:disable file_length
7 |
8 | import AuthenticationServices
| `- error: no such module 'AuthenticationServices'
9 | import Foundation
10 |
[95/277] Compiling ClerkKit OrganizationDomain.swift
/host/spi-builder-workspace/Sources/ClerkKit/Core/Auth.swift:8:8: error: no such module 'AuthenticationServices'
6 | // swiftlint:disable file_length
7 |
8 | import AuthenticationServices
| `- error: no such module 'AuthenticationServices'
9 | import Foundation
10 |
[96/277] Compiling ClerkKit OrganizationInvitation.swift
/host/spi-builder-workspace/Sources/ClerkKit/Core/Auth.swift:8:8: error: no such module 'AuthenticationServices'
6 | // swiftlint:disable file_length
7 |
8 | import AuthenticationServices
| `- error: no such module 'AuthenticationServices'
9 | import Foundation
10 |
[97/277] Compiling ClerkKit OrganizationMembership.swift
/host/spi-builder-workspace/Sources/ClerkKit/Core/Auth.swift:8:8: error: no such module 'AuthenticationServices'
6 | // swiftlint:disable file_length
7 |
8 | import AuthenticationServices
| `- error: no such module 'AuthenticationServices'
9 | import Foundation
10 |
[98/277] Compiling ClerkKit OrganizationMembershipRequest.swift
/host/spi-builder-workspace/Sources/ClerkKit/Core/Auth.swift:8:8: error: no such module 'AuthenticationServices'
6 | // swiftlint:disable file_length
7 |
8 | import AuthenticationServices
| `- error: no such module 'AuthenticationServices'
9 | import Foundation
10 |
[99/277] Compiling ClerkKit OrganizationSuggestion.swift
/host/spi-builder-workspace/Sources/ClerkKit/Core/Auth.swift:8:8: error: no such module 'AuthenticationServices'
6 | // swiftlint:disable file_length
7 |
8 | import AuthenticationServices
| `- error: no such module 'AuthenticationServices'
9 | import Foundation
10 |
[100/277] Compiling ClerkKit PermissionResource.swift
/host/spi-builder-workspace/Sources/ClerkKit/Core/Auth.swift:8:8: error: no such module 'AuthenticationServices'
6 | // swiftlint:disable file_length
7 |
8 | import AuthenticationServices
| `- error: no such module 'AuthenticationServices'
9 | import Foundation
10 |
[101/277] Compiling ClerkKit RoleResource.swift
/host/spi-builder-workspace/Sources/ClerkKit/Core/Auth.swift:8:8: error: no such module 'AuthenticationServices'
6 | // swiftlint:disable file_length
7 |
8 | import AuthenticationServices
| `- error: no such module 'AuthenticationServices'
9 | import Foundation
10 |
[102/277] Compiling ClerkKit UserOrganizationInvitation.swift
/host/spi-builder-workspace/Sources/ClerkKit/Core/Auth.swift:8:8: error: no such module 'AuthenticationServices'
6 | // swiftlint:disable file_length
7 |
8 | import AuthenticationServices
| `- error: no such module 'AuthenticationServices'
9 | import Foundation
10 |
[103/277] Compiling ClerkKit EmailAddress.swift
/host/spi-builder-workspace/Sources/ClerkKit/Core/Auth.swift:8:8: error: no such module 'AuthenticationServices'
6 | // swiftlint:disable file_length
7 |
8 | import AuthenticationServices
| `- error: no such module 'AuthenticationServices'
9 | import Foundation
10 |
[104/277] Compiling ClerkKit EmailAddressAPI.swift
/host/spi-builder-workspace/Sources/ClerkKit/Core/Auth.swift:8:8: error: no such module 'AuthenticationServices'
6 | // swiftlint:disable file_length
7 |
8 | import AuthenticationServices
| `- error: no such module 'AuthenticationServices'
9 | import Foundation
10 |
[105/277] Compiling ClerkKit EmailAddressAttemptVerificationParams.swift
/host/spi-builder-workspace/Sources/ClerkKit/Core/Auth.swift:8:8: error: no such module 'AuthenticationServices'
6 | // swiftlint:disable file_length
7 |
8 | import AuthenticationServices
| `- error: no such module 'AuthenticationServices'
9 | import Foundation
10 |
[106/277] Compiling ClerkKit EmailAddressPrepareVerificationParams.swift
/host/spi-builder-workspace/Sources/ClerkKit/Core/Auth.swift:8:8: error: no such module 'AuthenticationServices'
6 | // swiftlint:disable file_length
7 |
8 | import AuthenticationServices
| `- error: no such module 'AuthenticationServices'
9 | import Foundation
10 |
[107/277] Compiling ClerkKit EnterpriseAccount.swift
/host/spi-builder-workspace/Sources/ClerkKit/Core/Auth.swift:8:8: error: no such module 'AuthenticationServices'
6 | // swiftlint:disable file_length
7 |
8 | import AuthenticationServices
| `- error: no such module 'AuthenticationServices'
9 | import Foundation
10 |
[108/277] Compiling ClerkKit ClerkRateLimitRetryMiddleware.swift
/host/spi-builder-workspace/Sources/ClerkKit/Core/Auth.swift:8:8: error: no such module 'AuthenticationServices'
6 | // swiftlint:disable file_length
7 |
8 | import AuthenticationServices
| `- error: no such module 'AuthenticationServices'
9 | import Foundation
10 |
[109/277] Compiling ClerkKit ClerkURLEncodedFormEncoderMiddleware.swift
/host/spi-builder-workspace/Sources/ClerkKit/Core/Auth.swift:8:8: error: no such module 'AuthenticationServices'
6 | // swiftlint:disable file_length
7 |
8 | import AuthenticationServices
| `- error: no such module 'AuthenticationServices'
9 | import Foundation
10 |
[110/277] Compiling ClerkKit NetworkMiddleware.swift
/host/spi-builder-workspace/Sources/ClerkKit/Core/Auth.swift:8:8: error: no such module 'AuthenticationServices'
6 | // swiftlint:disable file_length
7 |
8 | import AuthenticationServices
| `- error: no such module 'AuthenticationServices'
9 | import Foundation
10 |
[111/277] Compiling ClerkKit CacheManager.swift
/host/spi-builder-workspace/Sources/ClerkKit/Core/Auth.swift:8:8: error: no such module 'AuthenticationServices'
6 | // swiftlint:disable file_length
7 |
8 | import AuthenticationServices
| `- error: no such module 'AuthenticationServices'
9 | import Foundation
10 |
[112/277] Compiling ClerkKit Clerk+Keychain.swift
/host/spi-builder-workspace/Sources/ClerkKit/Core/Auth.swift:8:8: error: no such module 'AuthenticationServices'
6 | // swiftlint:disable file_length
7 |
8 | import AuthenticationServices
| `- error: no such module 'AuthenticationServices'
9 | import Foundation
10 |
[113/277] Compiling ClerkKit ClerkKeychainKey.swift
/host/spi-builder-workspace/Sources/ClerkKit/Core/Auth.swift:8:8: error: no such module 'AuthenticationServices'
6 | // swiftlint:disable file_length
7 |
8 | import AuthenticationServices
| `- error: no such module 'AuthenticationServices'
9 | import Foundation
10 |
[114/277] Compiling ClerkKit InMemoryKeychain.swift
/host/spi-builder-workspace/Sources/ClerkKit/Core/Auth.swift:8:8: error: no such module 'AuthenticationServices'
6 | // swiftlint:disable file_length
7 |
8 | import AuthenticationServices
| `- error: no such module 'AuthenticationServices'
9 | import Foundation
10 |
[115/277] Compiling ClerkKit KeychainStorage.swift
/host/spi-builder-workspace/Sources/ClerkKit/Core/Auth.swift:8:8: error: no such module 'AuthenticationServices'
6 | // swiftlint:disable file_length
7 |
8 | import AuthenticationServices
| `- error: no such module 'AuthenticationServices'
9 | import Foundation
10 |
[116/277] Compiling ClerkKit KeychainWriteQueue.swift
/host/spi-builder-workspace/Sources/ClerkKit/Core/Auth.swift:8:8: error: no such module 'AuthenticationServices'
6 | // swiftlint:disable file_length
7 |
8 | import AuthenticationServices
| `- error: no such module 'AuthenticationServices'
9 | import Foundation
10 |
[117/277] Compiling ClerkKit MigratingKeychainStorage.swift
/host/spi-builder-workspace/Sources/ClerkKit/Core/Auth.swift:8:8: error: no such module 'AuthenticationServices'
6 | // swiftlint:disable file_length
7 |
8 | import AuthenticationServices
| `- error: no such module 'AuthenticationServices'
9 | import Foundation
10 |
[118/277] Compiling ClerkKit SystemKeychain.swift
/host/spi-builder-workspace/Sources/ClerkKit/Core/Auth.swift:8:8: error: no such module 'AuthenticationServices'
6 | // swiftlint:disable file_length
7 |
8 | import AuthenticationServices
| `- error: no such module 'AuthenticationServices'
9 | import Foundation
10 |
[119/277] Compiling ClerkKit TelemetryCollector.swift
/host/spi-builder-workspace/Sources/ClerkKit/Core/Auth.swift:8:8: error: no such module 'AuthenticationServices'
6 | // swiftlint:disable file_length
7 |
8 | import AuthenticationServices
| `- error: no such module 'AuthenticationServices'
9 | import Foundation
10 |
[120/277] Compiling ClerkKit TelemetryEnvironment.swift
/host/spi-builder-workspace/Sources/ClerkKit/Core/Auth.swift:8:8: error: no such module 'AuthenticationServices'
6 | // swiftlint:disable file_length
7 |
8 | import AuthenticationServices
| `- error: no such module 'AuthenticationServices'
9 | import Foundation
10 |
[121/277] Compiling ClerkKit TelemetryEvents.swift
/host/spi-builder-workspace/Sources/ClerkKit/Core/Auth.swift:8:8: error: no such module 'AuthenticationServices'
6 | // swiftlint:disable file_length
7 |
8 | import AuthenticationServices
| `- error: no such module 'AuthenticationServices'
9 | import Foundation
10 |
[122/277] Compiling ClerkKit TelemetryThrottler.swift
/host/spi-builder-workspace/Sources/ClerkKit/Core/Auth.swift:8:8: error: no such module 'AuthenticationServices'
6 | // swiftlint:disable file_length
7 |
8 | import AuthenticationServices
| `- error: no such module 'AuthenticationServices'
9 | import Foundation
10 |
[123/277] Compiling ClerkKit TelemetryTypes.swift
/host/spi-builder-workspace/Sources/ClerkKit/Core/Auth.swift:8:8: error: no such module 'AuthenticationServices'
6 | // swiftlint:disable file_length
7 |
8 | import AuthenticationServices
| `- error: no such module 'AuthenticationServices'
9 | import Foundation
10 |
[124/277] Compiling ClerkKit DeviceHelper.swift
/host/spi-builder-workspace/Sources/ClerkKit/Core/Auth.swift:8:8: error: no such module 'AuthenticationServices'
6 | // swiftlint:disable file_length
7 |
8 | import AuthenticationServices
| `- error: no such module 'AuthenticationServices'
9 | import Foundation
10 |
[125/277] Compiling ClerkKit EnvironmentDetection.swift
/host/spi-builder-workspace/Sources/ClerkKit/Core/Auth.swift:8:8: error: no such module 'AuthenticationServices'
6 | // swiftlint:disable file_length
7 |
8 | import AuthenticationServices
| `- error: no such module 'AuthenticationServices'
9 | import Foundation
10 |
[126/277] Compiling ClerkKit ExternalAuthUtils.swift
/host/spi-builder-workspace/Sources/ClerkKit/Core/Auth.swift:8:8: error: no such module 'AuthenticationServices'
6 | // swiftlint:disable file_length
7 |
8 | import AuthenticationServices
| `- error: no such module 'AuthenticationServices'
9 | import Foundation
10 |
[127/277] Compiling ClerkKit HTTPURLResponse+Ext.swift
/host/spi-builder-workspace/Sources/ClerkKit/Core/Auth.swift:8:8: error: no such module 'AuthenticationServices'
6 | // swiftlint:disable file_length
7 |
8 | import AuthenticationServices
| `- error: no such module 'AuthenticationServices'
9 | import Foundation
10 |
[128/277] Compiling ClerkKit JSON+MergePatch.swift
/host/spi-builder-workspace/Sources/ClerkKit/Core/Auth.swift:8:8: error: no such module 'AuthenticationServices'
6 | // swiftlint:disable file_length
7 |
8 | import AuthenticationServices
| `- error: no such module 'AuthenticationServices'
9 | import Foundation
10 |
[129/277] Compiling ClerkKit JSON+WebAuthn.swift
/host/spi-builder-workspace/Sources/ClerkKit/Core/Auth.swift:8:8: error: no such module 'AuthenticationServices'
6 | // swiftlint:disable file_length
7 |
8 | import AuthenticationServices
| `- error: no such module 'AuthenticationServices'
9 | import Foundation
10 |
[130/277] Compiling ClerkKit JSON.swift
/host/spi-builder-workspace/Sources/ClerkKit/Core/Auth.swift:8:8: error: no such module 'AuthenticationServices'
6 | // swiftlint:disable file_length
7 |
8 | import AuthenticationServices
| `- error: no such module 'AuthenticationServices'
9 | import Foundation
10 |
[131/277] Compiling Nuke AsyncPipelineTask.swift
/host/spi-builder-workspace/.build/checkouts/Nuke/Sources/Nuke/Caching/ImageCache.swift:7:8: error: no such module 'UIKit'
5 | import Foundation
6 | #if !os(macOS)
7 | import UIKit
| `- error: no such module 'UIKit'
8 | #else
9 | import Cocoa
[132/277] Compiling Nuke AsyncTask.swift
/host/spi-builder-workspace/.build/checkouts/Nuke/Sources/Nuke/Caching/ImageCache.swift:7:8: error: no such module 'UIKit'
5 | import Foundation
6 | #if !os(macOS)
7 | import UIKit
| `- error: no such module 'UIKit'
8 | #else
9 | import Cocoa
[133/277] Compiling Nuke TaskFetchOriginalData.swift
/host/spi-builder-workspace/.build/checkouts/Nuke/Sources/Nuke/Caching/ImageCache.swift:7:8: error: no such module 'UIKit'
5 | import Foundation
6 | #if !os(macOS)
7 | import UIKit
| `- error: no such module 'UIKit'
8 | #else
9 | import Cocoa
[134/277] Compiling Nuke TaskFetchOriginalImage.swift
/host/spi-builder-workspace/.build/checkouts/Nuke/Sources/Nuke/Caching/ImageCache.swift:7:8: error: no such module 'UIKit'
5 | import Foundation
6 | #if !os(macOS)
7 | import UIKit
| `- error: no such module 'UIKit'
8 | #else
9 | import Cocoa
[135/277] Compiling Nuke TaskLoadData.swift
/host/spi-builder-workspace/.build/checkouts/Nuke/Sources/Nuke/Caching/ImageCache.swift:7:8: error: no such module 'UIKit'
5 | import Foundation
6 | #if !os(macOS)
7 | import UIKit
| `- error: no such module 'UIKit'
8 | #else
9 | import Cocoa
[136/277] Compiling Nuke TaskLoadImage.swift
/host/spi-builder-workspace/.build/checkouts/Nuke/Sources/Nuke/Caching/ImageCache.swift:7:8: error: no such module 'UIKit'
5 | import Foundation
6 | #if !os(macOS)
7 | import UIKit
| `- error: no such module 'UIKit'
8 | #else
9 | import Cocoa
[138/300] Compiling ClerkKit SessionPollingManager.swift
/host/spi-builder-workspace/Sources/ClerkKit/Core/Auth.swift:8:8: error: no such module 'AuthenticationServices'
6 | // swiftlint:disable file_length
7 |
8 | import AuthenticationServices
| `- error: no such module 'AuthenticationServices'
9 | import Foundation
10 |
[139/300] Compiling ClerkKit StartupClientRefreshTakeover.swift
/host/spi-builder-workspace/Sources/ClerkKit/Core/Auth.swift:8:8: error: no such module 'AuthenticationServices'
6 | // swiftlint:disable file_length
7 |
8 | import AuthenticationServices
| `- error: no such module 'AuthenticationServices'
9 | import Foundation
10 |
[140/300] Compiling ClerkKit TaskCoordinator.swift
/host/spi-builder-workspace/Sources/ClerkKit/Core/Auth.swift:8:8: error: no such module 'AuthenticationServices'
6 | // swiftlint:disable file_length
7 |
8 | import AuthenticationServices
| `- error: no such module 'AuthenticationServices'
9 | import Foundation
10 |
[141/300] Compiling ClerkKit ClerkLogger.swift
/host/spi-builder-workspace/Sources/ClerkKit/Core/Auth.swift:8:8: error: no such module 'AuthenticationServices'
6 | // swiftlint:disable file_length
7 |
8 | import AuthenticationServices
| `- error: no such module 'AuthenticationServices'
9 | import Foundation
10 |
[142/300] Compiling ClerkKit Clerk+Preview.swift
/host/spi-builder-workspace/Sources/ClerkKit/Core/Auth.swift:8:8: error: no such module 'AuthenticationServices'
6 | // swiftlint:disable file_length
7 |
8 | import AuthenticationServices
| `- error: no such module 'AuthenticationServices'
9 | import Foundation
10 |
[143/300] Compiling ClerkKit FakeTransport+MockDefaults.swift
/host/spi-builder-workspace/Sources/ClerkKit/Core/Auth.swift:8:8: error: no such module 'AuthenticationServices'
6 | // swiftlint:disable file_length
7 |
8 | import AuthenticationServices
| `- error: no such module 'AuthenticationServices'
9 | import Foundation
10 |
[144/300] Compiling ClerkKit FakeTransport.swift
/host/spi-builder-workspace/Sources/ClerkKit/Core/Auth.swift:8:8: error: no such module 'AuthenticationServices'
6 | // swiftlint:disable file_length
7 |
8 | import AuthenticationServices
| `- error: no such module 'AuthenticationServices'
9 | import Foundation
10 |
[145/300] Compiling ClerkKit MockBiometricCredentialKeyManager.swift
/host/spi-builder-workspace/Sources/ClerkKit/Core/Auth.swift:8:8: error: no such module 'AuthenticationServices'
6 | // swiftlint:disable file_length
7 |
8 | import AuthenticationServices
| `- error: no such module 'AuthenticationServices'
9 | import Foundation
10 |
[146/300] Compiling ClerkKit MockDependencyContainer.swift
/host/spi-builder-workspace/Sources/ClerkKit/Core/Auth.swift:8:8: error: no such module 'AuthenticationServices'
6 | // swiftlint:disable file_length
7 |
8 | import AuthenticationServices
| `- error: no such module 'AuthenticationServices'
9 | import Foundation
10 |
[147/300] Compiling ClerkKit MockModels.swift
/host/spi-builder-workspace/Sources/ClerkKit/Core/Auth.swift:8:8: error: no such module 'AuthenticationServices'
6 | // swiftlint:disable file_length
7 |
8 | import AuthenticationServices
| `- error: no such module 'AuthenticationServices'
9 | import Foundation
10 |
[148/300] Compiling ClerkKit APIRequest.swift
/host/spi-builder-workspace/Sources/ClerkKit/Core/Auth.swift:8:8: error: no such module 'AuthenticationServices'
6 | // swiftlint:disable file_length
7 |
8 | import AuthenticationServices
| `- error: no such module 'AuthenticationServices'
9 | import Foundation
10 |
[149/300] Compiling ClerkKit APITransport.swift
/host/spi-builder-workspace/Sources/ClerkKit/Core/Auth.swift:8:8: error: no such module 'AuthenticationServices'
6 | // swiftlint:disable file_length
7 |
8 | import AuthenticationServices
| `- error: no such module 'AuthenticationServices'
9 | import Foundation
10 |
[150/300] Compiling ClerkKit ClerkAPIClient.swift
/host/spi-builder-workspace/Sources/ClerkKit/Core/Auth.swift:8:8: error: no such module 'AuthenticationServices'
6 | // swiftlint:disable file_length
7 |
8 | import AuthenticationServices
| `- error: no such module 'AuthenticationServices'
9 | import Foundation
10 |
[151/300] Compiling ClerkKit ClerkAuthEventEmitterResponseMiddleware.swift
/host/spi-builder-workspace/Sources/ClerkKit/Core/Auth.swift:8:8: error: no such module 'AuthenticationServices'
6 | // swiftlint:disable file_length
7 |
8 | import AuthenticationServices
| `- error: no such module 'AuthenticationServices'
9 | import Foundation
10 |
[152/300] Compiling ClerkKit ClerkAuthResponseDecoder.swift
/host/spi-builder-workspace/Sources/ClerkKit/Core/Auth.swift:8:8: error: no such module 'AuthenticationServices'
6 | // swiftlint:disable file_length
7 |
8 | import AuthenticationServices
| `- error: no such module 'AuthenticationServices'
9 | import Foundation
10 |
[153/300] Compiling ClerkKit ClerkClientSyncResponseMiddleware.swift
/host/spi-builder-workspace/Sources/ClerkKit/Core/Auth.swift:8:8: error: no such module 'AuthenticationServices'
6 | // swiftlint:disable file_length
7 |
8 | import AuthenticationServices
| `- error: no such module 'AuthenticationServices'
9 | import Foundation
10 |
[154/300] Compiling ClerkKit ClerkDeviceTokenResponseMiddleware.swift
/host/spi-builder-workspace/Sources/ClerkKit/Core/Auth.swift:8:8: error: no such module 'AuthenticationServices'
6 | // swiftlint:disable file_length
7 |
8 | import AuthenticationServices
| `- error: no such module 'AuthenticationServices'
9 | import Foundation
10 |
[155/300] Compiling ClerkKit ClerkErrorThrowingResponseMiddleware.swift
/host/spi-builder-workspace/Sources/ClerkKit/Core/Auth.swift:8:8: error: no such module 'AuthenticationServices'
6 | // swiftlint:disable file_length
7 |
8 | import AuthenticationServices
| `- error: no such module 'AuthenticationServices'
9 | import Foundation
10 |
[156/300] Compiling ClerkKit ClerkHeaderRequestMiddleware.swift
/host/spi-builder-workspace/Sources/ClerkKit/Core/Auth.swift:8:8: error: no such module 'AuthenticationServices'
6 | // swiftlint:disable file_length
7 |
8 | import AuthenticationServices
| `- error: no such module 'AuthenticationServices'
9 | import Foundation
10 |
[157/300] Compiling ClerkKit ClerkInvalidAuthResponseMiddleware.swift
/host/spi-builder-workspace/Sources/ClerkKit/Core/Auth.swift:8:8: error: no such module 'AuthenticationServices'
6 | // swiftlint:disable file_length
7 |
8 | import AuthenticationServices
| `- error: no such module 'AuthenticationServices'
9 | import Foundation
10 |
[158/300] Compiling ClerkKit ClerkLoggingMiddleware.swift
/host/spi-builder-workspace/Sources/ClerkKit/Core/Auth.swift:8:8: error: no such module 'AuthenticationServices'
6 | // swiftlint:disable file_length
7 |
8 | import AuthenticationServices
| `- error: no such module 'AuthenticationServices'
9 | import Foundation
10 |
[159/300] Compiling ClerkKit ClerkProxyRequestMiddleware.swift
/host/spi-builder-workspace/Sources/ClerkKit/Core/Auth.swift:8:8: error: no such module 'AuthenticationServices'
6 | // swiftlint:disable file_length
7 |
8 | import AuthenticationServices
| `- error: no such module 'AuthenticationServices'
9 | import Foundation
10 |
[160/300] Compiling ClerkKit ClerkQueryItemsRequestMiddleware.swift
/host/spi-builder-workspace/Sources/ClerkKit/Core/Auth.swift:8:8: error: no such module 'AuthenticationServices'
6 | // swiftlint:disable file_length
7 |
8 | import AuthenticationServices
| `- error: no such module 'AuthenticationServices'
9 | import Foundation
10 |
[161/300] Compiling ClerkKit SessionAuthorization.swift
/host/spi-builder-workspace/Sources/ClerkKit/Core/Auth.swift:8:8: error: no such module 'AuthenticationServices'
6 | // swiftlint:disable file_length
7 |
8 | import AuthenticationServices
| `- error: no such module 'AuthenticationServices'
9 | import Foundation
10 |
[162/300] Compiling ClerkKit SessionTokenFetcher.swift
/host/spi-builder-workspace/Sources/ClerkKit/Core/Auth.swift:8:8: error: no such module 'AuthenticationServices'
6 | // swiftlint:disable file_length
7 |
8 | import AuthenticationServices
| `- error: no such module 'AuthenticationServices'
9 | import Foundation
10 |
[163/300] Compiling ClerkKit SessionVerification.swift
/host/spi-builder-workspace/Sources/ClerkKit/Core/Auth.swift:8:8: error: no such module 'AuthenticationServices'
6 | // swiftlint:disable file_length
7 |
8 | import AuthenticationServices
| `- error: no such module 'AuthenticationServices'
9 | import Foundation
10 |
[164/300] Compiling ClerkKit PasskeyAuthenticationFailure.swift
/host/spi-builder-workspace/Sources/ClerkKit/Core/Auth.swift:8:8: error: no such module 'AuthenticationServices'
6 | // swiftlint:disable file_length
7 |
8 | import AuthenticationServices
| `- error: no such module 'AuthenticationServices'
9 | import Foundation
10 |
[165/300] Compiling ClerkKit SignIn+Identifier.swift
/host/spi-builder-workspace/Sources/ClerkKit/Core/Auth.swift:8:8: error: no such module 'AuthenticationServices'
6 | // swiftlint:disable file_length
7 |
8 | import AuthenticationServices
| `- error: no such module 'AuthenticationServices'
9 | import Foundation
10 |
[166/300] Compiling ClerkKit SignIn+MfaType.swift
/host/spi-builder-workspace/Sources/ClerkKit/Core/Auth.swift:8:8: error: no such module 'AuthenticationServices'
6 | // swiftlint:disable file_length
7 |
8 | import AuthenticationServices
| `- error: no such module 'AuthenticationServices'
9 | import Foundation
10 |
[167/300] Compiling ClerkKit SignIn+ServiceParams.swift
/host/spi-builder-workspace/Sources/ClerkKit/Core/Auth.swift:8:8: error: no such module 'AuthenticationServices'
6 | // swiftlint:disable file_length
7 |
8 | import AuthenticationServices
| `- error: no such module 'AuthenticationServices'
9 | import Foundation
10 |
[168/300] Compiling ClerkKit SignIn+Status.swift
/host/spi-builder-workspace/Sources/ClerkKit/Core/Auth.swift:8:8: error: no such module 'AuthenticationServices'
6 | // swiftlint:disable file_length
7 |
8 | import AuthenticationServices
| `- error: no such module 'AuthenticationServices'
9 | import Foundation
10 |
[169/300] Compiling ClerkKit SignIn+UserData.swift
/host/spi-builder-workspace/Sources/ClerkKit/Core/Auth.swift:8:8: error: no such module 'AuthenticationServices'
6 | // swiftlint:disable file_length
7 |
8 | import AuthenticationServices
| `- error: no such module 'AuthenticationServices'
9 | import Foundation
10 |
[170/300] Compiling ClerkKit SignIn.swift
/host/spi-builder-workspace/Sources/ClerkKit/Core/Auth.swift:8:8: error: no such module 'AuthenticationServices'
6 | // swiftlint:disable file_length
7 |
8 | import AuthenticationServices
| `- error: no such module 'AuthenticationServices'
9 | import Foundation
10 |
[171/300] Compiling ClerkKit SignInAPI.swift
/host/spi-builder-workspace/Sources/ClerkKit/Core/Auth.swift:8:8: error: no such module 'AuthenticationServices'
6 | // swiftlint:disable file_length
7 |
8 | import AuthenticationServices
| `- error: no such module 'AuthenticationServices'
9 | import Foundation
10 |
[172/300] Compiling ClerkKit SignUp+Field.swift
/host/spi-builder-workspace/Sources/ClerkKit/Core/Auth.swift:8:8: error: no such module 'AuthenticationServices'
6 | // swiftlint:disable file_length
7 |
8 | import AuthenticationServices
| `- error: no such module 'AuthenticationServices'
9 | import Foundation
10 |
[173/300] Compiling ClerkKit SignUp+ServiceParams.swift
/host/spi-builder-workspace/Sources/ClerkKit/Core/Auth.swift:8:8: error: no such module 'AuthenticationServices'
6 | // swiftlint:disable file_length
7 |
8 | import AuthenticationServices
| `- error: no such module 'AuthenticationServices'
9 | import Foundation
10 |
[174/300] Compiling ClerkKit SignUp+Status.swift
/host/spi-builder-workspace/Sources/ClerkKit/Core/Auth.swift:8:8: error: no such module 'AuthenticationServices'
6 | // swiftlint:disable file_length
7 |
8 | import AuthenticationServices
| `- error: no such module 'AuthenticationServices'
9 | import Foundation
10 |
[175/300] Compiling ClerkKit SignUp.swift
/host/spi-builder-workspace/Sources/ClerkKit/Core/Auth.swift:8:8: error: no such module 'AuthenticationServices'
6 | // swiftlint:disable file_length
7 |
8 | import AuthenticationServices
| `- error: no such module 'AuthenticationServices'
9 | import Foundation
10 |
[176/300] Compiling ClerkKit SignUpAPI.swift
/host/spi-builder-workspace/Sources/ClerkKit/Core/Auth.swift:8:8: error: no such module 'AuthenticationServices'
6 | // swiftlint:disable file_length
7 |
8 | import AuthenticationServices
| `- error: no such module 'AuthenticationServices'
9 | import Foundation
10 |
[177/300] Compiling ClerkKit TOTPResource.swift
/host/spi-builder-workspace/Sources/ClerkKit/Core/Auth.swift:8:8: error: no such module 'AuthenticationServices'
6 | // swiftlint:disable file_length
7 |
8 | import AuthenticationServices
| `- error: no such module 'AuthenticationServices'
9 | import Foundation
10 |
[178/300] Compiling ClerkKit TokenFreshness.swift
/host/spi-builder-workspace/Sources/ClerkKit/Core/Auth.swift:8:8: error: no such module 'AuthenticationServices'
6 | // swiftlint:disable file_length
7 |
8 | import AuthenticationServices
| `- error: no such module 'AuthenticationServices'
9 | import Foundation
10 |
[179/300] Compiling ClerkKit TokenResource.swift
/host/spi-builder-workspace/Sources/ClerkKit/Core/Auth.swift:8:8: error: no such module 'AuthenticationServices'
6 | // swiftlint:disable file_length
7 |
8 | import AuthenticationServices
| `- error: no such module 'AuthenticationServices'
9 | import Foundation
10 |
[180/300] Compiling ClerkKit TransferFlowResult.swift
/host/spi-builder-workspace/Sources/ClerkKit/Core/Auth.swift:8:8: error: no such module 'AuthenticationServices'
6 | // swiftlint:disable file_length
7 |
8 | import AuthenticationServices
| `- error: no such module 'AuthenticationServices'
9 | import Foundation
10 |
[181/300] Compiling ClerkKit Verification.swift
/host/spi-builder-workspace/Sources/ClerkKit/Core/Auth.swift:8:8: error: no such module 'AuthenticationServices'
6 | // swiftlint:disable file_length
7 |
8 | import AuthenticationServices
| `- error: no such module 'AuthenticationServices'
9 | import Foundation
10 |
[182/300] Compiling ClerkKit Billing.swift
/host/spi-builder-workspace/Sources/ClerkKit/Core/Auth.swift:8:8: error: no such module 'AuthenticationServices'
6 | // swiftlint:disable file_length
7 |
8 | import AuthenticationServices
| `- error: no such module 'AuthenticationServices'
9 | import Foundation
10 |
[183/300] Compiling ClerkKit BillingAPI.swift
/host/spi-builder-workspace/Sources/ClerkKit/Core/Auth.swift:8:8: error: no such module 'AuthenticationServices'
6 | // swiftlint:disable file_length
7 |
8 | import AuthenticationServices
| `- error: no such module 'AuthenticationServices'
9 | import Foundation
10 |
BUILD FAILURE 6.3 wasm