The Swift Package Index logo.Swift Package Index

Build Information

Failed to build GoogleCloudBackupDRV1, reference 0.5.0 (5b6bb6), with Swift 6.2 for Android on 11 Oct 2026 08:24:27 UTC.

Build Command

bash -c docker run --pull=always --rm -v "checkouts-53886768-3":/host -w "$PWD" -e JAVA_HOME="/root/.sdkman/candidates/java/current" -e SPI_BUILD="1" -e SPI_PROCESSING="1" registry.gitlab.com/saguaro1/spi-images:android-6.2-latest swift build --swift-sdk aarch64-unknown-linux-android28 2>&1

Build Log

========================================
RunAll
========================================
Builder version: 5.1.1
Interrupt handler set up.
========================================
Checkout
========================================
Clone URL: https://github.com/googleapis/swift-google-cloud-backupdr-v1.git
Reference: 0.5.0
Initialized empty Git repository in /host/spi-builder-workspace/.git/
hint: Using 'master' as the name for the initial branch. This default branch name
hint: is subject to change. To configure the initial branch name to use in all
hint: of your new repositories, which will suppress this warning, call:
hint:
hint: 	git config --global init.defaultBranch <name>
hint:
hint: Names commonly chosen instead of 'master' are 'main', 'trunk' and
hint: 'development'. The just-created branch can be renamed via this command:
hint:
hint: 	git branch -m <name>
From https://github.com/googleapis/swift-google-cloud-backupdr-v1
 * tag               0.5.0      -> FETCH_HEAD
HEAD is now at 5b6bb6a chore: release circa 2026-10-07 (#1382)
Cloned https://github.com/googleapis/swift-google-cloud-backupdr-v1.git
Revision (git rev-parse @):
5b6bb6a75e99681b6f23b94b0ab7c55520e1975f
SPI manifest file found: $PWD/.spi.yml
SUCCESS checkout https://github.com/googleapis/swift-google-cloud-backupdr-v1.git at 0.5.0
========================================
Build
========================================
Selected platform:         android
Swift version:             6.2
Building package at path:  $PWD
https://github.com/googleapis/swift-google-cloud-backupdr-v1.git
Running build ...
bash -c docker run --pull=always --rm -v "checkouts-53886768-3":/host -w "$PWD" -e JAVA_HOME="/root/.sdkman/candidates/java/current" -e SPI_BUILD="1" -e SPI_PROCESSING="1" registry.gitlab.com/saguaro1/spi-images:android-6.2-latest swift build --swift-sdk aarch64-unknown-linux-android28 2>&1
android-6.2-latest: Pulling from saguaro1/spi-images
Digest: sha256:a839c9ce201f1dacc8eb056626ec7ab0a1c6d53d7b77c83feda395f4507c51be
Status: Image is up to date for registry.gitlab.com/saguaro1/spi-images:android-6.2-latest
Fetching https://github.com/apple/swift-log
Fetching https://github.com/googleapis/swift-google-wkt
Fetching https://github.com/googleapis/swift-google-type
Fetching https://github.com/googleapis/swift-google-longrunning
Fetching https://github.com/googleapis/swift-google-iam-v1
Fetching https://github.com/googleapis/swift-google-rpc
[1/1023] Fetching swift-google-wkt
[12/1460] Fetching swift-google-wkt, swift-google-type
[143/2079] Fetching swift-google-wkt, swift-google-type, swift-google-longrunning
[162/10336] Fetching swift-google-wkt, swift-google-type, swift-google-longrunning, swift-log
[163/11042] Fetching swift-google-wkt, swift-google-type, swift-google-longrunning, swift-log, swift-google-iam-v1
[1396/11464] Fetching swift-google-wkt, swift-google-type, swift-google-longrunning, swift-log, swift-google-iam-v1, swift-google-rpc
Fetched https://github.com/googleapis/swift-google-type from cache (0.46s)
Fetched https://github.com/googleapis/swift-google-longrunning from cache (0.46s)
Fetched https://github.com/googleapis/swift-google-iam-v1 from cache (0.46s)
[2971/9702] Fetching swift-google-wkt, swift-log, swift-google-rpc
Fetching https://github.com/googleapis/swift-google-cloud-location
Fetching https://github.com/googleapis/swift-google-gax
Fetching https://github.com/googleapis/swift-google-auth
Fetched https://github.com/googleapis/swift-google-rpc from cache (0.52s)
Fetched https://github.com/googleapis/swift-google-wkt from cache (0.53s)
Fetched https://github.com/apple/swift-log from cache (0.58s)
[1/552] Fetching swift-google-cloud-location
[73/1575] Fetching swift-google-cloud-location, swift-google-auth
[518/3323] Fetching swift-google-cloud-location, swift-google-auth, swift-google-gax
Fetched https://github.com/googleapis/swift-google-cloud-location from cache (0.37s)
[574/2771] Fetching swift-google-auth, swift-google-gax
Fetched https://github.com/googleapis/swift-google-auth from cache (0.40s)
[1731/1748] Fetching swift-google-gax
Fetched https://github.com/googleapis/swift-google-gax from cache (0.42s)
Computing version for https://github.com/googleapis/swift-google-wkt
Computed https://github.com/googleapis/swift-google-wkt at 0.5.0 (1.04s)
Fetching https://github.com/swift-extras/swift-extras-base64
[1/954] Fetching swift-extras-base64
Fetched https://github.com/swift-extras/swift-extras-base64 from cache (0.38s)
Computing version for https://github.com/googleapis/swift-google-type
Computed https://github.com/googleapis/swift-google-type at 0.5.0 (0.56s)
Computing version for https://github.com/googleapis/swift-google-rpc
Computed https://github.com/googleapis/swift-google-rpc at 0.5.0 (0.18s)
Computing version for https://github.com/googleapis/swift-google-longrunning
Computed https://github.com/googleapis/swift-google-longrunning at 0.5.0 (0.16s)
Computing version for https://github.com/googleapis/swift-google-iam-v1
Computed https://github.com/googleapis/swift-google-iam-v1 at 0.5.0 (0.15s)
Computing version for https://github.com/googleapis/swift-google-gax
Computed https://github.com/googleapis/swift-google-gax at 0.5.0 (0.17s)
Fetching https://github.com/apple/swift-nio
Fetching https://github.com/swift-server/async-http-client.git
[1/16464] Fetching async-http-client
[16465/102838] Fetching async-http-client, swift-nio
Fetched https://github.com/swift-server/async-http-client.git from cache (3.11s)
Fetched https://github.com/apple/swift-nio from cache (3.14s)
Computing version for https://github.com/googleapis/swift-google-cloud-location
Computed https://github.com/googleapis/swift-google-cloud-location at 0.5.0 (3.30s)
Computing version for https://github.com/googleapis/swift-google-auth
Computed https://github.com/googleapis/swift-google-auth at 0.5.0 (0.14s)
Fetching https://github.com/vapor/jwt-kit.git
Fetching https://github.com/apple/swift-system.git
[1/7241] Fetching swift-system
[7242/17495] Fetching swift-system, jwt-kit
Fetched https://github.com/apple/swift-system.git from cache (0.64s)
[718/10254] Fetching jwt-kit
Fetched https://github.com/vapor/jwt-kit.git from cache (0.91s)
Computing version for https://github.com/swift-extras/swift-extras-base64
Computed https://github.com/swift-extras/swift-extras-base64 at 1.2.0 (1.05s)
Computing version for https://github.com/swift-server/async-http-client.git
Computed https://github.com/swift-server/async-http-client.git at 1.36.2 (0.17s)
Fetching https://github.com/apple/swift-atomics.git
Fetching https://github.com/apple/swift-nio-ssl.git
Fetching https://github.com/apple/swift-algorithms.git
Fetching https://github.com/apple/swift-service-context.git
Fetching https://github.com/apple/swift-configuration.git
Fetching https://github.com/apple/swift-distributed-tracing.git
[1/1889] Fetching swift-atomics
[77/5817] Fetching swift-atomics, swift-configuration
[78/7317] Fetching swift-atomics, swift-configuration, swift-service-context
[93/13481] Fetching swift-atomics, swift-configuration, swift-service-context, swift-algorithms
[2344/30352] Fetching swift-atomics, swift-configuration, swift-service-context, swift-algorithms, swift-nio-ssl
[7682/36903] Fetching swift-atomics, swift-configuration, swift-service-context, swift-algorithms, swift-nio-ssl, swift-distributed-tracing
Fetched https://github.com/apple/swift-atomics.git from cache (0.48s)
[14283/35014] Fetching swift-configuration, swift-service-context, swift-algorithms, swift-nio-ssl, swift-distributed-tracing
Fetching https://github.com/apple/swift-nio-extras.git
[35015/41717] Fetching swift-configuration, swift-service-context, swift-algorithms, swift-nio-ssl, swift-distributed-tracing, swift-nio-extras
Fetched https://github.com/apple/swift-nio-extras.git from cache (0.53s)
Fetching https://github.com/apple/swift-nio-http2.git
Fetched https://github.com/apple/swift-configuration.git from cache (1.19s)
Fetched https://github.com/apple/swift-service-context.git from cache (1.19s)
Fetched https://github.com/apple/swift-algorithms.git from cache (1.19s)
Fetching https://github.com/apple/swift-nio-transport-services.git
Fetched https://github.com/apple/swift-distributed-tracing.git from cache (1.19s)
Fetched https://github.com/apple/swift-nio-ssl.git from cache (1.20s)
[1/12294] Fetching swift-nio-http2
[493/15161] Fetching swift-nio-http2, swift-nio-transport-services
Fetched https://github.com/apple/swift-nio-transport-services.git from cache (0.50s)
[2951/12294] Fetching swift-nio-http2
Fetched https://github.com/apple/swift-nio-http2.git from cache (1.00s)
Computing version for https://github.com/apple/swift-service-context.git
Computed https://github.com/apple/swift-service-context.git at 1.3.0 (2.16s)
Computing version for https://github.com/apple/swift-algorithms.git
Computed https://github.com/apple/swift-algorithms.git at 1.2.1 (0.97s)
Fetching https://github.com/apple/swift-numerics.git
[1/6733] Fetching swift-numerics
Fetched https://github.com/apple/swift-numerics.git from cache (0.50s)
Computing version for https://github.com/apple/swift-log
Computed https://github.com/apple/swift-log at 1.16.1 (0.65s)
Computing version for https://github.com/apple/swift-distributed-tracing.git
Computed https://github.com/apple/swift-distributed-tracing.git at 1.5.0 (0.18s)
Computing version for https://github.com/apple/swift-atomics.git
Computed https://github.com/apple/swift-atomics.git at 1.3.1 (0.16s)
Computing version for https://github.com/apple/swift-numerics.git
Computed https://github.com/apple/swift-numerics.git at 1.1.1 (0.15s)
Computing version for https://github.com/apple/swift-nio
Computed https://github.com/apple/swift-nio at 2.104.0 (0.44s)
Fetching https://github.com/apple/swift-collections.git
[1/28703] Fetching swift-collections
Fetched https://github.com/apple/swift-collections.git from cache (1.29s)
Computing version for https://github.com/apple/swift-configuration.git
Computed https://github.com/apple/swift-configuration.git at 1.2.2 (2.13s)
Fetching https://github.com/swift-server/swift-service-lifecycle
[1/2867] Fetching swift-service-lifecycle
Fetched https://github.com/swift-server/swift-service-lifecycle from cache (0.42s)
Computing version for https://github.com/apple/swift-nio-transport-services.git
Computed https://github.com/apple/swift-nio-transport-services.git at 1.28.0 (0.58s)
Computing version for https://github.com/swift-server/swift-service-lifecycle
Computed https://github.com/swift-server/swift-service-lifecycle at 2.12.1 (0.15s)
Fetching https://github.com/apple/swift-async-algorithms.git
[1/6820] Fetching swift-async-algorithms
Fetched https://github.com/apple/swift-async-algorithms.git from cache (0.59s)
Computing version for https://github.com/apple/swift-async-algorithms.git
Computed https://github.com/apple/swift-async-algorithms.git at 1.1.7 (0.80s)
Computing version for https://github.com/apple/swift-collections.git
Computed https://github.com/apple/swift-collections.git at 1.7.2 (0.30s)
Computing version for https://github.com/apple/swift-nio-http2.git
Computed https://github.com/apple/swift-nio-http2.git at 1.46.0 (0.26s)
Computing version for https://github.com/vapor/jwt-kit.git
Computed https://github.com/vapor/jwt-kit.git at 5.7.1 (0.28s)
Fetching https://github.com/apple/swift-certificates.git
[1/7609] Fetching swift-certificates
Fetching https://github.com/apple/swift-crypto.git
Fetched https://github.com/apple/swift-certificates.git from cache (0.60s)
[1/18629] Fetching swift-crypto
Fetched https://github.com/apple/swift-crypto.git from cache (1.63s)
Computing version for https://github.com/apple/swift-crypto.git
Computed https://github.com/apple/swift-crypto.git at 4.5.2 (3.10s)
Fetching https://github.com/apple/swift-asn1.git
[1/2009] Fetching swift-asn1
Fetched https://github.com/apple/swift-asn1.git from cache (0.39s)
Computing version for https://github.com/apple/swift-asn1.git
Computed https://github.com/apple/swift-asn1.git at 1.7.3 (0.57s)
Computing version for https://github.com/apple/swift-certificates.git
Computed https://github.com/apple/swift-certificates.git at 1.21.0 (0.20s)
Computing version for https://github.com/apple/swift-nio-ssl.git
Computed https://github.com/apple/swift-nio-ssl.git at 2.37.5 (0.22s)
Computing version for https://github.com/apple/swift-system.git
Computed https://github.com/apple/swift-system.git at 1.8.1 (0.18s)
Computing version for https://github.com/apple/swift-nio-extras.git
Computed https://github.com/apple/swift-nio-extras.git at 1.35.1 (0.28s)
Fetching https://github.com/apple/swift-http-types.git
Fetching https://github.com/apple/swift-http-structured-headers.git
[1/1253] Fetching swift-http-structured-headers
[941/3192] Fetching swift-http-structured-headers, swift-http-types
Fetched https://github.com/apple/swift-http-structured-headers.git from cache (0.38s)
[1222/1939] Fetching swift-http-types
Fetched https://github.com/apple/swift-http-types.git from cache (0.42s)
Computing version for https://github.com/apple/swift-http-structured-headers.git
Computed https://github.com/apple/swift-http-structured-headers.git at 1.7.0 (0.58s)
Computing version for https://github.com/apple/swift-http-types.git
Computed https://github.com/apple/swift-http-types.git at 1.8.0 (0.17s)
Creating working copy for https://github.com/vapor/jwt-kit.git
Working copy of https://github.com/vapor/jwt-kit.git resolved at 5.7.1
Creating working copy for https://github.com/googleapis/swift-google-wkt
Working copy of https://github.com/googleapis/swift-google-wkt resolved at 0.5.0
Creating working copy for https://github.com/googleapis/swift-google-longrunning
Working copy of https://github.com/googleapis/swift-google-longrunning resolved at 0.5.0
Creating working copy for https://github.com/apple/swift-nio-extras.git
Working copy of https://github.com/apple/swift-nio-extras.git resolved at 1.35.1
Creating working copy for https://github.com/googleapis/swift-google-auth
Working copy of https://github.com/googleapis/swift-google-auth resolved at 0.5.0
Creating working copy for https://github.com/apple/swift-system.git
Working copy of https://github.com/apple/swift-system.git resolved at 1.8.1
Creating working copy for https://github.com/apple/swift-nio-ssl.git
Working copy of https://github.com/apple/swift-nio-ssl.git resolved at 2.37.5
Creating working copy for https://github.com/apple/swift-collections.git
Working copy of https://github.com/apple/swift-collections.git resolved at 1.7.2
Creating working copy for https://github.com/googleapis/swift-google-gax
Working copy of https://github.com/googleapis/swift-google-gax resolved at 0.5.0
Creating working copy for https://github.com/apple/swift-http-structured-headers.git
Working copy of https://github.com/apple/swift-http-structured-headers.git resolved at 1.7.0
Creating working copy for https://github.com/apple/swift-nio-http2.git
Working copy of https://github.com/apple/swift-nio-http2.git resolved at 1.46.0
Creating working copy for https://github.com/apple/swift-service-context.git
Working copy of https://github.com/apple/swift-service-context.git resolved at 1.3.0
Creating working copy for https://github.com/googleapis/swift-google-cloud-location
Working copy of https://github.com/googleapis/swift-google-cloud-location resolved at 0.5.0
Creating working copy for https://github.com/apple/swift-http-types.git
Working copy of https://github.com/apple/swift-http-types.git resolved at 1.8.0
Creating working copy for https://github.com/apple/swift-algorithms.git
Working copy of https://github.com/apple/swift-algorithms.git resolved at 1.2.1
Creating working copy for https://github.com/swift-extras/swift-extras-base64
Working copy of https://github.com/swift-extras/swift-extras-base64 resolved at 1.2.0
Creating working copy for https://github.com/apple/swift-async-algorithms.git
Working copy of https://github.com/apple/swift-async-algorithms.git resolved at 1.1.7
Creating working copy for https://github.com/apple/swift-certificates.git
Working copy of https://github.com/apple/swift-certificates.git resolved at 1.21.0
Creating working copy for https://github.com/apple/swift-numerics.git
Working copy of https://github.com/apple/swift-numerics.git resolved at 1.1.1
Creating working copy for https://github.com/apple/swift-atomics.git
Working copy of https://github.com/apple/swift-atomics.git resolved at 1.3.1
Creating working copy for https://github.com/apple/swift-configuration.git
Working copy of https://github.com/apple/swift-configuration.git resolved at 1.2.2
Creating working copy for https://github.com/googleapis/swift-google-iam-v1
Working copy of https://github.com/googleapis/swift-google-iam-v1 resolved at 0.5.0
Creating working copy for https://github.com/googleapis/swift-google-rpc
Working copy of https://github.com/googleapis/swift-google-rpc resolved at 0.5.0
Creating working copy for https://github.com/swift-server/async-http-client.git
Working copy of https://github.com/swift-server/async-http-client.git resolved at 1.36.2
Creating working copy for https://github.com/swift-server/swift-service-lifecycle
Working copy of https://github.com/swift-server/swift-service-lifecycle resolved at 2.12.1
Creating working copy for https://github.com/apple/swift-nio
Working copy of https://github.com/apple/swift-nio resolved at 2.104.0
Creating working copy for https://github.com/googleapis/swift-google-type
Working copy of https://github.com/googleapis/swift-google-type resolved at 0.5.0
Creating working copy for https://github.com/apple/swift-log
Working copy of https://github.com/apple/swift-log resolved at 1.16.1
Creating working copy for https://github.com/apple/swift-nio-transport-services.git
Working copy of https://github.com/apple/swift-nio-transport-services.git resolved at 1.28.0
Creating working copy for https://github.com/apple/swift-distributed-tracing.git
Working copy of https://github.com/apple/swift-distributed-tracing.git resolved at 1.5.0
Creating working copy for https://github.com/apple/swift-asn1.git
Working copy of https://github.com/apple/swift-asn1.git resolved at 1.7.3
Creating working copy for https://github.com/apple/swift-crypto.git
Working copy of https://github.com/apple/swift-crypto.git resolved at 4.5.2
Building for debugging...
[0/1118] Compiling aes-gcm-avx2-x86_64-linux.S
[1/1118] Write swift-version--11D90AFD9DD3AB2.txt
[2/1118] Compiling _NumericsShims _NumericsShims.c
[3/1118] Write sources
[7/1122] Compiling rc4.cc
[7/1122] Compiling a_d2i_fp.cc
[8/1122] Compiling a_i2d_fp.cc
[8/1122] Compiling a_dup.cc
[11/1122] Write sources
[32/1122] Compiling _AtomicsShims.c
[33/1146] Compiling a_mbstr.cc
[34/1146] Compiling a_gentm.cc
[35/1146] Write sources
[37/1146] Compiling a_int.cc
[38/1146] Write sources
[42/1196] Emitting module RealModule
[43/1197] Compiling InternalCollectionsUtilities UnsafeMutablePointer+Extras.swift
[44/1197] Compiling InternalCollectionsUtilities UnsafeMutableRawBufferPointer+Extras.swift
[45/1197] Compiling InternalCollectionsUtilities UnsafePointer+Extras.swift
[46/1200] Compiling RealModule RelaxedArithmetic.swift
[47/1200] Compiling _NIODataStructures PriorityQueue.swift
[48/1200] Compiling InternalCollectionsUtilities Iterable+CopyContents.swift
[49/1200] Compiling InternalCollectionsUtilities Iterable+Equality.swift
[50/1200] Compiling InternalCollectionsUtilities LifetimeOverride.swift
[51/1200] Compiling InternalCollectionsUtilities MutableRef.swift
[52/1200] Compiling InternalCollectionsUtilities Debugging.swift
[53/1200] Compiling InternalCollectionsUtilities Descriptions.swift
[54/1200] Compiling InternalCollectionsUtilities FixedWidthInteger+roundUpToPowerOfTwo.swift
[55/1202] Compiling RealModule Float80+Real.swift
[56/1202] Compiling _NIODataStructures _TinyArray.swift
[57/1202] Compiling RealModule Float16+Real.swift
[58/1202] Compiling InternalCollectionsUtilities UnsafeRawBufferPointer+Extras.swift
[59/1202] Compiling InternalCollectionsUtilities _SortedCollection.swift
[60/1202] Compiling InternalCollectionsUtilities _UniqueCollection.swift
[62/1202] Compiling InternalCollectionsUtilities Integer rank.swift
[63/1202] Compiling InternalCollectionsUtilities UInt+first and last set bit.swift
[64/1202] Compiling InternalCollectionsUtilities UInt+reversed.swift
[65/1202] Emitting module _NIODataStructures
[66/1202] Compiling _NIODataStructures Heap.swift
[67/1203] Compiling Logging Logger+Attributes.swift
[68/1203] Compiling Logging Logger+With.swift
[69/1203] Compiling InternalCollectionsUtilities BorrowingIteratorProtocol+Equality.swift
[70/1203] Compiling InternalCollectionsUtilities BorrowingIteratorProtocol+Extras.swift
[71/1204] Compiling ServiceContextModule ServiceContext.swift
[72/1204] Emitting module ServiceContextModule
[73/1204] Compiling ServiceContextModule ServiceContextKey.swift
[80/1205] Emitting module _CertificateInternals
[81/1205] Compiling _CertificateInternals _TinyArray.swift
[82/1206] Compiling RealModule RealFunctions.swift
[83/1206] Compiling RealModule Real.swift
[85/1206] Write sources
[96/1207] Compiling SwiftASN1 DER.swift
[97/1207] Compiling SwiftASN1 Errors.swift
[98/1207] Compiling InternalCollectionsUtilities RandomAccessCollection+Offsets.swift
[99/1207] Compiling InternalCollectionsUtilities Span+Extras.swift
[100/1207] Compiling InternalCollectionsUtilities Strideable+LimitHelpers.swift
[101/1207] Compiling InternalCollectionsUtilities String+Padding.swift
[102/1207] Compiling InternalCollectionsUtilities TemporaryAllocation.swift
[103/1207] Compiling InternalCollectionsUtilities _UnsafeBitSet+Index.swift
[104/1207] Emitting module InternalCollectionsUtilities
[105/1207] Compiling InternalCollectionsUtilities _UnsafeBitSet+_Word.swift
[106/1207] Compiling InternalCollectionsUtilities _UnsafeBitSet.swift
[107/1207] Compiling InternalCollectionsUtilities UnsafeBufferPointer+Extras.swift
[108/1207] Compiling InternalCollectionsUtilities UnsafeMutableBufferPointer+Extras.swift
[113/1208] Emitting module _NIOBase64
[114/1208] Compiling _NIOBase64 Base64.swift
[116/1215] Wrapping AST for _NIODataStructures for debugging
[117/1215] Wrapping AST for ServiceContextModule for debugging
[118/1215] Write sources
[130/1215] Wrapping AST for _CertificateInternals for debugging
[132/1215] Compiling Logging LoggingSystem.swift
[132/1215] Wrapping AST for _NIOBase64 for debugging
[133/1215] Wrapping AST for RealModule for debugging
[134/1215] Compiling CXKCPShims shims.c
[135/1217] Compiling SimpleFIPS202.c
[136/1224] Wrapping AST for InternalCollectionsUtilities for debugging
[137/1224] Compiling KeccakSponge.c
[139/1224] Compiling Instrumentation NoOpInstrument.swift
[140/1224] Compiling Instrumentation MultiplexInstrument.swift
[140/1224] Compiling KeccakHash.c
[141/1224] Compiling CNIOWindows shim.c
[143/1224] Compiling Logging Logger.swift
[143/1224] Compiling CNIOWindows WSAStartup.c
[144/1224] Compiling CNIOWASI CNIOWASI.c
[146/1224] Emitting module Instrumentation
[147/1224] Emitting module SpanPreview
[148/1224] Compiling SpanPreview InputSpan.swift
[149/1224] Compiling SpanPreview OutputSpan+InputSpanHelpers.swift
[150/1224] Compiling SpanPreview MutableSpan+InputSpanHelpers.swift
[150/1224] Compiling CSystem shims.c
[151/1224] Emitting module SwiftASN1
[152/1225] Compiling CNIOPosix event_loop_id.c
[154/1225] Compiling CNIOOpenBSD shim.c
[155/1225] Compiling CNIOLinux liburing_shims.c
[156/1225] Compiling CNIOLinux shim.c
[158/1226] Compiling ExtrasBase64 Base32+Span.swift
[159/1226] Compiling ExtrasBase64 Base64+Span.swift
[159/1262] Wrapping AST for SpanPreview for debugging
[160/1304] Compiling KeccakP-1600-opt64.c
[161/1304] Compiling CNIOLLHTTP c_nio_http.c
[162/1304] Compiling CNIOLLHTTP c_nio_api.c
[163/1304] Compiling CNIOFreeBSD shim.c
[165/1304] Compiling DequeModule RigidDeque+ContainerOperations.swift
[166/1304] Compiling DequeModule RigidDeque+Deprecations.swift
[166/1304] Compiling CNIOLLHTTP c_nio_llhttp.c
[167/1304] Compiling CNIOExtrasZlib zutil.c
[169/1304] Compiling DequeModule RigidDeque+Descriptions.swift
[170/1304] Compiling DequeModule RigidDeque+Equatable.swift
[171/1304] Compiling DequeModule RigidDeque+Hashable.swift
[172/1304] Compiling DequeModule RigidDeque+Initializers.swift
[173/1304] Compiling DequeModule RigidDeque+Insertions.swift
[174/1304] Compiling DequeModule RigidDeque+Iterable.swift
[175/1309] Compiling DequeModule UniqueDeque+Initializers.swift
[176/1309] Compiling DequeModule UniqueDeque+Insertions.swift
[177/1309] Compiling DequeModule UniqueDeque+Iterable.swift
[178/1309] Compiling DequeModule UniqueDeque+Prepend.swift
[179/1309] Compiling DequeModule UniqueDeque+Removals.swift
[180/1309] Compiling DequeModule UniqueDeque+Consumption.swift
[181/1309] Compiling DequeModule UniqueDeque+ContainerOperations.swift
[182/1309] Compiling DequeModule UniqueDeque+Deprecations.swift
[183/1309] Compiling DequeModule UniqueDeque+Descriptions.swift
[184/1309] Compiling DequeModule UniqueDeque+Equatable.swift
[185/1309] Compiling DequeModule UniqueDeque+Hashable.swift
[185/1309] Compiling CNIOExtrasZlib inftrees.c
[186/1309] Compiling CNIOExtrasZlib trees.c
[187/1309] Compiling CNIOExtrasZlib inflate.c
[189/1309] Compiling DequeModule RigidDeque+Prepend.swift
[190/1309] Compiling DequeModule RigidDeque+Removals.swift
[191/1309] Compiling DequeModule RigidDeque+Replacements.swift
[192/1309] Compiling DequeModule RigidDeque+Testing.swift
[193/1309] Compiling DequeModule RigidDeque.swift
[194/1309] Compiling DequeModule UniqueDeque+Append.swift
[194/1309] Compiling CNIOExtrasZlib inffast.c
[195/1309] Compiling CNIOExtrasZlib deflate.c
[196/1309] Compiling CNIOExtrasZlib adler32.c
[197/1309] Compiling CNIODarwin shim.c
[197/1309] Compiling CNIOExtrasZlib crc32.c
[199/1309] Compiling fiat_p256_adx_sqr.S
[200/1309] Compiling fiat_p256_adx_mul.S
[201/1309] Compiling fiat_curve25519_adx_square.S
[202/1309] Compiling fiat_curve25519_adx_mul.S
[204/1309] Compiling DequeModule Deque+Codable.swift
[205/1309] Compiling DequeModule Deque+Collection.swift
[206/1309] Compiling DequeModule Deque+CustomReflectable.swift
[207/1309] Compiling DequeModule Deque+Descriptions.swift
[208/1309] Compiling DequeModule Deque+Equatable.swift
[209/1309] Compiling DequeModule Deque+ExpressibleByArrayLiteral.swift
[209/1309] Compiling CNIOBoringSSLShims shims.c
[216/1314] Compiling DequeModule _DequeBuffer.swift
[217/1314] Compiling DequeModule _DequeBufferHeader.swift
[218/1314] Compiling DequeModule RigidDeque+Append.swift
[219/1314] Compiling DequeModule RigidDeque+Consumption.swift
[222/1314] Compiling DequeModule Deque+Extras.swift
[223/1314] Compiling DequeModule Deque+Hashable.swift
[224/1314] Compiling DequeModule Deque+Testing.swift
[225/1314] Compiling DequeModule Deque._Storage.swift
[226/1314] Compiling DequeModule Deque._UnsafeHandle.swift
[227/1314] Compiling DequeModule Deque.swift
[230/1314] Emitting module Logging
[233/1314] Compiling Logging MetadataProvider.swift
[249/1315] Compiling Instrumentation Locks.swift
[250/1315] Compiling Instrumentation Instrument.swift
[251/1315] Compiling Instrumentation InstrumentationSystem.swift
[259/1316] Emitting module SystemPackage
[265/1316] Wrapping AST for Logging for debugging
[279/1325] Wrapping AST for SwiftASN1 for debugging
[281/1325] Compiling Tracing NoOpTracer.swift
[281/1326] Compiling tls_record.cc
[282/1326] Wrapping AST for Instrumentation for debugging
[284/1326] Compiling Tracing InstrumentationSystem+Tracing.swift
[285/1326] Compiling Tracing TracingTime.swift
[286/1326] Compiling Tracing WithTracer.swift
[287/1326] Emitting module Tracing
[288/1326] Compiling Tracing TracerProtocol.swift
[289/1326] Compiling Tracing Tracer.swift
[290/1326] Compiling Tracing TracerProtocol+Legacy.swift
[290/1326] Compiling tls_method.cc
[292/1326] Compiling Tracing SpanProtocol.swift
[292/1327] Compiling tls13_client.cc
[295/1327] Compiling SystemPackage SystemString.swift
[296/1327] Compiling SystemPackage Util+StringArray.swift
[297/1327] Compiling SystemPackage Util.swift
[298/1327] Compiling SystemPackage UtilConsumers.swift
[299/1327] Compiling SystemPackage WinSDK+Overlay.swift
[300/1328] Wrapping AST for Tracing for debugging
[301/1328] Wrapping AST for SystemPackage for debugging
[302/1328] Compiling tls13_server.cc
[304/1328] Emitting module DequeModule
[305/1328] Compiling DequeModule UniqueDeque+Replacements.swift
[306/1328] Compiling DequeModule UniqueDeque.swift
[307/1328] Compiling DequeModule _DequeSlot.swift
[308/1328] Compiling DequeModule _UnsafeDequeHandle.swift
[309/1328] Compiling DequeModule _UnsafeDequeSegments.swift
[309/1329] Compiling tls13_enc.cc
[311/1329] Compiling t1_enc.cc
[312/1372] Compiling ssl_transcript.cc
[313/1372] Compiling tls13_both.cc
[314/1372] Wrapping AST for DequeModule for debugging
[315/1372] Compiling ssl_stat.cc
[316/1372] Compiling ssl_versions.cc
[318/1372] Emitting module Configuration
[318/1377] Compiling ssl_x509.cc
[319/1377] Compiling ssl_session.cc
[321/1377] Compiling ExtrasBase64 Base64.swift
[322/1377] Compiling ExtrasBase64 Base32.swift
[322/1377] Compiling ssl_privkey.cc
[323/1377] Compiling ssl_lib.cc
[324/1377] Compiling ssl_file.cc
[325/1377] Compiling ssl_key_share.cc
[327/1377] Emitting module ExtrasBase64
[327/1378] Compiling ssl_credential.cc
[328/1378] Compiling ssl_cipher.cc
[331/1378] Compiling Configuration SeparatorKeyEncoder.swift
[332/1378] Compiling Configuration MultiProvider.swift
[333/1378] Compiling Configuration CLIArgumentParser.swift
[334/1378] Compiling Configuration CLISnapshot.swift
[335/1378] Compiling Configuration CommandLineArgumentsProvider.swift
[336/1378] Compiling Configuration EnvironmentFileParser.swift
[337/1378] Compiling Configuration CombineLatestManyStorage.swift
[338/1378] Compiling Configuration AsyncSequences.swift
[339/1378] Compiling Configuration FoundationExtensions.swift
[340/1378] Compiling Configuration Span.swift
[341/1378] Compiling Configuration ConfigBytesFromStringDecoder.swift
[341/1378] Compiling ssl_cert.cc
[343/1409] Compiling Configuration JSONSnapshot.swift
[344/1409] Compiling Configuration PropertyListSnapshot.swift
[345/1409] Compiling Configuration ReloadingFileProvider.swift
[346/1409] Compiling Configuration ReloadingFileProviderMetrics.swift
[347/1409] Compiling Configuration YAMLSnapshot.swift
[348/1409] Compiling Configuration InMemoryProvider.swift
[349/1409] Compiling GoogleWKT WKTUInt32Value.swift
[350/1409] Compiling GoogleWKT WKTUInt64Value.swift
[351/1409] Compiling GoogleWKT WKTValue.swift
[352/1409] Compiling GoogleWKT WKTApi.swift
[353/1409] Compiling GoogleWKT WKTEnum.swift
[354/1409] Compiling GoogleWKT WKTEnumValue.swift
[355/1409] Compiling Configuration MutableInMemoryProvider.swift
[356/1409] Compiling Configuration ConfigProvider+Operators.swift
[357/1409] Compiling Configuration KeyMappingProvider.swift
[358/1409] Compiling Configuration SecretsSpecifier.swift
[359/1409] Compiling Configuration AsyncCombineLatestManySequence.swift
[360/1409] Compiling Configuration CombineLatestManyStateMachine.swift
[360/1409] Compiling ssl_buffer.cc
[361/1409] Wrapping AST for ExtrasBase64 for debugging
[362/1409] Compiling ssl_asn1.cc
[363/1409] Compiling ssl_aead_ctx.cc
[364/1409] Compiling s3_both.cc
[365/1409] Compiling s3_pkt.cc
[367/1409] Compiling GoogleWKT UnknownFields.swift
[368/1409] Compiling GoogleWKT WKTAny.swift
[369/1409] Compiling GoogleWKT WKTAnyError.swift
[370/1409] Compiling GoogleWKT WKTBoolValue.swift
[371/1409] Compiling GoogleWKT WKTBytesValue.swift
[371/1409] Compiling s3_lib.cc
[373/1413] Compiling GoogleWKT WKTFloatValue.swift
[374/1413] Compiling GoogleWKT WKTInt32Value.swift
[375/1413] Compiling GoogleWKT WKTInt64Value.swift
[376/1413] Compiling GoogleWKT WKTRecursive.swift
[377/1413] Compiling GoogleWKT WKTField.swift
[378/1413] Compiling GoogleWKT WKTMethod.swift
[379/1413] Compiling GoogleWKT WKTMixin.swift
[380/1413] Compiling GoogleWKT WKTOption.swift
[385/1413] Compiling GoogleWKT WKTStringValue.swift
[386/1413] Compiling GoogleWKT WKTTimestamp.swift
[389/1413] Compiling GoogleWKT WKTDoubleValue.swift
[390/1413] Compiling GoogleWKT WKTDuration.swift
[391/1413] Compiling GoogleWKT WKTEmpty.swift
[392/1413] Compiling GoogleWKT WKTFieldMask.swift
[399/1413] Compiling GoogleWKT AnyPackable.swift
[400/1413] Compiling GoogleWKT DecodeToDefault.swift
[401/1413] Compiling GoogleWKT DiscoveryBase64.swift
[402/1413] Compiling GoogleWKT ProtoJSONDecoder.swift
[403/1413] Compiling GoogleWKT ProtoJSONEncoder.swift
[412/1414] Compiling GoogleWKT WKTSourceContext.swift
[413/1414] Compiling GoogleWKT WKTSyntax.swift
[414/1414] Compiling GoogleWKT WKTType.swift
[415/1414] Compiling GoogleWKT PackageVersion.swift
[415/1414] Compiling handshake_client.cc
[416/1414] Wrapping AST for Configuration for debugging
[417/1414] Compiling handshake_server.cc
[418/1414] Compiling handshake.cc
[419/1414] Compiling encrypted_client_hello.cc
[420/1414] Compiling handoff.cc
[427/1414] Emitting module GoogleWKT
[428/1415] Compiling extensions.cc
[429/1415] Compiling dtls_record.cc
[430/1448] Compiling d1_srtp.cc
[431/1448] Wrapping AST for GoogleWKT for debugging
[432/1448] Compiling md5-x86_64-linux.S
[433/1448] Compiling md5-x86_64-apple.S
[435/1448] Compiling GoogleRpc RequestInfo.swift
[436/1448] Compiling GoogleRpc ResourceInfo.swift
[436/1450] Compiling md5-586-linux.S
[437/1450] Compiling md5-586-apple.S
[438/1450] Compiling dtls_method.cc
[439/1450] Compiling chacha20_poly1305_x86_64-linux.S
[440/1450] Compiling d1_pkt.cc
[441/1450] Compiling chacha20_poly1305_x86_64-apple.S
[442/1450] Compiling d1_lib.cc
[443/1450] Compiling chacha20_poly1305_armv8-win.S
[444/1450] Compiling chacha20_poly1305_armv8-apple.S
[445/1450] Compiling chacha-x86_64-linux.S
[447/1450] Compiling GoogleRpc HttpRequest.swift
[448/1450] Compiling GoogleRpc HttpResponse.swift
[448/1450] Compiling chacha20_poly1305_armv8-linux.S
[449/1450] Compiling err_data.cc
[450/1450] Compiling chacha-x86_64-apple.S
[451/1450] Compiling chacha-x86-apple.S
[452/1450] Compiling chacha-armv8-win.S
[453/1450] Compiling bio_ssl.cc
[454/1450] Compiling chacha-x86-linux.S
[455/1450] Compiling chacha-armv8-linux.S
[456/1450] Compiling chacha-armv8-apple.S
[457/1450] Compiling chacha-armv4-linux.S
[458/1450] Compiling aes128gcmsiv-x86_64-apple.S
[460/1450] Compiling GoogleRpc QuotaFailure.swift
[462/1450] Compiling GoogleRpc PackageVersion.swift
[463/1450] Compiling GoogleRpc PreconditionFailure.swift
[463/1450] Compiling aes128gcmsiv-x86_64-linux.S
[465/1452] Compiling GoogleRpc Help.swift
[466/1452] Compiling GoogleRpc HttpHeader.swift
[467/1452] Compiling GoogleRpc LocalizedMessage.swift
[468/1452] Compiling GoogleRpc DebugInfo.swift
[469/1452] Compiling GoogleRpc ErrorInfo.swift
[473/1452] Emitting module GoogleType
[474/1452] Compiling GoogleRpc BadRequest.swift
[475/1452] Compiling GoogleRpc Code.swift
[476/1452] Compiling x86_64-mont5-linux.S
[480/1452] Emitting module GoogleRpc
[480/1452] Compiling x86_64-mont5-apple.S
[481/1452] Compiling x86_64-mont-linux.S
[482/1452] Compiling x86_64-mont-apple.S
[483/1452] Compiling x86-mont-linux.S
[484/1452] Compiling x86-mont-apple.S
[485/1452] Compiling vpaes-x86_64-apple.S
[486/1452] Compiling vpaes-x86-linux.S
[487/1452] Compiling vpaes-x86_64-linux.S
[488/1452] Compiling vpaes-x86-apple.S
[491/1452] Compiling GoogleRpc RetryInfo.swift
[492/1452] Compiling GoogleRpc Status.swift
[493/1452] Compiling GoogleType Quaternion.swift
[493/1452] Compiling vpaes-armv7-linux.S
[493/1452] Compiling vpaes-armv8-apple.S
[494/1452] Compiling vpaes-armv8-win.S
[496/1452] Compiling vpaes-armv8-linux.S
[497/1452] Compiling sha512-x86_64-linux.S
[500/1452] Compiling sha512-x86_64-apple.S
[501/1452] Compiling sha512-armv8-win.S
[502/1452] Compiling sha512-armv8-apple.S
[503/1452] Compiling sha512-armv4-linux.S
[504/1452] Compiling sha512-armv8-linux.S
[505/1452] Compiling sha512-586-linux.S
[506/1452] Compiling sha512-586-apple.S
[507/1452] Compiling sha256-x86_64-linux.S
[508/1452] Compiling sha256-x86_64-apple.S
[515/1452] Compiling sha256-armv8-win.S
[516/1453] Compiling sha256-armv8-apple.S
[517/1453] Compiling sha256-armv4-linux.S
[518/1453] Compiling sha256-armv8-linux.S
[519/1453] Compiling sha256-586-linux.S
[520/1453] Compiling sha256-586-apple.S
[522/1453] Compiling sha1-x86_64-apple.S
[523/1453] Compiling sha1-x86_64-linux.S
[524/1453] Compiling sha1-armv8-win.S
[525/1453] Compiling d1_both.cc
[526/1453] Compiling sha1-armv8-apple.S
[528/1453] Compiling GoogleType TimeOfDay.swift
[529/1453] Compiling GoogleType TimeZone.swift
[529/1453] Compiling sha1-armv4-large-linux.S
[530/1454] Compiling sha1-586-linux.S
[531/1454] Compiling rsaz-avx2-linux.S
[532/1454] Compiling sha1-586-apple.S
[533/1454] Compiling sha1-armv8-linux.S
[534/1454] Compiling rsaz-avx2-apple.S
[535/1454] Compiling rdrand-x86_64-linux.S
[537/1454] Wrapping AST for GoogleRpc for debugging
[538/1454] Compiling p256_beeu-x86_64-asm-apple.S
[538/1454] Compiling p256_beeu-x86_64-asm-linux.S
[538/1454] Compiling p256_beeu-armv8-asm-win.S
[538/1454] Compiling rdrand-x86_64-apple.S
[542/1454] Compiling p256_beeu-armv8-asm-linux.S
[543/1454] Compiling p256_beeu-armv8-asm-apple.S
[544/1454] Compiling p256-armv8-asm-win.S
[545/1454] Compiling p256-armv8-asm-apple.S
[546/1454] Compiling ghashv8-armv8-win.S
[547/1454] Compiling p256-x86_64-asm-linux.S
[548/1454] Compiling p256-x86_64-asm-apple.S
[549/1454] Compiling p256-armv8-asm-linux.S
[549/1454] Wrapping AST for GoogleType for debugging
[551/1454] Compiling ghashv8-armv8-linux.S
[552/1454] Compiling ghashv8-armv7-linux.S
[553/1454] Compiling ghash-x86_64-linux.S
[554/1454] Compiling ghash-x86_64-apple.S
[555/1454] Compiling ghash-x86-apple.S
[556/1454] Compiling ghash-x86-linux.S
[557/1454] Compiling ghash-ssse3-x86_64-linux.S
[558/1454] Compiling ghashv8-armv8-apple.S
[558/1454] Compiling ghash-ssse3-x86-linux.S
[559/1454] Compiling ghash-ssse3-x86_64-apple.S
[561/1454] Compiling ghash-ssse3-x86-apple.S
[562/1454] Compiling ghash-neon-armv8-apple.S
[563/1454] Compiling ghash-neon-armv8-linux.S
[563/1454] Compiling ghash-neon-armv8-win.S
[565/1454] Compiling ghash-armv4-linux.S
[566/1454] Compiling bsaes-armv7-linux.S
[567/1454] Compiling co-586-linux.S
[568/1454] Compiling bn-armv8-win.S
[568/1454] Compiling co-586-apple.S
[570/1454] Compiling bn-armv8-linux.S
[571/1454] Compiling bn-586-linux.S
[572/1454] Compiling bn-armv8-apple.S
[572/1454] Compiling bn-586-apple.S
[574/1454] Compiling armv8-mont-win.S
[575/1454] Compiling armv4-mont-linux.S
[576/1454] Compiling aesv8-gcm-armv8-win.S
[577/1454] Compiling armv8-mont-linux.S
[578/1454] Compiling armv8-mont-apple.S
[579/1454] Compiling aesv8-armv8-win.S
[580/1454] Compiling aesv8-gcm-armv8-linux.S
[581/1454] Compiling aesv8-gcm-armv8-apple.S
[582/1454] Compiling aesv8-armv8-apple.S
[583/1454] Compiling aesni-x86_64-linux.S
[584/1454] Compiling aesv8-armv7-linux.S
[585/1454] Compiling aesni-x86-linux.S
[586/1454] Compiling aesv8-armv8-linux.S
[587/1454] Compiling aesni-x86-apple.S
[588/1454] Compiling aesni-x86_64-apple.S
[589/1454] Compiling aesni-gcm-x86_64-linux.S
[590/1454] Compiling aesni-gcm-x86_64-apple.S
[591/1454] Compiling aes-gcm-avx10-x86_64-linux.S
[592/1454] Compiling aes-gcm-avx10-x86_64-apple.S
[593/1454] Compiling aes-gcm-avx2-x86_64-linux.S
[594/1454] Compiling aes-gcm-avx2-x86_64-apple.S
[595/1454] Compiling x_x509.cc
[596/1454] Compiling x_x509a.cc
[597/1454] Compiling x_spki.cc
[598/1454] Compiling x_val.cc
[599/1454] Compiling x_sig.cc
[600/1454] Compiling x_req.cc
[601/1454] Compiling x_pubkey.cc
[602/1454] Compiling x_name.cc
[603/1454] Compiling x_exten.cc
[604/1454] Compiling x_all.cc
[605/1454] Compiling x_crl.cc
[606/1454] Compiling x509spki.cc
[607/1454] Compiling x_algor.cc
[608/1454] Compiling x509rset.cc
[609/1454] Compiling x_attrib.cc
[610/1454] Compiling x509name.cc
[611/1454] Compiling x509cset.cc
[612/1454] Compiling x509_vfy.cc
[613/1454] Compiling x509_trs.cc
[614/1454] Compiling x509_vpm.cc
[615/1454] Compiling x509_v3.cc
[616/1454] Compiling x509_txt.cc
[617/1454] Compiling x509_set.cc
[618/1454] Compiling x509_req.cc
[619/1454] Compiling x509_obj.cc
[620/1454] Compiling x509_ext.cc
[621/1454] Compiling x509_def.cc
[622/1454] Compiling x509_lu.cc
[623/1454] Compiling x509_d2.cc
[624/1454] Compiling x509_cmp.cc
[625/1454] Compiling x509.cc
[626/1454] Compiling x509_att.cc
[627/1454] Compiling v3_utl.cc
[628/1454] Compiling v3_prn.cc
[629/1454] Compiling v3_pmaps.cc
[630/1454] Compiling v3_pcons.cc
[631/1454] Compiling v3_purp.cc
[632/1454] Compiling v3_skey.cc
[633/1454] Compiling v3_ocsp.cc
[634/1454] Compiling v3_ncons.cc
[635/1454] Compiling v3_lib.cc
[636/1454] Compiling v3_info.cc
[637/1454] Compiling v3_int.cc
[638/1454] Compiling v3_ia5.cc
[639/1454] Compiling v3_genn.cc
[640/1454] Compiling v3_extku.cc
[641/1454] Compiling v3_crld.cc
[642/1454] Compiling v3_conf.cc
[643/1454] Compiling v3_enum.cc
[644/1454] Compiling v3_bitst.cc
[645/1454] Compiling v3_cpols.cc
[646/1454] Compiling v3_bcons.cc
[647/1454] Compiling v3_alt.cc
[648/1454] Compiling v3_akey.cc
[649/1454] Compiling v3_akeya.cc
[650/1454] Compiling t_req.cc
[651/1454] Compiling t_x509a.cc
[652/1454] Compiling t_crl.cc
[653/1454] Compiling t_x509.cc
[654/1454] Compiling i2d_pr.cc
[655/1454] Compiling rsa_pss.cc
[656/1454] Compiling name_print.cc
[657/1454] Compiling policy.cc
[658/1454] Compiling asn1_gen.cc
[659/1454] Compiling a_sign.cc
[660/1454] Compiling algorithm.cc
[661/1454] Compiling by_file.cc
[662/1454] Compiling by_dir.cc
[663/1454] Compiling a_verify.cc
[664/1454] Compiling a_digest.cc
[665/1454] Compiling voprf.cc
[666/1454] Compiling thread_win.cc
[667/1454] Compiling thread.cc
[668/1454] Compiling thread_pthread.cc
[669/1454] Compiling thread_none.cc
[670/1454] Compiling pmbtoken.cc
[671/1454] Compiling trust_token.cc
[672/1454] Compiling stack.cc
[673/1454] Compiling siphash.cc
[674/1454] Compiling sha256.cc
[675/1454] Compiling slhdsa.cc
[676/1454] Compiling sha512.cc
[677/1454] Compiling rsa_print.cc
[678/1454] Compiling rsa_extra.cc
[679/1454] Compiling sha1.cc
[680/1454] Compiling rsa_crypt.cc
[681/1454] Compiling spake2plus.cc
[682/1454] Compiling refcount.cc
[683/1454] Compiling rc4.cc
[684/1454] Compiling windows.cc
[685/1454] Compiling urandom.cc
[686/1454] Compiling rsa_asn1.cc
[687/1454] Compiling rand.cc
[688/1454] Compiling trusty.cc
[689/1454] Compiling getentropy.cc
[690/1454] Compiling fork_detect.cc
[691/1454] Compiling poly1305_arm_asm.S
[692/1454] Compiling passive.cc
[693/1454] Compiling ios.cc
[694/1454] Compiling deterministic.cc
[695/1454] Compiling forkunsafe.cc
[696/1454] Compiling poly1305_vec.cc
[697/1454] Compiling poly1305.cc
[698/1454] Compiling pool.cc
[699/1454] Compiling poly1305_arm.cc
[700/1454] Compiling pkcs7.cc
[701/1454] Compiling pkcs8_x509.cc
[702/1454] Compiling pkcs8.cc
[703/1454] Compiling pem_pkey.cc
[704/1454] Compiling p5_pbev2.cc
[705/1454] Compiling pkcs7_x509.cc
[706/1454] Compiling pem_xaux.cc
[707/1454] Compiling pem_x509.cc
[708/1454] Compiling pem_pk8.cc
[709/1454] Compiling pem_lib.cc
[710/1454] Compiling mldsa.cc
[711/1454] Compiling mlkem.cc
[712/1454] Compiling obj_xref.cc
[713/1454] Compiling pem_oth.cc
[714/1454] Compiling obj.cc
[715/1454] Compiling pem_info.cc
[716/1454] Compiling poly_rq_mul.S
[717/1454] Compiling pem_all.cc
[718/1454] Compiling fips_shared_support.cc
[719/1454] Compiling mem.cc
[720/1454] Compiling md4.cc
[721/1454] Compiling md5.cc
[722/1454] Compiling lhash.cc
[723/1454] Compiling kyber.cc
[724/1454] Compiling ex_data.cc
[725/1454] Compiling sign.cc
[726/1454] Compiling scrypt.cc
[727/1454] Compiling hpke.cc
[728/1454] Compiling print.cc
[729/1454] Compiling hrss.cc
[730/1454] Compiling pbkdf.cc
[731/1454] Compiling p_x25519_asn1.cc
[732/1454] Compiling p_ed25519.cc
[732/1454] Compiling p_rsa.cc
[734/1454] Compiling p_x25519.cc
[735/1454] Compiling p_ed25519_asn1.cc
[736/1454] Compiling p_hkdf.cc
[737/1454] Compiling p_rsa_asn1.cc
[738/1454] Compiling p_ec.cc
[739/1454] Compiling p_dh.cc
[740/1454] Compiling p_dh_asn1.cc
[741/1454] Compiling evp_ctx.cc
[742/1454] Compiling p_ec_asn1.cc
[743/1454] Compiling p_dsa_asn1.cc
[744/1454] Compiling evp_asn1.cc
[745/1454] Compiling evp.cc
[746/1454] Compiling err.cc
[747/1454] Compiling engine.cc
[748/1454] Compiling ecdh.cc
[749/1454] Compiling hash_to_curve.cc
[750/1454] Compiling ec_derive.cc
[751/1454] Compiling ecdsa_asn1.cc
[752/1454] Compiling dsa.cc
[753/1454] Compiling ec_asn1.cc
[754/1454] Compiling params.cc
[755/1454] Compiling dsa_asn1.cc
[756/1454] Compiling x25519-asm-arm.S
[757/1454] Compiling bcm.cc
[758/1454] Compiling digest_extra.cc
[759/1454] Compiling des.cc
[760/1454] Compiling curve25519_64_adx.cc
[761/1454] Compiling dh_asn1.cc
[762/1454] Compiling spake25519.cc
[763/1454] Compiling crypto.cc
[764/1454] Compiling curve25519.cc
[765/1454] Compiling cpu_intel.cc
[766/1454] Compiling cpu_aarch64_win.cc
[767/1454] Compiling cpu_arm_linux.cc
[768/1454] Compiling cpu_arm_freebsd.cc
[769/1454] Compiling cpu_aarch64_sysreg.cc
[770/1454] Compiling cpu_aarch64_openbsd.cc
[771/1454] Compiling cpu_aarch64_fuchsia.cc
[772/1454] Compiling cpu_aarch64_linux.cc
[773/1454] Compiling conf.cc
[774/1454] Compiling cpu_aarch64_apple.cc
[775/1454] Compiling tls_cbc.cc
[776/1454] Compiling get_cipher.cc
[777/1454] Compiling e_rc4.cc
[778/1454] Compiling e_tls.cc
[779/1454] Compiling e_null.cc
[780/1454] Compiling e_rc2.cc
[781/1454] Compiling e_chacha20poly1305.cc
[782/1454] Compiling chacha.cc
[783/1454] Compiling e_des.cc
[784/1454] Compiling e_aesgcmsiv.cc
[785/1454] Compiling e_aesctrhmac.cc
[786/1454] Compiling derive_key.cc
[787/1454] Compiling buf.cc
[788/1454] Compiling unicode.cc
[789/1454] Compiling ber.cc
[790/1454] Compiling asn1_compat.cc
[791/1454] Compiling cbb.cc
[792/1454] Compiling cbs.cc
[793/1454] Compiling convert.cc
[794/1454] Compiling bn_asn1.cc
[795/1454] Compiling blake2.cc
[796/1454] Compiling socket_helper.cc
[797/1454] Compiling socket.cc
[798/1454] Compiling printf.cc
[799/1454] Compiling file.cc
[800/1454] Compiling hexdump.cc
[801/1454] Compiling pair.cc
[802/1454] Compiling errno.cc
[803/1454] Compiling fd.cc
[804/1454] Compiling connect.cc
[805/1454] Compiling base64.cc
[806/1454] Compiling bio_mem.cc
[807/1454] Compiling tasn_fre.cc
[808/1454] Compiling bio.cc
[809/1454] Compiling tasn_typ.cc
[810/1454] Compiling tasn_enc.cc
[811/1454] Compiling f_int.cc
[812/1454] Compiling asn_pack.cc
[813/1454] Compiling asn1_par.cc
[814/1454] Compiling f_string.cc
[815/1454] Compiling tasn_utl.cc
[816/1454] Compiling tasn_dec.cc
[817/1454] Compiling tasn_new.cc
[818/1454] Compiling posix_time.cc
[819/1454] Compiling a_octet.cc
[820/1454] Compiling asn1_lib.cc
[821/1454] Compiling a_utctm.cc
[822/1454] Compiling a_type.cc
[823/1454] Compiling a_time.cc
[824/1454] Compiling a_strnid.cc
[825/1454] Compiling a_strex.cc
[826/1454] Compiling a_object.cc
[827/1454] Compiling a_mbstr.cc
[828/1454] Compiling a_i2d_fp.cc
[829/1454] Compiling a_bitstr.cc
[830/1454] Compiling CGoogleGaxCRC32C CGoogleGaxCRC32C.c
[831/1454] Compiling a_dup.cc
[832/1454] Compiling fiat_p256_adx_sqr.S
[833/1454] Compiling a_d2i_fp.cc
[834/1454] Compiling fiat_p256_adx_mul.S
[835/1454] Compiling a_int.cc
[836/1454] Compiling fiat_curve25519_adx_mul.S
[837/1454] Compiling fiat_curve25519_adx_square.S
[838/1454] Compiling md5-x86_64-linux.S
[839/1454] Compiling CCryptoBoringSSLShims shims.c
[840/1454] Compiling md5-x86_64-apple.S
[841/1454] Compiling md5-586-linux.S
[842/1454] Compiling md5-586-apple.S
[843/1454] Compiling chacha20_poly1305_x86_64-linux.S
[844/1454] Compiling chacha20_poly1305_x86_64-apple.S
[845/1454] Compiling chacha20_poly1305_armv8-win.S
[846/1454] Compiling chacha20_poly1305_armv8-apple.S
[847/1454] Compiling chacha-x86_64-linux.S
[848/1454] Compiling a_gentm.cc
[849/1454] Compiling a_bool.cc
[850/1454] Compiling chacha-x86_64-apple.S
[851/1454] Compiling chacha-x86-linux.S
[852/1454] Compiling chacha20_poly1305_armv8-linux.S
[853/1454] Compiling chacha-x86-apple.S
[854/1454] Compiling chacha-armv8-win.S
[855/1454] Compiling chacha-armv8-apple.S
[856/1454] Compiling chacha-armv4-linux.S
[857/1454] Compiling aes128gcmsiv-x86_64-linux.S
[858/1454] Compiling chacha-armv8-linux.S
[859/1454] Compiling aes128gcmsiv-x86_64-apple.S
[860/1454] Compiling x86_64-mont5-linux.S
[861/1454] Compiling x86_64-mont5-apple.S
[862/1454] Compiling x86_64-mont-linux.S
[863/1454] Compiling x86_64-mont-apple.S
[864/1454] Compiling x86-mont-linux.S
[865/1454] Compiling x86-mont-apple.S
[866/1454] Compiling vpaes-x86_64-linux.S
[866/1454] Compiling vpaes-x86_64-apple.S
[868/1454] Compiling vpaes-x86-apple.S
[869/1454] Compiling vpaes-x86-linux.S
[870/1454] Compiling vpaes-armv8-win.S
[871/1454] Compiling vpaes-armv8-apple.S
[872/1454] Compiling vpaes-armv8-linux.S
[873/1454] Compiling sha512-x86_64-linux.S
[874/1454] Compiling vpaes-armv7-linux.S
[875/1454] Compiling sha512-armv8-win.S
[876/1454] Compiling sha512-armv8-apple.S
[877/1454] Compiling sha512-x86_64-apple.S
[878/1454] Compiling sha512-armv4-linux.S
[879/1454] Compiling err_data.cc
[879/1454] Compiling sha512-586-linux.S
[881/1454] Compiling sha256-x86_64-linux.S
[882/1454] Compiling sha512-586-apple.S
[883/1454] Compiling sha256-x86_64-apple.S
[884/1454] Compiling sha256-armv8-win.S
[885/1454] Compiling sha512-armv8-linux.S
[886/1454] Compiling sha256-armv4-linux.S
[887/1454] Compiling sha256-armv8-apple.S
[888/1454] Compiling sha256-armv8-linux.S
[889/1454] Compiling sha256-586-linux.S
[890/1454] Compiling sha256-586-apple.S
[891/1454] Compiling sha1-x86_64-apple.S
[892/1454] Compiling sha1-x86_64-linux.S
[893/1454] Compiling sha1-armv8-win.S
[894/1454] Compiling sha1-armv8-apple.S
[895/1454] Compiling sha1-armv8-linux.S
[896/1454] Compiling sha1-armv4-large-linux.S
[897/1454] Compiling sha1-586-apple.S
[898/1454] Compiling sha1-586-linux.S
[899/1454] Compiling rsaz-avx2-apple.S
[900/1454] Compiling rsaz-avx2-linux.S
[901/1454] Compiling rdrand-x86_64-linux.S
[902/1454] Compiling rdrand-x86_64-apple.S
[903/1454] Compiling p256_beeu-x86_64-asm-linux.S
[904/1454] Compiling p256_beeu-x86_64-asm-apple.S
[905/1454] Compiling p256_beeu-armv8-asm-win.S
[906/1454] Compiling p256_beeu-armv8-asm-apple.S
[907/1454] Compiling p256_beeu-armv8-asm-linux.S
[908/1454] Compiling p256-x86_64-asm-linux.S
[909/1454] Compiling p256-armv8-asm-apple.S
[910/1454] Compiling p256-armv8-asm-win.S
[911/1454] Compiling p256-x86_64-asm-apple.S
[912/1454] Compiling p256-armv8-asm-linux.S
[913/1454] Compiling ghashv8-armv8-win.S
[914/1454] Compiling ghashv8-armv8-linux.S
[915/1454] Compiling ghashv8-armv8-apple.S
[916/1454] Compiling ghash-x86_64-apple.S
[917/1454] Compiling ghash-x86_64-linux.S
[917/1454] Compiling ghash-x86-linux.S
[919/1454] Compiling ghashv8-armv7-linux.S
[920/1454] Compiling ghash-x86-apple.S
[921/1454] Compiling ghash-ssse3-x86-linux.S
[922/1454] Compiling ghash-ssse3-x86_64-linux.S
[923/1454] Compiling ghash-ssse3-x86_64-apple.S
[924/1454] Compiling ghash-neon-armv8-linux.S
[925/1454] Compiling ghash-neon-armv8-win.S
[926/1454] Compiling ghash-ssse3-x86-apple.S
[927/1454] Compiling ghash-neon-armv8-apple.S
[928/1454] Compiling ghash-armv4-linux.S
[929/1454] Compiling co-586-linux.S
[930/1454] Compiling co-586-apple.S
[931/1454] Compiling bn-armv8-win.S
[932/1454] Compiling bn-armv8-linux.S
[933/1454] Compiling bsaes-armv7-linux.S
[934/1454] Compiling bn-armv8-apple.S
[935/1454] Compiling bn-586-apple.S
[936/1454] Compiling armv8-mont-win.S
[937/1454] Compiling bn-586-linux.S
[938/1454] Compiling armv8-mont-apple.S
[939/1454] Compiling armv8-mont-linux.S
[940/1454] Compiling aesv8-gcm-armv8-win.S
[941/1454] Compiling armv4-mont-linux.S
[942/1454] Compiling aesv8-gcm-armv8-linux.S
[943/1454] Compiling aesv8-gcm-armv8-apple.S
[944/1454] Compiling aesv8-armv8-apple.S
[945/1454] Compiling aesv8-armv8-linux.S
[946/1454] Compiling aesv8-armv8-win.S
[947/1454] Compiling aesv8-armv7-linux.S
[948/1454] Compiling aesni-x86_64-linux.S
[949/1454] Compiling aesni-x86-apple.S
[950/1454] Compiling aesni-x86-linux.S
[951/1454] Compiling aesni-x86_64-apple.S
[952/1454] Compiling aesni-gcm-x86_64-apple.S
[953/1454] Compiling aesni-gcm-x86_64-linux.S
[954/1454] Compiling aes-gcm-avx512-x86_64-apple.S
[955/1454] Compiling aes-gcm-avx512-x86_64-linux.S
[956/1454] Compiling aes-gcm-avx2-x86_64-apple.S
[957/1454] Compiling xwing.cc
[958/1454] Compiling x_sig.cc
[959/1454] Compiling x_x509.cc
[960/1454] Compiling x_req.cc
[961/1454] Compiling x_spki.cc
[962/1454] Compiling c-atomics.c
[963/1454] Compiling x_x509a.cc
[964/1454] Compiling x_name.cc
[965/1454] Compiling x_pubkey.cc
[966/1454] Compiling c-nioatomics.c
[967/1454] Compiling x_exten.cc
[968/1454] Compiling x_crl.cc
[969/1461] Compiling x_all.cc
[970/1461] Compiling x_attrib.cc
[971/1461] Compiling x_algor.cc
[973/1461] Compiling NIOConcurrencyHelpers lock.swift
[974/1461] Compiling NIOConcurrencyHelpers NIOAtomic.swift
[975/1461] Compiling NIOConcurrencyHelpers NIOThreadPoolWorkAvailable.swift
[976/1461] Compiling NIOConcurrencyHelpers NIOLockedValueBox.swift
[977/1461] Compiling NIOConcurrencyHelpers NIOLock.swift
[978/1461] Compiling NIOConcurrencyHelpers atomics.swift
[978/1461] Compiling x509spki.cc
[979/1461] Compiling x509rset.cc
[981/1461] Emitting module NIOConcurrencyHelpers
[982/1462] Compiling x509name.cc
[983/1462] Wrapping AST for NIOConcurrencyHelpers for debugging
[984/1462] Compiling x509cset.cc
[985/1462] Compiling x509_vpm.cc
[986/1462] Compiling x509_v3.cc
[987/1462] Compiling x509_vfy.cc
[988/1462] Compiling x509_trs.cc
[989/1462] Compiling x509_set.cc
[990/1462] Compiling x509_txt.cc
[991/1462] Compiling x509_req.cc
[992/1462] Compiling x509_def.cc
[993/1462] Compiling x509_obj.cc
[994/1462] Compiling x509_ext.cc
[995/1462] Compiling x509_lu.cc
[996/1462] Compiling x509_att.cc
[997/1462] Compiling x509_d2.cc
[998/1462] Compiling x509_cmp.cc
[999/1462] Compiling x509.cc
[1000/1462] Compiling v3_skey.cc
[1001/1462] Compiling v3_utl.cc
[1002/1462] Compiling v3_prn.cc
[1003/1462] Compiling v3_pcons.cc
[1004/1462] Compiling v3_ocsp.cc
[1005/1462] Compiling v3_purp.cc
[1006/1462] Compiling v3_pmaps.cc
[1007/1462] Compiling v3_lib.cc
[1008/1462] Compiling v3_ncons.cc
[1009/1462] Compiling v3_int.cc
[1010/1462] Compiling v3_info.cc
[1011/1462] Compiling v3_ia5.cc
[1012/1462] Compiling v3_enum.cc
[1013/1462] Compiling v3_genn.cc
[1014/1462] Compiling v3_extku.cc
[1015/1462] Compiling v3_crld.cc
[1016/1462] Compiling v3_cpols.cc
[1017/1462] Compiling v3_conf.cc
[1018/1462] Compiling v3_akeya.cc
[1019/1462] Compiling v3_bitst.cc
[1020/1462] Compiling v3_bcons.cc
[1021/1462] Compiling v3_alt.cc
[1022/1462] Compiling v3_akey.cc
[1023/1462] Compiling t_x509a.cc
[1024/1462] Compiling t_req.cc
[1025/1462] Compiling t_x509.cc
[1026/1462] Compiling rsa_pss.cc
[1027/1462] Compiling t_crl.cc
[1028/1462] Compiling by_file.cc
[1029/1462] Compiling i2d_pr.cc
[1030/1462] Compiling name_print.cc
[1031/1462] Compiling policy.cc
[1032/1462] Compiling by_dir.cc
[1033/1462] Compiling algorithm.cc
[1034/1462] Compiling voprf.cc
[1035/1462] Compiling a_verify.cc
[1036/1462] Compiling a_sign.cc
[1037/1462] Compiling asn1_gen.cc
[1038/1462] Compiling thread_pthread.cc
[1039/1462] Compiling a_digest.cc
[1040/1462] Compiling pmbtoken.cc
[1041/1462] Compiling trust_token.cc
[1042/1462] Compiling thread_win.cc
[1043/1462] Compiling thread.cc
[1044/1462] Compiling thread_none.cc
[1045/1462] Compiling stack.cc
[1046/1462] Compiling sha512.cc
[1047/1462] Compiling spake2plus.cc
[1048/1462] Compiling siphash.cc
[1049/1462] Compiling slhdsa.cc
[1050/1462] Compiling sha1.cc
[1051/1462] Compiling sha256.cc
[1052/1462] Compiling refcount.cc
[1053/1462] Compiling rsa_extra.cc
[1054/1462] Compiling rsa_print.cc
[1055/1462] Compiling urandom.cc
[1056/1462] Compiling rsa_crypt.cc
[1057/1462] Compiling trusty.cc
[1058/1462] Compiling windows.cc
[1059/1462] Compiling rsa_asn1.cc
[1060/1462] Compiling passive.cc
[1061/1462] Compiling rand.cc
[1062/1462] Compiling poly1305_arm_asm.S
[1063/1462] Compiling forkunsafe.cc
[1064/1462] Compiling ios.cc
[1065/1462] Compiling getentropy.cc
[1066/1462] Compiling fork_detect.cc
[1067/1462] Compiling deterministic.cc
[1068/1462] Compiling poly1305_arm.cc
[1069/1462] Compiling poly1305_vec.cc
[1070/1462] Compiling poly1305.cc
[1071/1462] Compiling pool.cc
[1072/1462] Compiling pkcs8.cc
[1073/1462] Compiling pem_xaux.cc
[1074/1462] Compiling p5_pbev2.cc
[1075/1462] Compiling pkcs7_x509.cc
[1076/1462] Compiling pkcs8_x509.cc
[1077/1462] Compiling pkcs7.cc
[1078/1462] Compiling pem_x509.cc
[1079/1462] Compiling pem_pkey.cc
[1080/1462] Compiling pem_pk8.cc
[1081/1462] Compiling obj_xref.cc
[1082/1462] Compiling pem_oth.cc
[1083/1462] Compiling mldsa.cc
[1084/1462] Compiling mlkem.cc
[1085/1462] Compiling mem.cc
[1086/1462] Compiling pem_lib.cc
[1087/1462] Compiling pem_all.cc
[1088/1462] Compiling poly_rq_mul.S
[1089/1462] Compiling pem_info.cc
[1090/1462] Compiling obj.cc
[1091/1462] Compiling fips_shared_support.cc
[1092/1462] Compiling md5.cc
[1093/1462] Compiling lhash.cc
[1094/1462] Compiling md4.cc
[1095/1462] Compiling ex_data.cc
[1096/1462] Compiling fuzzer_mode.cc
[1097/1462] Compiling hrss.cc
[1098/1462] Compiling hpke.cc
[1099/1462] Compiling kyber.cc
[1100/1462] Compiling pbkdf.cc
[1101/1462] Compiling print.cc
[1102/1462] Compiling p_x25519_asn1.cc
[1103/1462] Compiling scrypt.cc
[1104/1462] Compiling sign.cc
[1105/1462] Compiling p_rsa_asn1.cc
[1106/1462] Compiling p_x25519.cc
[1107/1462] Compiling p_rsa.cc
[1108/1462] Compiling p_hkdf.cc
[1109/1462] Compiling p_ed25519_asn1.cc
[1110/1462] Compiling p_ec_asn1.cc
[1111/1462] Compiling p_ed25519.cc
[1112/1462] Compiling p_ec.cc
[1113/1462] Compiling p_dh_asn1.cc
[1114/1462] Compiling p_dsa_asn1.cc
[1115/1462] Compiling p_dh.cc
[1116/1462] Compiling evp_ctx.cc
[1117/1462] Compiling err.cc
[1118/1462] Compiling ecdsa_p1363.cc
[1119/1462] Compiling evp_asn1.cc
[1120/1462] Compiling engine.cc
[1121/1462] Compiling evp.cc
[1122/1462] Compiling ecdh.cc
[1123/1462] Compiling ecdsa_asn1.cc
[1124/1462] Compiling ec_derive.cc
[1125/1462] Compiling dsa.cc
[1126/1462] Compiling hash_to_curve.cc
[1127/1462] Compiling ec_asn1.cc
[1128/1462] Compiling dsa_asn1.cc
[1129/1462] Compiling des.cc
[1130/1462] Compiling x25519-asm-arm.S
[1131/1462] Compiling dh_asn1.cc
[1132/1462] Compiling digest_extra.cc
[1133/1462] Compiling params.cc
[1134/1462] Compiling crypto.cc
[1135/1462] Compiling spake25519.cc
[1136/1462] Compiling curve25519_64_adx.cc
[1137/1462] Compiling cpu_arm_linux.cc
[1138/1462] Compiling curve25519.cc
[1139/1462] Compiling cpu_intel.cc
[1140/1462] Compiling cpu_aarch64_sysreg.cc
[1141/1462] Compiling cpu_aarch64_openbsd.cc
[1142/1462] Compiling cpu_aarch64_win.cc
[1143/1462] Compiling cpu_arm_freebsd.cc
[1144/1462] Compiling cpu_aarch64_linux.cc
[1145/1462] Compiling cpu_aarch64_fuchsia.cc
[1146/1462] Compiling cpu_aarch64_apple.cc
[1147/1462] Compiling tls_cbc.cc
[1148/1462] Compiling conf.cc
[1149/1462] Compiling get_cipher.cc
[1150/1462] Compiling cms.cc
[1151/1462] Compiling e_rc4.cc
[1152/1462] Compiling e_rc2.cc
[1153/1462] Compiling e_null.cc
[1154/1462] Compiling e_chacha20poly1305.cc
[1155/1462] Compiling e_tls.cc
[1156/1462] Compiling e_des.cc
[1157/1462] Compiling e_aesgcmsiv.cc
[1158/1462] Compiling e_aeseax.cc
[1159/1462] Compiling derive_key.cc
[1160/1462] Compiling e_aesctrhmac.cc
[1161/1462] Compiling chacha.cc
[1162/1462] Compiling unicode.cc
[1163/1462] Compiling cbs.cc
[1164/1462] Compiling buf.cc
[1165/1462] Compiling sqrt.cc
[1166/1462] Compiling cbb.cc
[1167/1462] Compiling exponentiation.cc
[1168/1462] Compiling ber.cc
[1169/1462] Compiling asn1_compat.cc
[1170/1462] Compiling bn_asn1.cc
[1171/1462] Compiling div.cc
[1172/1462] Compiling blake2.cc
[1173/1462] Compiling printf.cc
[1174/1462] Compiling convert.cc
[1175/1462] Compiling pair.cc
[1176/1462] Compiling hexdump.cc
[1177/1462] Compiling fd.cc
[1178/1462] Compiling bio_mem.cc
[1179/1462] Compiling file.cc
[1180/1462] Compiling base64.cc
[1181/1462] Compiling errno.cc
[1182/1462] Compiling bio.cc
[1183/1462] Compiling tasn_typ.cc
[1183/1462] Compiling tasn_fre.cc
[1185/1462] Compiling tasn_enc.cc
[1186/1462] Compiling tasn_utl.cc
[1187/1462] Compiling f_string.cc
[1188/1462] Compiling tasn_dec.cc
[1189/1462] Compiling tasn_new.cc
[1190/1462] Compiling posix_time.cc
[1191/1462] Compiling asn_pack.cc
[1192/1462] Compiling f_int.cc
[1193/1462] Compiling asn1_par.cc
[1194/1462] Compiling a_utctm.cc
[1195/1462] Compiling asn1_lib.cc
[1196/1462] Compiling a_strex.cc
[1197/1462] Compiling a_type.cc
[1198/1462] Compiling a_time.cc
[1199/1462] Compiling CAsyncHTTPClient CAsyncHTTPClient.c
[1199/1462] Write sources
[1259/1462] Compiling a_octet.cc
[1260/1462] Compiling a_strnid.cc
[1261/1480] Compiling bcm.cc
[1262/1505] Compiling a_object.cc
[1263/1505] Compiling aes.cc
[1265/1505] Compiling Algorithms Grouped.swift
[1266/1505] Compiling Algorithms Indexed.swift
[1267/1505] Compiling Algorithms Reductions.swift
[1268/1505] Compiling Algorithms Rotate.swift
[1269/1507] Compiling Algorithms FirstNonNil.swift
[1270/1507] Compiling Algorithms Joined.swift
[1270/1507] Compiling a_bitstr.cc
[1271/1507] Compiling a_bool.cc
[1273/1507] Compiling Atomics IntegerOperations.swift
[1274/1507] Compiling Atomics Unmanaged extensions.swift
[1275/1514] Compiling Algorithms Product.swift
[1276/1514] Compiling Algorithms RandomSample.swift
[1277/1515] Compiling Algorithms Intersperse.swift
[1278/1515] Compiling Algorithms Partition.swift
[1279/1515] Compiling Algorithms Permutations.swift
[1280/1515] Compiling Algorithms Split.swift
[1281/1515] Compiling Algorithms Stride.swift
[1282/1515] Compiling Algorithms Suffix.swift
[1283/1518] Compiling Algorithms FlattenCollection.swift
[1288/1518] Compiling Algorithms Keyed.swift
[1289/1518] Compiling Algorithms MinMax.swift
[1290/1518] Compiling Algorithms Compacted.swift
[1291/1518] Compiling Algorithms Cycle.swift
[1292/1518] Compiling Algorithms EitherSequence.swift
[1300/1518] Emitting module CryptoBoringWrapper
[1301/1518] Compiling Algorithms Trim.swift
[1302/1518] Compiling Algorithms Unique.swift
[1303/1518] Compiling Algorithms Windows.swift
[1304/1518] Compiling CryptoBoringWrapper RandomBytes.swift
[1305/1518] Compiling CryptoBoringWrapper CryptoKitErrors_boring.swift
[1306/1518] Compiling CryptoBoringWrapper FiniteFieldArithmeticContext.swift
[1307/1518] Compiling CryptoBoringWrapper EllipticCurve.swift
[1308/1518] Compiling CryptoBoringWrapper BoringSSLAEAD.swift
[1311/1518] Compiling Algorithms Chunked.swift
[1312/1518] Compiling Algorithms Combinations.swift
[1313/1518] Compiling CryptoBoringWrapper ArbitraryPrecisionInteger.swift
[1314/1518] Compiling CryptoBoringWrapper EllipticCurvePoint.swift
[1315/1519] Emitting module Algorithms
[1317/1520] Wrapping AST for CryptoBoringWrapper for debugging
[1318/1520] Wrapping AST for Algorithms for debugging
[1320/1604] Compiling Crypto ASN1Null.swift
[1321/1604] Compiling Crypto ASN1OctetString.swift
[1322/1604] Compiling Crypto ASN1Strings.swift
[1323/1604] Emitting module Atomics
[1324/1604] Compiling Crypto ObjectIdentifier.swift
[1325/1604] Compiling Crypto ECDSASignature.swift
[1326/1604] Compiling Crypto PEMDocument.swift
[1327/1605] Wrapping AST for Atomics for debugging
[1329/1669] Compiling NIOCore NIOCoreSendableMetatype.swift
[1330/1669] Compiling NIOCore NIODecodedAsyncSequence.swift
[1331/1669] Compiling NIOCore NIOLoopBound.swift
[1332/1669] Compiling NIOCore NIOPooledRecvBufferAllocator.swift
[1333/1669] Compiling NIOCore NIOScheduledCallback.swift
[1334/1669] Compiling NIOCore NIOSendable.swift
[1335/1669] Compiling NIOCore NIOSplitLinesMessageDecoder.swift
[1336/1669] Compiling NIOCore NIOTransportAccessibleChannelCore.swift
[1337/1669] Compiling NIOCore RecvByteBufferAllocator.swift
[1338/1677] Compiling Crypto HKDF.swift
[1339/1677] Compiling Crypto AESWrap.swift
[1340/1677] Compiling Crypto AESWrap_boring.swift
[1341/1677] Compiling Crypto Ed25519_boring.swift
[1342/1677] Compiling Crypto NISTCurvesKeys_boring.swift
[1343/1677] Compiling Crypto X25519Keys_boring.swift
[1344/1677] Compiling Crypto Curve25519.swift
[1345/1677] Compiling Crypto Ed25519Keys.swift
[1346/1677] Compiling Crypto NISTCurvesKeys.swift
[1347/1677] Compiling Crypto X25519Keys.swift
[1348/1677] Compiling Crypto SymmetricKeys.swift
[1349/1677] Compiling Crypto HMAC.swift
[1350/1688] Compiling NIOCore IPProtocol.swift
[1351/1688] Compiling NIOCore IntegerBitPacking.swift
[1352/1688] Compiling NIOCore IntegerTypes.swift
[1353/1688] Compiling NIOCore Interfaces.swift
[1354/1688] Compiling NIOCore Linux.swift
[1355/1688] Compiling NIOCore MarkedCircularBuffer.swift
[1356/1688] Compiling NIOCore MulticastChannel.swift
[1357/1688] Compiling NIOCore NIOAny.swift
[1358/1688] Compiling NIOCore NIOCloseOnErrorHandler.swift
[1359/1688] Compiling NIOCore AddressedEnvelope.swift
[1360/1688] Compiling NIOCore AsyncAwaitSupport.swift
[1361/1688] Compiling NIOCore AsyncChannel.swift
[1362/1688] Compiling NIOCore AsyncChannelHandler.swift
[1363/1688] Compiling NIOCore AsyncChannelInboundStream.swift
[1364/1688] Compiling NIOCore AsyncChannelOutboundWriter.swift
[1365/1688] Compiling NIOCore NIOAsyncSequenceProducer.swift
[1366/1688] Compiling NIOCore NIOAsyncSequenceProducerStrategies.swift
[1367/1688] Compiling NIOCore NIOAsyncWriter.swift
[1368/1688] Compiling NIOCore NIOThrowingAsyncSequenceProducer.swift
[1369/1688] Compiling NIOCore BSDSocketAPI.swift
[1370/1688] Compiling NIOCore ByteBuffer-aux.swift
[1371/1688] Compiling NIOCore ByteBuffer-binaryEncodedLengthPrefix.swift
[1372/1688] Compiling NIOCore ByteBuffer-conversions.swift
[1373/1688] Compiling NIOCore ByteBuffer-core.swift
[1374/1688] Compiling NIOCore ByteBuffer-hex.swift
[1375/1688] Compiling NIOCore ByteBuffer-int.swift
[1376/1688] Compiling NIOCore ByteBuffer-lengthPrefix.swift
[1377/1688] Compiling NIOCore ByteBuffer-multi-int.swift
[1378/1688] Compiling NIOCore ByteBuffer-quicBinaryEncodingStrategy.swift
[1379/1688] Compiling NIOCore ByteBuffer-views.swift
[1380/1688] Compiling NIOCore Channel.swift
[1381/1688] Compiling NIOCore ChannelHandler.swift
[1382/1688] Compiling NIOCore ChannelHandlers.swift
[1383/1688] Emitting module Crypto
[1384/1688] Compiling NIOCore EventLoopFuture+Deprecated.swift
[1385/1688] Compiling NIOCore EventLoopFuture+WithEventLoop.swift
[1386/1688] Compiling NIOCore EventLoopFuture.swift
[1387/1688] Compiling NIOCore FileDescriptor.swift
[1388/1688] Compiling NIOCore FileHandle.swift
[1389/1688] Compiling NIOCore FileRegion.swift
[1390/1688] Compiling NIOCore GlobalSingletons.swift
[1391/1688] Compiling NIOCore IO.swift
[1392/1688] Compiling NIOCore IOData.swift
[1393/1688] Compiling Crypto Signature.swift
[1394/1688] Compiling Crypto CryptoKitErrors_boring.swift
[1395/1688] Compiling Crypto Optional+withUnsafeBytes_boring.swift
[1396/1688] Compiling Crypto RNG_boring.swift
[1397/1688] Compiling Crypto SafeCompare_boring.swift
[1398/1688] Compiling Crypto Zeroization_boring.swift
[1399/1688] Compiling Crypto _CryptoModuleAnchor.swift
[1400/1688] Compiling Crypto PrettyBytes.swift
[1401/1688] Compiling Crypto SafeCompare.swift
[1402/1688] Compiling Crypto SecureBytes.swift
[1403/1688] Compiling Crypto Zeroization.swift
[1428/1688] Compiling NIOCore ChannelInvoker.swift
[1429/1688] Compiling NIOCore ChannelOption.swift
[1430/1688] Compiling NIOCore ChannelPipeline.swift
[1431/1688] Compiling NIOCore CircularBuffer.swift
[1432/1688] Compiling NIOCore Codec.swift
[1433/1688] Compiling NIOCore ConvenienceOptionSupport.swift
[1434/1688] Compiling NIOCore DeadChannel.swift
[1435/1688] Compiling NIOCore DispatchQueue+WithFuture.swift
[1436/1688] Compiling NIOCore EventLoop+Deprecated.swift
[1437/1688] Compiling NIOCore EventLoop+SerialExecutor.swift
[1438/1688] Compiling NIOCore EventLoop.swift
[1439/1688] Compiling NIOCore EventLoopFuture+AssumeIsolated.swift
[1443/1688] Compiling NIOCore SingleStepByteToMessageDecoder.swift
[1444/1688] Compiling NIOCore SocketAddresses.swift
[1445/1688] Compiling NIOCore SocketOptionProvider.swift
[1446/1688] Compiling NIOCore SystemCallHelpers.swift
[1447/1688] Compiling NIOCore TimeAmount+Duration.swift
[1448/1688] Compiling NIOCore TypeAssistedChannelHandler.swift
[1449/1688] Compiling NIOCore UniversalBootstrapSupport.swift
[1450/1688] Compiling NIOCore Utilities.swift
[1451/1689] Wrapping AST for Crypto for debugging
[1453/1751] Compiling CryptoExtras PBKDF2.swift
[1454/1751] Compiling CryptoExtras Scrypt_boring.swift
[1455/1751] Compiling CryptoExtras Scrypt.swift
[1456/1751] Compiling CryptoExtras OPRF.swift
[1457/1751] Compiling CryptoExtras OPRFClient.swift
[1458/1751] Compiling CryptoExtras OPRFServer.swift
[1459/1751] Compiling CryptoExtras VOPRF+API.swift
[1460/1751] Compiling CryptoExtras VOPRFClient.swift
[1461/1751] Compiling CryptoExtras VOPRFServer.swift
[1470/1751] Compiling CryptoExtras PKCS8DERRepresentation.swift
[1471/1751] Compiling CryptoExtras PKCS8PrivateKey.swift
[1472/1751] Compiling CryptoExtras RFC8410AlgorithmIdentifier.swift
[1473/1751] Compiling CryptoExtras ECToolbox_boring.swift
[1474/1751] Compiling CryptoExtras ECToolbox.swift
[1475/1751] Compiling CryptoExtras HashToField.swift
[1476/1751] Compiling CryptoExtras KDF.swift
[1477/1751] Compiling CryptoExtras PBKDF2_boring.swift
[1478/1751] Compiling CryptoExtras PBKDF2_commoncrypto.swift
[1479/1759] Compiling CryptoExtras CMAC.swift
[1480/1759] Compiling CryptoExtras ARC+API.swift
[1481/1759] Compiling CryptoExtras ARC.swift
[1482/1759] Compiling CryptoExtras ARCCredential.swift
[1483/1759] Compiling CryptoExtras ARCEncoding.swift
[1484/1759] Compiling CryptoExtras ARCPrecredential.swift
[1485/1759] Compiling CryptoExtras ARCPresentation.swift
[1486/1759] Compiling CryptoExtras ARCRequest.swift
[1487/1759] Compiling CryptoExtras ARCResponse.swift
[1497/1759] Compiling CryptoExtras Data+Extensions.swift
[1498/1759] Compiling CryptoExtras DigestType.swift
[1499/1759] Compiling CryptoExtras Error.swift
[1500/1759] Compiling CryptoExtras I2OSP.swift
[1501/1759] Compiling CryptoExtras IntegerEncoding.swift
[1502/1759] Compiling CryptoExtras PEMDocument.swift
[1503/1759] Compiling CryptoExtras PrettyBytes.swift
[1504/1759] Compiling CryptoExtras SubjectPublicKeyInfo.swift
[1505/1759] Compiling CryptoExtras ThreadOps.swift
[1506/1759] Compiling CryptoExtras ThreadPosix.swift
[1507/1759] Compiling CryptoExtras ThreadSpecific.swift
[1508/1759] Compiling CryptoExtras ThreadWindows.swift
[1509/1759] Compiling CryptoExtras DLEQ.swift
[1510/1759] Compiling CryptoExtras Prover.swift
[1511/1759] Compiling CryptoExtras Verifier.swift
[1512/1759] Compiling CryptoExtras ZKPToolbox.swift
[1513/1759] Compiling CryptoExtras BoringSSLPassphraseCallbackManager.swift
[1514/1759] Compiling CryptoExtras RSA+BlindSigning.swift
[1515/1759] Compiling CryptoExtras RSA.swift
[1516/1759] Compiling CryptoExtras RSA_boring.swift
[1517/1759] Compiling CryptoExtras Reexport.swift
[1518/1759] Compiling CryptoExtras Zeroization_boring.swift
[1519/1759] Compiling CryptoExtras BoringSSLHelpers.swift
[1520/1759] Compiling CryptoExtras CryptoKitErrors_boring.swift
[1521/1759] Compiling CryptoExtras ARCServer.swift
[1522/1759] Compiling CryptoExtras ChaCha20CTR_boring.swift
[1523/1759] Compiling CryptoExtras ChaCha20CTR.swift
[1524/1759] Compiling CryptoExtras BoringSSLSHA512256Context.swift
[1525/1759] Compiling CryptoExtras BoringSSLSHA512256HashFunction.swift
[1526/1759] Compiling CryptoExtras SHA512256.swift
[1527/1759] Compiling CryptoExtras SHA512256Digest.swift
[1528/1759] Compiling CryptoExtras Curve25519+PEM.swift
[1529/1759] Compiling CryptoExtras ObjectIdentifier.swift
[1530/1759] Emitting module CryptoExtras
[1540/1759] Compiling CryptoExtras AES_CBC.swift
[1541/1759] Compiling CryptoExtras AES_CFB.swift
[1542/1759] Compiling CryptoExtras AES_CTR.swift
[1543/1759] Compiling CryptoExtras AES_GCM_SIV.swift
[1544/1759] Compiling CryptoExtras Block Function.swift
[1545/1759] Compiling CryptoExtras AES_CBC_boring.swift
[1546/1759] Compiling CryptoExtras AES_CFB_boring.swift
[1547/1759] Compiling CryptoExtras AES_CTR_boring.swift
[1548/1759] Compiling CryptoExtras AES_GCM_SIV_boring.swift
[1549/1760] Wrapping AST for CryptoExtras for debugging
[1551/1762] Compiling _CryptoExtras Exports.swift
[1552/1762] Emitting module _CryptoExtras
[1553/1763] Wrapping AST for _CryptoExtras for debugging
[1555/1858] Compiling X509 CertificationRequestInfo.swift
[1556/1858] Compiling X509 ExtensionRequest.swift
[1557/1858] Compiling X509 Certificate.swift
[1558/1858] Compiling X509 CertificatePrivateKey.swift
[1559/1858] Compiling X509 CertificatePublicKey.swift
[1560/1858] Compiling X509 CertificateSerialNumber.swift
[1561/1858] Compiling X509 CertificateVersion.swift
[1562/1858] Compiling X509 CMSAttribute.swift
[1563/1858] Compiling X509 CMSContentInfo.swift
[1564/1858] Compiling X509 Digests.swift
[1565/1858] Compiling X509 DistinguishedName.swift
[1566/1858] Compiling X509 CommonName.swift
[1567/1858] Compiling X509 CountryName.swift
[1568/1858] Compiling X509 DNBuilder.swift
[1569/1858] Compiling X509 CSRAttribute.swift
[1570/1858] Compiling X509 CSRAttributes.swift
[1571/1858] Compiling X509 CSRVersion.swift
[1572/1858] Compiling X509 CertificateSigningRequest.swift
[1573/1858] Emitting module NIOCore
[1574/1866] Wrapping AST for NIOCore for debugging
[1576/1916] Compiling NIOFoundationEssentialsCompat Codable+ByteBuffer.swift
[1577/1916] Compiling NIOEmbedded AsyncTestingEventLoop.swift
[1578/1916] Compiling NIOFoundationEssentialsCompat ByteBuffer-foundation.swift
[1579/1916] Emitting module NIOFoundationEssentialsCompat
[1581/1917] Compiling NIOEmbedded Embedded.swift
[1582/1917] Emitting module NIOEmbedded
[1583/1917] Compiling NIOEmbedded AsyncTestingChannel.swift
[1584/1918] Compiling X509 OneOfPolicies.swift
[1585/1918] Compiling X509 PolicyBuilder.swift
[1586/1918] Compiling X509 BasicConstraintsPolicy.swift
[1587/1918] Compiling X509 DNSNames.swift
[1588/1918] Compiling X509 ExpiryPolicy.swift
[1589/1918] Compiling X509 IPConstraints.swift
[1590/1918] Compiling X509 NameConstraintsPolicy.swift
[1591/1918] Compiling X509 RFC5280Policy.swift
[1592/1918] Compiling X509 URIConstraints.swift
[1593/1918] Compiling X509 VersionPolicy.swift
[1594/1918] Compiling X509 ServerIdentityPolicy.swift
[1595/1918] Compiling X509 TrustRootLoading.swift
[1596/1918] Compiling X509 UnverifiedChain.swift
[1597/1931] Wrapping AST for NIOFoundationEssentialsCompat for debugging
[1598/1931] Wrapping AST for NIOEmbedded for debugging
[1600/1931] Compiling X509 PKCS8PrivateKey.swift
[1601/1931] Compiling X509 PromiseAndFuture.swift
[1602/1931] Compiling X509 RDNAttribute.swift
[1603/1931] Compiling X509 RandomNumberGenerator+bytes.swift
[1604/1931] Compiling X509 RelativeDistinguishedName.swift
[1605/1931] Compiling X509 SEC1PrivateKey.swift
[1606/1931] Compiling X509 SecKeyWrapper.swift
[1607/1931] Compiling X509 Signature.swift
[1608/1931] Compiling X509 SignatureAlgorithm.swift
[1609/1931] Compiling X509 AllOfPolicies.swift
[1610/1931] Compiling X509 AnyPolicy.swift
[1611/1931] Compiling X509 CertificateStore.swift
[1612/1931] Compiling X509 CustomCertificateStore.swift
[1613/1931] Compiling NIOPosix HappyEyeballs.swift
[1614/1931] Compiling NIOPosix IO.swift
[1615/1931] Compiling NIOPosix IntegerBitPacking.swift
[1616/1931] Compiling NIOPosix IntegerTypes.swift
[1617/1931] Compiling NIOPosix Linux.swift
[1618/1931] Compiling NIOPosix LinuxCPUSet.swift
[1619/1931] Compiling NIOPosix LinuxUring.swift
[1620/1931] Compiling NIOPosix MultiThreadedEventLoopGroup.swift
[1621/1931] Compiling NIOPosix NIOPosixSendableMetatype.swift
[1622/1931] Compiling NIOPosix NIORandomizedDNSResolver.swift
[1623/1931] Compiling NIOPosix NIOThreadPool.swift
[1624/1931] Compiling NIOPosix NonBlockingFileIO.swift
[1625/1931] Compiling NIOPosix PendingDatagramWritesManager.swift
[1626/1931] Compiling NIOPosix PendingWritesManager.swift
[1627/1931] Compiling X509 OCSPExtensionID.swift
[1628/1931] Compiling X509 OCSPNonce.swift
[1629/1931] Compiling X509 OCSPPolicy.swift
[1630/1931] Compiling X509 OCSPRequest.swift
[1631/1931] Compiling X509 OCSPResponse.swift
[1632/1931] Compiling X509 OCSPResponseBytes.swift
[1633/1931] Compiling X509 OCSPResponseData.swift
[1634/1931] Compiling X509 OCSPResponseStatus.swift
[1635/1931] Compiling X509 OCSPSignature.swift
[1636/1931] Compiling X509 OCSPSingleRequest.swift
[1637/1931] Compiling X509 OCSPSingleResponse.swift
[1638/1931] Compiling X509 OCSPTBSRequest.swift
[1639/1931] Compiling X509 OCSPVersion.swift
[1640/1931] Compiling NIOPosix PipeChannel.swift
[1641/1931] Compiling NIOPosix PipePair.swift
[1642/1931] Compiling NIOPosix Pool.swift
[1643/1931] Compiling NIOPosix PosixSingletons+ConcurrencyTakeOver.swift
[1644/1931] Compiling NIOPosix PosixSingletons.swift
[1645/1931] Compiling NIOPosix RawSocketBootstrap.swift
[1646/1931] Compiling NIOPosix Resolver.swift
[1647/1931] Compiling NIOPosix Selectable.swift
[1648/1931] Compiling NIOPosix SelectableChannel.swift
[1649/1931] Compiling NIOPosix SelectableEventLoop.swift
[1650/1931] Compiling NIOPosix SelectorEpoll.swift
[1651/1931] Compiling NIOPosix SelectorGeneric.swift
[1652/1931] Compiling NIOPosix SelectorKqueue.swift
[1653/1931] Compiling NIOPosix SelectorUring.swift
[1654/1931] Compiling NIOPosix BSDSocketAPICommon.swift
[1655/1931] Compiling NIOPosix BSDSocketAPIPosix.swift
[1656/1931] Compiling NIOPosix BSDSocketAPIWindows.swift
[1657/1931] Compiling NIOPosix BaseSocket.swift
[1658/1931] Compiling NIOPosix BaseSocketChannel+AccessibleTransport.swift
[1659/1931] Compiling NIOPosix BaseSocketChannel+SocketOptionProvider.swift
[1660/1931] Compiling NIOPosix BaseSocketChannel.swift
[1661/1931] Compiling NIOPosix BaseStreamSocketChannel.swift
[1662/1931] Compiling NIOPosix Bootstrap.swift
[1663/1931] Compiling NIOPosix ControlMessage.swift
[1664/1931] Compiling NIOPosix DatagramVectorReadManager.swift
[1665/1931] Compiling NIOPosix Errors+Any.swift
[1666/1931] Compiling NIOPosix FileDescriptor.swift
[1667/1931] Compiling NIOPosix GetaddrinfoResolver.swift
[1668/1931] Compiling NIOPosix SelectorWSAPoll.swift
[1669/1931] Compiling NIOPosix ServerSocket.swift
[1670/1931] Compiling NIOPosix Socket.swift
[1671/1931] Compiling NIOPosix SocketChannel.swift
[1672/1931] Compiling NIOPosix SocketProtocols.swift
[1673/1931] Compiling NIOPosix StructuredConcurrencyHelpers.swift
[1674/1931] Compiling NIOPosix System.swift
[1675/1931] Compiling X509 Lock.swift
[1676/1931] Compiling X509 LockedValueBox.swift
[1677/1931] Compiling X509 BasicOCSPResponse.swift
[1678/1931] Compiling X509 DirectoryString.swift
[1679/1931] Compiling X509 OCSPCertID.swift
[1680/1931] Compiling X509 OCSPCertStatus.swift
[1716/1938] Emitting module NIOPosix
[1717/1938] Emitting module X509
[1732/1938] Compiling NIOPosix Thread.swift
[1733/1938] Compiling NIOPosix ThreadPosix.swift
[1734/1938] Compiling NIOPosix ThreadWindows.swift
[1735/1938] Compiling NIOPosix Utilities.swift
[1736/1938] Compiling NIOPosix VsockAddress.swift
[1737/1938] Compiling NIOPosix VsockChannelEvents.swift
[1738/1938] Compiling NIOPosix Windows.swift
[1739/1939] Wrapping AST for NIOPosix for debugging
[1741/1941] Compiling NIO Exports.swift
[1742/1941] Emitting module NIO
[1743/1953] Wrapping AST for NIO for debugging
[1745/1981] Compiling X509 ValidatedCertificateChain.swift
[1746/1981] Compiling X509 VerificationDiagnostic.swift
[1747/1981] Compiling X509 Verifier.swift
[1748/1981] Compiling X509 VerifierPolicy.swift
[1749/1981] Compiling X509 AlgorithmIdentifier.swift
[1750/1981] Compiling X509 ECDSASignature.swift
[1751/1981] Compiling X509 RSAPKCS1PublicKey.swift
[1752/1981] Compiling X509 SubjectPublicKeyInfo.swift
[1753/1981] Compiling X509 TBSCertificate.swift
[1754/1981] Compiling X509 Time.swift
[1755/1981] Compiling X509 TimeCalculations.swift
[1756/1981] Compiling X509 Validity.swift
[1757/1981] Compiling X509 X509SendableMetatype.swift
[1758/1982] Compiling NIOFoundationCompat JSONSerialization+ByteBuffer.swift
[1759/1982] Compiling NIOFoundationCompat Exports.swift
[1760/1982] Compiling NIOTLS TLSEvents.swift
[1762/1982] Emitting module NIOSOCKS
[1763/1983] Emitting module NIOFoundationCompat
[1764/1983] Compiling NIOFoundationCompat WaitSpinningRunLoop.swift
[1764/1984] Wrapping AST for X509 for debugging
[1767/2001] Compiling NIOSOCKS SelectedAuthenticationMethod.swift
[1768/2001] Compiling NIOSOCKS SOCKSResponse.swift
[1769/2001] Compiling NIOSOCKS ClientStateMachine.swift
[1770/2020] Emitting module NIOTLS
[1770/2051] Wrapping AST for NIOFoundationCompat for debugging
[1772/2051] Compiling NIOSOCKS ServerStateMachine.swift
[1773/2051] Compiling JWTKit ExpirationClaim.swift
[1774/2051] Compiling JWTKit GoogleHostedDomainClaim.swift
[1775/2051] Compiling JWTKit AudienceClaim.swift
[1776/2051] Compiling JWTKit BoolClaim.swift
[1777/2051] Compiling NIOTLS NIOTypedApplicationProtocolNegotiationHandler.swift
[1778/2051] Compiling NIOTLS ApplicationProtocolNegotiationHandler.swift
[1779/2051] Compiling NIOTLS ProtocolNegotiationHandlerStateMachine.swift
[1780/2051] Compiling NIOTLS SNIHandler.swift
[1782/2052] Compiling JWTKit IDClaim.swift
[1783/2052] Compiling JWTKit IssuedAtClaim.swift
[1784/2052] Compiling JWTKit IssuerClaim.swift
[1785/2052] Compiling JWTKit JWTClaim.swift
[1786/2053] Wrapping AST for NIOTLS for debugging
[1790/2085] Wrapping AST for NIOSOCKS for debugging
[1792/2085] Compiling NIOSSL SSLConnection.swift
[1793/2085] Compiling NIOSSL SubjectAlternativeName.swift
[1794/2085] Compiling NIOSSL NIOSSLSecureBytes.swift
[1795/2085] Compiling NIOSSL RNG.swift
[1796/2085] Compiling NIOSSL SafeCompare.swift
[1797/2085] Compiling NIOSSL SSLPrivateKey.swift
[1798/2085] Compiling NIOSSL SSLPublicKey.swift
[1799/2085] Compiling NIOSSL SecurityFrameworkCertificateVerification.swift
[1800/2085] Compiling NIOSSL String+unsafeUninitializedCapacity.swift
[1801/2085] Compiling JWTKit JWTKeyCollection+EdDSA.swift
[1802/2094] Emitting module JWTKit
[1803/2094] Compiling JWTKit MLDSAType.swift
[1804/2094] Compiling JWTKit JWTKeyCollection+UnsecuredNone.swift
[1805/2094] Compiling JWTKit UnsecuredNoneSigner.swift
[1806/2094] Compiling JWTKit JWTKeyCollection+RSA.swift
[1807/2094] Compiling JWTKit RSA.swift
[1808/2094] Compiling JWTKit RSAError.swift
[1809/2094] Compiling JWTKit RSASigner.swift
[1810/2094] Compiling JWTKit Base64URL.swift
[1811/2094] Compiling JWTKit CryptoSigner.swift
[1812/2094] Compiling JWTKit JWTSerializer.swift
[1813/2094] Compiling JWTKit JWTSigner.swift
[1814/2094] Compiling JWTKit JWTKeyCollection+MLDSA.swift
[1815/2094] Compiling JWTKit MLDSA.swift
[1816/2094] Compiling JWTKit MLDSA65+MLDSAKey.swift
[1817/2094] Compiling JWTKit MLDSA87+MLDSAKey.swift
[1818/2094] Compiling JWTKit MLDSAError.swift
[1819/2094] Compiling JWTKit MLDSAKey.swift
[1820/2094] Compiling JWTKit MLDSASigner.swift
[1821/2094] Compiling NIOSSL AndroidCABundle.swift
[1822/2094] Compiling NIOSSL ByteBufferBIO.swift
[1823/2094] Compiling NIOSSL CustomPrivateKey.swift
[1824/2094] Compiling NIOSSL FreeBSDCABundle.swift
[1825/2094] Compiling NIOSSL IdentityVerification.swift
[1826/2094] Compiling NIOSSL LinuxCABundle.swift
[1827/2094] Compiling NIOSSL NIOSSLClientHandler.swift
[1828/2094] Compiling NIOSSL NIOSSLHandler+Configuration.swift
[1829/2094] Compiling NIOSSL NIOSSLHandler.swift
[1830/2094] Compiling NIOSSL NIOSSLServerHandler.swift
[1831/2094] Compiling NIOSSL ObjectIdentifier.swift
[1832/2094] Compiling NIOSSL PosixPort.swift
[1833/2094] Compiling NIOSSL SSLCallbacks.swift
[1834/2094] Compiling NIOSSL SSLContext.swift
[1835/2094] Compiling NIOSSL SSLErrors.swift
[1836/2094] Compiling NIOSSL SSLInit.swift
[1837/2094] Compiling NIOSSL SSLPKCS12Bundle.swift
[1838/2094] Compiling NIOSSL SSLCertificate.swift
[1839/2094] Compiling NIOSSL SSLCertificateExtensions.swift
[1840/2094] Compiling NIOSSL SSLCertificateName.swift
[1853/2094] Compiling JWTKit HMAC.swift
[1854/2094] Compiling JWTKit HMACError.swift
[1855/2094] Compiling JWTKit HMACSigner.swift
[1856/2094] Compiling JWTKit JWTKeyCollection+HMAC.swift
[1857/2094] Compiling JWTKit Insecure.swift
[1858/2094] Compiling JWTKit JWK.swift
[1859/2094] Compiling JWTKit JWKIdentifier.swift
[1860/2094] Compiling JWTKit JWKS.swift
[1861/2094] Compiling JWTKit JWKSigner.swift
[1862/2094] Compiling JWTKit JWTAlgorithm.swift
[1863/2094] Compiling JWTKit JWTError.swift
[1864/2094] Compiling JWTKit JWTHeader+CommonFields.swift
[1865/2094] Compiling JWTKit JWTHeader.swift
[1866/2094] Compiling JWTKit JWTHeaderField.swift
[1867/2094] Compiling JWTKit JWTKeyCollection.swift
[1868/2094] Compiling JWTKit JWTParser+MandatoryVerificationFields.swift
[1869/2094] Compiling JWTKit JWTParser.swift
[1870/2094] Compiling JWTKit JWTPayload.swift
[1871/2094] Emitting module NIOHTTP1
[1875/2112] Wrapping AST for NIOHTTP1 for debugging
[1877/2112] Compiling NIOHTTPCompression HTTPDecompression.swift
[1878/2112] Compiling NIOHTTPCompression HTTPDecompressor.swift
[1879/2112] Emitting module NIOHTTPCompression
[1880/2112] Compiling NIOHTTPCompression HTTPResponseCompressor.swift
[1881/2112] Compiling NIOHTTPCompression HTTPRequestCompressor.swift
[1882/2112] Compiling JWTKit CustomizedJSONCoders.swift
[1883/2112] Compiling JWTKit Utilities.swift
[1884/2112] Compiling JWTKit AppleIdentityToken.swift
[1885/2112] Compiling JWTKit FirebaseAuthIdentityToken.swift
[1886/2112] Compiling JWTKit GoogleIdentityToken.swift
[1887/2112] Compiling JWTKit MicrosoftIdentityToken.swift
[1888/2112] Compiling JWTKit EmptyPolicy.swift
[1889/2112] Compiling JWTKit ValidationTimePayload.swift
[1890/2112] Compiling JWTKit X5CVerifier.swift
[1891/2113] Emitting module NIOSSL
[1892/2117] Compiling NIOHPACK HuffmanCoding.swift
[1893/2118] Compiling NIOHPACK IndexedHeaderTable.swift
[1894/2118] Compiling NIOHPACK IntegerCoding.swift
[1895/2118] Compiling NIOHPACK HuffmanTables.swift
[1897/2118] Compiling NIOHPACK HPACKEncoder.swift
[1898/2118] Compiling NIOHPACK HPACKErrors.swift
[1899/2118] Compiling NIOHTTPCompression HTTPCompression.swift
[1908/2119] Wrapping AST for JWTKit for debugging
[1909/2119] Wrapping AST for NIOHTTPCompression for debugging
[1911/2119] Compiling NIOHPACK StaticHeaderTable.swift
[1912/2119] Emitting module NIOHPACK
[1913/2119] Compiling NIOHPACK HPACKHeader.swift
[1914/2119] Compiling NIOHPACK HeaderTables.swift
[1915/2119] Compiling NIOHPACK DynamicHeaderTable.swift
[1916/2119] Compiling NIOHPACK HPACKDecoder.swift
[1917/2120] Wrapping AST for NIOHPACK for debugging
[1923/2136] Compiling NIOHTTP2 RemotelyQuiescingState.swift
[1924/2136] Compiling NIOHTTP2 SendAndReceiveGoawayState.swift
[1925/2136] Compiling NIOHTTP2 StateMachineResult.swift
[1926/2136] Compiling NIOHTTP2 ContentLengthVerifier.swift
[1927/2136] Compiling NIOHTTP2 MaySendFrames.swift
[1928/2136] Compiling NIOHTTP2 SendingDataState.swift
[1929/2136] Compiling NIOHTTP2 SendingGoawayState.swift
[1930/2136] Compiling NIOHTTP2 SendingHeadersState.swift
[1931/2136] Compiling NIOHTTP2 SendingPushPromiseState.swift
[1932/2136] Compiling NIOHTTP2 SendingRstStreamState.swift
[1935/2142] Compiling NIOHTTP2 HasFlowControlWindows.swift
[1936/2142] Compiling NIOHTTP2 HasLocalSettings.swift
[1937/2142] Compiling NIOHTTP2 HasRemoteSettings.swift
[1938/2142] Compiling NIOHTTP2 LocallyQuiescingState.swift
[1939/2142] Compiling NIOHTTP2 QuiescingState.swift
[1940/2183] Compiling NIOHTTP2 HTTP2PipelineHelpers.swift
[1941/2183] Compiling NIOHTTP2 HTTP2Settings.swift
[1942/2183] Compiling NIOHTTP2 HTTP2Stream.swift
[1943/2183] Compiling NIOHTTP2 HTTP2StreamChannel+OutboundStreamMultiplexer.swift
[1944/2184] Wrapping AST for NIOSSL for debugging
[1946/2184] Emitting module NIOHTTP2
[1962/2192] Compiling NIOHTTP2 SendingWindowUpdateState.swift
[1963/2192] Compiling NIOHTTP2 HTTP2SettingsState.swift
[1964/2192] Compiling NIOHTTP2 HasExtendedConnectSettings.swift
[1965/2192] Compiling NIOHTTP2 ConnectionStateMachine.swift
[1966/2192] Compiling NIOHTTP2 ConnectionStreamsState.swift
[1967/2192] Compiling NIOHTTP2 MayReceiveFrames.swift
[1968/2192] Compiling NIOHTTP2 ReceivingDataState.swift
[1969/2192] Compiling NIOHTTP2 ReceivingGoAwayState.swift
[1970/2192] Compiling NIOHTTP2 ReceivingHeadersState.swift
[1971/2192] Compiling NIOHTTP2 ReceivingPushPromiseState.swift
[1972/2192] Compiling NIOHTTP2 ReceivingRstStreamState.swift
[1973/2192] Compiling NIOHTTP2 ReceivingWindowUpdateState.swift
[1974/2192] Compiling NIOHTTP2 NIOHTTP2ServerConnectionManagementHandler.swift
[1975/2192] Compiling NIOHTTP2 StreamChannelFlowController.swift
[1976/2192] Compiling NIOHTTP2 StreamChannelList.swift
[1977/2192] Compiling NIOHTTP2 StreamMap.swift
[1978/2192] Compiling NIOHTTP2 StreamStateMachine.swift
[1979/2192] Compiling NIOHTTP2 Timer.swift
[1980/2192] Compiling NIOHTTP2 UnsafeTransfer.swift
[1981/2192] Compiling NIOHTTP2 WatermarkedFlowController.swift
[1982/2192] Compiling NIOHTTP2 HTTP2StreamMultiplexer.swift
[1983/2192] Compiling NIOHTTP2 HTTP2ToHTTP1Codec.swift
[1984/2192] Compiling NIOHTTP2 HTTP2UserEvents.swift
[1985/2192] Compiling NIOHTTP2 InboundEventBuffer.swift
[1986/2192] Compiling NIOHTTP2 InboundWindowManager.swift
[1987/2192] Compiling NIOHTTP2 MultiplexerAbstractChannel.swift
[1988/2192] Compiling NIOHTTP2 NIOHTTP2FrameDelegate.swift
[1989/2192] Compiling NIOHTTP2 NIOHTTP2ServerConnectionManagementHandler+StateMachine.swift
[1990/2192] Compiling NIOHTTP2 HTTP2ChannelHandler+InlineStreamMultiplexer.swift
[1991/2192] Compiling NIOHTTP2 HTTP2ChannelHandler.swift
[1992/2192] Compiling NIOHTTP2 HTTP2CommonInboundStreamMultiplexer.swift
[1993/2192] Compiling NIOHTTP2 HTTP2ConnectionStateChange.swift
[1994/2192] Compiling NIOHTTP2 HTTP2Error.swift
[1995/2192] Compiling NIOHTTP2 HTTP2ErrorCode.swift
[1996/2192] Compiling NIOHTTP2 HTTP2FlowControlWindow.swift
[1997/2192] Compiling NIOHTTP2 HTTP2Frame.swift
[1998/2192] Compiling NIOHTTP2 HTTP2FrameEncoder.swift
[1999/2192] Compiling NIOHTTP2 DOSHeuristics.swift
[2000/2192] Compiling NIOHTTP2 Error+Any.swift
[2001/2192] Compiling NIOHTTP2 ConcurrentStreamBuffer.swift
[2002/2192] Compiling NIOHTTP2 ControlFrameBuffer.swift
[2003/2192] Compiling NIOHTTP2 OutboundFlowControlBuffer.swift
[2004/2192] Compiling NIOHTTP2 OutboundFrameBuffer.swift
[2005/2192] Compiling NIOHTTP2 GlitchesMonitor.swift
[2006/2192] Compiling NIOHTTP2 HPACKHeaders+Validation.swift
[2007/2192] Compiling NIOHTTP2 HTTP2ChannelHandler+InboundStreamMultiplexer.swift
[2008/2192] Compiling NIOHTTP2 HTTP2FrameParser.swift
[2009/2192] Compiling NIOHTTP2 HTTP2PingData.swift
[2014/2192] Compiling NIOHTTP2 HTTP2StreamChannel.swift
[2015/2192] Compiling NIOHTTP2 HTTP2StreamDelegate.swift
[2016/2192] Compiling NIOHTTP2 HTTP2StreamID.swift
[2017/2193] Wrapping AST for NIOHTTP2 for debugging
[2019/2257] Compiling AsyncHTTPClient AnyAsyncSequence.swift
[2020/2257] Compiling AsyncHTTPClient AnyAsyncSequenceProucerDelete.swift
[2021/2257] Compiling AsyncHTTPClient AsyncLazySequence.swift
[2022/2257] Compiling AsyncHTTPClient HTTPClient+execute.swift
[2023/2257] Compiling AsyncHTTPClient HTTPClient+shutdown.swift
[2024/2257] Compiling AsyncHTTPClient HTTPClient+tracing.swift
[2025/2257] Compiling AsyncHTTPClient HTTPClientRequest+Prepared.swift
[2026/2257] Compiling AsyncHTTPClient HTTPClientRequest+auth.swift
[2027/2257] Compiling AsyncHTTPClient HTTPClientRequest.swift
[2028/2257] Emitting module AsyncHTTPClient
[2029/2265] Compiling AsyncHTTPClient HTTP1ProxyConnectHandler.swift
[2030/2265] Compiling AsyncHTTPClient SOCKSEventsHandler.swift
[2031/2265] Compiling AsyncHTTPClient TLSEventsHandler.swift
[2032/2265] Compiling AsyncHTTPClient HTTP1ClientChannelHandler.swift
[2033/2265] Compiling AsyncHTTPClient HTTP1Connection.swift
[2034/2265] Compiling AsyncHTTPClient HTTP1ConnectionStateMachine.swift
[2035/2265] Compiling AsyncHTTPClient HTTP2ClientRequestHandler.swift
[2036/2265] Compiling AsyncHTTPClient HTTP2Connection.swift
[2037/2265] Compiling AsyncHTTPClient HTTP2IdleHandler.swift
[2038/2265] Compiling AsyncHTTPClient HTTPClientResponse.swift
[2039/2265] Compiling AsyncHTTPClient SingleIteratorPrecondition.swift
[2040/2265] Compiling AsyncHTTPClient Transaction+StateMachine.swift
[2041/2265] Compiling AsyncHTTPClient Transaction.swift
[2042/2265] Compiling AsyncHTTPClient Base64.swift
[2043/2265] Compiling AsyncHTTPClient BasicAuth.swift
[2044/2265] Compiling AsyncHTTPClient BestEffortHashableTLSConfiguration.swift
[2045/2265] Compiling AsyncHTTPClient Configuration+BrowserLike.swift
[2046/2265] Compiling AsyncHTTPClient ConnectionPool.swift
[2047/2265] Compiling AsyncHTTPClient RequestValidation.swift
[2048/2265] Compiling AsyncHTTPClient SSLContextCache.swift
[2049/2265] Compiling AsyncHTTPClient Scheme.swift
[2050/2265] Compiling AsyncHTTPClient Singleton.swift
[2051/2265] Compiling AsyncHTTPClient StringConvertibleInstances.swift
[2052/2265] Compiling AsyncHTTPClient StructuredConcurrencyHelpers.swift
[2053/2265] Compiling AsyncHTTPClient TracingSupport.swift
[2054/2265] Compiling AsyncHTTPClient Utils.swift
[2055/2265] Compiling AsyncHTTPClient LRUCache.swift
[2056/2265] Compiling AsyncHTTPClient NIOLoopBound+Execute.swift
[2057/2265] Compiling AsyncHTTPClient NWErrorHandler.swift
[2058/2265] Compiling AsyncHTTPClient NWWaitingHandler.swift
[2059/2265] Compiling AsyncHTTPClient TLSConfiguration.swift
[2060/2265] Compiling AsyncHTTPClient RedirectState.swift
[2061/2265] Compiling AsyncHTTPClient RequestBag+StateMachine.swift
[2062/2265] Compiling AsyncHTTPClient RequestBag+Tracing.swift
[2063/2265] Compiling AsyncHTTPClient RequestBag.swift
[2064/2265] Compiling AsyncHTTPClient DeconstructedURL.swift
[2065/2265] Compiling AsyncHTTPClient FileDownloadDelegate.swift
[2066/2265] Compiling AsyncHTTPClient FoundationExtensions.swift
[2067/2265] Compiling AsyncHTTPClient HTTPClient+HTTPCookie.swift
[2068/2265] Compiling AsyncHTTPClient HTTPClient+Proxy.swift
[2069/2265] Compiling AsyncHTTPClient HTTPClient+StructuredConcurrency.swift
[2070/2265] Compiling AsyncHTTPClient HTTPClient.swift
[2071/2265] Compiling AsyncHTTPClient HTTPClientConfiguration+SwiftConfiguration.swift
[2072/2265] Compiling AsyncHTTPClient HTTPHandler.swift
[2073/2265] Compiling AsyncHTTPClient HTTPConnectionEvent.swift
[2074/2265] Compiling AsyncHTTPClient HTTPConnectionPool+Factory.swift
[2075/2265] Compiling AsyncHTTPClient HTTPConnectionPool+Manager.swift
[2076/2265] Compiling AsyncHTTPClient HTTPConnectionPool.swift
[2077/2265] Compiling AsyncHTTPClient HTTPExecutableRequest.swift
[2078/2265] Compiling AsyncHTTPClient HTTPRequestStateMachine+Demand.swift
[2079/2265] Compiling AsyncHTTPClient HTTPRequestStateMachine.swift
[2080/2265] Compiling AsyncHTTPClient RequestBodyLength.swift
[2081/2265] Compiling AsyncHTTPClient RequestFramingMetadata.swift
[2082/2265] Compiling AsyncHTTPClient RequestOptions.swift
[2083/2265] Compiling AsyncHTTPClient HTTPConnectionPool+Backoff.swift
[2084/2265] Compiling AsyncHTTPClient HTTPConnectionPool+HTTP1Connections.swift
[2085/2265] Compiling AsyncHTTPClient HTTPConnectionPool+HTTP1StateMachine.swift
[2086/2265] Compiling AsyncHTTPClient HTTPConnectionPool+HTTP2Connections.swift
[2087/2265] Compiling AsyncHTTPClient HTTPConnectionPool+HTTP2StateMachine.swift
[2088/2265] Compiling AsyncHTTPClient HTTPConnectionPool+RequestQueue.swift
[2089/2265] Compiling AsyncHTTPClient HTTPConnectionPool+StateMachine.swift
[2090/2265] Compiling AsyncHTTPClient ConnectionTarget.swift
[2091/2266] Wrapping AST for AsyncHTTPClient for debugging
[2093/2289] Compiling GoogleAuth CredentialParserRegistry.swift
[2094/2289] Compiling GoogleAuth Credentials.swift
[2095/2289] Compiling GoogleAuth CredentialsError.swift
[2096/2292] Compiling GoogleAuth AnonymousCredentials.swift
[2097/2292] Compiling GoogleAuth ApiKeyCredentials.swift
[2098/2292] Compiling GoogleAuth ExternalAccountCredentials.swift
[2099/2292] Compiling GoogleAuth ServiceAccountCredentials.swift
[2100/2292] Compiling GoogleAuth ServiceAccountData.swift
[2101/2292] Compiling GoogleAuth ServiceAccountTokenProvider.swift
[2102/2292] Emitting module GoogleAuth
[2103/2292] Compiling GoogleAuth UserAccountData.swift
[2104/2292] Compiling GoogleAuth UserAccountTokenProvider.swift
[2105/2292] Compiling GoogleAuth UserCredentials.swift
[2106/2292] Compiling GoogleAuth SubjectTokenProvider.swift
[2107/2292] Compiling GoogleAuth MDSAccessTokenProvider.swift
[2108/2292] Compiling GoogleAuth MDSCredentials.swift
[2109/2292] Compiling GoogleAuth AuthHTTPClient.swift
[2110/2292] Compiling GoogleAuth AuthHTTPError.swift
[2111/2292] Compiling GoogleAuth RetryEngine.swift
[2112/2292] Compiling GoogleAuth ADC.swift
[2113/2292] Compiling GoogleAuth ADCPath.swift
[2114/2292] Compiling GoogleAuth ADCResolver.swift
[2115/2292] Compiling GoogleAuth AuthHeaders.swift
[2116/2292] Compiling GoogleAuth STSHandler.swift
[2117/2292] Compiling GoogleAuth TokenCache.swift
[2118/2292] Compiling GoogleAuth PackageVersion.swift
[2119/2293] Wrapping AST for GoogleAuth for debugging
[2121/2351] Compiling GoogleGax AIP194+PollingErrorPolicy.swift
[2122/2351] Compiling GoogleGax AIP194+RetryPolicy.swift
[2123/2351] Compiling GoogleGax AIP194.swift
[2124/2351] Compiling GoogleGax AdaptiveThrottler.swift
[2125/2351] Compiling GoogleGax AlwaysPoll.swift
[2126/2351] Compiling GoogleGax AlwaysRetry.swift
[2127/2351] Compiling GoogleGax ApiClientHeader.swift
[2128/2351] Compiling GoogleGax BackoffPolicy.swift
[2129/2351] Compiling GoogleGax BasePollingErrorPolicy.swift
[2130/2359] Compiling GoogleGax LimitedAttemptCount+PollingErrorPolicy.swift
[2131/2359] Compiling GoogleGax LimitedAttemptCount+RetryPolicy.swift
[2132/2359] Compiling GoogleGax LimitedAttemptCount.swift
[2133/2359] Compiling GoogleGax LimitedElapsedTime+PollingErrorPolicy.swift
[2134/2359] Compiling GoogleGax LimitedElapsedTime+RetryPolicy.swift
[2135/2359] Compiling GoogleGax LimitedElapsedTime.swift
[2136/2359] Compiling GoogleGax LongRunningOperations.swift
[2137/2359] Compiling GoogleGax NeverRetry.swift
[2138/2359] Emitting module GoogleGax
[2139/2359] Compiling GoogleGax Pagination.swift
/host/spi-builder-workspace/.build/checkouts/swift-google-gax/Sources/GoogleGax/Pagination.swift:44:22: error: cannot convert '@Sendable (String) async throws -> (response: ResponseType, items: [Item], nextToken: String)' to 'nonisolated(nonsending) @Sendable (String) async throws -> (response: ResponseType, items: [Item], nextToken: String)' because crossing of an isolation boundary requires parameter and result types to conform to 'Sendable' protocol
 42 |   ) where ResponseType: _PaginatedResponse<Item> {
 43 |     self.initialPageToken = initialPageToken ?? ""
 44 |     self.fetchPage = { token in
    |                      |- error: cannot convert '@Sendable (String) async throws -> (response: ResponseType, items: [Item], nextToken: String)' to 'nonisolated(nonsending) @Sendable (String) async throws -> (response: ResponseType, items: [Item], nextToken: String)' because crossing of an isolation boundary requires parameter and result types to conform to 'Sendable' protocol
    |                      `- note: type 'Item' does not conform to 'Sendable' protocol
 45 |       let response = try await listRpc(token)
 46 |       return (response, response._getPaginatedItems(), response._nextPageToken())
[2140/2359] Compiling GoogleGax PollingBackoffPolicy.swift
/host/spi-builder-workspace/.build/checkouts/swift-google-gax/Sources/GoogleGax/Pagination.swift:44:22: error: cannot convert '@Sendable (String) async throws -> (response: ResponseType, items: [Item], nextToken: String)' to 'nonisolated(nonsending) @Sendable (String) async throws -> (response: ResponseType, items: [Item], nextToken: String)' because crossing of an isolation boundary requires parameter and result types to conform to 'Sendable' protocol
 42 |   ) where ResponseType: _PaginatedResponse<Item> {
 43 |     self.initialPageToken = initialPageToken ?? ""
 44 |     self.fetchPage = { token in
    |                      |- error: cannot convert '@Sendable (String) async throws -> (response: ResponseType, items: [Item], nextToken: String)' to 'nonisolated(nonsending) @Sendable (String) async throws -> (response: ResponseType, items: [Item], nextToken: String)' because crossing of an isolation boundary requires parameter and result types to conform to 'Sendable' protocol
    |                      `- note: type 'Item' does not conform to 'Sendable' protocol
 45 |       let response = try await listRpc(token)
 46 |       return (response, response._getPaginatedItems(), response._nextPageToken())
[2141/2359] Compiling GoogleGax PollingErrorPolicy.swift
/host/spi-builder-workspace/.build/checkouts/swift-google-gax/Sources/GoogleGax/Pagination.swift:44:22: error: cannot convert '@Sendable (String) async throws -> (response: ResponseType, items: [Item], nextToken: String)' to 'nonisolated(nonsending) @Sendable (String) async throws -> (response: ResponseType, items: [Item], nextToken: String)' because crossing of an isolation boundary requires parameter and result types to conform to 'Sendable' protocol
 42 |   ) where ResponseType: _PaginatedResponse<Item> {
 43 |     self.initialPageToken = initialPageToken ?? ""
 44 |     self.fetchPage = { token in
    |                      |- error: cannot convert '@Sendable (String) async throws -> (response: ResponseType, items: [Item], nextToken: String)' to 'nonisolated(nonsending) @Sendable (String) async throws -> (response: ResponseType, items: [Item], nextToken: String)' because crossing of an isolation boundary requires parameter and result types to conform to 'Sendable' protocol
    |                      `- note: type 'Item' does not conform to 'Sendable' protocol
 45 |       let response = try await listRpc(token)
 46 |       return (response, response._getPaginatedItems(), response._nextPageToken())
[2142/2359] Compiling GoogleGax PollingResult.swift
/host/spi-builder-workspace/.build/checkouts/swift-google-gax/Sources/GoogleGax/Pagination.swift:44:22: error: cannot convert '@Sendable (String) async throws -> (response: ResponseType, items: [Item], nextToken: String)' to 'nonisolated(nonsending) @Sendable (String) async throws -> (response: ResponseType, items: [Item], nextToken: String)' because crossing of an isolation boundary requires parameter and result types to conform to 'Sendable' protocol
 42 |   ) where ResponseType: _PaginatedResponse<Item> {
 43 |     self.initialPageToken = initialPageToken ?? ""
 44 |     self.fetchPage = { token in
    |                      |- error: cannot convert '@Sendable (String) async throws -> (response: ResponseType, items: [Item], nextToken: String)' to 'nonisolated(nonsending) @Sendable (String) async throws -> (response: ResponseType, items: [Item], nextToken: String)' because crossing of an isolation boundary requires parameter and result types to conform to 'Sendable' protocol
    |                      `- note: type 'Item' does not conform to 'Sendable' protocol
 45 |       let response = try await listRpc(token)
 46 |       return (response, response._getPaginatedItems(), response._nextPageToken())
[2143/2359] Compiling GoogleGax PollingState.swift
/host/spi-builder-workspace/.build/checkouts/swift-google-gax/Sources/GoogleGax/Pagination.swift:44:22: error: cannot convert '@Sendable (String) async throws -> (response: ResponseType, items: [Item], nextToken: String)' to 'nonisolated(nonsending) @Sendable (String) async throws -> (response: ResponseType, items: [Item], nextToken: String)' because crossing of an isolation boundary requires parameter and result types to conform to 'Sendable' protocol
 42 |   ) where ResponseType: _PaginatedResponse<Item> {
 43 |     self.initialPageToken = initialPageToken ?? ""
 44 |     self.fetchPage = { token in
    |                      |- error: cannot convert '@Sendable (String) async throws -> (response: ResponseType, items: [Item], nextToken: String)' to 'nonisolated(nonsending) @Sendable (String) async throws -> (response: ResponseType, items: [Item], nextToken: String)' because crossing of an isolation boundary requires parameter and result types to conform to 'Sendable' protocol
    |                      `- note: type 'Item' does not conform to 'Sendable' protocol
 45 |       let response = try await listRpc(token)
 46 |       return (response, response._getPaginatedItems(), response._nextPageToken())
[2144/2359] Compiling GoogleGax ProtobufConversionError.swift
/host/spi-builder-workspace/.build/checkouts/swift-google-gax/Sources/GoogleGax/Pagination.swift:44:22: error: cannot convert '@Sendable (String) async throws -> (response: ResponseType, items: [Item], nextToken: String)' to 'nonisolated(nonsending) @Sendable (String) async throws -> (response: ResponseType, items: [Item], nextToken: String)' because crossing of an isolation boundary requires parameter and result types to conform to 'Sendable' protocol
 42 |   ) where ResponseType: _PaginatedResponse<Item> {
 43 |     self.initialPageToken = initialPageToken ?? ""
 44 |     self.fetchPage = { token in
    |                      |- error: cannot convert '@Sendable (String) async throws -> (response: ResponseType, items: [Item], nextToken: String)' to 'nonisolated(nonsending) @Sendable (String) async throws -> (response: ResponseType, items: [Item], nextToken: String)' because crossing of an isolation boundary requires parameter and result types to conform to 'Sendable' protocol
    |                      `- note: type 'Item' does not conform to 'Sendable' protocol
 45 |       let response = try await listRpc(token)
 46 |       return (response, response._getPaginatedItems(), response._nextPageToken())
[2145/2359] Compiling GoogleGax QueryParameter.swift
/host/spi-builder-workspace/.build/checkouts/swift-google-gax/Sources/GoogleGax/Pagination.swift:44:22: error: cannot convert '@Sendable (String) async throws -> (response: ResponseType, items: [Item], nextToken: String)' to 'nonisolated(nonsending) @Sendable (String) async throws -> (response: ResponseType, items: [Item], nextToken: String)' because crossing of an isolation boundary requires parameter and result types to conform to 'Sendable' protocol
 42 |   ) where ResponseType: _PaginatedResponse<Item> {
 43 |     self.initialPageToken = initialPageToken ?? ""
 44 |     self.fetchPage = { token in
    |                      |- error: cannot convert '@Sendable (String) async throws -> (response: ResponseType, items: [Item], nextToken: String)' to 'nonisolated(nonsending) @Sendable (String) async throws -> (response: ResponseType, items: [Item], nextToken: String)' because crossing of an isolation boundary requires parameter and result types to conform to 'Sendable' protocol
    |                      `- note: type 'Item' does not conform to 'Sendable' protocol
 45 |       let response = try await listRpc(token)
 46 |       return (response, response._getPaginatedItems(), response._nextPageToken())
[2146/2359] Compiling GoogleGax RequestError.swift
/host/spi-builder-workspace/.build/checkouts/swift-google-gax/Sources/GoogleGax/Pagination.swift:44:22: error: cannot convert '@Sendable (String) async throws -> (response: ResponseType, items: [Item], nextToken: String)' to 'nonisolated(nonsending) @Sendable (String) async throws -> (response: ResponseType, items: [Item], nextToken: String)' because crossing of an isolation boundary requires parameter and result types to conform to 'Sendable' protocol
 42 |   ) where ResponseType: _PaginatedResponse<Item> {
 43 |     self.initialPageToken = initialPageToken ?? ""
 44 |     self.fetchPage = { token in
    |                      |- error: cannot convert '@Sendable (String) async throws -> (response: ResponseType, items: [Item], nextToken: String)' to 'nonisolated(nonsending) @Sendable (String) async throws -> (response: ResponseType, items: [Item], nextToken: String)' because crossing of an isolation boundary requires parameter and result types to conform to 'Sendable' protocol
    |                      `- note: type 'Item' does not conform to 'Sendable' protocol
 45 |       let response = try await listRpc(token)
 46 |       return (response, response._getPaginatedItems(), response._nextPageToken())
[2147/2359] Compiling GoogleGax RequestOptions.swift
[2148/2359] Compiling GoogleGax RetryLoop.swift
[2149/2359] Compiling GoogleGax RetryPolicy.swift
[2150/2359] Compiling GoogleGax RetryResult.swift
[2151/2359] Compiling GoogleGax RetryState.swift
[2152/2359] Compiling GoogleGax RetryThrottler.swift
[2153/2359] Compiling GoogleGax RetryThrottlerError.swift
[2154/2359] Compiling GoogleGax RoutingMatcher.swift
[2155/2359] Compiling GoogleGax BaseRetryPolicy.swift
[2156/2359] Compiling GoogleGax BindingError.swift
[2157/2359] Compiling GoogleGax CRC32C.swift
[2158/2359] Compiling GoogleGax CircuitBreaker.swift
[2159/2359] Compiling GoogleGax ClientError.swift
[2160/2359] Compiling GoogleGax ClientOptions.swift
[2161/2359] Compiling GoogleGax ContinueOnIO+PollingErrorPolicy.swift
[2162/2359] Compiling GoogleGax ContinueOnIO+RetryPolicy.swift
[2163/2359] Compiling GoogleGax ContinueOnIO.swift
[2164/2359] Compiling GoogleGax CredentialsProtocol.swift
[2165/2359] Compiling GoogleGax ErrorWrapper.swift
[2166/2359] Compiling GoogleGax ExponentialBackoff+BackoffPolicy.swift
[2167/2359] Compiling GoogleGax ExponentialBackoff+PollingBackoffPolicy.swift
[2168/2359] Compiling GoogleGax ExponentialBackoff.swift
[2169/2359] Compiling GoogleGax HTTPClient.swift
[2170/2359] Compiling GoogleGax HTTPClientHolder.swift
[2171/2359] Compiling GoogleGax HTTPClientProtocol.swift
[2172/2359] Compiling GoogleGax HTTPClientRequest.swift
[2173/2359] Compiling GoogleGax HTTPClientResponse.swift
[2174/2359] Compiling GoogleGax HTTPHeaders.swift
[2175/2359] Compiling GoogleGax HTTPResponseBody.swift
[2176/2359] Compiling GoogleGax HeaderNames.swift
[2177/2359] Compiling GoogleGax Host.swift
[2178/2359] Compiling GoogleGax InProgressResult.swift
[2179/2359] Compiling GoogleGax ServiceError.swift
[2180/2359] Compiling GoogleGax StatusDetail.swift
[2181/2359] Compiling GoogleGax StrictIdempotency.swift
[2182/2359] Compiling GoogleGax ThrottleResult.swift
[2183/2359] Compiling GoogleGax TooManyRequests+PollingErrorPolicy.swift
[2184/2359] Compiling GoogleGax TooManyRequests+RetryPolicy.swift
[2185/2359] Compiling GoogleGax TooManyRequests.swift
[2186/2359] Compiling GoogleGax PackageVersion.swift
BUILD FAILURE 6.2 android