Build Information
Failed to build kustomer-ios, reference main (6ed342), with Swift 6.2 for watchOS using Xcode 26.3 on 16 Oct 2026 12:16:48 UTC.
Build Command
env DEVELOPER_DIR=/Applications/Xcode-26.3.0.app xcrun xcodebuild -IDEClonedSourcePackagesDirPathOverride=$PWD/.dependencies -skipMacroValidation -skipPackagePluginValidation -derivedDataPath $PWD/.derivedData build -scheme kustomer-ios -destination generic/platform=watchOSBuild Log
========================================
RunAll
========================================
Builder version: 5.1.3
Interrupt handler set up.
========================================
Checkout
========================================
Clone URL: https://github.com/kustomer/kustomer-ios.git
Reference: main
Initialized empty Git repository in /Users/admin/builder/spi-builder-workspace/.git/
From https://github.com/kustomer/kustomer-ios
* branch main -> FETCH_HEAD
* [new branch] main -> origin/main
HEAD is now at 6ed342e Version 8.3.0 (#174)
Cloned https://github.com/kustomer/kustomer-ios.git
Revision (git rev-parse @):
6ed342e8dbb7256486ea8094bebc6b7f1770c4a0
SUCCESS checkout https://github.com/kustomer/kustomer-ios.git at main
========================================
Build
========================================
Selected platform: watchOS
Swift version: 6.2
Building package at path: $PWD
https://github.com/kustomer/kustomer-ios.git
Command line invocation:
/Applications/Xcode-26.3.0.app/Contents/Developer/usr/bin/xcodebuild -IDEClonedSourcePackagesDirPathOverride=/Users/admin/builder/spi-builder-workspace/.dependencies -resolvePackageDependencies
Resolve Package Graph
Fetching from https://github.com/pikachu987/NotificationView
Fetching from https://github.com/kustomer/Down
Fetching from https://github.com/instacart/Nantes
Fetching from https://github.com/auth0/JWTDecode.swift
Fetching from https://github.com/ashleymills/Reachability.swift
Fetching from https://github.com/pubnub/swift.git
Fetching from https://github.com/SwiftyJSON/SwiftyJSON
Creating working copy of package ‘Down’
Checking out 0.11.0 of package ‘Down’
Creating working copy of package ‘NotificationView’
Checking out 0.2.5 of package ‘NotificationView’
Creating working copy of package ‘swift’
Checking out 10.2.0 of package ‘swift’
Creating working copy of package ‘JWTDecode.swift’
Checking out 4.0.0 of package ‘JWTDecode.swift’
Creating working copy of package ‘Reachability.swift’
Checking out 5.2.4 of package ‘Reachability.swift’
Creating working copy of package ‘Nantes’
Checking out 0.1.2 of package ‘Nantes’
Creating working copy of package ‘SwiftyJSON’
Checking out 5.0.2 of package ‘SwiftyJSON’
dependency 'down' is not used by any targetdependency 'jwtdecode.swift' is not used by any targetdependency 'nantes' is not used by any targetdependency 'notificationview' is not used by any targetdependency 'swift' is not used by any targetdependency 'reachability.swift' is not used by any targetdependency 'swiftyjson' is not used by any targetResolve Package Graph
dependency 'down' is not used by any targetdependency 'jwtdecode.swift' is not used by any targetdependency 'nantes' is not used by any targetdependency 'notificationview' is not used by any targetdependency 'swift' is not used by any targetdependency 'reachability.swift' is not used by any targetdependency 'swiftyjson' is not used by any target
Resolved source packages:
PubNubSDK: https://github.com/pubnub/swift.git @ 10.2.0
JWTDecode: https://github.com/auth0/JWTDecode.swift @ 4.0.0
Nantes: https://github.com/instacart/Nantes @ 0.1.2
Reachability: https://github.com/ashleymills/Reachability.swift @ 5.2.4
Down: https://github.com/kustomer/Down @ 0.11.0
SwiftyJSON: https://github.com/SwiftyJSON/SwiftyJSON @ 5.0.2
kustomer-ios: /Users/admin/builder/spi-builder-workspace
NotificationView: https://github.com/pikachu987/NotificationView @ 0.2.5
resolved source packages: PubNubSDK, JWTDecode, Nantes, Reachability, Down, SwiftyJSON, kustomer-ios, NotificationView
2026-10-16 08:16:20.743 xcodebuild[539:3167] [MT] IDERunDestination: Supported platforms for the buildables in the current scheme is empty.
{
"dependencies" : [
{
"identity" : "down",
"requirement" : {
"range" : [
{
"lower_bound" : "0.11.0",
"upper_bound" : "0.12.0"
}
]
},
"type" : "sourceControl",
"url" : "https://github.com/kustomer/Down"
},
{
"identity" : "jwtdecode.swift",
"requirement" : {
"range" : [
{
"lower_bound" : "4.0.0",
"upper_bound" : "4.1.0"
}
]
},
"type" : "sourceControl",
"url" : "https://github.com/auth0/JWTDecode.swift"
},
{
"identity" : "nantes",
"requirement" : {
"range" : [
{
"lower_bound" : "0.1.2",
"upper_bound" : "0.2.0"
}
]
},
"type" : "sourceControl",
"url" : "https://github.com/instacart/Nantes"
},
{
"identity" : "notificationview",
"requirement" : {
"range" : [
{
"lower_bound" : "0.2.5",
"upper_bound" : "0.3.0"
}
]
},
"type" : "sourceControl",
"url" : "https://github.com/pikachu987/NotificationView"
},
{
"identity" : "swift",
"requirement" : {
"range" : [
{
"lower_bound" : "10.2.0",
"upper_bound" : "10.3.0"
}
]
},
"type" : "sourceControl",
"url" : "https://github.com/pubnub/swift.git"
},
{
"identity" : "reachability.swift",
"requirement" : {
"range" : [
{
"lower_bound" : "5.2.4",
"upper_bound" : "5.3.0"
}
]
},
"type" : "sourceControl",
"url" : "https://github.com/ashleymills/Reachability.swift"
},
{
"identity" : "swiftyjson",
"requirement" : {
"range" : [
{
"lower_bound" : "5.0.2",
"upper_bound" : "5.1.0"
}
]
},
"type" : "sourceControl",
"url" : "https://github.com/SwiftyJSON/SwiftyJSON"
}
],
"manifest_display_name" : "kustomer-ios",
"name" : "kustomer-ios",
"path" : "/Users/admin/builder/spi-builder-workspace",
"platforms" : [
{
"name" : "ios",
"version" : "15.0"
}
],
"products" : [
{
"name" : "kustomer-ios",
"targets" : [
"KustomerChat"
],
"type" : {
"library" : [
"automatic"
]
}
}
],
"targets" : [
{
"c99name" : "KustomerChat",
"module_type" : "BinaryTarget",
"name" : "KustomerChat",
"path" : "KustomerChat.xcframework",
"product_memberships" : [
"kustomer-ios"
],
"sources" : [
],
"type" : "binary"
}
],
"tools_version" : "6.0"
}
warning: 'spi-builder-workspace': /Users/admin/builder/spi-builder-workspace/Package.swift:16:6: warning: 'package(name:url:_:)' is deprecated: use package(url:_:) instead [#DeprecatedDeclaration]
14 | ],
15 | dependencies: [
16 | .package(name: "Down", url: "https://github.com/kustomer/Down", .upToNextMinor(from: "0.11.0")),
| `- warning: 'package(name:url:_:)' is deprecated: use package(url:_:) instead [#DeprecatedDeclaration]
17 | .package(name: "JWTDecode", url: "https://github.com/auth0/JWTDecode.swift", .upToNextMinor(from: "4.0.0")),
18 | .package(name: "Nantes", url: "https://github.com/instacart/Nantes", .upToNextMinor(from: "0.1.2")),
/Users/admin/builder/spi-builder-workspace/Package.swift:17:6: warning: 'package(name:url:_:)' is deprecated: use package(url:_:) instead [#DeprecatedDeclaration]
15 | dependencies: [
16 | .package(name: "Down", url: "https://github.com/kustomer/Down", .upToNextMinor(from: "0.11.0")),
17 | .package(name: "JWTDecode", url: "https://github.com/auth0/JWTDecode.swift", .upToNextMinor(from: "4.0.0")),
| `- warning: 'package(name:url:_:)' is deprecated: use package(url:_:) instead [#DeprecatedDeclaration]
18 | .package(name: "Nantes", url: "https://github.com/instacart/Nantes", .upToNextMinor(from: "0.1.2")),
19 | .package(name: "NotificationView", url: "https://github.com/pikachu987/NotificationView", .upToNextMinor(from: "0.2.5")),
/Users/admin/builder/spi-builder-workspace/Package.swift:18:6: warning: 'package(name:url:_:)' is deprecated: use package(url:_:) instead [#DeprecatedDeclaration]
16 | .package(name: "Down", url: "https://github.com/kustomer/Down", .upToNextMinor(from: "0.11.0")),
17 | .package(name: "JWTDecode", url: "https://github.com/auth0/JWTDecode.swift", .upToNextMinor(from: "4.0.0")),
18 | .package(name: "Nantes", url: "https://github.com/instacart/Nantes", .upToNextMinor(from: "0.1.2")),
| `- warning: 'package(name:url:_:)' is deprecated: use package(url:_:) instead [#DeprecatedDeclaration]
19 | .package(name: "NotificationView", url: "https://github.com/pikachu987/NotificationView", .upToNextMinor(from: "0.2.5")),
20 | .package(name: "PubNub", url: "https://github.com/pubnub/swift.git", .upToNextMinor(from: "10.2.0")),
/Users/admin/builder/spi-builder-workspace/Package.swift:19:6: warning: 'package(name:url:_:)' is deprecated: use package(url:_:) instead [#DeprecatedDeclaration]
17 | .package(name: "JWTDecode", url: "https://github.com/auth0/JWTDecode.swift", .upToNextMinor(from: "4.0.0")),
18 | .package(name: "Nantes", url: "https://github.com/instacart/Nantes", .upToNextMinor(from: "0.1.2")),
19 | .package(name: "NotificationView", url: "https://github.com/pikachu987/NotificationView", .upToNextMinor(from: "0.2.5")),
| `- warning: 'package(name:url:_:)' is deprecated: use package(url:_:) instead [#DeprecatedDeclaration]
20 | .package(name: "PubNub", url: "https://github.com/pubnub/swift.git", .upToNextMinor(from: "10.2.0")),
21 | .package(name: "Reachability", url: "https://github.com/ashleymills/Reachability.swift", .upToNextMinor(from: "5.2.4")),
/Users/admin/builder/spi-builder-workspace/Package.swift:20:6: warning: 'package(name:url:_:)' is deprecated: use package(url:_:) instead [#DeprecatedDeclaration]
18 | .package(name: "Nantes", url: "https://github.com/instacart/Nantes", .upToNextMinor(from: "0.1.2")),
19 | .package(name: "NotificationView", url: "https://github.com/pikachu987/NotificationView", .upToNextMinor(from: "0.2.5")),
20 | .package(name: "PubNub", url: "https://github.com/pubnub/swift.git", .upToNextMinor(from: "10.2.0")),
| `- warning: 'package(name:url:_:)' is deprecated: use package(url:_:) instead [#DeprecatedDeclaration]
21 | .package(name: "Reachability", url: "https://github.com/ashleymills/Reachability.swift", .upToNextMinor(from: "5.2.4")),
22 | .package(name: "SwiftyJSON", url: "https://github.com/SwiftyJSON/SwiftyJSON", .upToNextMinor(from: "5.0.2"))
/Users/admin/builder/spi-builder-workspace/Package.swift:21:6: warning: 'package(name:url:_:)' is deprecated: use package(url:_:) instead [#DeprecatedDeclaration]
19 | .package(name: "NotificationView", url: "https://github.com/pikachu987/NotificationView", .upToNextMinor(from: "0.2.5")),
20 | .package(name: "PubNub", url: "https://github.com/pubnub/swift.git", .upToNextMinor(from: "10.2.0")),
21 | .package(name: "Reachability", url: "https://github.com/ashleymills/Reachability.swift", .upToNextMinor(from: "5.2.4")),
| `- warning: 'package(name:url:_:)' is deprecated: use package(url:_:) instead [#DeprecatedDeclaration]
22 | .package(name: "SwiftyJSON", url: "https://github.com/SwiftyJSON/SwiftyJSON", .upToNextMinor(from: "5.0.2"))
23 | ],
/Users/admin/builder/spi-builder-workspace/Package.swift:22:6: warning: 'package(name:url:_:)' is deprecated: use package(url:_:) instead [#DeprecatedDeclaration]
20 | .package(name: "PubNub", url: "https://github.com/pubnub/swift.git", .upToNextMinor(from: "10.2.0")),
21 | .package(name: "Reachability", url: "https://github.com/ashleymills/Reachability.swift", .upToNextMinor(from: "5.2.4")),
22 | .package(name: "SwiftyJSON", url: "https://github.com/SwiftyJSON/SwiftyJSON", .upToNextMinor(from: "5.0.2"))
| `- warning: 'package(name:url:_:)' is deprecated: use package(url:_:) instead [#DeprecatedDeclaration]
23 | ],
24 | targets: [
[#DeprecatedDeclaration]: <https://docs.swift.org/compiler/documentation/diagnostics/deprecated-declaration>
{
"workspace" : {
"name" : "spi-builder-workspace",
"schemes" : [
"kustomer-ios"
]
}
}
2026-10-16 08:16:39.148 xcodebuild[947:5496] [MT] IDERunDestination: Supported platforms for the buildables in the current scheme is empty.
Running build ...
env DEVELOPER_DIR=/Applications/Xcode-26.3.0.app xcrun xcodebuild -IDEClonedSourcePackagesDirPathOverride=$PWD/.dependencies -skipMacroValidation -skipPackagePluginValidation -derivedDataPath $PWD/.derivedData build -scheme kustomer-ios -destination generic/platform=watchOS
Command line invocation:
/Applications/Xcode-26.3.0.app/Contents/Developer/usr/bin/xcodebuild -IDEClonedSourcePackagesDirPathOverride=/Users/admin/builder/spi-builder-workspace/.dependencies -skipMacroValidation -skipPackagePluginValidation -derivedDataPath /Users/admin/builder/spi-builder-workspace/.derivedData build -scheme kustomer-ios -destination generic/platform=watchOS
Resolve Package Graph
dependency 'down' is not used by any targetdependency 'jwtdecode.swift' is not used by any targetdependency 'nantes' is not used by any targetdependency 'notificationview' is not used by any targetdependency 'swift' is not used by any targetdependency 'reachability.swift' is not used by any targetdependency 'swiftyjson' is not used by any target
Resolve Package Graph
dependency 'down' is not used by any targetdependency 'jwtdecode.swift' is not used by any targetdependency 'nantes' is not used by any targetdependency 'notificationview' is not used by any targetdependency 'swift' is not used by any targetdependency 'reachability.swift' is not used by any targetdependency 'swiftyjson' is not used by any target
Resolved source packages:
kustomer-ios: /Users/admin/builder/spi-builder-workspace
Nantes: https://github.com/instacart/Nantes @ 0.1.2
NotificationView: https://github.com/pikachu987/NotificationView @ 0.2.5
Down: https://github.com/kustomer/Down @ 0.11.0
SwiftyJSON: https://github.com/SwiftyJSON/SwiftyJSON @ 5.0.2
Reachability: https://github.com/ashleymills/Reachability.swift @ 5.2.4
PubNubSDK: https://github.com/pubnub/swift.git @ 10.2.0
JWTDecode: https://github.com/auth0/JWTDecode.swift @ 4.0.0
ComputePackagePrebuildTargetDependencyGraph
Prepare packages
CreateBuildRequest
SendProjectDescription
CreateBuildOperation
ComputeTargetDependencyGraph
note: Building targets in dependency order
note: Target dependency graph (1 target)
Target 'kustomer-ios' in project 'kustomer-ios' (no dependencies)
GatherProvisioningInputs
CreateBuildDescription
ExecuteExternalTool /Applications/Xcode-26.3.0.app/Contents/Developer/Toolchains/XcodeDefault.xctoolchain/usr/bin/clang -v -E -dM -isysroot /Applications/Xcode-26.3.0.app/Contents/Developer/Platforms/WatchOS.platform/Developer/SDKs/WatchOS26.2.sdk -x c -c /dev/null
Build description signature: a18b315332c90c2b4046a19bcafe1331
Build description path: /Users/admin/builder/spi-builder-workspace/.derivedData/Build/Intermediates.noindex/XCBuildData/a18b315332c90c2b4046a19bcafe1331.xcbuilddata
/Users/admin/builder/spi-builder-workspace/KustomerChat.xcframework:1:1: error: While building for watchOS, no library for this platform was found in '/Users/admin/builder/spi-builder-workspace/KustomerChat.xcframework'. (in target 'kustomer-ios' from project 'kustomer-ios')
2026-10-16 08:16:43.109 xcodebuild[970:5616] [MT] IDERunDestination: Supported platforms for the buildables in the current scheme is empty.
** BUILD FAILED **
The following build commands failed:
Building workspace spi-builder-workspace with scheme kustomer-ios
(1 failure)
Command line invocation:
/Applications/Xcode-26.3.0.app/Contents/Developer/usr/bin/xcodebuild -IDEClonedSourcePackagesDirPathOverride=/Users/admin/builder/spi-builder-workspace/.dependencies -resolvePackageDependencies
Resolve Package Graph
dependency 'down' is not used by any targetdependency 'jwtdecode.swift' is not used by any targetdependency 'nantes' is not used by any targetdependency 'notificationview' is not used by any targetdependency 'swift' is not used by any targetdependency 'reachability.swift' is not used by any targetdependency 'swiftyjson' is not used by any target
Resolved source packages:
SwiftyJSON: https://github.com/SwiftyJSON/SwiftyJSON @ 5.0.2
NotificationView: https://github.com/pikachu987/NotificationView @ 0.2.5
Down: https://github.com/kustomer/Down @ 0.11.0
JWTDecode: https://github.com/auth0/JWTDecode.swift @ 4.0.0
PubNubSDK: https://github.com/pubnub/swift.git @ 10.2.0
kustomer-ios: /Users/admin/builder/spi-builder-workspace
Nantes: https://github.com/instacart/Nantes @ 0.1.2
Reachability: https://github.com/ashleymills/Reachability.swift @ 5.2.4
resolved source packages: SwiftyJSON, NotificationView, Down, JWTDecode, PubNubSDK, kustomer-ios, Nantes, Reachability
2026-10-16 08:16:45.911 xcodebuild[1081:6129] [MT] IDERunDestination: Supported platforms for the buildables in the current scheme is empty.
{
"dependencies" : [
{
"identity" : "down",
"requirement" : {
"range" : [
{
"lower_bound" : "0.11.0",
"upper_bound" : "0.12.0"
}
]
},
"type" : "sourceControl",
"url" : "https://github.com/kustomer/Down"
},
{
"identity" : "jwtdecode.swift",
"requirement" : {
"range" : [
{
"lower_bound" : "4.0.0",
"upper_bound" : "4.1.0"
}
]
},
"type" : "sourceControl",
"url" : "https://github.com/auth0/JWTDecode.swift"
},
{
"identity" : "nantes",
"requirement" : {
"range" : [
{
"lower_bound" : "0.1.2",
"upper_bound" : "0.2.0"
}
]
},
"type" : "sourceControl",
"url" : "https://github.com/instacart/Nantes"
},
{
"identity" : "notificationview",
"requirement" : {
"range" : [
{
"lower_bound" : "0.2.5",
"upper_bound" : "0.3.0"
}
]
},
"type" : "sourceControl",
"url" : "https://github.com/pikachu987/NotificationView"
},
{
"identity" : "swift",
"requirement" : {
"range" : [
{
"lower_bound" : "10.2.0",
"upper_bound" : "10.3.0"
}
]
},
"type" : "sourceControl",
"url" : "https://github.com/pubnub/swift.git"
},
{
"identity" : "reachability.swift",
"requirement" : {
"range" : [
{
"lower_bound" : "5.2.4",
"upper_bound" : "5.3.0"
}
]
},
"type" : "sourceControl",
"url" : "https://github.com/ashleymills/Reachability.swift"
},
{
"identity" : "swiftyjson",
"requirement" : {
"range" : [
{
"lower_bound" : "5.0.2",
"upper_bound" : "5.1.0"
}
]
},
"type" : "sourceControl",
"url" : "https://github.com/SwiftyJSON/SwiftyJSON"
}
],
"manifest_display_name" : "kustomer-ios",
"name" : "kustomer-ios",
"path" : "/Users/admin/builder/spi-builder-workspace",
"platforms" : [
{
"name" : "ios",
"version" : "15.0"
}
],
"products" : [
{
"name" : "kustomer-ios",
"targets" : [
"KustomerChat"
],
"type" : {
"library" : [
"automatic"
]
}
}
],
"targets" : [
{
"c99name" : "KustomerChat",
"module_type" : "BinaryTarget",
"name" : "KustomerChat",
"path" : "KustomerChat.xcframework",
"product_memberships" : [
"kustomer-ios"
],
"sources" : [
],
"type" : "binary"
}
],
"tools_version" : "6.0"
}
{
"workspace" : {
"name" : "spi-builder-workspace",
"schemes" : [
"kustomer-ios"
]
}
}
2026-10-16 08:16:47.255 xcodebuild[1110:6267] [MT] IDERunDestination: Supported platforms for the buildables in the current scheme is empty.
Running build ...
env DEVELOPER_DIR=/Applications/Xcode-26.3.0.app xcrun xcodebuild -IDEClonedSourcePackagesDirPathOverride=$PWD/.dependencies -skipMacroValidation -skipPackagePluginValidation -derivedDataPath $PWD/.derivedData build -scheme kustomer-ios -destination generic/platform=watchOS
Command line invocation:
/Applications/Xcode-26.3.0.app/Contents/Developer/usr/bin/xcodebuild -IDEClonedSourcePackagesDirPathOverride=/Users/admin/builder/spi-builder-workspace/.dependencies -skipMacroValidation -skipPackagePluginValidation -derivedDataPath /Users/admin/builder/spi-builder-workspace/.derivedData build -scheme kustomer-ios -destination generic/platform=watchOS
Resolve Package Graph
dependency 'down' is not used by any targetdependency 'jwtdecode.swift' is not used by any targetdependency 'nantes' is not used by any targetdependency 'notificationview' is not used by any targetdependency 'swift' is not used by any targetdependency 'reachability.swift' is not used by any targetdependency 'swiftyjson' is not used by any target
Resolved source packages:
JWTDecode: https://github.com/auth0/JWTDecode.swift @ 4.0.0
Reachability: https://github.com/ashleymills/Reachability.swift @ 5.2.4
kustomer-ios: /Users/admin/builder/spi-builder-workspace
PubNubSDK: https://github.com/pubnub/swift.git @ 10.2.0
SwiftyJSON: https://github.com/SwiftyJSON/SwiftyJSON @ 5.0.2
Down: https://github.com/kustomer/Down @ 0.11.0
NotificationView: https://github.com/pikachu987/NotificationView @ 0.2.5
Nantes: https://github.com/instacart/Nantes @ 0.1.2
ComputePackagePrebuildTargetDependencyGraph
Prepare packages
CreateBuildRequest
SendProjectDescription
CreateBuildOperation
ComputeTargetDependencyGraph
note: Building targets in dependency order
note: Target dependency graph (1 target)
Target 'kustomer-ios' in project 'kustomer-ios' (no dependencies)
GatherProvisioningInputs
CreateBuildDescription
ExecuteExternalTool /Applications/Xcode-26.3.0.app/Contents/Developer/Toolchains/XcodeDefault.xctoolchain/usr/bin/clang -v -E -dM -isysroot /Applications/Xcode-26.3.0.app/Contents/Developer/Platforms/WatchOS.platform/Developer/SDKs/WatchOS26.2.sdk -x c -c /dev/null
Build description signature: a18b315332c90c2b4046a19bcafe1331
Build description path: /Users/admin/builder/spi-builder-workspace/.derivedData/Build/Intermediates.noindex/XCBuildData/a18b315332c90c2b4046a19bcafe1331.xcbuilddata
/Users/admin/builder/spi-builder-workspace/KustomerChat.xcframework:1:1: error: While building for watchOS, no library for this platform was found in '/Users/admin/builder/spi-builder-workspace/KustomerChat.xcframework'. (in target 'kustomer-ios' from project 'kustomer-ios')
2026-10-16 08:16:48.412 xcodebuild[1133:6372] [MT] IDERunDestination: Supported platforms for the buildables in the current scheme is empty.
** BUILD FAILED **
The following build commands failed:
Building workspace spi-builder-workspace with scheme kustomer-ios
(1 failure)
BUILD FAILURE 6.2 watchOS