Build Information
Failed to build GoogleCloudParameterManagerV1, reference 0.5.0 (ea447f), with Swift 6.2 for Android on 11 Oct 2026 02:39:43 UTC.
Build Command
bash -c docker run --pull=always --rm -v "checkouts-54344845-0":/host -w "$PWD" -e JAVA_HOME="/root/.sdkman/candidates/java/current" -e SPI_BUILD="1" -e SPI_PROCESSING="1" registry.gitlab.com/saguaro1/spi-images:android-6.2-latest swift build --swift-sdk aarch64-unknown-linux-android28 2>&1Build Log
========================================
RunAll
========================================
Builder version: 5.1.1
Interrupt handler set up.
========================================
Checkout
========================================
Clone URL: https://github.com/googleapis/swift-google-cloud-parametermanager-v1.git
Reference: 0.5.0
Initialized empty Git repository in /host/spi-builder-workspace/.git/
hint: Using 'master' as the name for the initial branch. This default branch name
hint: is subject to change. To configure the initial branch name to use in all
hint: of your new repositories, which will suppress this warning, call:
hint:
hint: git config --global init.defaultBranch <name>
hint:
hint: Names commonly chosen instead of 'master' are 'main', 'trunk' and
hint: 'development'. The just-created branch can be renamed via this command:
hint:
hint: git branch -m <name>
From https://github.com/googleapis/swift-google-cloud-parametermanager-v1
* tag 0.5.0 -> FETCH_HEAD
HEAD is now at ea447f8 chore: release circa 2026-10-07 (#1382)
Cloned https://github.com/googleapis/swift-google-cloud-parametermanager-v1.git
Revision (git rev-parse @):
ea447f8cdc5fabe6b97ad345f73a1b82ae35b40a
SPI manifest file found: $PWD/.spi.yml
SUCCESS checkout https://github.com/googleapis/swift-google-cloud-parametermanager-v1.git at 0.5.0
========================================
Build
========================================
Selected platform: android
Swift version: 6.2
Building package at path: $PWD
https://github.com/googleapis/swift-google-cloud-parametermanager-v1.git
Running build ...
bash -c docker run --pull=always --rm -v "checkouts-54344845-0":/host -w "$PWD" -e JAVA_HOME="/root/.sdkman/candidates/java/current" -e SPI_BUILD="1" -e SPI_PROCESSING="1" registry.gitlab.com/saguaro1/spi-images:android-6.2-latest swift build --swift-sdk aarch64-unknown-linux-android28 2>&1
android-6.2-latest: Pulling from saguaro1/spi-images
Digest: sha256:a839c9ce201f1dacc8eb056626ec7ab0a1c6d53d7b77c83feda395f4507c51be
Status: Image is up to date for registry.gitlab.com/saguaro1/spi-images:android-6.2-latest
Fetching https://github.com/googleapis/swift-google-wkt
Fetching https://github.com/googleapis/swift-google-auth
Fetching https://github.com/googleapis/swift-google-iam-v1
Fetching https://github.com/googleapis/swift-google-gax
Fetching https://github.com/apple/swift-log
Fetching https://github.com/googleapis/swift-google-cloud-location
[1/8257] Fetching swift-log
[84/10005] Fetching swift-log, swift-google-gax
[154/11028] Fetching swift-log, swift-google-gax, swift-google-wkt
[1592/12051] Fetching swift-log, swift-google-gax, swift-google-wkt, swift-google-auth
[2916/12603] Fetching swift-log, swift-google-gax, swift-google-wkt, swift-google-auth, swift-google-cloud-location
[6240/13309] Fetching swift-log, swift-google-gax, swift-google-wkt, swift-google-auth, swift-google-cloud-location, swift-google-iam-v1
Fetched https://github.com/googleapis/swift-google-wkt from cache (0.45s)
[10744/12286] Fetching swift-log, swift-google-gax, swift-google-auth, swift-google-cloud-location, swift-google-iam-v1
Fetched https://github.com/googleapis/swift-google-iam-v1 from cache (0.53s)
Fetched https://github.com/googleapis/swift-google-cloud-location from cache (0.53s)
Fetched https://github.com/googleapis/swift-google-auth from cache (0.53s)
Fetched https://github.com/googleapis/swift-google-gax from cache (0.53s)
Fetched https://github.com/apple/swift-log from cache (0.53s)
Computing version for https://github.com/googleapis/swift-google-wkt
Computed https://github.com/googleapis/swift-google-wkt at 0.5.0 (0.69s)
Fetching https://github.com/swift-extras/swift-extras-base64
[1/954] Fetching swift-extras-base64
Fetched https://github.com/swift-extras/swift-extras-base64 from cache (0.42s)
Computing version for https://github.com/googleapis/swift-google-iam-v1
Computed https://github.com/googleapis/swift-google-iam-v1 at 0.5.0 (0.59s)
Fetching https://github.com/googleapis/swift-google-type
[1/437] Fetching swift-google-type
Fetched https://github.com/googleapis/swift-google-type from cache (0.35s)
Computing version for https://github.com/googleapis/swift-google-gax
Computed https://github.com/googleapis/swift-google-gax at 0.5.0 (0.53s)
Fetching https://github.com/googleapis/swift-google-rpc
Fetching https://github.com/apple/swift-nio
Fetching https://github.com/swift-server/async-http-client.git
[1/422] Fetching swift-google-rpc
[423/16886] Fetching swift-google-rpc, async-http-client
[16887/103260] Fetching swift-google-rpc, async-http-client, swift-nio
Fetched https://github.com/googleapis/swift-google-rpc from cache (3.02s)
Fetched https://github.com/swift-server/async-http-client.git from cache (3.02s)
Fetched https://github.com/apple/swift-nio from cache (3.06s)
Computing version for https://github.com/googleapis/swift-google-cloud-location
Computed https://github.com/googleapis/swift-google-cloud-location at 0.5.0 (3.22s)
Computing version for https://github.com/googleapis/swift-google-auth
Computed https://github.com/googleapis/swift-google-auth at 0.5.0 (0.15s)
Fetching https://github.com/apple/swift-system.git
Fetching https://github.com/vapor/jwt-kit.git
[1/7241] Fetching swift-system
[2970/17495] Fetching swift-system, jwt-kit
Fetched https://github.com/apple/swift-system.git from cache (1.21s)
Fetched https://github.com/vapor/jwt-kit.git from cache (1.22s)
Computing version for https://github.com/googleapis/swift-google-type
Computed https://github.com/googleapis/swift-google-type at 0.5.0 (1.38s)
Computing version for https://github.com/googleapis/swift-google-rpc
Computed https://github.com/googleapis/swift-google-rpc at 0.5.0 (0.15s)
Computing version for https://github.com/swift-extras/swift-extras-base64
Computed https://github.com/swift-extras/swift-extras-base64 at 1.2.0 (0.14s)
Computing version for https://github.com/swift-server/async-http-client.git
Computed https://github.com/swift-server/async-http-client.git at 1.36.2 (0.17s)
Fetching https://github.com/apple/swift-nio-extras.git
Fetching https://github.com/apple/swift-configuration.git
Fetching https://github.com/apple/swift-algorithms.git
Fetching https://github.com/apple/swift-nio-http2.git
Fetching https://github.com/apple/swift-service-context.git
Fetching https://github.com/apple/swift-nio-ssl.git
[1/1500] Fetching swift-service-context
[151/7664] Fetching swift-service-context, swift-algorithms
[152/11592] Fetching swift-service-context, swift-algorithms, swift-configuration
[1747/28453] Fetching swift-service-context, swift-algorithms, swift-configuration, swift-nio-ssl
[8170/35156] Fetching swift-service-context, swift-algorithms, swift-configuration, swift-nio-ssl, swift-nio-extras
[15054/47450] Fetching swift-service-context, swift-algorithms, swift-configuration, swift-nio-ssl, swift-nio-extras, swift-nio-http2
Fetched https://github.com/apple/swift-configuration.git from cache (0.50s)
Fetched https://github.com/apple/swift-algorithms.git from cache (0.50s)
[8223/37358] Fetching swift-service-context, swift-nio-ssl, swift-nio-extras, swift-nio-http2
Fetching https://github.com/apple/swift-nio-transport-services.git
Fetching https://github.com/apple/swift-distributed-tracing.git
Fetched https://github.com/apple/swift-nio-extras.git from cache (0.57s)
Fetching https://github.com/apple/swift-atomics.git
[6949/30655] Fetching swift-service-context, swift-nio-ssl, swift-nio-http2
[30656/37206] Fetching swift-service-context, swift-nio-ssl, swift-nio-http2, swift-distributed-tracing
[31836/39095] Fetching swift-service-context, swift-nio-ssl, swift-nio-http2, swift-distributed-tracing, swift-atomics
Fetched https://github.com/apple/swift-nio-http2.git from cache (0.95s)
[20804/26801] Fetching swift-service-context, swift-nio-ssl, swift-distributed-tracing, swift-atomics
[25348/29668] Fetching swift-service-context, swift-nio-ssl, swift-distributed-tracing, swift-atomics, swift-nio-transport-services
Fetched https://github.com/apple/swift-distributed-tracing.git from cache (0.54s)
[19148/23117] Fetching swift-service-context, swift-nio-ssl, swift-atomics, swift-nio-transport-services
Fetched https://github.com/apple/swift-nio-transport-services.git from cache (0.62s)
Fetched https://github.com/apple/swift-atomics.git from cache (0.59s)
Fetched https://github.com/apple/swift-service-context.git from cache (1.23s)
Fetched https://github.com/apple/swift-nio-ssl.git from cache (1.24s)
Computing version for https://github.com/apple/swift-service-context.git
Computed https://github.com/apple/swift-service-context.git at 1.3.0 (1.39s)
Computing version for https://github.com/apple/swift-algorithms.git
Computed https://github.com/apple/swift-algorithms.git at 1.2.1 (1.04s)
Fetching https://github.com/apple/swift-numerics.git
[1/6728] Fetching swift-numerics
Fetched https://github.com/apple/swift-numerics.git from cache (0.54s)
Computing version for https://github.com/apple/swift-log
Computed https://github.com/apple/swift-log at 1.16.1 (0.71s)
Computing version for https://github.com/apple/swift-distributed-tracing.git
Computed https://github.com/apple/swift-distributed-tracing.git at 1.5.0 (0.16s)
Computing version for https://github.com/apple/swift-atomics.git
Computed https://github.com/apple/swift-atomics.git at 1.3.1 (0.15s)
Computing version for https://github.com/apple/swift-numerics.git
Computed https://github.com/apple/swift-numerics.git at 1.1.1 (0.15s)
Computing version for https://github.com/apple/swift-nio
Computed https://github.com/apple/swift-nio at 2.104.0 (0.35s)
Fetching https://github.com/apple/swift-collections.git
[1/28703] Fetching swift-collections
Fetched https://github.com/apple/swift-collections.git from cache (1.18s)
Computing version for https://github.com/apple/swift-configuration.git
Computed https://github.com/apple/swift-configuration.git at 1.2.2 (1.98s)
Fetching https://github.com/swift-server/swift-service-lifecycle
[1/2867] Fetching swift-service-lifecycle
Fetched https://github.com/swift-server/swift-service-lifecycle from cache (0.47s)
Computing version for https://github.com/apple/swift-nio-transport-services.git
Computed https://github.com/apple/swift-nio-transport-services.git at 1.28.0 (0.64s)
Computing version for https://github.com/swift-server/swift-service-lifecycle
Computed https://github.com/swift-server/swift-service-lifecycle at 2.12.1 (0.15s)
Fetching https://github.com/apple/swift-async-algorithms.git
[1/6820] Fetching swift-async-algorithms
Fetched https://github.com/apple/swift-async-algorithms.git from cache (0.54s)
Computing version for https://github.com/apple/swift-async-algorithms.git
Computed https://github.com/apple/swift-async-algorithms.git at 1.1.7 (0.75s)
Computing version for https://github.com/apple/swift-collections.git
Computed https://github.com/apple/swift-collections.git at 1.7.2 (0.24s)
Computing version for https://github.com/apple/swift-nio-http2.git
Computed https://github.com/apple/swift-nio-http2.git at 1.46.0 (0.16s)
Computing version for https://github.com/vapor/jwt-kit.git
Computed https://github.com/vapor/jwt-kit.git at 5.7.1 (0.15s)
Fetching https://github.com/apple/swift-certificates.git
Fetching https://github.com/apple/swift-crypto.git
[1/18629] Fetching swift-crypto
[560/26238] Fetching swift-crypto, swift-certificates
Fetched https://github.com/apple/swift-certificates.git from cache (1.21s)
Fetched https://github.com/apple/swift-crypto.git from cache (1.22s)
Computing version for https://github.com/apple/swift-crypto.git
Computed https://github.com/apple/swift-crypto.git at 4.5.2 (1.84s)
Fetching https://github.com/apple/swift-asn1.git
[1/2009] Fetching swift-asn1
Fetched https://github.com/apple/swift-asn1.git from cache (0.40s)
Computing version for https://github.com/apple/swift-asn1.git
Computed https://github.com/apple/swift-asn1.git at 1.7.3 (0.59s)
Computing version for https://github.com/apple/swift-certificates.git
Computed https://github.com/apple/swift-certificates.git at 1.21.0 (0.21s)
Computing version for https://github.com/apple/swift-nio-ssl.git
Computed https://github.com/apple/swift-nio-ssl.git at 2.37.5 (0.19s)
Computing version for https://github.com/apple/swift-system.git
Computed https://github.com/apple/swift-system.git at 1.8.1 (0.18s)
Computing version for https://github.com/apple/swift-nio-extras.git
Computed https://github.com/apple/swift-nio-extras.git at 1.35.1 (0.27s)
Fetching https://github.com/apple/swift-http-structured-headers.git
Fetching https://github.com/apple/swift-http-types.git
[1/1939] Fetching swift-http-types
[428/3192] Fetching swift-http-types, swift-http-structured-headers
Fetched https://github.com/apple/swift-http-structured-headers.git from cache (0.41s)
Fetched https://github.com/apple/swift-http-types.git from cache (0.41s)
Computing version for https://github.com/apple/swift-http-structured-headers.git
Computed https://github.com/apple/swift-http-structured-headers.git at 1.7.0 (0.57s)
Computing version for https://github.com/apple/swift-http-types.git
Computed https://github.com/apple/swift-http-types.git at 1.8.0 (0.17s)
Creating working copy for https://github.com/apple/swift-algorithms.git
Working copy of https://github.com/apple/swift-algorithms.git resolved at 1.2.1
Creating working copy for https://github.com/googleapis/swift-google-type
Working copy of https://github.com/googleapis/swift-google-type resolved at 0.5.0
Creating working copy for https://github.com/apple/swift-collections.git
Working copy of https://github.com/apple/swift-collections.git resolved at 1.7.2
Creating working copy for https://github.com/vapor/jwt-kit.git
Working copy of https://github.com/vapor/jwt-kit.git resolved at 5.7.1
Creating working copy for https://github.com/apple/swift-certificates.git
Working copy of https://github.com/apple/swift-certificates.git resolved at 1.21.0
Creating working copy for https://github.com/googleapis/swift-google-gax
Working copy of https://github.com/googleapis/swift-google-gax resolved at 0.5.0
Creating working copy for https://github.com/apple/swift-http-structured-headers.git
Working copy of https://github.com/apple/swift-http-structured-headers.git resolved at 1.7.0
Creating working copy for https://github.com/swift-server/async-http-client.git
Working copy of https://github.com/swift-server/async-http-client.git resolved at 1.36.2
Creating working copy for https://github.com/googleapis/swift-google-auth
Working copy of https://github.com/googleapis/swift-google-auth resolved at 0.5.0
Creating working copy for https://github.com/apple/swift-nio-transport-services.git
Working copy of https://github.com/apple/swift-nio-transport-services.git resolved at 1.28.0
Creating working copy for https://github.com/apple/swift-service-context.git
Working copy of https://github.com/apple/swift-service-context.git resolved at 1.3.0
Creating working copy for https://github.com/swift-server/swift-service-lifecycle
Working copy of https://github.com/swift-server/swift-service-lifecycle resolved at 2.12.1
Creating working copy for https://github.com/swift-extras/swift-extras-base64
Working copy of https://github.com/swift-extras/swift-extras-base64 resolved at 1.2.0
Creating working copy for https://github.com/apple/swift-distributed-tracing.git
Working copy of https://github.com/apple/swift-distributed-tracing.git resolved at 1.5.0
Creating working copy for https://github.com/apple/swift-nio-ssl.git
Working copy of https://github.com/apple/swift-nio-ssl.git resolved at 2.37.5
Creating working copy for https://github.com/googleapis/swift-google-iam-v1
Working copy of https://github.com/googleapis/swift-google-iam-v1 resolved at 0.5.0
Creating working copy for https://github.com/apple/swift-numerics.git
Working copy of https://github.com/apple/swift-numerics.git resolved at 1.1.1
Creating working copy for https://github.com/googleapis/swift-google-cloud-location
Working copy of https://github.com/googleapis/swift-google-cloud-location resolved at 0.5.0
Creating working copy for https://github.com/apple/swift-nio
Working copy of https://github.com/apple/swift-nio resolved at 2.104.0
Creating working copy for https://github.com/apple/swift-log
Working copy of https://github.com/apple/swift-log resolved at 1.16.1
Creating working copy for https://github.com/apple/swift-nio-http2.git
Working copy of https://github.com/apple/swift-nio-http2.git resolved at 1.46.0
Creating working copy for https://github.com/apple/swift-atomics.git
Working copy of https://github.com/apple/swift-atomics.git resolved at 1.3.1
Creating working copy for https://github.com/apple/swift-async-algorithms.git
Working copy of https://github.com/apple/swift-async-algorithms.git resolved at 1.1.7
Creating working copy for https://github.com/googleapis/swift-google-wkt
Working copy of https://github.com/googleapis/swift-google-wkt resolved at 0.5.0
Creating working copy for https://github.com/apple/swift-crypto.git
Working copy of https://github.com/apple/swift-crypto.git resolved at 4.5.2
Creating working copy for https://github.com/googleapis/swift-google-rpc
Working copy of https://github.com/googleapis/swift-google-rpc resolved at 0.5.0
Creating working copy for https://github.com/apple/swift-system.git
Working copy of https://github.com/apple/swift-system.git resolved at 1.8.1
Creating working copy for https://github.com/apple/swift-asn1.git
Working copy of https://github.com/apple/swift-asn1.git resolved at 1.7.3
Creating working copy for https://github.com/apple/swift-http-types.git
Working copy of https://github.com/apple/swift-http-types.git resolved at 1.8.0
Creating working copy for https://github.com/apple/swift-configuration.git
Working copy of https://github.com/apple/swift-configuration.git resolved at 1.2.2
Creating working copy for https://github.com/apple/swift-nio-extras.git
Working copy of https://github.com/apple/swift-nio-extras.git resolved at 1.35.1
Building for debugging...
[0/992] Write sources
[32/992] Write swift-version--11D90AFD9DD3AB2.txt
[33/992] Compiling _NumericsShims _NumericsShims.c
[34/1003] Compiling a_dup.cc
[35/1003] Write sources
[35/1003] Compiling a_d2i_fp.cc
[35/1003] Compiling thread_none.cc
[35/1003] Write sources
[73/1003] Compiling a_bitstr.cc
[74/1003] Compiling _AtomicsShims.c
[75/1003] Compiling e_chacha20poly1305.cc
[76/1003] Compiling CXKCPShims shims.c
[77/1003] Compiling SimpleFIPS202.c
[78/1003] Compiling KeccakSponge.c
[79/1031] Compiling a_bool.cc
[80/1042] Compiling c-nioatomics.c
[82/1070] Emitting module RealModule
[83/1070] Compiling InternalCollectionsUtilities BorrowingIteratorProtocol+Equality.swift
[84/1070] Compiling InternalCollectionsUtilities BorrowingIteratorProtocol+Extras.swift
[85/1071] Compiling RealModule RelaxedArithmetic.swift
[86/1071] Compiling _NIODataStructures PriorityQueue.swift
[89/1071] Compiling InternalCollectionsUtilities Debugging.swift
[90/1073] Compiling InternalCollectionsUtilities FixedWidthInteger+roundUpToPowerOfTwo.swift
[91/1073] Compiling InternalCollectionsUtilities Integer rank.swift
[92/1073] Compiling RealModule RealFunctions.swift
[93/1073] Compiling RealModule Real.swift
[94/1073] Compiling InternalCollectionsUtilities Strideable+LimitHelpers.swift
[95/1073] Compiling InternalCollectionsUtilities String+Padding.swift
[96/1073] Compiling InternalCollectionsUtilities TemporaryAllocation.swift
[97/1073] Compiling InternalCollectionsUtilities _UnsafeBitSet+Index.swift
[98/1073] Compiling InternalCollectionsUtilities Iterable+CopyContents.swift
[99/1073] Compiling InternalCollectionsUtilities Iterable+Equality.swift
[100/1073] Compiling InternalCollectionsUtilities UInt+first and last set bit.swift
[101/1073] Compiling InternalCollectionsUtilities UInt+reversed.swift
[102/1076] Compiling ServiceContextModule ServiceContextKey.swift
[103/1076] Compiling InternalCollectionsUtilities Descriptions.swift
[108/1076] Compiling InternalCollectionsUtilities LifetimeOverride.swift
[109/1076] Compiling InternalCollectionsUtilities MutableRef.swift
[114/1076] Emitting module _NIOBase64
[115/1076] Compiling _NIOBase64 Base64.swift
[116/1077] Compiling InternalCollectionsUtilities UnsafePointer+Extras.swift
[117/1077] Compiling InternalCollectionsUtilities _UnsafeBitSet+_Word.swift
[125/1077] Emitting module InternalCollectionsUtilities
[126/1077] Compiling Logging Logger+Attributes.swift
[127/1077] Compiling Logging Logger+With.swift
[130/1077] Emitting module _NIODataStructures
[131/1077] Compiling _NIODataStructures Heap.swift
[132/1078] Compiling _NIODataStructures _TinyArray.swift
[133/1079] Compiling Logging LoggingSystem.swift
[134/1079] Compiling InternalCollectionsUtilities UnsafeRawBufferPointer+Extras.swift
[135/1079] Compiling InternalCollectionsUtilities _SortedCollection.swift
[136/1079] Compiling InternalCollectionsUtilities _UniqueCollection.swift
[138/1084] Emitting module ServiceContextModule
[139/1084] Compiling ServiceContextModule ServiceContext.swift
[140/1085] Compiling RealModule Float16+Real.swift
[141/1085] Compiling RealModule Float80+Real.swift
[142/1086] Emitting module SwiftASN1
[145/1086] Compiling Logging Logger.swift
[145/1086] Wrapping AST for _NIODataStructures for debugging
[146/1086] Wrapping AST for ServiceContextModule for debugging
[147/1086] Wrapping AST for _NIOBase64 for debugging
[148/1086] Wrapping AST for RealModule for debugging
[149/1091] Compiling KeccakHash.c
[151/1092] Compiling _CertificateInternals _TinyArray.swift
[152/1092] Emitting module _CertificateInternals
[153/1093] Compiling ExtrasBase64 Base64+Span.swift
[154/1093] Compiling CSystem shims.c
[155/1093] Compiling CNIOWindows shim.c
[157/1093] Compiling InternalCollectionsUtilities UnsafeMutablePointer+Extras.swift
[158/1093] Compiling InternalCollectionsUtilities UnsafeMutableRawBufferPointer+Extras.swift
[160/1093] Compiling InternalCollectionsUtilities MutableSpan+Extras.swift
[161/1093] Compiling InternalCollectionsUtilities OutputSpan+Extras.swift
[162/1093] Compiling InternalCollectionsUtilities RandomAccessCollection+Offsets.swift
[163/1093] Compiling InternalCollectionsUtilities Span+Extras.swift
[165/1093] Compiling SwiftASN1 DER.swift
[166/1093] Compiling SwiftASN1 Errors.swift
[167/1093] Compiling InternalCollectionsUtilities UnsafeMutableBufferPointer+Extras.swift
[168/1093] Compiling Instrumentation NoOpInstrument.swift
[169/1094] Emitting module Instrumentation
[170/1094] Compiling Instrumentation MultiplexInstrument.swift
[170/1095] Wrapping AST for _CertificateInternals for debugging
[172/1131] Compiling CNIOWindows WSAStartup.c
[174/1131] Compiling Instrumentation Instrument.swift
[174/1131] Compiling CNIOWASI CNIOWASI.c
[175/1131] Compiling CNIOPosix event_loop_id.c
[176/1135] Wrapping AST for InternalCollectionsUtilities for debugging
[177/1135] Compiling CNIOOpenBSD shim.c
[179/1135] Emitting module SpanPreview
[180/1135] Compiling SpanPreview OutputSpan+InputSpanHelpers.swift
[181/1135] Compiling SpanPreview InputSpan.swift
[182/1135] Compiling SpanPreview MutableSpan+InputSpanHelpers.swift
[183/1136] Compiling CNIOLinux shim.c
[185/1136] Compiling SystemPackage FilePathComponentView.swift
[186/1136] Compiling SystemPackage FilePathComponents.swift
[186/1136] Compiling CNIOLinux liburing_shims.c
[187/1136] Compiling KeccakP-1600-opt64.c
[188/1161] Wrapping AST for SpanPreview for debugging
[189/1178] Compiling CNIOLLHTTP c_nio_http.c
[190/1178] Compiling CNIOLLHTTP c_nio_api.c
[191/1178] Compiling CNIOFreeBSD shim.c
[193/1178] Compiling DequeModule UniqueDeque+Consumption.swift
[194/1178] Compiling DequeModule UniqueDeque+ContainerOperations.swift
[195/1178] Compiling DequeModule UniqueDeque+Deprecations.swift
[196/1178] Compiling DequeModule UniqueDeque+Descriptions.swift
[197/1178] Compiling DequeModule UniqueDeque+Equatable.swift
[198/1178] Compiling DequeModule UniqueDeque+Hashable.swift
[198/1178] Compiling CNIOExtrasZlib zutil.c
[199/1183] Compiling CNIOLLHTTP c_nio_llhttp.c
[201/1183] Compiling DequeModule UniqueDeque+Initializers.swift
[202/1183] Compiling DequeModule UniqueDeque+Insertions.swift
[203/1183] Compiling DequeModule UniqueDeque+Iterable.swift
[204/1183] Compiling DequeModule UniqueDeque+Prepend.swift
[205/1183] Compiling DequeModule UniqueDeque+Removals.swift
[205/1183] Compiling CNIOExtrasZlib inftrees.c
[207/1183] Compiling DequeModule RigidDeque+Descriptions.swift
[208/1183] Compiling DequeModule RigidDeque+Equatable.swift
[209/1183] Compiling DequeModule RigidDeque+Hashable.swift
[210/1183] Compiling DequeModule RigidDeque+Initializers.swift
[211/1183] Compiling DequeModule RigidDeque+Insertions.swift
[212/1183] Compiling DequeModule RigidDeque+Iterable.swift
[212/1183] Compiling CNIOExtrasZlib trees.c
[214/1183] Compiling DequeModule _DequeBuffer.swift
[215/1183] Compiling DequeModule _DequeBufferHeader.swift
[216/1183] Compiling DequeModule RigidDeque+Append.swift
[217/1183] Compiling DequeModule RigidDeque+Consumption.swift
[218/1183] Compiling DequeModule RigidDeque+ContainerOperations.swift
[219/1183] Compiling DequeModule RigidDeque+Deprecations.swift
[220/1183] Compiling ExtrasBase64 Base32+Span.swift
[221/1183] Emitting module SystemPackage
[221/1183] Compiling CNIOExtrasZlib inflate.c
[223/1183] Compiling ExtrasBase64 Base32.swift
[223/1183] Compiling CNIOExtrasZlib inffast.c
[225/1188] Compiling DequeModule RigidDeque+Prepend.swift
[226/1188] Compiling DequeModule RigidDeque+Removals.swift
[227/1188] Compiling DequeModule RigidDeque+Replacements.swift
[228/1188] Compiling DequeModule RigidDeque+Testing.swift
[229/1188] Compiling DequeModule RigidDeque.swift
[230/1188] Compiling DequeModule UniqueDeque+Append.swift
[230/1188] Compiling CNIOExtrasZlib deflate.c
[231/1188] Compiling CNIOExtrasZlib crc32.c
[232/1188] Compiling CNIODarwin shim.c
[233/1188] Compiling CNIOExtrasZlib adler32.c
[234/1188] Compiling fiat_p256_adx_sqr.S
[235/1188] Compiling fiat_p256_adx_mul.S
[236/1188] Compiling fiat_curve25519_adx_square.S
[237/1188] Compiling fiat_curve25519_adx_mul.S
[238/1188] Compiling CNIOBoringSSLShims shims.c
[240/1188] Compiling DequeModule Deque+Codable.swift
[241/1188] Compiling DequeModule Deque+Collection.swift
[242/1188] Compiling DequeModule Deque+CustomReflectable.swift
[243/1188] Compiling DequeModule Deque+Descriptions.swift
[244/1188] Compiling DequeModule Deque+Equatable.swift
[245/1188] Compiling DequeModule Deque+ExpressibleByArrayLiteral.swift
[248/1188] Compiling Instrumentation InstrumentationSystem.swift
[259/1188] Compiling Instrumentation Locks.swift
[261/1189] Compiling DequeModule Deque+Extras.swift
[262/1189] Compiling DequeModule Deque+Hashable.swift
[263/1189] Compiling DequeModule Deque+Testing.swift
[264/1189] Compiling DequeModule Deque._Storage.swift
[268/1189] Emitting module Logging
[273/1189] Compiling Logging MetadataProvider.swift
[278/1191] Compiling DequeModule Deque._UnsafeHandle.swift
[279/1191] Compiling DequeModule Deque.swift
[291/1199] Wrapping AST for Logging for debugging
[292/1199] Wrapping AST for SwiftASN1 for debugging
[293/1199] Wrapping AST for Instrumentation for debugging
[295/1199] Compiling Tracing TracingTime.swift
[296/1199] Compiling Tracing InstrumentationSystem+Tracing.swift
[297/1200] Compiling SystemPackage SystemString.swift
[298/1200] Compiling SystemPackage Util+StringArray.swift
[299/1200] Compiling SystemPackage Util.swift
[300/1200] Compiling SystemPackage UtilConsumers.swift
[301/1200] Compiling SystemPackage WinSDK+Overlay.swift
[313/1200] Emitting module Tracing
[314/1200] Compiling Tracing WithTracer.swift
[316/1201] Compiling Tracing TracerProtocol+Legacy.swift
[317/1201] Compiling Tracing TracerProtocol.swift
[318/1201] Compiling Tracing Tracer.swift
[319/1201] Compiling Tracing NoOpTracer.swift
[320/1201] Compiling Tracing SpanProtocol.swift
[320/1202] Compiling tls_method.cc
[322/1202] Wrapping AST for SystemPackage for debugging
[323/1202] Compiling tls_record.cc
[324/1202] Wrapping AST for Tracing for debugging
[325/1202] Compiling tls13_server.cc
[326/1202] Compiling tls13_enc.cc
[328/1202] Compiling DequeModule UniqueDeque+Replacements.swift
[329/1202] Compiling DequeModule UniqueDeque.swift
[330/1202] Compiling DequeModule _DequeSlot.swift
[331/1202] Compiling DequeModule _UnsafeDequeHandle.swift
[332/1202] Compiling DequeModule _UnsafeDequeSegments.swift
[332/1202] Compiling tls13_client.cc
[334/1202] Emitting module DequeModule
[335/1203] Compiling tls13_both.cc
[336/1203] Compiling t1_enc.cc
[337/1203] Wrapping AST for DequeModule for debugging
[338/1246] Compiling ssl_versions.cc
[339/1246] Compiling ssl_transcript.cc
[340/1246] Compiling ssl_x509.cc
[341/1246] Compiling ssl_privkey.cc
[342/1246] Compiling ssl_session.cc
[344/1246] Emitting module ExtrasBase64
[344/1246] Compiling ssl_stat.cc
[345/1246] Compiling ssl_key_share.cc
[346/1246] Compiling ssl_file.cc
[348/1246] Compiling ExtrasBase64 Base64.swift
[349/1247] Compiling ssl_cipher.cc
[350/1247] Compiling ssl_lib.cc
[351/1278] Compiling ssl_credential.cc
[352/1278] Wrapping AST for ExtrasBase64 for debugging
[353/1278] Compiling ssl_cert.cc
[354/1278] Compiling ssl_buffer.cc
[356/1278] Compiling GoogleWKT WKTStringValue.swift
[357/1278] Compiling GoogleWKT WKTTimestamp.swift
[358/1278] Compiling GoogleWKT WKTUInt32Value.swift
[359/1278] Compiling GoogleWKT WKTUInt64Value.swift
[360/1278] Compiling GoogleWKT WKTField.swift
[361/1278] Compiling GoogleWKT WKTMethod.swift
[362/1278] Compiling GoogleWKT UnknownFields.swift
[363/1278] Compiling GoogleWKT WKTAny.swift
[364/1278] Compiling GoogleWKT WKTAnyError.swift
[365/1278] Compiling GoogleWKT WKTBoolValue.swift
[366/1278] Compiling GoogleWKT WKTBytesValue.swift
[367/1278] Compiling GoogleWKT AnyPackable.swift
[367/1283] Compiling ssl_asn1.cc
[368/1283] Compiling ssl_aead_ctx.cc
[370/1283] Compiling GoogleWKT WKTMixin.swift
[371/1283] Compiling GoogleWKT WKTOption.swift
[372/1283] Compiling GoogleWKT WKTValue.swift
[373/1283] Compiling GoogleWKT WKTApi.swift
[374/1283] Compiling GoogleWKT WKTEnum.swift
[375/1283] Compiling GoogleWKT WKTEnumValue.swift
[376/1283] Compiling Configuration MutableInMemoryProvider.swift
[377/1283] Compiling Configuration ConfigProvider+Operators.swift
[378/1283] Compiling Configuration KeyMappingProvider.swift
[379/1283] Compiling Configuration SecretsSpecifier.swift
[380/1283] Compiling Configuration AsyncCombineLatestManySequence.swift
[381/1283] Compiling Configuration CombineLatestManyStateMachine.swift
[382/1283] Compiling Configuration JSONSnapshot.swift
[383/1283] Compiling Configuration PropertyListSnapshot.swift
[384/1283] Compiling Configuration ReloadingFileProvider.swift
[385/1283] Compiling Configuration ReloadingFileProviderMetrics.swift
[386/1283] Compiling Configuration YAMLSnapshot.swift
[387/1283] Compiling Configuration InMemoryProvider.swift
[387/1283] Compiling s3_lib.cc
[388/1283] Compiling s3_pkt.cc
[390/1283] Compiling Configuration CombineLatestManyStorage.swift
[391/1283] Compiling Configuration AsyncSequences.swift
[392/1283] Compiling Configuration FoundationExtensions.swift
[393/1283] Compiling Configuration Span.swift
[394/1283] Compiling Configuration ConfigBytesFromStringDecoder.swift
[399/1287] Compiling s3_both.cc
[401/1287] Compiling GoogleWKT WKTFloatValue.swift
[402/1287] Compiling GoogleWKT WKTInt32Value.swift
[403/1287] Compiling GoogleWKT WKTInt64Value.swift
[404/1287] Compiling GoogleWKT WKTRecursive.swift
[405/1287] Compiling GoogleWKT WKTDoubleValue.swift
[406/1287] Compiling GoogleWKT WKTDuration.swift
[407/1287] Compiling GoogleWKT WKTEmpty.swift
[408/1287] Compiling GoogleWKT WKTFieldMask.swift
[413/1287] Emitting module Configuration
[420/1287] Compiling GoogleWKT DecodeToDefault.swift
[421/1287] Compiling GoogleWKT DiscoveryBase64.swift
[422/1287] Compiling GoogleWKT ProtoJSONDecoder.swift
[423/1287] Compiling GoogleWKT ProtoJSONEncoder.swift
[434/1288] Compiling handshake_server.cc
[436/1288] Compiling GoogleWKT WKTSourceContext.swift
[437/1288] Compiling GoogleWKT WKTSyntax.swift
[438/1288] Compiling GoogleWKT WKTType.swift
[439/1288] Compiling GoogleWKT PackageVersion.swift
[439/1288] Wrapping AST for Configuration for debugging
[440/1288] Compiling handshake.cc
[441/1288] Compiling handshake_client.cc
[443/1288] Emitting module GoogleWKT
[449/1289] Compiling handoff.cc
[450/1307] Compiling extensions.cc
[451/1322] Compiling encrypted_client_hello.cc
[452/1322] Wrapping AST for GoogleWKT for debugging
[454/1322] Emitting module GoogleType
[455/1324] Compiling GoogleRpc QuotaFailure.swift
[456/1324] Compiling GoogleRpc RequestInfo.swift
[457/1324] Compiling GoogleRpc HttpHeader.swift
[458/1324] Compiling GoogleRpc PreconditionFailure.swift
[459/1324] Compiling GoogleType PostalAddress.swift
[460/1324] Compiling GoogleType Quaternion.swift
[461/1324] Compiling GoogleRpc ResourceInfo.swift
[462/1324] Compiling GoogleType PhoneNumber.swift
[462/1324] Compiling dtls_method.cc
[466/1324] Compiling GoogleRpc BadRequest.swift
[467/1324] Compiling GoogleRpc Code.swift
[468/1324] Compiling GoogleRpc DebugInfo.swift
[468/1326] Compiling dtls_record.cc
[470/1326] Compiling GoogleRpc LocalizedMessage.swift
[471/1326] Compiling GoogleRpc PackageVersion.swift
[471/1326] Compiling md5-x86_64-linux.S
[475/1326] Compiling GoogleRpc Help.swift
[475/1326] Compiling md5-x86_64-apple.S
[476/1326] Compiling md5-586-linux.S
[478/1326] Compiling GoogleRpc ErrorInfo.swift
[479/1326] Compiling GoogleRpc HttpRequest.swift
[480/1326] Compiling GoogleRpc HttpResponse.swift
[482/1326] Compiling d1_srtp.cc
[483/1326] Compiling md5-586-apple.S
[485/1326] Emitting module GoogleRpc
[487/1326] Compiling d1_pkt.cc
[490/1326] Compiling chacha20_poly1305_x86_64-apple.S
[491/1326] Compiling chacha20_poly1305_x86_64-linux.S
[492/1326] Compiling chacha20_poly1305_armv8-win.S
[493/1326] Compiling chacha20_poly1305_armv8-apple.S
[494/1326] Compiling chacha20_poly1305_armv8-linux.S
[496/1326] Compiling GoogleType TimeOfDay.swift
[497/1326] Compiling GoogleType TimeZone.swift
[498/1327] Compiling chacha-x86_64-linux.S
[500/1327] Compiling GoogleRpc RetryInfo.swift
[501/1327] Compiling GoogleRpc Status.swift
[501/1327] Compiling chacha-x86_64-apple.S
[506/1328] Compiling chacha-x86-apple.S
[507/1328] Compiling chacha-x86-linux.S
[509/1328] Compiling d1_lib.cc
[510/1328] Compiling chacha-armv8-win.S
[511/1328] Wrapping AST for GoogleType for debugging
[512/1328] Compiling chacha-armv8-apple.S
[513/1328] Compiling chacha-armv4-linux.S
[514/1328] Compiling aes128gcmsiv-x86_64-linux.S
[514/1328] Compiling chacha-armv8-linux.S
[516/1328] Wrapping AST for GoogleRpc for debugging
[517/1328] Compiling aes128gcmsiv-x86_64-apple.S
[518/1328] Compiling x86_64-mont5-linux.S
[519/1328] Compiling x86_64-mont5-apple.S
[520/1328] Compiling x86_64-mont-linux.S
[521/1328] Compiling x86_64-mont-apple.S
[522/1328] Compiling x86-mont-linux.S
[523/1328] Compiling err_data.cc
[524/1328] Compiling x86-mont-apple.S
[525/1328] Compiling vpaes-x86_64-linux.S
[526/1328] Compiling vpaes-x86_64-apple.S
[527/1328] Compiling vpaes-x86-linux.S
[528/1328] Compiling vpaes-armv8-win.S
[529/1328] Compiling vpaes-x86-apple.S
[530/1328] Compiling vpaes-armv8-apple.S
[531/1328] Compiling vpaes-armv8-linux.S
[532/1328] Compiling vpaes-armv7-linux.S
[533/1328] Compiling sha512-x86_64-linux.S
[534/1328] Compiling sha512-x86_64-apple.S
[535/1328] Compiling sha512-armv8-win.S
[536/1328] Compiling sha512-armv8-apple.S
[537/1328] Compiling sha512-armv4-linux.S
[538/1328] Compiling sha512-armv8-linux.S
[539/1328] Compiling sha512-586-linux.S
[540/1328] Compiling sha512-586-apple.S
[541/1328] Compiling sha256-x86_64-linux.S
[542/1328] Compiling sha256-x86_64-apple.S
[542/1328] Compiling sha256-armv8-win.S
[544/1328] Compiling sha256-armv8-apple.S
[545/1328] Compiling sha256-armv8-linux.S
[546/1328] Compiling sha256-armv4-linux.S
[547/1328] Compiling sha256-586-linux.S
[548/1328] Compiling sha1-x86_64-linux.S
[549/1328] Compiling sha256-586-apple.S
[550/1328] Compiling sha1-x86_64-apple.S
[551/1328] Compiling sha1-armv8-win.S
[552/1328] Compiling bio_ssl.cc
[553/1328] Compiling sha1-armv8-apple.S
[554/1328] Compiling sha1-armv4-large-linux.S
[555/1328] Compiling sha1-586-linux.S
[556/1328] Compiling sha1-armv8-linux.S
[557/1328] Compiling sha1-586-apple.S
[558/1328] Compiling rsaz-avx2-linux.S
[559/1328] Compiling rsaz-avx2-apple.S
[560/1328] Compiling rdrand-x86_64-linux.S
[561/1328] Compiling p256_beeu-x86_64-asm-linux.S
[562/1328] Compiling rdrand-x86_64-apple.S
[563/1328] Compiling p256_beeu-x86_64-asm-apple.S
[564/1328] Compiling p256_beeu-armv8-asm-win.S
[565/1328] Compiling p256_beeu-armv8-asm-apple.S
[566/1328] Compiling p256_beeu-armv8-asm-linux.S
[567/1328] Compiling p256-x86_64-asm-apple.S
[568/1328] Compiling p256-x86_64-asm-linux.S
[568/1328] Compiling p256-armv8-asm-win.S
[570/1328] Compiling p256-armv8-asm-apple.S
[571/1328] Compiling p256-armv8-asm-linux.S
[571/1328] Compiling ghashv8-armv8-win.S
[573/1328] Compiling ghashv8-armv8-linux.S
[574/1328] Compiling ghashv8-armv7-linux.S
[575/1328] Compiling ghashv8-armv8-apple.S
[576/1328] Compiling ghash-x86_64-linux.S
[577/1328] Compiling ghash-x86-linux.S
[578/1328] Compiling ghash-x86_64-apple.S
[579/1328] Compiling ghash-ssse3-x86_64-linux.S
[579/1328] Compiling ghash-ssse3-x86-linux.S
[579/1328] Compiling ghash-ssse3-x86_64-apple.S
[582/1328] Compiling ghash-x86-apple.S
[583/1328] Compiling ghash-ssse3-x86-apple.S
[584/1328] Compiling ghash-neon-armv8-win.S
[585/1328] Compiling ghash-neon-armv8-linux.S
[586/1328] Compiling ghash-armv4-linux.S
[587/1328] Compiling ghash-neon-armv8-apple.S
[588/1328] Compiling co-586-linux.S
[589/1328] Compiling co-586-apple.S
[590/1328] Compiling bsaes-armv7-linux.S
[591/1328] Compiling bn-armv8-win.S
[592/1328] Compiling bn-armv8-apple.S
[593/1328] Compiling bn-armv8-linux.S
[594/1328] Compiling bn-586-linux.S
[595/1328] Compiling bn-586-apple.S
[596/1328] Compiling armv8-mont-win.S
[597/1328] Compiling armv8-mont-apple.S
[598/1328] Compiling armv8-mont-linux.S
[599/1328] Compiling armv4-mont-linux.S
[600/1328] Compiling aesv8-gcm-armv8-win.S
[601/1328] Compiling aesv8-gcm-armv8-apple.S
[602/1328] Compiling aesv8-armv8-win.S
[603/1328] Compiling aesv8-gcm-armv8-linux.S
[604/1328] Compiling aesv8-armv8-linux.S
[605/1328] Compiling aesv8-armv8-apple.S
[606/1328] Compiling aesv8-armv7-linux.S
[607/1328] Compiling aesni-x86_64-linux.S
[608/1328] Compiling aesni-x86-linux.S
[609/1328] Compiling d1_both.cc
[610/1328] Compiling aesni-x86_64-apple.S
[611/1328] Compiling aesni-x86-apple.S
[612/1328] Compiling aesni-gcm-x86_64-linux.S
[613/1328] Compiling aesni-gcm-x86_64-apple.S
[614/1328] Compiling aes-gcm-avx2-x86_64-linux.S
[615/1328] Compiling aes-gcm-avx2-x86_64-apple.S
[616/1328] Compiling aes-gcm-avx10-x86_64-linux.S
[617/1328] Compiling aes-gcm-avx10-x86_64-apple.S
[618/1328] Compiling x_sig.cc
[619/1328] Compiling x_val.cc
[620/1328] Compiling x_x509a.cc
[621/1328] Compiling x_spki.cc
[622/1328] Compiling x_req.cc
[623/1328] Compiling x_x509.cc
[624/1328] Compiling x_pubkey.cc
[625/1328] Compiling x_name.cc
[626/1328] Compiling x_attrib.cc
[626/1328] Compiling x_exten.cc
[628/1328] Compiling x509spki.cc
[629/1328] Compiling x_algor.cc
[630/1328] Compiling x_crl.cc
[631/1328] Compiling x509rset.cc
[632/1328] Compiling x509name.cc
[633/1328] Compiling x_all.cc
[634/1328] Compiling x509_txt.cc
[635/1328] Compiling x509cset.cc
[636/1328] Compiling x509_v3.cc
[637/1328] Compiling x509_vpm.cc
[638/1328] Compiling x509_set.cc
[639/1328] Compiling x509_trs.cc
[640/1328] Compiling x509_req.cc
[640/1328] Compiling x509_vfy.cc
[642/1328] Compiling x509_def.cc
[643/1328] Compiling x509_obj.cc
[644/1328] Compiling x509_ext.cc
[645/1328] Compiling x509_d2.cc
[646/1328] Compiling x509_lu.cc
[647/1328] Compiling x509.cc
[648/1328] Compiling x509_cmp.cc
[649/1328] Compiling x509_att.cc
[650/1328] Compiling v3_skey.cc
[651/1328] Compiling v3_purp.cc
[652/1328] Compiling v3_prn.cc
[653/1328] Compiling v3_pmaps.cc
[654/1328] Compiling v3_ocsp.cc
[655/1328] Compiling v3_utl.cc
[656/1328] Compiling v3_pcons.cc
[657/1328] Compiling v3_ncons.cc
[658/1328] Compiling v3_int.cc
[659/1328] Compiling v3_lib.cc
[660/1328] Compiling v3_info.cc
[661/1328] Compiling v3_ia5.cc
[662/1328] Compiling v3_extku.cc
[663/1328] Compiling v3_genn.cc
[663/1328] Compiling v3_enum.cc
[665/1328] Compiling v3_crld.cc
[666/1328] Compiling v3_cpols.cc
[667/1328] Compiling v3_bitst.cc
[668/1328] Compiling v3_conf.cc
[669/1328] Compiling v3_bcons.cc
[670/1328] Compiling v3_akeya.cc
[671/1328] Compiling v3_alt.cc
[672/1328] Compiling v3_akey.cc
[673/1328] Compiling t_x509a.cc
[674/1328] Compiling i2d_pr.cc
[675/1328] Compiling t_x509.cc
[676/1328] Compiling t_req.cc
[677/1328] Compiling t_crl.cc
[678/1328] Compiling name_print.cc
[679/1328] Compiling rsa_pss.cc
[680/1328] Compiling policy.cc
[681/1328] Compiling by_file.cc
[682/1328] Compiling by_dir.cc
[683/1328] Compiling algorithm.cc
[684/1328] Compiling a_verify.cc
[685/1328] Compiling asn1_gen.cc
[686/1328] Compiling trust_token.cc
[687/1328] Compiling a_digest.cc
[687/1328] Compiling voprf.cc
[689/1328] Compiling a_sign.cc
[690/1328] Compiling thread.cc
[691/1328] Compiling thread_win.cc
[691/1328] Compiling thread_pthread.cc
[693/1328] Compiling siphash.cc
[694/1328] Compiling stack.cc
[695/1328] Compiling pmbtoken.cc
[696/1328] Compiling slhdsa.cc
[697/1328] Compiling spake2plus.cc
[698/1328] Compiling sha512.cc
[699/1328] Compiling sha256.cc
[700/1328] Compiling sha1.cc
[701/1328] Compiling rsa_extra.cc
[702/1328] Compiling rsa_print.cc
[703/1328] Compiling rsa_crypt.cc
[704/1328] Compiling refcount.cc
[705/1328] Compiling windows.cc
[706/1328] Compiling rsa_asn1.cc
[707/1328] Compiling rc4.cc
[708/1328] Compiling urandom.cc
[709/1328] Compiling trusty.cc
[710/1328] Compiling rand.cc
[711/1328] Compiling passive.cc
[712/1328] Compiling ios.cc
[713/1328] Compiling poly1305_arm_asm.S
[714/1328] Compiling getentropy.cc
[715/1328] Compiling deterministic.cc
[716/1328] Compiling fork_detect.cc
[717/1328] Compiling forkunsafe.cc
[718/1328] Compiling poly1305_vec.cc
[719/1328] Compiling pool.cc
[720/1328] Compiling poly1305_arm.cc
[721/1328] Compiling poly1305.cc
[722/1328] Compiling pkcs7.cc
[723/1328] Compiling pkcs8.cc
[724/1328] Compiling p5_pbev2.cc
[725/1328] Compiling pkcs8_x509.cc
[726/1328] Compiling pkcs7_x509.cc
[727/1328] Compiling pem_xaux.cc
[728/1328] Compiling pem_x509.cc
[729/1328] Compiling pem_pkey.cc
[730/1328] Compiling mlkem.cc
[731/1328] Compiling pem_pk8.cc
[732/1328] Compiling pem_oth.cc
[733/1328] Compiling pem_info.cc
[734/1328] Compiling obj_xref.cc
[735/1328] Compiling pem_lib.cc
[736/1328] Compiling pem_all.cc
[737/1328] Compiling obj.cc
[738/1328] Compiling poly_rq_mul.S
[739/1328] Compiling mldsa.cc
[740/1328] Compiling fips_shared_support.cc
[741/1328] Compiling mem.cc
[742/1328] Compiling md5.cc
[743/1328] Compiling lhash.cc
[744/1328] Compiling md4.cc
[745/1328] Compiling kyber.cc
[746/1328] Compiling sign.cc
[746/1328] Compiling ex_data.cc
[746/1328] Compiling hrss.cc
[749/1328] Compiling scrypt.cc
[750/1328] Compiling hpke.cc
[751/1328] Compiling print.cc
[752/1328] Compiling pbkdf.cc
[753/1328] Compiling p_x25519.cc
[754/1328] Compiling p_x25519_asn1.cc
[755/1328] Compiling p_rsa_asn1.cc
[756/1328] Compiling p_rsa.cc
[757/1328] Compiling p_hkdf.cc
[758/1328] Compiling p_ed25519.cc
[759/1328] Compiling p_ed25519_asn1.cc
[760/1328] Compiling p_ec_asn1.cc
[761/1328] Compiling p_ec.cc
[762/1328] Compiling p_dh.cc
[763/1328] Compiling p_dh_asn1.cc
[764/1328] Compiling evp_ctx.cc
[765/1328] Compiling p_dsa_asn1.cc
[766/1328] Compiling evp_asn1.cc
[767/1328] Compiling evp.cc
[767/1328] Compiling err.cc
[769/1328] Compiling engine.cc
[770/1328] Compiling ecdh.cc
[771/1328] Compiling hash_to_curve.cc
[772/1328] Compiling ecdsa_asn1.cc
[773/1328] Compiling ec_derive.cc
[774/1328] Compiling dsa.cc
[775/1328] Compiling dsa_asn1.cc
[776/1328] Compiling ec_asn1.cc
[777/1328] Compiling params.cc
[778/1328] Compiling x25519-asm-arm.S
[779/1328] Compiling bcm.cc
[780/1328] Compiling digest_extra.cc
[781/1328] Compiling des.cc
[782/1328] Compiling dh_asn1.cc
[783/1328] Compiling curve25519_64_adx.cc
[784/1328] Compiling cpu_intel.cc
[785/1328] Compiling crypto.cc
[786/1328] Compiling spake25519.cc
[787/1328] Compiling cpu_arm_linux.cc
[788/1328] Compiling cpu_arm_freebsd.cc
[789/1328] Compiling curve25519.cc
[790/1328] Compiling cpu_aarch64_win.cc
[791/1328] Compiling cpu_aarch64_sysreg.cc
[792/1328] Compiling cpu_aarch64_openbsd.cc
[793/1328] Compiling cpu_aarch64_linux.cc
[794/1328] Compiling cpu_aarch64_fuchsia.cc
[795/1328] Compiling cpu_aarch64_apple.cc
[796/1328] Compiling conf.cc
[797/1328] Compiling get_cipher.cc
[798/1328] Compiling tls_cbc.cc
[799/1328] Compiling e_tls.cc
[800/1328] Compiling e_rc4.cc
[801/1328] Compiling e_rc2.cc
[802/1328] Compiling e_null.cc
[803/1328] Compiling e_des.cc
[804/1328] Compiling derive_key.cc
[805/1328] Compiling e_aesctrhmac.cc
[806/1328] Compiling e_aesgcmsiv.cc
[807/1328] Compiling chacha.cc
[808/1328] Compiling unicode.cc
[809/1328] Compiling buf.cc
[810/1328] Compiling ber.cc
[811/1328] Compiling cbb.cc
[812/1328] Compiling cbs.cc
[813/1328] Compiling asn1_compat.cc
[814/1328] Compiling convert.cc
[815/1328] Compiling bn_asn1.cc
[816/1328] Compiling blake2.cc
[817/1328] Compiling socket_helper.cc
[818/1328] Compiling printf.cc
[819/1328] Compiling socket.cc
[820/1328] Compiling pair.cc
[821/1328] Compiling hexdump.cc
[822/1328] Compiling file.cc
[823/1328] Compiling errno.cc
[824/1328] Compiling fd.cc
[825/1328] Compiling connect.cc
[826/1328] Compiling bio_mem.cc
[827/1328] Compiling base64.cc
[828/1328] Compiling bio.cc
[829/1328] Compiling tasn_typ.cc
[830/1328] Compiling tasn_utl.cc
[831/1328] Compiling tasn_fre.cc
[832/1328] Compiling tasn_enc.cc
[833/1328] Compiling posix_time.cc
[834/1328] Compiling f_string.cc
[835/1328] Compiling tasn_new.cc
[836/1328] Compiling f_int.cc
[837/1328] Compiling tasn_dec.cc
[838/1328] Compiling asn_pack.cc
[839/1328] Compiling asn1_par.cc
[840/1328] Compiling asn1_lib.cc
[841/1328] Compiling a_utctm.cc
[842/1328] Compiling a_type.cc
[843/1328] Compiling a_octet.cc
[844/1328] Compiling a_time.cc
[845/1328] Compiling a_strnid.cc
[846/1328] Compiling CGoogleGaxCRC32C CGoogleGaxCRC32C.c
[847/1328] Compiling a_strex.cc
[848/1328] Compiling fiat_p256_adx_sqr.S
[849/1328] Compiling fiat_p256_adx_mul.S
[850/1328] Compiling a_object.cc
[851/1328] Compiling fiat_curve25519_adx_square.S
[852/1328] Compiling fiat_curve25519_adx_mul.S
[853/1328] Compiling md5-x86_64-linux.S
[854/1328] Compiling md5-x86_64-apple.S
[855/1328] Compiling md5-586-linux.S
[856/1328] Compiling CCryptoBoringSSLShims shims.c
[857/1328] Compiling a_i2d_fp.cc
[858/1328] Compiling md5-586-apple.S
[859/1328] Compiling chacha20_poly1305_x86_64-linux.S
[860/1328] Compiling chacha20_poly1305_x86_64-apple.S
[861/1328] Compiling chacha20_poly1305_armv8-win.S
[862/1328] Compiling chacha20_poly1305_armv8-apple.S
[863/1328] Compiling chacha-x86_64-linux.S
[864/1328] Compiling chacha20_poly1305_armv8-linux.S
[865/1328] Compiling chacha-x86_64-apple.S
[866/1328] Compiling chacha-x86-linux.S
[867/1328] Compiling chacha-x86-apple.S
[868/1328] Compiling chacha-armv8-win.S
[869/1328] Compiling chacha-armv8-apple.S
[870/1328] Compiling chacha-armv8-linux.S
[871/1328] Compiling chacha-armv4-linux.S
[872/1328] Compiling a_gentm.cc
[873/1328] Compiling a_int.cc
[874/1328] Compiling aes128gcmsiv-x86_64-linux.S
[875/1328] Compiling a_mbstr.cc
[876/1328] Compiling aes128gcmsiv-x86_64-apple.S
[877/1328] Compiling x86_64-mont5-linux.S
[878/1328] Compiling x86_64-mont5-apple.S
[879/1328] Compiling x86_64-mont-linux.S
[880/1328] Compiling x86-mont-linux.S
[881/1328] Compiling x86_64-mont-apple.S
[882/1328] Compiling x86-mont-apple.S
[883/1328] Compiling vpaes-x86_64-apple.S
[884/1328] Compiling vpaes-x86_64-linux.S
[885/1328] Compiling vpaes-x86-linux.S
[886/1328] Compiling vpaes-x86-apple.S
[887/1328] Compiling vpaes-armv8-win.S
[888/1328] Compiling vpaes-armv8-apple.S
[889/1328] Compiling vpaes-armv8-linux.S
[890/1328] Compiling vpaes-armv7-linux.S
[891/1328] Compiling sha512-x86_64-linux.S
[892/1328] Compiling err_data.cc
[893/1328] Compiling sha512-x86_64-apple.S
[894/1328] Compiling sha512-armv8-win.S
[895/1328] Compiling sha512-armv8-apple.S
[896/1328] Compiling sha512-armv4-linux.S
[897/1328] Compiling sha512-armv8-linux.S
[898/1328] Compiling sha512-586-apple.S
[898/1328] Compiling sha512-586-linux.S
[900/1328] Compiling sha256-x86_64-linux.S
[901/1328] Compiling sha256-x86_64-apple.S
[902/1328] Compiling sha256-armv8-win.S
[903/1328] Compiling sha256-armv8-apple.S
[904/1328] Compiling sha256-586-linux.S
[905/1328] Compiling sha256-armv4-linux.S
[906/1328] Compiling sha256-586-apple.S
[907/1328] Compiling sha256-armv8-linux.S
[908/1328] Compiling sha1-x86_64-linux.S
[909/1328] Compiling sha1-x86_64-apple.S
[910/1328] Compiling sha1-armv8-win.S
[911/1328] Compiling sha1-armv4-large-linux.S
[912/1328] Compiling sha1-armv8-apple.S
[913/1328] Compiling sha1-586-apple.S
[914/1328] Compiling sha1-586-linux.S
[915/1328] Compiling sha1-armv8-linux.S
[916/1328] Compiling rsaz-avx2-linux.S
[917/1328] Compiling rsaz-avx2-apple.S
[918/1328] Compiling rdrand-x86_64-linux.S
[919/1328] Compiling p256_beeu-x86_64-asm-linux.S
[919/1328] Compiling p256_beeu-armv8-asm-win.S
[921/1328] Compiling rdrand-x86_64-apple.S
[922/1328] Compiling p256_beeu-x86_64-asm-apple.S
[923/1328] Compiling p256_beeu-armv8-asm-linux.S
[924/1328] Compiling p256_beeu-armv8-asm-apple.S
[925/1328] Compiling p256-x86_64-asm-linux.S
[926/1328] Compiling p256-armv8-asm-win.S
[927/1328] Compiling p256-x86_64-asm-apple.S
[928/1328] Compiling p256-armv8-asm-apple.S
[929/1328] Compiling ghashv8-armv8-win.S
[930/1328] Compiling p256-armv8-asm-linux.S
[931/1328] Compiling ghashv8-armv8-linux.S
[932/1328] Compiling ghashv8-armv8-apple.S
[933/1328] Compiling ghashv8-armv7-linux.S
[934/1328] Compiling ghash-x86-linux.S
[935/1328] Compiling ghash-x86-apple.S
[936/1328] Compiling ghash-x86_64-apple.S
[937/1328] Compiling ghash-x86_64-linux.S
[938/1328] Compiling ghash-ssse3-x86_64-linux.S
[938/1328] Compiling ghash-ssse3-x86_64-apple.S
[940/1328] Compiling ghash-ssse3-x86-linux.S
[941/1328] Compiling ghash-ssse3-x86-apple.S
[942/1328] Compiling ghash-neon-armv8-linux.S
[943/1328] Compiling ghash-armv4-linux.S
[944/1328] Compiling ghash-neon-armv8-apple.S
[945/1328] Compiling co-586-linux.S
[946/1328] Compiling ghash-neon-armv8-win.S
[947/1328] Compiling bn-armv8-linux.S
[948/1328] Compiling co-586-apple.S
[949/1328] Compiling bsaes-armv7-linux.S
[950/1328] Compiling bn-586-linux.S
[951/1328] Compiling bn-armv8-win.S
[951/1328] Compiling bn-armv8-apple.S
[953/1328] Compiling bn-586-apple.S
[954/1328] Compiling armv8-mont-win.S
[955/1328] Compiling armv4-mont-linux.S
[955/1328] Compiling armv8-mont-apple.S
[957/1328] Compiling armv8-mont-linux.S
[957/1328] Compiling aesv8-gcm-armv8-win.S
[959/1328] Compiling aesv8-gcm-armv8-linux.S
[960/1328] Compiling aesv8-gcm-armv8-apple.S
[961/1328] Compiling aesv8-armv8-win.S
[962/1328] Compiling aesv8-armv8-linux.S
[963/1328] Compiling aesv8-armv8-apple.S
[964/1328] Compiling aesv8-armv7-linux.S
[965/1328] Compiling aesni-x86_64-linux.S
[966/1328] Compiling aesni-x86_64-apple.S
[967/1328] Compiling aesni-x86-apple.S
[968/1328] Compiling aesni-x86-linux.S
[969/1328] Compiling aesni-gcm-x86_64-linux.S
[970/1328] Compiling aes-gcm-avx512-x86_64-linux.S
[971/1328] Compiling aesni-gcm-x86_64-apple.S
[972/1328] Compiling aes-gcm-avx512-x86_64-apple.S
[973/1328] Compiling aes-gcm-avx2-x86_64-linux.S
[974/1328] Compiling aes-gcm-avx2-x86_64-apple.S
[975/1328] Compiling xwing.cc
[976/1328] Compiling x_sig.cc
[977/1328] Compiling x_req.cc
[978/1328] Compiling x_x509a.cc
[979/1328] Compiling x_pubkey.cc
[980/1328] Compiling x_x509.cc
[981/1328] Compiling x_spki.cc
[982/1328] Compiling x_name.cc
[983/1328] Compiling x_exten.cc
[984/1328] Compiling x_attrib.cc
[985/1328] Compiling x_crl.cc
[986/1328] Compiling x_all.cc
[987/1328] Compiling x_algor.cc
[988/1328] Compiling c-atomics.c
[989/1328] Compiling x509spki.cc
[991/1335] Compiling NIOConcurrencyHelpers NIOLock.swift
[992/1335] Compiling NIOConcurrencyHelpers NIOThreadPoolWorkAvailable.swift
[993/1335] Compiling NIOConcurrencyHelpers NIOLockedValueBox.swift
[993/1335] Compiling x509rset.cc
[995/1335] Compiling NIOConcurrencyHelpers lock.swift
[996/1335] Compiling NIOConcurrencyHelpers atomics.swift
[996/1335] Compiling x509_vpm.cc
[997/1335] Compiling x509name.cc
[999/1335] Emitting module NIOConcurrencyHelpers
[1000/1335] Compiling NIOConcurrencyHelpers NIOAtomic.swift
[1001/1336] Compiling x509cset.cc
[1002/1336] Compiling x509_vfy.cc
[1003/1336] Compiling x509_txt.cc
[1004/1336] Wrapping AST for NIOConcurrencyHelpers for debugging
[1005/1336] Compiling x509_v3.cc
[1006/1336] Compiling x509_trs.cc
[1007/1336] Compiling x509_set.cc
[1008/1336] Compiling x509_req.cc
[1009/1336] Compiling x509_obj.cc
[1010/1336] Compiling x509_def.cc
[1011/1336] Compiling x509_ext.cc
[1012/1336] Compiling x509_lu.cc
[1013/1336] Compiling x509_d2.cc
[1014/1336] Compiling x509_cmp.cc
[1015/1336] Compiling x509.cc
[1016/1336] Compiling x509_att.cc
[1017/1336] Compiling v3_prn.cc
[1018/1336] Compiling v3_skey.cc
[1019/1336] Compiling v3_utl.cc
[1020/1336] Compiling v3_purp.cc
[1021/1336] Compiling v3_pmaps.cc
[1022/1336] Compiling v3_pcons.cc
[1023/1336] Compiling v3_ocsp.cc
[1024/1336] Compiling v3_ncons.cc
[1025/1336] Compiling v3_int.cc
[1026/1336] Compiling v3_lib.cc
[1027/1336] Compiling v3_info.cc
[1028/1336] Compiling v3_ia5.cc
[1029/1336] Compiling v3_genn.cc
[1030/1336] Compiling v3_extku.cc
[1031/1336] Compiling v3_enum.cc
[1032/1336] Compiling v3_cpols.cc
[1033/1336] Compiling v3_conf.cc
[1034/1336] Compiling v3_crld.cc
[1035/1336] Compiling v3_bitst.cc
[1036/1336] Compiling v3_bcons.cc
[1037/1336] Compiling v3_alt.cc
[1038/1336] Compiling v3_akeya.cc
[1039/1336] Compiling v3_akey.cc
[1040/1336] Compiling t_x509a.cc
[1041/1336] Compiling t_crl.cc
[1042/1336] Compiling t_req.cc
[1043/1336] Compiling t_x509.cc
[1044/1336] Compiling rsa_pss.cc
[1045/1336] Compiling policy.cc
[1046/1336] Compiling i2d_pr.cc
[1047/1336] Compiling name_print.cc
[1048/1336] Compiling by_file.cc
[1049/1336] Compiling by_dir.cc
[1050/1336] Compiling algorithm.cc
[1051/1336] Compiling asn1_gen.cc
[1052/1336] Compiling a_verify.cc
[1053/1336] Compiling a_sign.cc
[1054/1336] Compiling a_digest.cc
[1055/1336] Compiling voprf.cc
[1056/1336] Compiling thread_win.cc
[1057/1336] Compiling thread_pthread.cc
[1058/1336] Compiling thread_none.cc
[1059/1336] Compiling trust_token.cc
[1060/1336] Compiling thread.cc
[1061/1336] Compiling pmbtoken.cc
[1062/1336] Compiling stack.cc
[1063/1336] Compiling siphash.cc
[1064/1336] Compiling sha512.cc
[1065/1336] Compiling sha1.cc
[1066/1336] Compiling sha256.cc
[1067/1336] Compiling spake2plus.cc
[1068/1336] Compiling slhdsa.cc
[1069/1336] Compiling rsa_print.cc
[1070/1336] Compiling rsa_extra.cc
[1071/1336] Compiling rc4.cc
[1072/1336] Compiling rsa_crypt.cc
[1073/1336] Compiling refcount.cc
[1074/1336] Compiling windows.cc
[1075/1336] Compiling trusty.cc
[1076/1336] Compiling urandom.cc
[1077/1336] Compiling rand.cc
[1078/1336] Compiling rsa_asn1.cc
[1079/1336] Compiling getentropy.cc
[1079/1336] Compiling ios.cc
[1081/1336] Compiling passive.cc
[1082/1336] Compiling poly1305_arm_asm.S
[1083/1336] Compiling deterministic.cc
[1084/1336] Compiling forkunsafe.cc
[1085/1336] Compiling fork_detect.cc
[1086/1336] Compiling poly1305_vec.cc
[1087/1336] Compiling pool.cc
[1088/1336] Compiling poly1305_arm.cc
[1089/1336] Compiling poly1305.cc
[1090/1336] Compiling pkcs8_x509.cc
[1091/1336] Compiling p5_pbev2.cc
[1092/1336] Compiling pkcs8.cc
[1093/1336] Compiling pkcs7_x509.cc
[1094/1336] Compiling pkcs7.cc
[1095/1336] Compiling pem_xaux.cc
[1096/1336] Compiling pem_x509.cc
[1097/1336] Compiling pem_pkey.cc
[1098/1336] Compiling mlkem.cc
[1099/1336] Compiling pem_pk8.cc
[1100/1336] Compiling pem_oth.cc
[1101/1336] Compiling pem_lib.cc
[1102/1336] Compiling pem_info.cc
[1103/1336] Compiling obj_xref.cc
[1104/1336] Compiling pem_all.cc
[1105/1336] Compiling obj.cc
[1106/1336] Compiling poly_rq_mul.S
[1107/1336] Compiling mldsa.cc
[1108/1336] Compiling mem.cc
[1109/1336] Compiling fips_shared_support.cc
[1110/1336] Compiling lhash.cc
[1111/1336] Compiling md5.cc
[1112/1336] Compiling md4.cc
[1113/1336] Compiling kyber.cc
[1114/1336] Compiling fuzzer_mode.cc
[1115/1336] Compiling hrss.cc
[1116/1336] Compiling ex_data.cc
[1117/1336] Compiling hpke.cc
[1118/1336] Compiling scrypt.cc
[1119/1336] Compiling print.cc
[1120/1336] Compiling sign.cc
[1121/1336] Compiling pbkdf.cc
[1122/1336] Compiling p_x25519_asn1.cc
[1123/1336] Compiling p_x25519.cc
[1124/1336] Compiling p_rsa_asn1.cc
[1125/1336] Compiling p_rsa.cc
[1126/1336] Compiling p_hkdf.cc
[1127/1336] Compiling p_ed25519_asn1.cc
[1128/1336] Compiling p_ed25519.cc
[1129/1336] Compiling p_ec.cc
[1130/1336] Compiling p_ec_asn1.cc
[1131/1336] Compiling p_dsa_asn1.cc
[1132/1336] Compiling p_dh_asn1.cc
[1133/1336] Compiling p_dh.cc
[1134/1336] Compiling evp_ctx.cc
[1135/1336] Compiling err.cc
[1136/1336] Compiling evp_asn1.cc
[1137/1336] Compiling ecdsa_p1363.cc
[1138/1336] Compiling engine.cc
[1139/1336] Compiling evp.cc
[1140/1336] Compiling ecdh.cc
[1141/1336] Compiling ec_derive.cc
[1142/1336] Compiling ecdsa_asn1.cc
[1143/1336] Compiling hash_to_curve.cc
[1144/1336] Compiling dsa.cc
[1145/1336] Compiling ec_asn1.cc
[1146/1336] Compiling dsa_asn1.cc
[1147/1336] Compiling digest_extra.cc
[1148/1336] Compiling curve25519_64_adx.cc
[1149/1336] Compiling x25519-asm-arm.S
[1150/1336] Compiling params.cc
[1151/1336] Compiling dh_asn1.cc
[1152/1336] Compiling des.cc
[1153/1336] Compiling spake25519.cc
[1154/1336] Compiling crypto.cc
[1155/1336] Compiling curve25519.cc
[1156/1336] Compiling cpu_intel.cc
[1157/1336] Compiling cpu_arm_linux.cc
[1158/1336] Compiling cpu_arm_freebsd.cc
[1159/1336] Compiling cpu_aarch64_win.cc
[1160/1336] Compiling cpu_aarch64_sysreg.cc
[1161/1336] Compiling cpu_aarch64_openbsd.cc
[1162/1336] Compiling cpu_aarch64_linux.cc
[1163/1336] Compiling cpu_aarch64_fuchsia.cc
[1164/1336] Compiling cpu_aarch64_apple.cc
[1165/1336] Compiling conf.cc
[1166/1336] Compiling get_cipher.cc
[1167/1336] Compiling tls_cbc.cc
[1168/1336] Compiling e_rc4.cc
[1169/1336] Compiling e_tls.cc
[1170/1336] Compiling cms.cc
[1171/1336] Compiling e_rc2.cc
[1172/1336] Compiling e_null.cc
[1173/1336] Compiling e_des.cc
[1174/1336] Compiling e_chacha20poly1305.cc
[1175/1336] Compiling e_aesgcmsiv.cc
[1176/1336] Compiling e_aeseax.cc
[1177/1336] Compiling e_aesctrhmac.cc
[1178/1336] Compiling derive_key.cc
[1179/1336] Compiling chacha.cc
[1180/1336] Compiling unicode.cc
[1181/1336] Compiling buf.cc
[1182/1336] Compiling sqrt.cc
[1183/1336] Compiling cbs.cc
[1184/1336] Compiling cbb.cc
[1185/1336] Compiling ber.cc
[1186/1336] Compiling asn1_compat.cc
[1187/1336] Compiling exponentiation.cc
[1188/1336] Compiling div.cc
[1189/1336] Compiling hexdump.cc
[1190/1336] Compiling blake2.cc
[1191/1336] Compiling printf.cc
[1192/1336] Compiling pair.cc
[1193/1336] Compiling convert.cc
[1194/1336] Compiling bn_asn1.cc
[1195/1336] Compiling file.cc
[1196/1336] Compiling errno.cc
[1197/1336] Compiling fd.cc
[1198/1336] Compiling bio_mem.cc
[1199/1336] Compiling base64.cc
[1200/1336] Compiling bio.cc
[1201/1336] Compiling tasn_utl.cc
[1202/1336] Compiling tasn_typ.cc
[1203/1336] Compiling tasn_fre.cc
[1204/1336] Compiling tasn_enc.cc
[1205/1336] Compiling posix_time.cc
[1206/1336] Compiling tasn_new.cc
[1207/1336] Compiling f_string.cc
[1207/1336] Compiling tasn_dec.cc
[1209/1336] Compiling f_int.cc
[1210/1336] Compiling asn_pack.cc
[1211/1336] Compiling asn1_par.cc
[1212/1336] Compiling asn1_lib.cc
[1213/1336] Compiling bcm.cc
[1214/1336] Compiling a_utctm.cc
[1215/1336] Compiling a_octet.cc
[1216/1336] Compiling a_time.cc
[1217/1336] Compiling a_type.cc
[1218/1336] Compiling a_strnid.cc
[1219/1336] Compiling a_strex.cc
[1220/1336] Compiling a_i2d_fp.cc
[1221/1336] Compiling a_d2i_fp.cc
[1221/1336] Compiling a_mbstr.cc
[1223/1336] Compiling a_dup.cc
[1224/1336] Write sources
[1225/1336] Compiling a_object.cc
[1226/1336] Write sources
[1228/1336] Compiling CAsyncHTTPClient CAsyncHTTPClient.c
[1229/1336] Compiling a_int.cc
[1230/1379] Compiling a_gentm.cc
[1231/1379] Compiling a_bool.cc
[1233/1379] Compiling Algorithms Indexed.swift
[1234/1379] Compiling Algorithms Intersperse.swift
[1235/1379] Compiling Algorithms Partition.swift
[1236/1379] Compiling Algorithms Permutations.swift
[1236/1381] Compiling aes.cc
[1238/1381] Compiling Algorithms FlattenCollection.swift
[1239/1381] Compiling Algorithms Grouped.swift
[1240/1381] Compiling Algorithms AdjacentPairs.swift
[1241/1381] Compiling Algorithms Chain.swift
[1242/1381] Compiling Algorithms Chunked.swift
[1243/1381] Compiling Atomics IntegerOperations.swift
[1244/1381] Compiling Atomics Unmanaged extensions.swift
[1245/1381] Compiling Algorithms RandomSample.swift
[1246/1381] Compiling Algorithms Reductions.swift
[1247/1381] Compiling Algorithms Rotate.swift
[1249/1384] Compiling Algorithms Stride.swift
[1250/1384] Compiling Algorithms Suffix.swift
[1250/1384] Compiling a_bitstr.cc
[1255/1392] Compiling Algorithms Joined.swift
[1256/1392] Compiling Algorithms Keyed.swift
[1257/1392] Compiling Algorithms MinMax.swift
[1258/1392] Compiling Algorithms Trim.swift
[1259/1392] Compiling Algorithms Unique.swift
[1260/1392] Compiling Algorithms Windows.swift
[1261/1392] Compiling Algorithms Compacted.swift
[1262/1392] Compiling Algorithms Cycle.swift
[1263/1392] Compiling Algorithms EitherSequence.swift
[1264/1392] Compiling Algorithms FirstNonNil.swift
[1269/1392] Emitting module CryptoBoringWrapper
[1273/1392] Compiling Algorithms Combinations.swift
[1274/1392] Compiling CryptoBoringWrapper RandomBytes.swift
[1275/1392] Compiling CryptoBoringWrapper FiniteFieldArithmeticContext.swift
[1276/1392] Emitting module Atomics
[1277/1392] Compiling CryptoBoringWrapper BoringSSLAEAD.swift
[1286/1393] Wrapping AST for Atomics for debugging
[1288/1393] Compiling CryptoBoringWrapper CryptoKitErrors_boring.swift
[1289/1393] Compiling CryptoBoringWrapper EllipticCurve.swift
[1290/1439] Emitting module Algorithms
[1291/1450] Compiling CryptoBoringWrapper ArbitraryPrecisionInteger.swift
[1293/1458] Compiling CryptoBoringWrapper EllipticCurvePoint.swift
[1294/1459] Wrapping AST for Algorithms for debugging
[1295/1459] Wrapping AST for CryptoBoringWrapper for debugging
[1297/1543] Compiling Crypto X25519Keys.swift
[1298/1543] Compiling Crypto SymmetricKeys.swift
[1299/1543] Compiling Crypto HMAC.swift
[1300/1543] Compiling Crypto HPKE-LabeledExtract.swift
[1301/1543] Compiling Crypto HPKE-Utils.swift
[1302/1543] Compiling Crypto DHKEM.swift
[1303/1543] Compiling Crypto HPKE-KEM-Curve25519.swift
[1304/1543] Compiling Crypto HPKE-NIST-EC-KEMs.swift
[1305/1543] Compiling Crypto HPKE-KEM.swift
[1306/1551] Compiling Crypto HashFunctions_SHA3.swift
[1307/1551] Compiling Crypto Digest_xkcp.swift
[1308/1551] Compiling Crypto HPKE-AEAD.swift
[1309/1551] Compiling Crypto HPKE-Ciphersuite.swift
[1310/1551] Compiling Crypto HPKE-KDF.swift
[1311/1551] Compiling Crypto HPKE-KexKeyDerivation.swift
[1312/1551] Compiling Crypto ASN1Null.swift
[1313/1551] Compiling Crypto ASN1OctetString.swift
[1314/1551] Compiling Crypto ASN1Strings.swift
[1315/1551] Compiling Crypto HKDF.swift
[1316/1551] Compiling Crypto AESWrap.swift
[1317/1551] Compiling Crypto AESWrap_boring.swift
[1318/1551] Compiling Crypto Ed25519_boring.swift
[1319/1551] Compiling Crypto NISTCurvesKeys_boring.swift
[1320/1551] Compiling Crypto X25519Keys_boring.swift
[1321/1551] Compiling Crypto Curve25519.swift
[1322/1551] Compiling Crypto Ed25519Keys.swift
[1323/1551] Compiling Crypto NISTCurvesKeys.swift
[1327/1562] Emitting module Crypto
[1328/1562] Compiling Crypto AES-GCM.swift
[1329/1562] Compiling Crypto AES-GCM_boring.swift
[1330/1562] Compiling Crypto ChaChaPoly_boring.swift
[1331/1562] Compiling Crypto ChaChaPoly.swift
[1332/1562] Compiling Crypto Cipher.swift
[1333/1562] Compiling Crypto Nonces.swift
[1334/1562] Compiling Crypto ASN1.swift
[1335/1562] Compiling Crypto ASN1Any.swift
[1336/1562] Compiling Crypto ASN1BitString.swift
[1337/1562] Compiling Crypto ASN1Boolean.swift
[1338/1562] Compiling Crypto ASN1Identifier.swift
[1339/1562] Compiling Crypto ASN1Integer.swift
[1340/1562] Compiling Crypto CryptoKitErrors.swift
[1341/1562] Compiling Crypto Digest_boring.swift
[1342/1562] Compiling Crypto Digest.swift
[1343/1562] Compiling Crypto Digests.swift
[1344/1562] Compiling Crypto HashFunctions.swift
[1345/1562] Compiling Crypto HashFunctions_SHA2.swift
[1355/1562] Compiling Crypto ArraySliceBigint.swift
[1356/1562] Compiling Crypto GeneralizedTime.swift
[1357/1562] Compiling Crypto ObjectIdentifier.swift
[1358/1562] Compiling Crypto ECDSASignature.swift
[1359/1562] Compiling Crypto PEMDocument.swift
[1360/1562] Compiling Crypto PKCS8PrivateKey.swift
[1361/1562] Compiling Crypto SEC1PrivateKey.swift
[1362/1562] Compiling Crypto SubjectPublicKeyInfo.swift
[1363/1562] Compiling Crypto CryptoError_boring.swift
[1373/1562] Compiling Crypto MACFunctions.swift
[1374/1562] Compiling Crypto MessageAuthenticationCode.swift
[1375/1562] Compiling Crypto AES.swift
[1376/1562] Compiling Crypto ECDSASignature_boring.swift
[1377/1562] Compiling Crypto ECDSA_boring.swift
[1378/1562] Compiling Crypto EdDSA_boring.swift
[1379/1562] Compiling Crypto MLDSA_boring.swift
[1380/1562] Compiling Crypto MLDSA_wrapper.swift
[1381/1562] Compiling Crypto ECDSA.swift
[1382/1562] Compiling Crypto Ed25519.swift
[1383/1562] Compiling Crypto MLDSA.swift
[1384/1562] Compiling NIOCore SingleStepByteToMessageDecoder.swift
[1385/1562] Compiling NIOCore SocketAddresses.swift
[1386/1562] Compiling NIOCore SocketOptionProvider.swift
[1387/1562] Compiling NIOCore SystemCallHelpers.swift
[1388/1562] Compiling NIOCore TimeAmount+Duration.swift
[1389/1562] Compiling NIOCore TypeAssistedChannelHandler.swift
[1390/1562] Compiling NIOCore UniversalBootstrapSupport.swift
[1391/1562] Compiling NIOCore Utilities.swift
[1392/1562] Compiling Crypto Insecure_HashFunctions.swift
[1393/1562] Compiling Crypto MLKEM_boring.swift
[1394/1562] Compiling Crypto MLKEM_wrapper.swift
[1403/1562] Compiling Crypto ANSIx963.swift
[1410/1562] Compiling Crypto HPKE-Errors.swift
[1411/1562] Compiling Crypto HPKE.swift
[1412/1562] Compiling Crypto HPKE-Context.swift
[1413/1562] Compiling Crypto HPKE-KeySchedule.swift
[1414/1562] Compiling Crypto HPKE-Modes.swift
[1415/1562] Compiling Crypto Insecure.swift
[1416/1562] Compiling Crypto Signature.swift
[1417/1562] Compiling Crypto CryptoKitErrors_boring.swift
[1418/1562] Compiling Crypto Optional+withUnsafeBytes_boring.swift
[1419/1562] Compiling Crypto RNG_boring.swift
[1420/1562] Compiling Crypto SafeCompare_boring.swift
[1421/1562] Compiling Crypto Zeroization_boring.swift
[1422/1562] Compiling Crypto _CryptoModuleAnchor.swift
[1423/1562] Compiling Crypto PrettyBytes.swift
[1424/1562] Compiling Crypto SafeCompare.swift
[1425/1562] Compiling Crypto SecureBytes.swift
[1426/1562] Compiling Crypto Zeroization.swift
[1427/1563] Wrapping AST for Crypto for debugging
[1429/1625] Compiling CryptoExtras PKCS8DERRepresentation.swift
[1430/1625] Compiling CryptoExtras PKCS8PrivateKey.swift
[1431/1625] Compiling CryptoExtras RFC8410AlgorithmIdentifier.swift
[1432/1625] Compiling CryptoExtras ECToolbox_boring.swift
[1433/1625] Compiling CryptoExtras ECToolbox.swift
[1434/1625] Compiling CryptoExtras HashToField.swift
[1435/1625] Compiling CryptoExtras KDF.swift
[1436/1625] Compiling CryptoExtras PBKDF2_boring.swift
[1437/1625] Compiling CryptoExtras PBKDF2_commoncrypto.swift
[1438/1633] Emitting module CryptoExtras
[1439/1633] Compiling CryptoExtras AES_CBC.swift
[1440/1633] Compiling CryptoExtras AES_CFB.swift
[1441/1633] Compiling CryptoExtras AES_CTR.swift
[1442/1633] Compiling CryptoExtras AES_GCM_SIV.swift
[1443/1633] Compiling CryptoExtras Block Function.swift
[1444/1633] Compiling CryptoExtras AES_CBC_boring.swift
[1445/1633] Compiling CryptoExtras AES_CFB_boring.swift
[1446/1633] Compiling CryptoExtras AES_CTR_boring.swift
[1447/1633] Compiling CryptoExtras AES_GCM_SIV_boring.swift
[1448/1633] Compiling CryptoExtras BoringSSLPassphraseCallbackManager.swift
[1449/1633] Compiling CryptoExtras RSA+BlindSigning.swift
[1450/1633] Compiling CryptoExtras RSA.swift
[1451/1633] Compiling CryptoExtras RSA_boring.swift
[1452/1633] Compiling CryptoExtras Reexport.swift
[1453/1633] Compiling CryptoExtras Zeroization_boring.swift
[1454/1633] Compiling CryptoExtras BoringSSLHelpers.swift
[1455/1633] Compiling CryptoExtras CryptoKitErrors_boring.swift
[1456/1633] Compiling CryptoExtras ARCServer.swift
[1457/1633] Compiling CryptoExtras ChaCha20CTR_boring.swift
[1458/1633] Compiling CryptoExtras ChaCha20CTR.swift
[1459/1633] Compiling CryptoExtras BoringSSLSHA512256Context.swift
[1460/1633] Compiling CryptoExtras BoringSSLSHA512256HashFunction.swift
[1461/1633] Compiling CryptoExtras SHA512256.swift
[1462/1633] Compiling CryptoExtras SHA512256Digest.swift
[1463/1633] Compiling CryptoExtras Curve25519+PEM.swift
[1464/1633] Compiling CryptoExtras ObjectIdentifier.swift
[1465/1633] Compiling CryptoExtras ThreadOps.swift
[1466/1633] Compiling CryptoExtras ThreadPosix.swift
[1467/1633] Compiling CryptoExtras ThreadSpecific.swift
[1468/1633] Compiling CryptoExtras ThreadWindows.swift
[1469/1633] Compiling CryptoExtras DLEQ.swift
[1470/1633] Compiling CryptoExtras Prover.swift
[1471/1633] Compiling CryptoExtras Verifier.swift
[1472/1633] Compiling CryptoExtras ZKPToolbox.swift
[1473/1633] Compiling CryptoExtras PBKDF2.swift
[1474/1633] Compiling CryptoExtras Scrypt_boring.swift
[1475/1633] Compiling CryptoExtras Scrypt.swift
[1476/1633] Compiling CryptoExtras OPRF.swift
[1477/1633] Compiling CryptoExtras OPRFClient.swift
[1478/1633] Compiling CryptoExtras OPRFServer.swift
[1479/1633] Compiling CryptoExtras VOPRF+API.swift
[1480/1633] Compiling CryptoExtras VOPRFClient.swift
[1481/1633] Compiling CryptoExtras VOPRFServer.swift
[1482/1633] Compiling CryptoExtras Data+Extensions.swift
[1483/1633] Compiling CryptoExtras DigestType.swift
[1484/1633] Compiling CryptoExtras Error.swift
[1485/1633] Compiling CryptoExtras I2OSP.swift
[1486/1633] Compiling CryptoExtras IntegerEncoding.swift
[1487/1633] Compiling CryptoExtras PEMDocument.swift
[1488/1633] Compiling CryptoExtras PrettyBytes.swift
[1489/1633] Compiling CryptoExtras SubjectPublicKeyInfo.swift
[1490/1633] Compiling CryptoExtras CMAC.swift
[1491/1633] Compiling CryptoExtras ARC+API.swift
[1492/1633] Compiling CryptoExtras ARC.swift
[1493/1633] Compiling CryptoExtras ARCCredential.swift
[1494/1633] Compiling CryptoExtras ARCEncoding.swift
[1495/1633] Compiling CryptoExtras ARCPrecredential.swift
[1496/1633] Compiling CryptoExtras ARCPresentation.swift
[1497/1633] Compiling CryptoExtras ARCRequest.swift
[1498/1633] Compiling CryptoExtras ARCResponse.swift
[1499/1634] Wrapping AST for CryptoExtras for debugging
[1501/1636] Compiling _CryptoExtras Exports.swift
[1502/1636] Emitting module _CryptoExtras
[1503/1637] Wrapping AST for _CryptoExtras for debugging
[1505/1732] Compiling X509 AuthorityKeyIdentifier.swift
[1506/1732] Compiling X509 BasicConstraints.swift
[1507/1732] Compiling X509 ExtendedKeyUsage.swift
[1508/1732] Compiling X509 ExtensionIdentifiers.swift
[1509/1732] Compiling X509 KeyUsage.swift
[1510/1732] Compiling X509 CMSIssuerAndSerialNumber.swift
[1511/1732] Compiling X509 CMSOperations.swift
[1512/1732] Compiling X509 CMSSignature.swift
[1513/1732] Compiling X509 CMSSignedData.swift
[1514/1732] Compiling X509 DNBuilder.swift
[1515/1732] Compiling X509 NameConstraints.swift
[1516/1732] Compiling X509 SubjectAlternativeName.swift
[1517/1732] Compiling X509 SubjectKeyIdentifier.swift
[1518/1732] Compiling X509 Extension.swift
[1519/1732] Compiling X509 Extensions.swift
[1520/1732] Compiling X509 ExtensionsBuilder.swift
[1521/1732] Compiling X509 GeneralName.swift
[1522/1732] Compiling X509 Lock.swift
[1523/1732] Emitting module NIOCore
[1524/1732] Compiling X509 CSRAttribute.swift
[1525/1732] Compiling X509 CSRAttributes.swift
[1526/1732] Compiling X509 CSRVersion.swift
[1527/1732] Compiling X509 CertificateSigningRequest.swift
[1528/1732] Compiling X509 CertificationRequestInfo.swift
[1529/1732] Compiling X509 ExtensionRequest.swift
[1530/1732] Compiling X509 Certificate.swift
[1531/1732] Compiling X509 CertificatePrivateKey.swift
[1532/1732] Compiling X509 CertificatePublicKey.swift
[1533/1732] Compiling X509 LockedValueBox.swift
[1534/1732] Compiling X509 BasicOCSPResponse.swift
[1535/1732] Compiling X509 DirectoryString.swift
[1536/1732] Compiling X509 OCSPCertID.swift
[1537/1732] Compiling X509 OCSPCertStatus.swift
[1538/1732] Compiling X509 PKCS8PrivateKey.swift
[1539/1732] Compiling X509 PromiseAndFuture.swift
[1540/1732] Compiling X509 RDNAttribute.swift
[1541/1732] Compiling X509 RandomNumberGenerator+bytes.swift
[1542/1739] Wrapping AST for NIOCore for debugging
[1544/1790] Compiling NIOFoundationEssentialsCompat Codable+ByteBuffer.swift
[1545/1790] Emitting module NIOEmbedded
[1546/1790] Emitting module NIOFoundationEssentialsCompat
[1547/1790] Compiling NIOFoundationEssentialsCompat ByteBuffer-foundation.swift
[1548/1791] Wrapping AST for NIOFoundationEssentialsCompat for debugging
[1550/1791] Compiling NIOPosix HappyEyeballs.swift
[1551/1791] Compiling NIOPosix IO.swift
[1552/1791] Compiling NIOPosix IntegerBitPacking.swift
[1553/1791] Compiling NIOPosix IntegerTypes.swift
[1554/1791] Compiling NIOPosix Linux.swift
[1555/1791] Compiling NIOPosix LinuxCPUSet.swift
[1556/1791] Compiling NIOPosix LinuxUring.swift
[1557/1798] Compiling NIOPosix PipeChannel.swift
[1558/1798] Compiling NIOPosix PipePair.swift
[1559/1798] Compiling NIOPosix Pool.swift
[1560/1798] Compiling NIOPosix PosixSingletons+ConcurrencyTakeOver.swift
[1561/1798] Compiling NIOPosix PosixSingletons.swift
[1562/1798] Compiling NIOPosix RawSocketBootstrap.swift
[1563/1798] Compiling NIOPosix Resolver.swift
[1564/1798] Compiling NIOEmbedded AsyncTestingEventLoop.swift
[1565/1798] Compiling NIOEmbedded Embedded.swift
[1566/1798] Compiling NIOEmbedded AsyncTestingChannel.swift
[1575/1799] Compiling NIOPosix BaseStreamSocketChannel.swift
[1576/1799] Compiling NIOPosix Bootstrap.swift
[1577/1799] Compiling NIOPosix ControlMessage.swift
[1578/1799] Compiling NIOPosix DatagramVectorReadManager.swift
[1579/1799] Compiling NIOPosix Errors+Any.swift
[1580/1799] Compiling NIOPosix FileDescriptor.swift
[1581/1799] Compiling NIOPosix GetaddrinfoResolver.swift
[1581/1812] Wrapping AST for NIOEmbedded for debugging
[1583/1812] Compiling X509 OCSPExtensionID.swift
[1584/1812] Compiling X509 OCSPNonce.swift
[1585/1812] Compiling X509 OCSPPolicy.swift
[1586/1812] Compiling X509 OCSPRequest.swift
[1587/1812] Compiling X509 OCSPResponse.swift
[1588/1812] Compiling X509 OCSPResponseBytes.swift
[1589/1812] Compiling X509 OCSPResponseData.swift
[1590/1812] Compiling X509 OCSPResponseStatus.swift
[1591/1812] Compiling X509 OCSPSignature.swift
[1592/1812] Compiling X509 OCSPSingleRequest.swift
[1593/1812] Compiling X509 OCSPSingleResponse.swift
[1594/1812] Compiling X509 OCSPTBSRequest.swift
[1595/1812] Compiling X509 OCSPVersion.swift
[1596/1812] Compiling NIOPosix MultiThreadedEventLoopGroup.swift
[1597/1812] Compiling NIOPosix NIOPosixSendableMetatype.swift
[1598/1812] Compiling NIOPosix NIORandomizedDNSResolver.swift
[1599/1812] Compiling NIOPosix NIOThreadPool.swift
[1600/1812] Compiling NIOPosix NonBlockingFileIO.swift
[1601/1812] Compiling NIOPosix PendingDatagramWritesManager.swift
[1602/1812] Compiling NIOPosix PendingWritesManager.swift
[1603/1812] Compiling NIOPosix Selectable.swift
[1604/1812] Compiling NIOPosix SelectableChannel.swift
[1605/1812] Compiling NIOPosix SelectableEventLoop.swift
[1606/1812] Compiling NIOPosix SelectorEpoll.swift
[1607/1812] Compiling NIOPosix SelectorGeneric.swift
[1608/1812] Compiling NIOPosix SelectorKqueue.swift
[1609/1812] Compiling NIOPosix VsockChannelEvents.swift
[1610/1812] Compiling NIOPosix Windows.swift
[1618/1812] Compiling X509 CertificateSerialNumber.swift
[1619/1812] Compiling X509 CertificateVersion.swift
[1620/1812] Compiling X509 CMSAttribute.swift
[1621/1812] Compiling X509 CMSContentInfo.swift
[1622/1812] Compiling X509 CMSEncapsulatedContentInfo.swift
[1623/1812] Compiling NIOPosix SelectorUring.swift
[1624/1812] Compiling NIOPosix SelectorWSAPoll.swift
[1625/1812] Compiling NIOPosix ServerSocket.swift
[1626/1812] Compiling NIOPosix Socket.swift
[1627/1812] Compiling NIOPosix SocketChannel.swift
[1628/1812] Compiling NIOPosix SocketProtocols.swift
[1629/1812] Compiling NIOPosix StructuredConcurrencyHelpers.swift
[1630/1812] Compiling NIOPosix System.swift
[1631/1812] Compiling NIOPosix Thread.swift
[1632/1812] Compiling NIOPosix ThreadPosix.swift
[1633/1812] Compiling NIOPosix ThreadWindows.swift
[1634/1812] Compiling NIOPosix Utilities.swift
[1635/1812] Compiling NIOPosix VsockAddress.swift
[1636/1812] Compiling X509 OneOfPolicies.swift
[1637/1812] Compiling X509 PolicyBuilder.swift
[1638/1812] Compiling X509 BasicConstraintsPolicy.swift
[1639/1812] Compiling X509 DNSNames.swift
[1640/1812] Compiling X509 ExpiryPolicy.swift
[1641/1812] Compiling X509 IPConstraints.swift
[1642/1812] Compiling X509 NameConstraintsPolicy.swift
[1643/1812] Compiling X509 RFC5280Policy.swift
[1644/1812] Compiling X509 URIConstraints.swift
[1645/1812] Compiling X509 VersionPolicy.swift
[1646/1812] Compiling X509 ServerIdentityPolicy.swift
[1647/1812] Compiling X509 TrustRootLoading.swift
[1648/1812] Compiling X509 UnverifiedChain.swift
[1656/1812] Compiling NIOPosix BSDSocketAPICommon.swift
[1657/1812] Compiling NIOPosix BSDSocketAPIPosix.swift
[1658/1812] Compiling NIOPosix BSDSocketAPIWindows.swift
[1659/1812] Compiling NIOPosix BaseSocket.swift
[1660/1812] Compiling NIOPosix BaseSocketChannel+AccessibleTransport.swift
[1661/1812] Compiling NIOPosix BaseSocketChannel+SocketOptionProvider.swift
[1662/1812] Compiling NIOPosix BaseSocketChannel.swift
[1698/1812] Emitting module NIOPosix
[1706/1813] Wrapping AST for NIOPosix for debugging
[1708/1815] Compiling NIO Exports.swift
[1709/1815] Emitting module NIO
[1710/1816] Emitting module X509
[1711/1816] Wrapping AST for NIO for debugging
[1713/1855] Compiling NIOTLS TLSEvents.swift
[1714/1855] Emitting module NIOFoundationCompat
[1715/1855] Compiling NIOTLS ApplicationProtocolNegotiationHandler.swift
[1716/1855] Compiling NIOFoundationCompat Exports.swift
[1717/1855] Compiling NIOFoundationCompat JSONSerialization+ByteBuffer.swift
[1718/1855] Compiling NIOFoundationCompat WaitSpinningRunLoop.swift
[1719/1855] Emitting module NIOTLS
[1720/1855] Compiling NIOSOCKS SelectedAuthenticationMethod.swift
[1721/1855] Compiling NIOSOCKS ClientStateMachine.swift
[1723/1857] Compiling NIOHTTP1 ByteCollectionUtils.swift
[1724/1857] Compiling NIOHTTP1 HTTPDecoder.swift
[1725/1857] Compiling NIOHTTP1 HTTPServerRequestMethodQueue.swift
[1726/1857] Compiling NIOHTTP1 HTTPServerUpgradeHandler.swift
[1727/1857] Emitting module NIOSOCKS
[1728/1857] Compiling NIOSOCKS SOCKSResponse.swift
[1729/1857] Compiling NIOHTTP1 HTTPEncoder.swift
[1730/1857] Compiling NIOHTTP1 HTTPHeaderValidator.swift
[1731/1857] Compiling NIOHTTP1 HTTPHeaders+Validation.swift
[1732/1857] Compiling NIOHTTP1 HTTPPipelineSetup.swift
[1732/1857] Wrapping AST for NIOFoundationCompat for debugging
[1734/1857] Compiling NIOSOCKS ServerStateMachine.swift
[1735/1858] Compiling NIOTLS NIOTypedApplicationProtocolNegotiationHandler.swift
[1736/1858] Compiling NIOTLS SNIHandler.swift
[1737/1858] Compiling NIOTLS ProtocolNegotiationHandlerStateMachine.swift
[1741/1859] Compiling NIOHTTP1 NIOTypedHTTPClientUpgradeHandler.swift
[1742/1859] Compiling NIOHTTP1 NIOTypedHTTPClientUpgraderStateMachine.swift
[1743/1861] Wrapping AST for NIOSOCKS for debugging
[1744/1861] Wrapping AST for NIOTLS for debugging
[1746/1891] Compiling NIOSSL SSLCallbacks.swift
[1747/1891] Compiling NIOSSL SSLCertificate.swift
[1748/1891] Compiling NIOSSL NIOSSLHandler.swift
[1749/1891] Compiling NIOSSL AndroidCABundle.swift
[1750/1891] Compiling NIOSSL ByteBufferBIO.swift
[1751/1891] Compiling NIOSSL IdentityVerification.swift
[1752/1891] Compiling NIOSSL NIOSSLServerHandler.swift
[1753/1891] Compiling X509 ValidatedCertificateChain.swift
[1754/1891] Compiling X509 VerificationDiagnostic.swift
[1755/1891] Compiling X509 Verifier.swift
[1756/1891] Compiling X509 VerifierPolicy.swift
[1757/1891] Compiling X509 AlgorithmIdentifier.swift
[1758/1891] Compiling X509 ECDSASignature.swift
[1759/1891] Compiling X509 RSAPKCS1PublicKey.swift
[1760/1891] Compiling X509 SubjectPublicKeyInfo.swift
[1761/1891] Compiling X509 TBSCertificate.swift
[1762/1891] Compiling X509 Time.swift
[1763/1891] Compiling X509 TimeCalculations.swift
[1764/1891] Compiling X509 Validity.swift
[1765/1891] Compiling X509 X509SendableMetatype.swift
[1766/1892] Wrapping AST for X509 for debugging
[1768/1896] Compiling NIOSSL SSLConnection.swift
[1769/1896] Compiling NIOSSL SSLPrivateKey.swift
[1770/1959] Compiling JWTKit LocaleClaim.swift
[1771/1959] Compiling JWTKit NotBeforeClaim.swift
[1772/1959] Compiling JWTKit AudienceClaim.swift
[1773/1959] Compiling JWTKit BoolClaim.swift
[1774/1959] Compiling JWTKit ExpirationClaim.swift
[1775/1959] Emitting module NIOHTTP1
[1776/1966] Wrapping AST for NIOHTTP1 for debugging
[1778/1977] Compiling NIOHPACK HPACKEncoder.swift
[1779/1977] Compiling NIOHPACK HPACKErrors.swift
[1780/1977] Compiling NIOHPACK DynamicHeaderTable.swift
[1781/1977] Compiling NIOHPACK HPACKDecoder.swift
[1782/1977] Compiling NIOHPACK HPACKHeader.swift
[1783/1977] Compiling NIOHPACK HeaderTables.swift
[1784/1977] Compiling JWTKit IssuerClaim.swift
[1785/1977] Compiling JWTKit JWTClaim.swift
[1786/1977] Compiling JWTKit JWTMultiValueClaim.swift
[1787/1977] Compiling JWTKit JWTUnixEpochClaim.swift
[1788/1984] Emitting module NIOHTTPCompression
[1789/1986] Compiling JWTKit ECDSASigningAlgorithm.swift
[1790/1986] Compiling JWTKit JWTKeyCollection+ECDSA.swift
[1791/1986] Compiling JWTKit P256+CurveType.swift
[1792/1986] Compiling JWTKit P384+CurveType.swift
[1793/1986] Compiling JWTKit P521+CurveType.swift
[1794/1986] Compiling JWTKit EdDSA.swift
[1795/1986] Compiling JWTKit EdDSACurve.swift
[1796/1986] Compiling JWTKit EdDSAError.swift
[1797/1986] Compiling JWTKit EdDSASigner.swift
[1798/1986] Compiling JWTKit JWTKeyCollection+EdDSA.swift
[1801/1986] Compiling JWTKit SubjectClaim.swift
[1802/1986] Compiling JWTKit TenantIDClaim.swift
[1803/1986] Compiling JWTKit ECDSA.swift
[1804/1986] Compiling JWTKit ECDSACurve.swift
[1805/1986] Compiling JWTKit ECDSACurveType.swift
[1806/1986] Compiling JWTKit ECDSAError.swift
[1807/1986] Compiling JWTKit ECDSAKeyTypes.swift
[1808/1986] Compiling JWTKit ECDSASigner.swift
[1809/1986] Compiling NIOHTTPCompression HTTPDecompressor.swift
[1810/1986] Compiling NIOHPACK IntegerCoding.swift
[1811/1986] Compiling NIOHPACK IndexedHeaderTable.swift
[1825/1991] Compiling NIOHTTPCompression HTTPDecompression.swift
[1826/1991] Compiling NIOHTTPCompression HTTPCompression.swift
[1827/1991] Compiling NIOHTTPCompression HTTPResponseCompressor.swift
[1828/1991] Compiling NIOHTTPCompression HTTPRequestCompressor.swift
[1829/1992] Emitting module NIOSSL
[1830/1992] Compiling NIOHPACK HuffmanTables.swift
[1835/1992] Compiling NIOHPACK HuffmanCoding.swift
[1841/1992] Compiling JWTKit MLDSAType.swift
[1842/1992] Compiling JWTKit JWTKeyCollection+UnsecuredNone.swift
[1843/1992] Compiling JWTKit UnsecuredNoneSigner.swift
[1844/1992] Compiling JWTKit JWTKeyCollection+RSA.swift
[1845/1992] Compiling JWTKit RSA.swift
[1846/1992] Compiling JWTKit RSAError.swift
[1847/1992] Compiling JWTKit RSASigner.swift
[1848/1992] Compiling JWTKit Base64URL.swift
[1849/1992] Compiling JWTKit CryptoSigner.swift
[1850/1992] Compiling NIOHPACK StaticHeaderTable.swift
[1854/1992] Wrapping AST for NIOHTTPCompression for debugging
[1856/1992] Emitting module JWTKit
[1857/1992] Emitting module NIOHPACK
[1862/1992] Compiling JWTKit HMAC.swift
[1863/1992] Compiling JWTKit HMACError.swift
[1864/1992] Compiling JWTKit HMACSigner.swift
[1865/1992] Compiling JWTKit JWTKeyCollection+HMAC.swift
[1866/1992] Compiling JWTKit Insecure.swift
[1867/1992] Compiling JWTKit JWK.swift
[1868/1992] Compiling JWTKit JWKIdentifier.swift
[1869/1992] Compiling JWTKit JWKS.swift
[1870/1992] Compiling JWTKit JWKSigner.swift
[1871/1992] Compiling JWTKit JWTSerializer.swift
[1872/1992] Compiling JWTKit JWTSigner.swift
[1873/1992] Compiling JWTKit JWTKeyCollection+MLDSA.swift
[1874/1992] Compiling JWTKit MLDSA.swift
[1875/1992] Compiling JWTKit MLDSA65+MLDSAKey.swift
[1876/1992] Compiling JWTKit MLDSA87+MLDSAKey.swift
[1877/1992] Compiling JWTKit MLDSAError.swift
[1878/1992] Compiling JWTKit MLDSAKey.swift
[1879/1992] Compiling JWTKit MLDSASigner.swift
[1880/1992] Compiling NIOSSL TLSConfiguration.swift
[1881/1992] Compiling NIOSSL UniversalBootstrapSupport.swift
[1882/1992] Compiling NIOSSL UnsafeKeyAndChainTarget.swift
[1883/1992] Compiling JWTKit JWTHeader.swift
[1884/1992] Compiling JWTKit JWTHeaderField.swift
[1885/1992] Compiling JWTKit JWTKeyCollection.swift
[1886/1992] Compiling JWTKit JWTParser+MandatoryVerificationFields.swift
[1887/1992] Compiling JWTKit JWTParser.swift
[1888/1992] Compiling JWTKit JWTPayload.swift
[1895/1993] Wrapping AST for NIOHPACK for debugging
[1897/2056] Compiling NIOHTTP2 LocallyQuiescingState.swift
[1898/2056] Compiling NIOHTTP2 QuiescingState.swift
[1899/2056] Compiling NIOHTTP2 RemotelyQuiescingState.swift
[1900/2056] Compiling NIOHTTP2 SendAndReceiveGoawayState.swift
[1902/2057] Compiling JWTKit CustomizedJSONCoders.swift
[1903/2057] Compiling JWTKit Utilities.swift
[1904/2057] Compiling JWTKit AppleIdentityToken.swift
[1905/2057] Compiling JWTKit FirebaseAuthIdentityToken.swift
[1906/2057] Compiling JWTKit GoogleIdentityToken.swift
[1907/2057] Compiling JWTKit MicrosoftIdentityToken.swift
[1908/2057] Compiling JWTKit EmptyPolicy.swift
[1909/2057] Compiling JWTKit ValidationTimePayload.swift
[1910/2057] Compiling JWTKit X5CVerifier.swift
[1911/2058] Wrapping AST for NIOSSL for debugging
[1912/2058] Wrapping AST for JWTKit for debugging
[1914/2058] Compiling NIOHTTP2 HTTP2StreamMultiplexer.swift
[1915/2058] Compiling NIOHTTP2 HTTP2ToHTTP1Codec.swift
[1916/2058] Compiling NIOHTTP2 HTTP2UserEvents.swift
[1917/2058] Compiling NIOHTTP2 InboundEventBuffer.swift
[1918/2058] Compiling NIOHTTP2 InboundWindowManager.swift
[1919/2058] Compiling NIOHTTP2 MultiplexerAbstractChannel.swift
[1920/2058] Compiling NIOHTTP2 NIOHTTP2FrameDelegate.swift
[1921/2058] Compiling NIOHTTP2 NIOHTTP2ServerConnectionManagementHandler+StateMachine.swift
[1922/2066] Compiling NIOHTTP2 ConnectionStateMachine.swift
[1923/2066] Compiling NIOHTTP2 ConnectionStreamsState.swift
[1924/2066] Compiling NIOHTTP2 MayReceiveFrames.swift
[1925/2066] Compiling NIOHTTP2 ReceivingDataState.swift
[1926/2066] Compiling NIOHTTP2 ReceivingGoAwayState.swift
[1927/2066] Compiling NIOHTTP2 ReceivingHeadersState.swift
[1928/2066] Compiling NIOHTTP2 ReceivingPushPromiseState.swift
[1929/2066] Compiling NIOHTTP2 ReceivingRstStreamState.swift
[1930/2066] Compiling NIOHTTP2 ReceivingWindowUpdateState.swift
[1931/2066] Emitting module NIOHTTP2
[1932/2066] Compiling NIOHTTP2 HTTP2FrameParser.swift
[1933/2066] Compiling NIOHTTP2 HTTP2PingData.swift
[1934/2066] Compiling NIOHTTP2 HTTP2PipelineHelpers.swift
[1935/2066] Compiling NIOHTTP2 HTTP2Settings.swift
[1936/2066] Compiling NIOHTTP2 HTTP2Stream.swift
[1937/2066] Compiling NIOHTTP2 HTTP2StreamChannel+OutboundStreamMultiplexer.swift
[1938/2066] Compiling NIOHTTP2 HTTP2StreamChannel.swift
[1939/2066] Compiling NIOHTTP2 HTTP2StreamDelegate.swift
[1940/2066] Compiling NIOHTTP2 HTTP2StreamID.swift
[1941/2066] Compiling NIOHTTP2 NIOHTTP2ServerConnectionManagementHandler.swift
[1942/2066] Compiling NIOHTTP2 StreamChannelFlowController.swift
[1943/2066] Compiling NIOHTTP2 StreamChannelList.swift
[1944/2066] Compiling NIOHTTP2 StreamMap.swift
[1945/2066] Compiling NIOHTTP2 StreamStateMachine.swift
[1946/2066] Compiling NIOHTTP2 Timer.swift
[1947/2066] Compiling NIOHTTP2 UnsafeTransfer.swift
[1948/2066] Compiling NIOHTTP2 WatermarkedFlowController.swift
[1949/2066] Compiling NIOHTTP2 DOSHeuristics.swift
[1950/2066] Compiling NIOHTTP2 Error+Any.swift
[1951/2066] Compiling NIOHTTP2 ConcurrentStreamBuffer.swift
[1952/2066] Compiling NIOHTTP2 ControlFrameBuffer.swift
[1953/2066] Compiling NIOHTTP2 OutboundFlowControlBuffer.swift
[1954/2066] Compiling NIOHTTP2 OutboundFrameBuffer.swift
[1955/2066] Compiling NIOHTTP2 GlitchesMonitor.swift
[1956/2066] Compiling NIOHTTP2 HPACKHeaders+Validation.swift
[1957/2066] Compiling NIOHTTP2 HTTP2ChannelHandler+InboundStreamMultiplexer.swift
[1958/2066] Compiling NIOHTTP2 HTTP2ChannelHandler+InlineStreamMultiplexer.swift
[1959/2066] Compiling NIOHTTP2 HTTP2ChannelHandler.swift
[1960/2066] Compiling NIOHTTP2 HTTP2CommonInboundStreamMultiplexer.swift
[1961/2066] Compiling NIOHTTP2 HTTP2ConnectionStateChange.swift
[1962/2066] Compiling NIOHTTP2 HTTP2Error.swift
[1963/2066] Compiling NIOHTTP2 HTTP2ErrorCode.swift
[1964/2066] Compiling NIOHTTP2 HTTP2FlowControlWindow.swift
[1965/2066] Compiling NIOHTTP2 HTTP2Frame.swift
[1966/2066] Compiling NIOHTTP2 HTTP2FrameEncoder.swift
[1967/2066] Compiling NIOHTTP2 HasFlowControlWindows.swift
[1968/2066] Compiling NIOHTTP2 HasLocalSettings.swift
[1969/2066] Compiling NIOHTTP2 HasRemoteSettings.swift
[1974/2066] Compiling NIOHTTP2 StateMachineResult.swift
[1975/2066] Compiling NIOHTTP2 ContentLengthVerifier.swift
[1976/2066] Compiling NIOHTTP2 MaySendFrames.swift
[1977/2066] Compiling NIOHTTP2 SendingDataState.swift
[1978/2066] Compiling NIOHTTP2 SendingGoawayState.swift
[1979/2066] Compiling NIOHTTP2 SendingHeadersState.swift
[1980/2066] Compiling NIOHTTP2 SendingPushPromiseState.swift
[1981/2066] Compiling NIOHTTP2 SendingRstStreamState.swift
[1982/2066] Compiling NIOHTTP2 SendingWindowUpdateState.swift
[1983/2066] Compiling NIOHTTP2 HTTP2SettingsState.swift
[1984/2066] Compiling NIOHTTP2 HasExtendedConnectSettings.swift
[1985/2067] Wrapping AST for NIOHTTP2 for debugging
[1987/2131] Emitting module AsyncHTTPClient
[1988/2139] Compiling AsyncHTTPClient AnyAsyncSequence.swift
[1989/2139] Compiling AsyncHTTPClient AnyAsyncSequenceProucerDelete.swift
[1990/2139] Compiling AsyncHTTPClient AsyncLazySequence.swift
[1991/2139] Compiling AsyncHTTPClient HTTPClient+execute.swift
[1992/2139] Compiling AsyncHTTPClient HTTPClient+shutdown.swift
[1993/2139] Compiling AsyncHTTPClient HTTPClient+tracing.swift
[1994/2139] Compiling AsyncHTTPClient HTTPClientRequest+Prepared.swift
[1995/2139] Compiling AsyncHTTPClient HTTPClientRequest+auth.swift
[1996/2139] Compiling AsyncHTTPClient HTTPClientRequest.swift
[1997/2139] Compiling AsyncHTTPClient HTTPClientResponse.swift
[1998/2139] Compiling AsyncHTTPClient SingleIteratorPrecondition.swift
[1999/2139] Compiling AsyncHTTPClient Transaction+StateMachine.swift
[2000/2139] Compiling AsyncHTTPClient Transaction.swift
[2001/2139] Compiling AsyncHTTPClient Base64.swift
[2002/2139] Compiling AsyncHTTPClient BasicAuth.swift
[2003/2139] Compiling AsyncHTTPClient BestEffortHashableTLSConfiguration.swift
[2004/2139] Compiling AsyncHTTPClient Configuration+BrowserLike.swift
[2005/2139] Compiling AsyncHTTPClient ConnectionPool.swift
[2006/2139] Compiling AsyncHTTPClient LRUCache.swift
[2007/2139] Compiling AsyncHTTPClient NIOLoopBound+Execute.swift
[2008/2139] Compiling AsyncHTTPClient NWErrorHandler.swift
[2009/2139] Compiling AsyncHTTPClient NWWaitingHandler.swift
[2010/2139] Compiling AsyncHTTPClient TLSConfiguration.swift
[2011/2139] Compiling AsyncHTTPClient RedirectState.swift
[2012/2139] Compiling AsyncHTTPClient RequestBag+StateMachine.swift
[2013/2139] Compiling AsyncHTTPClient RequestBag+Tracing.swift
[2014/2139] Compiling AsyncHTTPClient RequestBag.swift
[2015/2139] Compiling AsyncHTTPClient RequestValidation.swift
[2016/2139] Compiling AsyncHTTPClient SSLContextCache.swift
[2017/2139] Compiling AsyncHTTPClient Scheme.swift
[2018/2139] Compiling AsyncHTTPClient Singleton.swift
[2019/2139] Compiling AsyncHTTPClient StringConvertibleInstances.swift
[2020/2139] Compiling AsyncHTTPClient StructuredConcurrencyHelpers.swift
[2021/2139] Compiling AsyncHTTPClient TracingSupport.swift
[2022/2139] Compiling AsyncHTTPClient Utils.swift
[2023/2139] Compiling AsyncHTTPClient RequestOptions.swift
[2024/2139] Compiling AsyncHTTPClient HTTPConnectionPool+Backoff.swift
[2025/2139] Compiling AsyncHTTPClient HTTPConnectionPool+HTTP1Connections.swift
[2026/2139] Compiling AsyncHTTPClient HTTPConnectionPool+HTTP1StateMachine.swift
[2027/2139] Compiling AsyncHTTPClient HTTPConnectionPool+HTTP2Connections.swift
[2028/2139] Compiling AsyncHTTPClient HTTPConnectionPool+HTTP2StateMachine.swift
[2029/2139] Compiling AsyncHTTPClient HTTPConnectionPool+RequestQueue.swift
[2030/2139] Compiling AsyncHTTPClient HTTPConnectionPool+StateMachine.swift
[2031/2139] Compiling AsyncHTTPClient ConnectionTarget.swift
[2032/2139] Compiling AsyncHTTPClient HTTP1ProxyConnectHandler.swift
[2033/2139] Compiling AsyncHTTPClient SOCKSEventsHandler.swift
[2034/2139] Compiling AsyncHTTPClient TLSEventsHandler.swift
[2035/2139] Compiling AsyncHTTPClient HTTP1ClientChannelHandler.swift
[2036/2139] Compiling AsyncHTTPClient HTTP1Connection.swift
[2037/2139] Compiling AsyncHTTPClient HTTP1ConnectionStateMachine.swift
[2038/2139] Compiling AsyncHTTPClient HTTP2ClientRequestHandler.swift
[2039/2139] Compiling AsyncHTTPClient HTTP2Connection.swift
[2040/2139] Compiling AsyncHTTPClient HTTP2IdleHandler.swift
[2041/2139] Compiling AsyncHTTPClient HTTPConnectionEvent.swift
[2042/2139] Compiling AsyncHTTPClient HTTPConnectionPool+Factory.swift
[2043/2139] Compiling AsyncHTTPClient HTTPConnectionPool+Manager.swift
[2044/2139] Compiling AsyncHTTPClient HTTPConnectionPool.swift
[2045/2139] Compiling AsyncHTTPClient HTTPExecutableRequest.swift
[2046/2139] Compiling AsyncHTTPClient HTTPRequestStateMachine+Demand.swift
[2047/2139] Compiling AsyncHTTPClient HTTPRequestStateMachine.swift
[2048/2139] Compiling AsyncHTTPClient RequestBodyLength.swift
[2049/2139] Compiling AsyncHTTPClient RequestFramingMetadata.swift
[2050/2139] Compiling AsyncHTTPClient DeconstructedURL.swift
[2051/2139] Compiling AsyncHTTPClient FileDownloadDelegate.swift
[2052/2139] Compiling AsyncHTTPClient FoundationExtensions.swift
[2053/2139] Compiling AsyncHTTPClient HTTPClient+HTTPCookie.swift
[2054/2139] Compiling AsyncHTTPClient HTTPClient+Proxy.swift
[2055/2139] Compiling AsyncHTTPClient HTTPClient+StructuredConcurrency.swift
[2056/2139] Compiling AsyncHTTPClient HTTPClient.swift
[2057/2139] Compiling AsyncHTTPClient HTTPClientConfiguration+SwiftConfiguration.swift
[2058/2139] Compiling AsyncHTTPClient HTTPHandler.swift
[2059/2140] Wrapping AST for AsyncHTTPClient for debugging
[2061/2163] Emitting module GoogleAuth
[2062/2163] Compiling GoogleAuth ADC.swift
[2063/2163] Compiling GoogleAuth ADCPath.swift
[2064/2163] Compiling GoogleAuth ADCResolver.swift
[2065/2163] Compiling GoogleAuth AuthHeaders.swift
[2066/2166] Compiling GoogleAuth SubjectTokenProvider.swift
[2067/2166] Compiling GoogleAuth MDSAccessTokenProvider.swift
[2068/2166] Compiling GoogleAuth MDSCredentials.swift
[2069/2166] Compiling GoogleAuth UserAccountData.swift
[2070/2166] Compiling GoogleAuth UserAccountTokenProvider.swift
[2071/2166] Compiling GoogleAuth UserCredentials.swift
[2072/2166] Compiling GoogleAuth CredentialParserRegistry.swift
[2073/2166] Compiling GoogleAuth Credentials.swift
[2074/2166] Compiling GoogleAuth CredentialsError.swift
[2075/2166] Compiling GoogleAuth ServiceAccountCredentials.swift
[2076/2166] Compiling GoogleAuth ServiceAccountData.swift
[2077/2166] Compiling GoogleAuth ServiceAccountTokenProvider.swift
[2078/2166] Compiling GoogleAuth AnonymousCredentials.swift
[2079/2166] Compiling GoogleAuth ApiKeyCredentials.swift
[2080/2166] Compiling GoogleAuth ExternalAccountCredentials.swift
[2081/2166] Compiling GoogleAuth AuthHTTPClient.swift
[2082/2166] Compiling GoogleAuth AuthHTTPError.swift
[2083/2166] Compiling GoogleAuth RetryEngine.swift
[2084/2166] Compiling GoogleAuth STSHandler.swift
[2085/2166] Compiling GoogleAuth TokenCache.swift
[2086/2166] Compiling GoogleAuth PackageVersion.swift
[2087/2167] Wrapping AST for GoogleAuth for debugging
[2089/2225] Emitting module GoogleGax
[2090/2233] Compiling GoogleGax AIP194+PollingErrorPolicy.swift
[2091/2233] Compiling GoogleGax AIP194+RetryPolicy.swift
[2092/2233] Compiling GoogleGax AIP194.swift
[2093/2233] Compiling GoogleGax AdaptiveThrottler.swift
[2094/2233] Compiling GoogleGax AlwaysPoll.swift
[2095/2233] Compiling GoogleGax AlwaysRetry.swift
[2096/2233] Compiling GoogleGax ApiClientHeader.swift
[2097/2233] Compiling GoogleGax BackoffPolicy.swift
[2098/2233] Compiling GoogleGax BasePollingErrorPolicy.swift
[2099/2233] Compiling GoogleGax RequestOptions.swift
[2100/2233] Compiling GoogleGax RetryLoop.swift
[2101/2233] Compiling GoogleGax RetryPolicy.swift
[2102/2233] Compiling GoogleGax RetryResult.swift
[2103/2233] Compiling GoogleGax RetryState.swift
[2104/2233] Compiling GoogleGax RetryThrottler.swift
[2105/2233] Compiling GoogleGax RetryThrottlerError.swift
[2106/2233] Compiling GoogleGax RoutingMatcher.swift
[2107/2233] Compiling GoogleGax Pagination.swift
/host/spi-builder-workspace/.build/checkouts/swift-google-gax/Sources/GoogleGax/Pagination.swift:44:22: error: cannot convert '@Sendable (String) async throws -> (response: ResponseType, items: [Item], nextToken: String)' to 'nonisolated(nonsending) @Sendable (String) async throws -> (response: ResponseType, items: [Item], nextToken: String)' because crossing of an isolation boundary requires parameter and result types to conform to 'Sendable' protocol
42 | ) where ResponseType: _PaginatedResponse<Item> {
43 | self.initialPageToken = initialPageToken ?? ""
44 | self.fetchPage = { token in
| |- error: cannot convert '@Sendable (String) async throws -> (response: ResponseType, items: [Item], nextToken: String)' to 'nonisolated(nonsending) @Sendable (String) async throws -> (response: ResponseType, items: [Item], nextToken: String)' because crossing of an isolation boundary requires parameter and result types to conform to 'Sendable' protocol
| `- note: type 'Item' does not conform to 'Sendable' protocol
45 | let response = try await listRpc(token)
46 | return (response, response._getPaginatedItems(), response._nextPageToken())
[2108/2233] Compiling GoogleGax PollingBackoffPolicy.swift
/host/spi-builder-workspace/.build/checkouts/swift-google-gax/Sources/GoogleGax/Pagination.swift:44:22: error: cannot convert '@Sendable (String) async throws -> (response: ResponseType, items: [Item], nextToken: String)' to 'nonisolated(nonsending) @Sendable (String) async throws -> (response: ResponseType, items: [Item], nextToken: String)' because crossing of an isolation boundary requires parameter and result types to conform to 'Sendable' protocol
42 | ) where ResponseType: _PaginatedResponse<Item> {
43 | self.initialPageToken = initialPageToken ?? ""
44 | self.fetchPage = { token in
| |- error: cannot convert '@Sendable (String) async throws -> (response: ResponseType, items: [Item], nextToken: String)' to 'nonisolated(nonsending) @Sendable (String) async throws -> (response: ResponseType, items: [Item], nextToken: String)' because crossing of an isolation boundary requires parameter and result types to conform to 'Sendable' protocol
| `- note: type 'Item' does not conform to 'Sendable' protocol
45 | let response = try await listRpc(token)
46 | return (response, response._getPaginatedItems(), response._nextPageToken())
[2109/2233] Compiling GoogleGax PollingErrorPolicy.swift
/host/spi-builder-workspace/.build/checkouts/swift-google-gax/Sources/GoogleGax/Pagination.swift:44:22: error: cannot convert '@Sendable (String) async throws -> (response: ResponseType, items: [Item], nextToken: String)' to 'nonisolated(nonsending) @Sendable (String) async throws -> (response: ResponseType, items: [Item], nextToken: String)' because crossing of an isolation boundary requires parameter and result types to conform to 'Sendable' protocol
42 | ) where ResponseType: _PaginatedResponse<Item> {
43 | self.initialPageToken = initialPageToken ?? ""
44 | self.fetchPage = { token in
| |- error: cannot convert '@Sendable (String) async throws -> (response: ResponseType, items: [Item], nextToken: String)' to 'nonisolated(nonsending) @Sendable (String) async throws -> (response: ResponseType, items: [Item], nextToken: String)' because crossing of an isolation boundary requires parameter and result types to conform to 'Sendable' protocol
| `- note: type 'Item' does not conform to 'Sendable' protocol
45 | let response = try await listRpc(token)
46 | return (response, response._getPaginatedItems(), response._nextPageToken())
[2110/2233] Compiling GoogleGax PollingResult.swift
/host/spi-builder-workspace/.build/checkouts/swift-google-gax/Sources/GoogleGax/Pagination.swift:44:22: error: cannot convert '@Sendable (String) async throws -> (response: ResponseType, items: [Item], nextToken: String)' to 'nonisolated(nonsending) @Sendable (String) async throws -> (response: ResponseType, items: [Item], nextToken: String)' because crossing of an isolation boundary requires parameter and result types to conform to 'Sendable' protocol
42 | ) where ResponseType: _PaginatedResponse<Item> {
43 | self.initialPageToken = initialPageToken ?? ""
44 | self.fetchPage = { token in
| |- error: cannot convert '@Sendable (String) async throws -> (response: ResponseType, items: [Item], nextToken: String)' to 'nonisolated(nonsending) @Sendable (String) async throws -> (response: ResponseType, items: [Item], nextToken: String)' because crossing of an isolation boundary requires parameter and result types to conform to 'Sendable' protocol
| `- note: type 'Item' does not conform to 'Sendable' protocol
45 | let response = try await listRpc(token)
46 | return (response, response._getPaginatedItems(), response._nextPageToken())
[2111/2233] Compiling GoogleGax PollingState.swift
/host/spi-builder-workspace/.build/checkouts/swift-google-gax/Sources/GoogleGax/Pagination.swift:44:22: error: cannot convert '@Sendable (String) async throws -> (response: ResponseType, items: [Item], nextToken: String)' to 'nonisolated(nonsending) @Sendable (String) async throws -> (response: ResponseType, items: [Item], nextToken: String)' because crossing of an isolation boundary requires parameter and result types to conform to 'Sendable' protocol
42 | ) where ResponseType: _PaginatedResponse<Item> {
43 | self.initialPageToken = initialPageToken ?? ""
44 | self.fetchPage = { token in
| |- error: cannot convert '@Sendable (String) async throws -> (response: ResponseType, items: [Item], nextToken: String)' to 'nonisolated(nonsending) @Sendable (String) async throws -> (response: ResponseType, items: [Item], nextToken: String)' because crossing of an isolation boundary requires parameter and result types to conform to 'Sendable' protocol
| `- note: type 'Item' does not conform to 'Sendable' protocol
45 | let response = try await listRpc(token)
46 | return (response, response._getPaginatedItems(), response._nextPageToken())
[2112/2233] Compiling GoogleGax ProtobufConversionError.swift
/host/spi-builder-workspace/.build/checkouts/swift-google-gax/Sources/GoogleGax/Pagination.swift:44:22: error: cannot convert '@Sendable (String) async throws -> (response: ResponseType, items: [Item], nextToken: String)' to 'nonisolated(nonsending) @Sendable (String) async throws -> (response: ResponseType, items: [Item], nextToken: String)' because crossing of an isolation boundary requires parameter and result types to conform to 'Sendable' protocol
42 | ) where ResponseType: _PaginatedResponse<Item> {
43 | self.initialPageToken = initialPageToken ?? ""
44 | self.fetchPage = { token in
| |- error: cannot convert '@Sendable (String) async throws -> (response: ResponseType, items: [Item], nextToken: String)' to 'nonisolated(nonsending) @Sendable (String) async throws -> (response: ResponseType, items: [Item], nextToken: String)' because crossing of an isolation boundary requires parameter and result types to conform to 'Sendable' protocol
| `- note: type 'Item' does not conform to 'Sendable' protocol
45 | let response = try await listRpc(token)
46 | return (response, response._getPaginatedItems(), response._nextPageToken())
[2113/2233] Compiling GoogleGax QueryParameter.swift
/host/spi-builder-workspace/.build/checkouts/swift-google-gax/Sources/GoogleGax/Pagination.swift:44:22: error: cannot convert '@Sendable (String) async throws -> (response: ResponseType, items: [Item], nextToken: String)' to 'nonisolated(nonsending) @Sendable (String) async throws -> (response: ResponseType, items: [Item], nextToken: String)' because crossing of an isolation boundary requires parameter and result types to conform to 'Sendable' protocol
42 | ) where ResponseType: _PaginatedResponse<Item> {
43 | self.initialPageToken = initialPageToken ?? ""
44 | self.fetchPage = { token in
| |- error: cannot convert '@Sendable (String) async throws -> (response: ResponseType, items: [Item], nextToken: String)' to 'nonisolated(nonsending) @Sendable (String) async throws -> (response: ResponseType, items: [Item], nextToken: String)' because crossing of an isolation boundary requires parameter and result types to conform to 'Sendable' protocol
| `- note: type 'Item' does not conform to 'Sendable' protocol
45 | let response = try await listRpc(token)
46 | return (response, response._getPaginatedItems(), response._nextPageToken())
[2114/2233] Compiling GoogleGax RequestError.swift
/host/spi-builder-workspace/.build/checkouts/swift-google-gax/Sources/GoogleGax/Pagination.swift:44:22: error: cannot convert '@Sendable (String) async throws -> (response: ResponseType, items: [Item], nextToken: String)' to 'nonisolated(nonsending) @Sendable (String) async throws -> (response: ResponseType, items: [Item], nextToken: String)' because crossing of an isolation boundary requires parameter and result types to conform to 'Sendable' protocol
42 | ) where ResponseType: _PaginatedResponse<Item> {
43 | self.initialPageToken = initialPageToken ?? ""
44 | self.fetchPage = { token in
| |- error: cannot convert '@Sendable (String) async throws -> (response: ResponseType, items: [Item], nextToken: String)' to 'nonisolated(nonsending) @Sendable (String) async throws -> (response: ResponseType, items: [Item], nextToken: String)' because crossing of an isolation boundary requires parameter and result types to conform to 'Sendable' protocol
| `- note: type 'Item' does not conform to 'Sendable' protocol
45 | let response = try await listRpc(token)
46 | return (response, response._getPaginatedItems(), response._nextPageToken())
[2115/2233] Compiling GoogleGax ContinueOnIO.swift
[2116/2233] Compiling GoogleGax CredentialsProtocol.swift
[2117/2233] Compiling GoogleGax ErrorWrapper.swift
[2118/2233] Compiling GoogleGax ExponentialBackoff+BackoffPolicy.swift
[2119/2233] Compiling GoogleGax ExponentialBackoff+PollingBackoffPolicy.swift
[2120/2233] Compiling GoogleGax ExponentialBackoff.swift
[2121/2233] Compiling GoogleGax HTTPClient.swift
[2122/2233] Compiling GoogleGax HTTPClientHolder.swift
[2123/2233] Compiling GoogleGax LimitedAttemptCount+PollingErrorPolicy.swift
[2124/2233] Compiling GoogleGax LimitedAttemptCount+RetryPolicy.swift
[2125/2233] Compiling GoogleGax LimitedAttemptCount.swift
[2126/2233] Compiling GoogleGax LimitedElapsedTime+PollingErrorPolicy.swift
[2127/2233] Compiling GoogleGax LimitedElapsedTime+RetryPolicy.swift
[2128/2233] Compiling GoogleGax LimitedElapsedTime.swift
[2129/2233] Compiling GoogleGax LongRunningOperations.swift
[2130/2233] Compiling GoogleGax NeverRetry.swift
[2131/2233] Compiling GoogleGax BaseRetryPolicy.swift
[2132/2233] Compiling GoogleGax BindingError.swift
[2133/2233] Compiling GoogleGax CRC32C.swift
[2134/2233] Compiling GoogleGax CircuitBreaker.swift
[2135/2233] Compiling GoogleGax ClientError.swift
[2136/2233] Compiling GoogleGax ClientOptions.swift
[2137/2233] Compiling GoogleGax ContinueOnIO+PollingErrorPolicy.swift
[2138/2233] Compiling GoogleGax ContinueOnIO+RetryPolicy.swift
[2139/2233] Compiling GoogleGax HTTPClientProtocol.swift
[2140/2233] Compiling GoogleGax HTTPClientRequest.swift
[2141/2233] Compiling GoogleGax HTTPClientResponse.swift
[2142/2233] Compiling GoogleGax HTTPHeaders.swift
[2143/2233] Compiling GoogleGax HTTPResponseBody.swift
[2144/2233] Compiling GoogleGax HeaderNames.swift
[2145/2233] Compiling GoogleGax Host.swift
[2146/2233] Compiling GoogleGax InProgressResult.swift
[2147/2233] Compiling GoogleGax ServiceError.swift
[2148/2233] Compiling GoogleGax StatusDetail.swift
[2149/2233] Compiling GoogleGax StrictIdempotency.swift
[2150/2233] Compiling GoogleGax ThrottleResult.swift
[2151/2233] Compiling GoogleGax TooManyRequests+PollingErrorPolicy.swift
[2152/2233] Compiling GoogleGax TooManyRequests+RetryPolicy.swift
[2153/2233] Compiling GoogleGax TooManyRequests.swift
[2154/2233] Compiling GoogleGax PackageVersion.swift
BUILD FAILURE 6.2 android