Build Information
Failed to build GoogleCloudResourceManagerV3, reference 0.5.0 (5ef800), with Swift 6.2 for Android on 11 Oct 2026 05:23:01 UTC.
Build Command
bash -c docker run --pull=always --rm -v "checkouts-53886768-0":/host -w "$PWD" -e JAVA_HOME="/root/.sdkman/candidates/java/current" -e SPI_BUILD="1" -e SPI_PROCESSING="1" registry.gitlab.com/saguaro1/spi-images:android-6.2-latest swift build --swift-sdk aarch64-unknown-linux-android28 2>&1Build Log
========================================
RunAll
========================================
Builder version: 5.1.1
Interrupt handler set up.
========================================
Checkout
========================================
Clone URL: https://github.com/googleapis/swift-google-cloud-resourcemanager-v3.git
Reference: 0.5.0
Initialized empty Git repository in /host/spi-builder-workspace/.git/
hint: Using 'master' as the name for the initial branch. This default branch name
hint: is subject to change. To configure the initial branch name to use in all
hint: of your new repositories, which will suppress this warning, call:
hint:
hint: git config --global init.defaultBranch <name>
hint:
hint: Names commonly chosen instead of 'master' are 'main', 'trunk' and
hint: 'development'. The just-created branch can be renamed via this command:
hint:
hint: git branch -m <name>
From https://github.com/googleapis/swift-google-cloud-resourcemanager-v3
* tag 0.5.0 -> FETCH_HEAD
HEAD is now at 5ef800a chore: release circa 2026-10-07 (#1382)
Cloned https://github.com/googleapis/swift-google-cloud-resourcemanager-v3.git
Revision (git rev-parse @):
5ef800a36c937d2d4e211324f5677c34761275ca
SPI manifest file found: $PWD/.spi.yml
SUCCESS checkout https://github.com/googleapis/swift-google-cloud-resourcemanager-v3.git at 0.5.0
========================================
Build
========================================
Selected platform: android
Swift version: 6.2
Building package at path: $PWD
https://github.com/googleapis/swift-google-cloud-resourcemanager-v3.git
Running build ...
bash -c docker run --pull=always --rm -v "checkouts-53886768-0":/host -w "$PWD" -e JAVA_HOME="/root/.sdkman/candidates/java/current" -e SPI_BUILD="1" -e SPI_PROCESSING="1" registry.gitlab.com/saguaro1/spi-images:android-6.2-latest swift build --swift-sdk aarch64-unknown-linux-android28 2>&1
android-6.2-latest: Pulling from saguaro1/spi-images
Digest: sha256:a839c9ce201f1dacc8eb056626ec7ab0a1c6d53d7b77c83feda395f4507c51be
Status: Image is up to date for registry.gitlab.com/saguaro1/spi-images:android-6.2-latest
Fetching https://github.com/apple/swift-log
Fetching https://github.com/googleapis/swift-google-longrunning
Fetching https://github.com/googleapis/swift-google-wkt
Fetching https://github.com/googleapis/swift-google-gax
Fetching https://github.com/googleapis/swift-google-rpc
Fetching https://github.com/googleapis/swift-google-iam-v1
[1/1748] Fetching swift-google-gax
[159/2170] Fetching swift-google-gax, swift-google-rpc
[484/2789] Fetching swift-google-gax, swift-google-rpc, swift-google-longrunning
[491/3495] Fetching swift-google-gax, swift-google-rpc, swift-google-longrunning, swift-google-iam-v1
[561/4518] Fetching swift-google-gax, swift-google-rpc, swift-google-longrunning, swift-google-iam-v1, swift-google-wkt
[579/12775] Fetching swift-google-gax, swift-google-rpc, swift-google-longrunning, swift-google-iam-v1, swift-google-wkt, swift-log
Fetched https://github.com/googleapis/swift-google-longrunning from cache (0.42s)
[4109/12156] Fetching swift-google-gax, swift-google-rpc, swift-google-iam-v1, swift-google-wkt, swift-log
Fetching https://github.com/googleapis/swift-google-auth
Fetched https://github.com/googleapis/swift-google-rpc from cache (0.43s)
[3770/11734] Fetching swift-google-gax, swift-google-iam-v1, swift-google-wkt, swift-log
Fetched https://github.com/googleapis/swift-google-gax from cache (0.49s)
Fetched https://github.com/googleapis/swift-google-iam-v1 from cache (0.49s)
[9055/9280] Fetching swift-google-wkt, swift-log
Fetched https://github.com/googleapis/swift-google-wkt from cache (0.55s)
Fetched https://github.com/apple/swift-log from cache (0.55s)
[1/1023] Fetching swift-google-auth
Fetched https://github.com/googleapis/swift-google-auth from cache (0.43s)
Computing version for https://github.com/googleapis/swift-google-wkt
Computed https://github.com/googleapis/swift-google-wkt at 0.5.0 (1.01s)
Fetching https://github.com/swift-extras/swift-extras-base64
[1/954] Fetching swift-extras-base64
Fetched https://github.com/swift-extras/swift-extras-base64 from cache (0.42s)
Computing version for https://github.com/googleapis/swift-google-rpc
Computed https://github.com/googleapis/swift-google-rpc at 0.5.0 (0.58s)
Computing version for https://github.com/googleapis/swift-google-longrunning
Computed https://github.com/googleapis/swift-google-longrunning at 0.5.0 (0.15s)
Computing version for https://github.com/googleapis/swift-google-iam-v1
Computed https://github.com/googleapis/swift-google-iam-v1 at 0.5.0 (0.15s)
Fetching https://github.com/googleapis/swift-google-type
[1/437] Fetching swift-google-type
Fetched https://github.com/googleapis/swift-google-type from cache (0.48s)
Computing version for https://github.com/googleapis/swift-google-gax
Computed https://github.com/googleapis/swift-google-gax at 0.5.0 (0.65s)
Fetching https://github.com/swift-server/async-http-client.git
Fetching https://github.com/apple/swift-nio
[1/16464] Fetching async-http-client
[16465/102838] Fetching async-http-client, swift-nio
Fetched https://github.com/swift-server/async-http-client.git from cache (3.01s)
Fetched https://github.com/apple/swift-nio from cache (3.04s)
Computing version for https://github.com/googleapis/swift-google-auth
Computed https://github.com/googleapis/swift-google-auth at 0.5.0 (3.20s)
Fetching https://github.com/apple/swift-system.git
Fetching https://github.com/vapor/jwt-kit.git
[1/7241] Fetching swift-system
[364/17495] Fetching swift-system, jwt-kit
Fetched https://github.com/apple/swift-system.git from cache (1.38s)
Fetched https://github.com/vapor/jwt-kit.git from cache (1.38s)
Computing version for https://github.com/googleapis/swift-google-type
Computed https://github.com/googleapis/swift-google-type at 0.5.0 (1.53s)
Computing version for https://github.com/swift-extras/swift-extras-base64
Computed https://github.com/swift-extras/swift-extras-base64 at 1.2.0 (0.13s)
Computing version for https://github.com/swift-server/async-http-client.git
Computed https://github.com/swift-server/async-http-client.git at 1.36.2 (0.17s)
Fetching https://github.com/apple/swift-service-context.git
Fetching https://github.com/apple/swift-nio-transport-services.git
Fetching https://github.com/apple/swift-algorithms.git
Fetching https://github.com/apple/swift-configuration.git
Fetching https://github.com/apple/swift-nio-extras.git
Fetching https://github.com/apple/swift-distributed-tracing.git
[1/1500] Fetching swift-service-context
[1501/4367] Fetching swift-service-context, swift-nio-transport-services
[1502/11070] Fetching swift-service-context, swift-nio-transport-services, swift-nio-extras
[1503/17621] Fetching swift-service-context, swift-nio-transport-services, swift-nio-extras, swift-distributed-tracing
[1504/21549] Fetching swift-service-context, swift-nio-transport-services, swift-nio-extras, swift-distributed-tracing, swift-configuration
[6415/27713] Fetching swift-service-context, swift-nio-transport-services, swift-nio-extras, swift-distributed-tracing, swift-configuration, swift-algorithms
Fetched https://github.com/apple/swift-nio-transport-services.git from cache (0.80s)
Fetching https://github.com/apple/swift-atomics.git
[19250/24846] Fetching swift-service-context, swift-nio-extras, swift-distributed-tracing, swift-configuration, swift-algorithms
Fetched https://github.com/apple/swift-service-context.git from cache (0.99s)
Fetched https://github.com/apple/swift-configuration.git from cache (0.99s)
Fetched https://github.com/apple/swift-nio-extras.git from cache (0.99s)
Fetched https://github.com/apple/swift-algorithms.git from cache (0.99s)
Fetched https://github.com/apple/swift-distributed-tracing.git from cache (0.99s)
Fetching https://github.com/apple/swift-nio-http2.git
Fetching https://github.com/apple/swift-nio-ssl.git
[1/1889] Fetching swift-atomics
Fetched https://github.com/apple/swift-atomics.git from cache (0.53s)
[1/16871] Fetching swift-nio-ssl
[2/29165] Fetching swift-nio-ssl, swift-nio-http2
Fetched https://github.com/apple/swift-nio-http2.git from cache (1.00s)
[4387/16871] Fetching swift-nio-ssl
Fetched https://github.com/apple/swift-nio-ssl.git from cache (1.52s)
Computing version for https://github.com/apple/swift-service-context.git
Computed https://github.com/apple/swift-service-context.git at 1.3.0 (2.66s)
Computing version for https://github.com/apple/swift-algorithms.git
Computed https://github.com/apple/swift-algorithms.git at 1.2.1 (0.86s)
Fetching https://github.com/apple/swift-numerics.git
[1/6728] Fetching swift-numerics
Fetched https://github.com/apple/swift-numerics.git from cache (0.53s)
Computing version for https://github.com/apple/swift-log
Computed https://github.com/apple/swift-log at 1.16.1 (0.69s)
Computing version for https://github.com/apple/swift-distributed-tracing.git
Computed https://github.com/apple/swift-distributed-tracing.git at 1.5.0 (0.14s)
Computing version for https://github.com/apple/swift-atomics.git
Computed https://github.com/apple/swift-atomics.git at 1.3.1 (0.13s)
Computing version for https://github.com/apple/swift-numerics.git
Computed https://github.com/apple/swift-numerics.git at 1.1.1 (0.12s)
Computing version for https://github.com/apple/swift-nio
Computed https://github.com/apple/swift-nio at 2.104.0 (0.33s)
Fetching https://github.com/apple/swift-collections.git
[1/28703] Fetching swift-collections
Fetched https://github.com/apple/swift-collections.git from cache (1.22s)
Computing version for https://github.com/apple/swift-configuration.git
Computed https://github.com/apple/swift-configuration.git at 1.2.2 (2.02s)
Fetching https://github.com/swift-server/swift-service-lifecycle
[1/2867] Fetching swift-service-lifecycle
Fetched https://github.com/swift-server/swift-service-lifecycle from cache (0.49s)
Computing version for https://github.com/apple/swift-nio-transport-services.git
Computed https://github.com/apple/swift-nio-transport-services.git at 1.28.0 (0.65s)
Computing version for https://github.com/swift-server/swift-service-lifecycle
Computed https://github.com/swift-server/swift-service-lifecycle at 2.12.1 (0.14s)
Fetching https://github.com/apple/swift-async-algorithms.git
[1/6820] Fetching swift-async-algorithms
Fetched https://github.com/apple/swift-async-algorithms.git from cache (0.64s)
Computing version for https://github.com/apple/swift-async-algorithms.git
Computed https://github.com/apple/swift-async-algorithms.git at 1.1.7 (0.85s)
Computing version for https://github.com/apple/swift-collections.git
Computed https://github.com/apple/swift-collections.git at 1.7.2 (0.23s)
Computing version for https://github.com/apple/swift-nio-http2.git
Computed https://github.com/apple/swift-nio-http2.git at 1.46.0 (0.16s)
Computing version for https://github.com/vapor/jwt-kit.git
Computed https://github.com/vapor/jwt-kit.git at 5.7.1 (0.14s)
Fetching https://github.com/apple/swift-crypto.git
Fetching https://github.com/apple/swift-certificates.git
[1/18629] Fetching swift-crypto
[2/26238] Fetching swift-crypto, swift-certificates
Fetched https://github.com/apple/swift-certificates.git from cache (0.55s)
[2050/18629] Fetching swift-crypto
Fetched https://github.com/apple/swift-crypto.git from cache (1.21s)
Computing version for https://github.com/apple/swift-crypto.git
Computed https://github.com/apple/swift-crypto.git at 4.5.2 (1.81s)
Fetching https://github.com/apple/swift-asn1.git
[1/2009] Fetching swift-asn1
Fetched https://github.com/apple/swift-asn1.git from cache (0.37s)
Computing version for https://github.com/apple/swift-asn1.git
Computed https://github.com/apple/swift-asn1.git at 1.7.3 (0.56s)
Computing version for https://github.com/apple/swift-certificates.git
Computed https://github.com/apple/swift-certificates.git at 1.21.0 (0.20s)
Computing version for https://github.com/apple/swift-nio-ssl.git
Computed https://github.com/apple/swift-nio-ssl.git at 2.37.5 (0.18s)
Computing version for https://github.com/apple/swift-system.git
Computed https://github.com/apple/swift-system.git at 1.8.1 (0.17s)
Computing version for https://github.com/apple/swift-nio-extras.git
Computed https://github.com/apple/swift-nio-extras.git at 1.35.1 (0.25s)
Fetching https://github.com/apple/swift-http-structured-headers.git
Fetching https://github.com/apple/swift-http-types.git
[1/1939] Fetching swift-http-types
[40/3192] Fetching swift-http-types, swift-http-structured-headers
Fetched https://github.com/apple/swift-http-structured-headers.git from cache (0.37s)
Fetched https://github.com/apple/swift-http-types.git from cache (0.37s)
Computing version for https://github.com/apple/swift-http-structured-headers.git
Computed https://github.com/apple/swift-http-structured-headers.git at 1.7.0 (0.52s)
Computing version for https://github.com/apple/swift-http-types.git
Computed https://github.com/apple/swift-http-types.git at 1.8.0 (0.16s)
Creating working copy for https://github.com/apple/swift-distributed-tracing.git
Working copy of https://github.com/apple/swift-distributed-tracing.git resolved at 1.5.0
Creating working copy for https://github.com/vapor/jwt-kit.git
Working copy of https://github.com/vapor/jwt-kit.git resolved at 5.7.1
Creating working copy for https://github.com/apple/swift-collections.git
Working copy of https://github.com/apple/swift-collections.git resolved at 1.7.2
Creating working copy for https://github.com/apple/swift-nio
Working copy of https://github.com/apple/swift-nio resolved at 2.104.0
Creating working copy for https://github.com/apple/swift-async-algorithms.git
Working copy of https://github.com/apple/swift-async-algorithms.git resolved at 1.1.7
Creating working copy for https://github.com/googleapis/swift-google-auth
Working copy of https://github.com/googleapis/swift-google-auth resolved at 0.5.0
Creating working copy for https://github.com/apple/swift-nio-ssl.git
Working copy of https://github.com/apple/swift-nio-ssl.git resolved at 2.37.5
Creating working copy for https://github.com/apple/swift-nio-transport-services.git
Working copy of https://github.com/apple/swift-nio-transport-services.git resolved at 1.28.0
Creating working copy for https://github.com/apple/swift-service-context.git
Working copy of https://github.com/apple/swift-service-context.git resolved at 1.3.0
Creating working copy for https://github.com/googleapis/swift-google-iam-v1
Working copy of https://github.com/googleapis/swift-google-iam-v1 resolved at 0.5.0
Creating working copy for https://github.com/swift-server/swift-service-lifecycle
Working copy of https://github.com/swift-server/swift-service-lifecycle resolved at 2.12.1
Creating working copy for https://github.com/apple/swift-asn1.git
Working copy of https://github.com/apple/swift-asn1.git resolved at 1.7.3
Creating working copy for https://github.com/googleapis/swift-google-gax
Working copy of https://github.com/googleapis/swift-google-gax resolved at 0.5.0
Creating working copy for https://github.com/googleapis/swift-google-rpc
Working copy of https://github.com/googleapis/swift-google-rpc resolved at 0.5.0
Creating working copy for https://github.com/apple/swift-log
Working copy of https://github.com/apple/swift-log resolved at 1.16.1
Creating working copy for https://github.com/apple/swift-crypto.git
Working copy of https://github.com/apple/swift-crypto.git resolved at 4.5.2
Creating working copy for https://github.com/apple/swift-numerics.git
Working copy of https://github.com/apple/swift-numerics.git resolved at 1.1.1
Creating working copy for https://github.com/apple/swift-http-structured-headers.git
Working copy of https://github.com/apple/swift-http-structured-headers.git resolved at 1.7.0
Creating working copy for https://github.com/apple/swift-nio-http2.git
Working copy of https://github.com/apple/swift-nio-http2.git resolved at 1.46.0
Creating working copy for https://github.com/apple/swift-certificates.git
Working copy of https://github.com/apple/swift-certificates.git resolved at 1.21.0
Creating working copy for https://github.com/apple/swift-configuration.git
Working copy of https://github.com/apple/swift-configuration.git resolved at 1.2.2
Creating working copy for https://github.com/googleapis/swift-google-type
Working copy of https://github.com/googleapis/swift-google-type resolved at 0.5.0
Creating working copy for https://github.com/apple/swift-algorithms.git
Working copy of https://github.com/apple/swift-algorithms.git resolved at 1.2.1
Creating working copy for https://github.com/googleapis/swift-google-wkt
Working copy of https://github.com/googleapis/swift-google-wkt resolved at 0.5.0
Creating working copy for https://github.com/apple/swift-http-types.git
Working copy of https://github.com/apple/swift-http-types.git resolved at 1.8.0
Creating working copy for https://github.com/apple/swift-nio-extras.git
Working copy of https://github.com/apple/swift-nio-extras.git resolved at 1.35.1
Creating working copy for https://github.com/swift-server/async-http-client.git
Working copy of https://github.com/swift-server/async-http-client.git resolved at 1.36.2
Creating working copy for https://github.com/swift-extras/swift-extras-base64
Working copy of https://github.com/swift-extras/swift-extras-base64 resolved at 1.2.0
Creating working copy for https://github.com/apple/swift-system.git
Working copy of https://github.com/apple/swift-system.git resolved at 1.8.1
Creating working copy for https://github.com/googleapis/swift-google-longrunning
Working copy of https://github.com/googleapis/swift-google-longrunning resolved at 0.5.0
Creating working copy for https://github.com/apple/swift-atomics.git
Working copy of https://github.com/apple/swift-atomics.git resolved at 1.3.1
Building for debugging...
[0/1128] Compiling ghashv8-armv8-win.S
[1/1128] Write swift-version--11D90AFD9DD3AB2.txt
[2/1128] Compiling _NumericsShims _NumericsShims.c
[3/1128] Write sources
[4/1132] Compiling a_strnid.cc
[5/1132] Write sources
[8/1132] Compiling v3_ia5.cc
[9/1132] Write sources
[21/1132] Compiling v3_lib.cc
[22/1132] Compiling _AtomicsShims.c
[23/1132] Write sources
[79/1132] Compiling v3_info.cc
[80/1132] Compiling v3_int.cc
[81/1132] Compiling v3_ncons.cc
[82/1132] Write sources
[86/1167] Compiling v3_genn.cc
[88/1206] Emitting module _NIODataStructures
[89/1206] Compiling RealModule RealFunctions.swift
[90/1207] Compiling RealModule Real.swift
[91/1207] Compiling InternalCollectionsUtilities RandomAccessCollection+Offsets.swift
[92/1207] Compiling InternalCollectionsUtilities Span+Extras.swift
[93/1209] Compiling RealModule RelaxedArithmetic.swift
[94/1209] Compiling ServiceContextModule ServiceContextKey.swift
[95/1209] Compiling InternalCollectionsUtilities Iterable+CopyContents.swift
[96/1209] Compiling InternalCollectionsUtilities Iterable+Equality.swift
[97/1209] Compiling InternalCollectionsUtilities _UnsafeBitSet+_Word.swift
[98/1209] Compiling InternalCollectionsUtilities _UnsafeBitSet.swift
[99/1209] Compiling InternalCollectionsUtilities UnsafeBufferPointer+Extras.swift
[100/1209] Compiling InternalCollectionsUtilities UnsafeMutableBufferPointer+Extras.swift
[101/1212] Emitting module _NIOBase64
[102/1212] Compiling _NIOBase64 Base64.swift
[104/1213] Compiling InternalCollectionsUtilities BorrowingIteratorProtocol+Equality.swift
[105/1213] Compiling InternalCollectionsUtilities BorrowingIteratorProtocol+Extras.swift
[105/1214] Write sources
[132/1214] Compiling InternalCollectionsUtilities LifetimeOverride.swift
[133/1214] Compiling InternalCollectionsUtilities MutableRef.swift
[135/1214] Emitting module SwiftASN1
[136/1214] Compiling InternalCollectionsUtilities FixedWidthInteger+roundUpToPowerOfTwo.swift
[137/1214] Compiling InternalCollectionsUtilities Integer rank.swift
[138/1214] Compiling InternalCollectionsUtilities UInt+first and last set bit.swift
[139/1214] Compiling InternalCollectionsUtilities UInt+reversed.swift
[142/1214] Compiling InternalCollectionsUtilities Debugging.swift
[143/1214] Compiling InternalCollectionsUtilities Descriptions.swift
[148/1214] Emitting module InternalCollectionsUtilities
[149/1214] Compiling InternalCollectionsUtilities UnsafeRawBufferPointer+Extras.swift
[150/1214] Compiling InternalCollectionsUtilities _SortedCollection.swift
[151/1214] Compiling InternalCollectionsUtilities _UniqueCollection.swift
[151/1214] Compiling CXKCPShims shims.c
[153/1214] Emitting module ServiceContextModule
[154/1214] Compiling ServiceContextModule ServiceContext.swift
[155/1214] Compiling InternalCollectionsUtilities UnsafeMutablePointer+Extras.swift
[156/1214] Compiling InternalCollectionsUtilities UnsafeMutableRawBufferPointer+Extras.swift
[157/1214] Compiling InternalCollectionsUtilities UnsafePointer+Extras.swift
[162/1215] Emitting module RealModule
[163/1215] Compiling InternalCollectionsUtilities MutableSpan+Extras.swift
[164/1215] Compiling InternalCollectionsUtilities OutputSpan+Extras.swift
[167/1215] Compiling SwiftASN1 DER.swift
[168/1215] Compiling SwiftASN1 Errors.swift
[169/1215] Compiling InternalCollectionsUtilities TemporaryAllocation.swift
[170/1215] Compiling InternalCollectionsUtilities _UnsafeBitSet+Index.swift
[171/1216] Compiling _NIODataStructures _TinyArray.swift
[172/1216] Compiling _NIODataStructures PriorityQueue.swift
[175/1220] Compiling RealModule Float80+Real.swift
[176/1221] Emitting module _CertificateInternals
[177/1221] Compiling _CertificateInternals _TinyArray.swift
[178/1225] Compiling Logging LoggingSystem.swift
[178/1228] Wrapping AST for _NIOBase64 for debugging
[181/1228] Compiling _NIODataStructures Heap.swift
[181/1229] Wrapping AST for ServiceContextModule for debugging
[184/1233] Compiling Instrumentation NoOpInstrument.swift
[187/1233] Compiling RealModule Float16+Real.swift
[187/1234] Wrapping AST for InternalCollectionsUtilities for debugging
[188/1234] Wrapping AST for _CertificateInternals for debugging
[191/1234] Compiling SpanPreview InputSpan.swift
[192/1234] Compiling SpanPreview MutableSpan+InputSpanHelpers.swift
[193/1234] Emitting module SpanPreview
[194/1234] Compiling SpanPreview OutputSpan+InputSpanHelpers.swift
[195/1234] Compiling Instrumentation MultiplexInstrument.swift
[196/1234] Compiling Logging Logger+With.swift
[197/1234] Compiling Logging Logger+Attributes.swift
[198/1234] Compiling Logging Logger.swift
[198/1235] Compiling SimpleFIPS202.c
[200/1235] Compiling ExtrasBase64 Base64+Span.swift
[201/1235] Compiling ExtrasBase64 Base32+Span.swift
[201/1235] Wrapping AST for _NIODataStructures for debugging
[202/1235] Compiling KeccakSponge.c
[205/1235] Emitting module Instrumentation
[205/1235] Compiling KeccakHash.c
[206/1235] Wrapping AST for RealModule for debugging
[207/1236] Compiling CSystem shims.c
[208/1248] Wrapping AST for SpanPreview for debugging
[209/1266] Compiling CNIOWindows shim.c
[210/1277] Compiling CNIOWindows WSAStartup.c
[211/1277] Compiling CNIOWASI CNIOWASI.c
[212/1277] Compiling CNIOPosix event_loop_id.c
[213/1277] Compiling CNIOOpenBSD shim.c
[214/1314] Compiling CNIOLinux shim.c
[215/1314] Compiling CNIOLinux liburing_shims.c
[217/1314] Compiling SystemPackage FileFlags.swift
[218/1314] Compiling SystemPackage FileMode.swift
[218/1314] Compiling CNIOLLHTTP c_nio_llhttp.c
[219/1314] Compiling CNIOLLHTTP c_nio_http.c
[220/1314] Compiling KeccakP-1600-opt64.c
[221/1314] Compiling CNIOLLHTTP c_nio_api.c
[222/1314] Compiling CNIOFreeBSD shim.c
[224/1314] Compiling SystemPackage FileType.swift
[225/1314] Compiling SystemPackage Identifiers.swift
[226/1314] Compiling SystemPackage Stat.swift
[227/1314] Compiling SystemPackage Backcompat.swift
[228/1314] Compiling SystemPackage CInterop.swift
[229/1314] Compiling SystemPackage Constants.swift
[230/1314] Compiling SystemPackage Exports.swift
[231/1314] Compiling SystemPackage Mocking.swift
[232/1314] Compiling SystemPackage IOCompletion.swift
[233/1314] Compiling SystemPackage IORequest.swift
[234/1314] Compiling SystemPackage IORing+Util.swift
[235/1314] Compiling SystemPackage IORing.swift
[236/1314] Compiling DequeModule UniqueDeque+Initializers.swift
[237/1314] Compiling DequeModule UniqueDeque+Insertions.swift
[238/1314] Compiling DequeModule UniqueDeque+Iterable.swift
[239/1314] Compiling DequeModule UniqueDeque+Prepend.swift
[240/1314] Compiling DequeModule UniqueDeque+Removals.swift
[241/1314] Compiling SystemPackage RawIORequest.swift
[242/1314] Compiling SystemPackage RawBuffer.swift
[243/1314] Compiling SystemPackage Syscalls.swift
[244/1314] Compiling SystemPackage WindowsSyscallAdapters.swift
[245/1314] Compiling SystemPackage MachPort.swift
[246/1314] Compiling SystemPackage PlatformString.swift
[246/1319] Compiling CNIOExtrasZlib zutil.c
[247/1319] Compiling CNIOExtrasZlib trees.c
[248/1319] Compiling CNIOExtrasZlib inftrees.c
[249/1319] Compiling CNIOExtrasZlib inffast.c
[250/1319] Compiling CNIOExtrasZlib inflate.c
[251/1319] Compiling CNIOExtrasZlib crc32.c
[252/1319] Compiling CNIOExtrasZlib adler32.c
[253/1319] Compiling CNIODarwin shim.c
[254/1319] Compiling CNIOExtrasZlib deflate.c
[255/1319] Compiling fiat_p256_adx_sqr.S
[256/1319] Compiling fiat_p256_adx_mul.S
[257/1319] Compiling CNIOBoringSSLShims shims.c
[258/1319] Compiling fiat_curve25519_adx_square.S
[259/1319] Compiling fiat_curve25519_adx_mul.S
[261/1319] Compiling ExtrasBase64 Base32.swift
[262/1319] Compiling SystemPackage Errno.swift
[263/1319] Compiling SystemPackage ErrnoWindows.swift
[264/1319] Compiling SystemPackage FileDescriptor.swift
[265/1319] Compiling SystemPackage FileHelpers.swift
[266/1319] Compiling SystemPackage FileOperations.swift
[267/1319] Compiling SystemPackage FilePath.swift
[268/1319] Compiling SystemPackage FilePathTempPosix.swift
[269/1319] Compiling SystemPackage FilePathTempWindows.swift
[270/1319] Compiling SystemPackage FilePathWindows.swift
[271/1319] Compiling SystemPackage FilePermissions.swift
[274/1319] Compiling SystemPackage FilePathComponentView.swift
[275/1319] Compiling SystemPackage FilePathComponents.swift
[276/1319] Compiling SystemPackage FilePathParsing.swift
[277/1319] Compiling SystemPackage FilePathString.swift
[278/1319] Compiling SystemPackage FilePathSyntax.swift
[279/1319] Compiling SystemPackage FilePathTemp.swift
[280/1319] Emitting module Logging
[281/1319] Emitting module SystemPackage
[328/1325] Compiling Logging MetadataProvider.swift
[334/1326] Compiling Instrumentation InstrumentationSystem.swift
[335/1326] Compiling Instrumentation Locks.swift
[336/1326] Compiling Instrumentation Instrument.swift
[336/1327] Wrapping AST for SwiftASN1 for debugging
[338/1327] Wrapping AST for Logging for debugging
[339/1335] Compiling tls_method.cc
[340/1335] Wrapping AST for Instrumentation for debugging
[341/1335] Compiling tls_record.cc
[343/1335] Emitting module Tracing
[344/1336] Compiling Tracing TracingTime.swift
[345/1336] Compiling Tracing TracerProtocol.swift
[346/1336] Compiling Tracing WithTracer.swift
[347/1336] Compiling Tracing TracerProtocol+Legacy.swift
[348/1336] Compiling Tracing Tracer.swift
[349/1336] Compiling Tracing NoOpTracer.swift
[350/1336] Compiling Tracing InstrumentationSystem+Tracing.swift
[351/1336] Compiling Tracing SpanProtocol.swift
[352/1337] Compiling SystemPackage SystemString.swift
[353/1337] Compiling SystemPackage Util+StringArray.swift
[354/1337] Compiling SystemPackage Util.swift
[355/1337] Compiling SystemPackage UtilConsumers.swift
[356/1337] Compiling SystemPackage WinSDK+Overlay.swift
[357/1338] Compiling tls13_server.cc
[359/1338] Wrapping AST for Tracing for debugging
[361/1338] Emitting module DequeModule
[361/1338] Wrapping AST for SystemPackage for debugging
[363/1338] Compiling DequeModule UniqueDeque+Replacements.swift
[364/1338] Compiling DequeModule UniqueDeque.swift
[365/1338] Compiling DequeModule _DequeSlot.swift
[366/1338] Compiling DequeModule _UnsafeDequeHandle.swift
[367/1338] Compiling DequeModule _UnsafeDequeSegments.swift
[368/1339] Compiling tls13_client.cc
[369/1339] Compiling tls13_enc.cc
[370/1339] Compiling tls13_both.cc
[371/1339] Wrapping AST for DequeModule for debugging
[372/1382] Compiling t1_enc.cc
[374/1382] Compiling Configuration Deprecations.swift
[375/1382] Compiling Configuration ExpressibleByConfigInt.swift
[376/1382] Compiling Configuration ExpressibleByConfigString.swift
[377/1382] Compiling Configuration CLIKeyEncoder.swift
[378/1382] Compiling Configuration ConfigKeyEncoder.swift
[379/1382] Compiling Configuration DotSeparatorKeyDecoder.swift
[379/1387] Compiling ssl_versions.cc
[380/1387] Compiling ssl_x509.cc
[381/1387] Compiling ssl_transcript.cc
[382/1387] Compiling ssl_session.cc
[383/1387] Compiling ssl_stat.cc
[385/1387] Compiling ExtrasBase64 Base64.swift
[386/1387] Emitting module ExtrasBase64
[387/1388] Compiling ssl_privkey.cc
[388/1388] Compiling ssl_file.cc
[389/1407] Compiling ssl_key_share.cc
[390/1419] Wrapping AST for ExtrasBase64 for debugging
[391/1419] Compiling ssl_credential.cc
[392/1419] Compiling ssl_lib.cc
[393/1419] Compiling ssl_cipher.cc
[395/1419] Compiling GoogleWKT WKTFloatValue.swift
[396/1419] Compiling GoogleWKT WKTInt32Value.swift
[397/1419] Compiling GoogleWKT WKTInt64Value.swift
[398/1419] Compiling GoogleWKT WKTRecursive.swift
[399/1419] Compiling GoogleWKT WKTStringValue.swift
[400/1419] Compiling GoogleWKT WKTTimestamp.swift
[401/1419] Compiling Configuration CombineLatestManyStorage.swift
[402/1419] Compiling Configuration AsyncSequences.swift
[403/1419] Compiling Configuration FoundationExtensions.swift
[404/1419] Compiling Configuration Span.swift
[405/1419] Compiling Configuration ConfigBytesFromStringDecoder.swift
[406/1419] Compiling GoogleWKT WKTAny.swift
[407/1419] Compiling GoogleWKT WKTAnyError.swift
[408/1419] Compiling GoogleWKT WKTBoolValue.swift
[409/1419] Compiling GoogleWKT WKTBytesValue.swift
[410/1419] Compiling GoogleWKT WKTDoubleValue.swift
[411/1419] Compiling GoogleWKT WKTDuration.swift
[412/1419] Compiling Configuration EnvironmentKeyEncoder.swift
[413/1419] Compiling Configuration EnvironmentVariablesProvider.swift
[414/1419] Compiling Configuration CommonProviderFileSystem.swift
[415/1419] Compiling Configuration DirectoryFilesProvider.swift
[416/1419] Compiling Configuration FileProvider.swift
[417/1419] Compiling Configuration FileProviderSnapshot.swift
[418/1419] Compiling Configuration JSONSnapshot.swift
[419/1419] Compiling Configuration PropertyListSnapshot.swift
[420/1419] Compiling Configuration ReloadingFileProvider.swift
[421/1419] Compiling Configuration ReloadingFileProviderMetrics.swift
[422/1419] Compiling Configuration YAMLSnapshot.swift
[423/1419] Compiling Configuration InMemoryProvider.swift
[424/1419] Compiling GoogleWKT WKTUInt32Value.swift
[425/1419] Compiling GoogleWKT WKTUInt64Value.swift
[426/1419] Compiling GoogleWKT WKTField.swift
[427/1419] Compiling GoogleWKT WKTMethod.swift
[428/1419] Compiling GoogleWKT WKTMixin.swift
[429/1419] Compiling GoogleWKT WKTOption.swift
[429/1419] Compiling ssl_aead_ctx.cc
[430/1419] Compiling ssl_buffer.cc
[432/1419] Compiling GoogleWKT UnknownFields.swift
[443/1423] Compiling GoogleWKT WKTEmpty.swift
[444/1423] Compiling GoogleWKT WKTFieldMask.swift
[447/1423] Compiling GoogleWKT WKTValue.swift
[448/1423] Compiling GoogleWKT WKTApi.swift
[449/1423] Compiling GoogleWKT WKTEnum.swift
[450/1423] Compiling GoogleWKT WKTEnumValue.swift
[451/1423] Emitting module Configuration
[451/1423] Compiling s3_lib.cc
[452/1423] Compiling ssl_asn1.cc
[458/1424] Compiling s3_pkt.cc
[459/1424] Compiling ssl_cert.cc
[469/1424] Emitting module GoogleWKT
[470/1424] Compiling GoogleWKT AnyPackable.swift
[471/1424] Compiling GoogleWKT DecodeToDefault.swift
[472/1424] Compiling GoogleWKT DiscoveryBase64.swift
[473/1424] Compiling GoogleWKT ProtoJSONDecoder.swift
[474/1424] Compiling GoogleWKT ProtoJSONEncoder.swift
[475/1424] Compiling GoogleWKT WKTSourceContext.swift
[476/1424] Compiling GoogleWKT WKTSyntax.swift
[477/1424] Compiling GoogleWKT WKTType.swift
[478/1424] Compiling GoogleWKT PackageVersion.swift
[479/1425] Wrapping AST for Configuration for debugging
[480/1443] Compiling s3_both.cc
[482/1458] Compiling GoogleRpc HttpRequest.swift
[483/1458] Compiling GoogleRpc HttpResponse.swift
[484/1460] Emitting module GoogleType
[484/1460] Compiling handshake.cc
[485/1460] Compiling handshake_server.cc
[487/1460] Compiling GoogleRpc QuotaFailure.swift
[488/1460] Compiling GoogleType Quaternion.swift
[488/1460] Wrapping AST for GoogleWKT for debugging
[490/1460] Compiling GoogleRpc BadRequest.swift
[491/1460] Compiling GoogleRpc Code.swift
[492/1460] Compiling GoogleRpc Help.swift
[492/1460] Compiling handoff.cc
[494/1460] Compiling GoogleRpc ResourceInfo.swift
[495/1460] Compiling GoogleRpc PreconditionFailure.swift
[496/1460] Compiling GoogleType PackageVersion.swift
[497/1460] Compiling GoogleType PhoneNumber.swift
[497/1460] Compiling handshake_client.cc
[498/1460] Compiling encrypted_client_hello.cc
[500/1460] Compiling GoogleRpc HttpHeader.swift
[501/1460] Compiling GoogleRpc DebugInfo.swift
[502/1460] Compiling GoogleRpc ErrorInfo.swift
[503/1460] Compiling GoogleRpc LocalizedMessage.swift
[504/1460] Compiling GoogleRpc PackageVersion.swift
[505/1460] Compiling GoogleRpc RequestInfo.swift
[507/1462] Compiling extensions.cc
[515/1462] Emitting module GoogleRpc
[518/1462] Compiling GoogleRpc RetryInfo.swift
[519/1462] Compiling GoogleRpc Status.swift
[524/1462] Compiling GoogleType TimeOfDay.swift
[525/1462] Compiling GoogleType TimeZone.swift
[527/1464] Compiling md5-x86_64-linux.S
[528/1464] Wrapping AST for GoogleType for debugging
[529/1464] Wrapping AST for GoogleRpc for debugging
[530/1464] Compiling md5-x86_64-apple.S
[531/1464] Compiling md5-586-linux.S
[532/1464] Compiling md5-586-apple.S
[533/1464] Compiling d1_pkt.cc
[534/1464] Compiling chacha20_poly1305_x86_64-linux.S
[535/1464] Compiling d1_srtp.cc
[536/1464] Compiling chacha20_poly1305_armv8-win.S
[537/1464] Compiling chacha20_poly1305_x86_64-apple.S
[538/1464] Compiling d1_lib.cc
[539/1464] Compiling chacha-x86_64-linux.S
[540/1464] Compiling chacha20_poly1305_armv8-apple.S
[541/1464] Compiling chacha20_poly1305_armv8-linux.S
[542/1464] Compiling chacha-x86_64-apple.S
[543/1464] Compiling chacha-x86-linux.S
[544/1464] Compiling dtls_method.cc
[545/1464] Compiling chacha-x86-apple.S
[546/1464] Compiling chacha-armv8-win.S
[547/1464] Compiling err_data.cc
[548/1464] Compiling chacha-armv8-apple.S
[549/1464] Compiling chacha-armv8-linux.S
[550/1464] Compiling aes128gcmsiv-x86_64-linux.S
[550/1464] Compiling chacha-armv4-linux.S
[552/1464] Compiling aes128gcmsiv-x86_64-apple.S
[553/1464] Compiling x86_64-mont5-linux.S
[554/1464] Compiling x86_64-mont5-apple.S
[554/1464] Compiling x86_64-mont-apple.S
[556/1464] Compiling x86_64-mont-linux.S
[557/1464] Compiling x86-mont-linux.S
[558/1464] Compiling x86-mont-apple.S
[559/1464] Compiling vpaes-x86_64-linux.S
[560/1464] Compiling vpaes-x86_64-apple.S
[561/1464] Compiling vpaes-x86-linux.S
[562/1464] Compiling d1_both.cc
[563/1464] Compiling vpaes-x86-apple.S
[564/1464] Compiling vpaes-armv8-win.S
[565/1464] Compiling dtls_record.cc
[566/1464] Compiling vpaes-armv8-apple.S
[566/1464] Compiling vpaes-armv7-linux.S
[568/1464] Compiling sha512-x86_64-linux.S
[569/1464] Compiling bio_ssl.cc
[569/1464] Compiling sha512-x86_64-apple.S
[571/1464] Compiling vpaes-armv8-linux.S
[572/1464] Compiling sha512-armv8-win.S
[573/1464] Compiling sha512-armv4-linux.S
[574/1464] Compiling sha512-armv8-apple.S
[575/1464] Compiling sha512-586-linux.S
[576/1464] Compiling sha512-586-apple.S
[577/1464] Compiling sha256-x86_64-linux.S
[578/1464] Compiling sha512-armv8-linux.S
[579/1464] Compiling sha256-x86_64-apple.S
[580/1464] Compiling sha256-armv8-win.S
[581/1464] Compiling sha256-armv8-apple.S
[582/1464] Compiling sha256-armv4-linux.S
[583/1464] Compiling sha256-586-linux.S
[584/1464] Compiling sha256-586-apple.S
[585/1464] Compiling sha256-armv8-linux.S
[586/1464] Compiling sha1-x86_64-apple.S
[587/1464] Compiling sha1-x86_64-linux.S
[588/1464] Compiling sha1-armv8-win.S
[589/1464] Compiling sha1-armv8-apple.S
[590/1464] Compiling sha1-armv4-large-linux.S
[591/1464] Compiling sha1-586-linux.S
[592/1464] Compiling sha1-586-apple.S
[593/1464] Compiling rsaz-avx2-linux.S
[594/1464] Compiling sha1-armv8-linux.S
[595/1464] Compiling rsaz-avx2-apple.S
[595/1464] Compiling rdrand-x86_64-linux.S
[597/1464] Compiling rdrand-x86_64-apple.S
[598/1464] Compiling p256_beeu-x86_64-asm-linux.S
[599/1464] Compiling p256_beeu-x86_64-asm-apple.S
[600/1464] Compiling p256_beeu-armv8-asm-win.S
[601/1464] Compiling p256_beeu-armv8-asm-linux.S
[602/1464] Compiling p256-x86_64-asm-linux.S
[603/1464] Compiling p256_beeu-armv8-asm-apple.S
[604/1464] Compiling p256-x86_64-asm-apple.S
[605/1464] Compiling p256-armv8-asm-win.S
[606/1464] Compiling p256-armv8-asm-apple.S
[607/1464] Compiling ghashv8-armv8-apple.S
[608/1464] Compiling p256-armv8-asm-linux.S
[609/1464] Compiling ghashv8-armv8-win.S
[610/1464] Compiling ghash-x86_64-linux.S
[611/1464] Compiling ghashv8-armv7-linux.S
[612/1464] Compiling ghash-x86_64-apple.S
[613/1464] Compiling ghashv8-armv8-linux.S
[614/1464] Compiling ghash-x86-linux.S
[615/1464] Compiling ghash-x86-apple.S
[616/1464] Compiling ghash-ssse3-x86_64-apple.S
[617/1464] Compiling ghash-ssse3-x86_64-linux.S
[618/1464] Compiling ghash-ssse3-x86-apple.S
[619/1464] Compiling ghash-ssse3-x86-linux.S
[620/1464] Compiling ghash-neon-armv8-win.S
[621/1464] Compiling ghash-neon-armv8-apple.S
[622/1464] Compiling ghash-neon-armv8-linux.S
[623/1464] Compiling ghash-armv4-linux.S
[624/1464] Compiling co-586-linux.S
[625/1464] Compiling co-586-apple.S
[626/1464] Compiling bsaes-armv7-linux.S
[627/1464] Compiling bn-armv8-win.S
[628/1464] Compiling bn-armv8-linux.S
[629/1464] Compiling bn-armv8-apple.S
[630/1464] Compiling bn-586-apple.S
[631/1464] Compiling armv8-mont-win.S
[632/1464] Compiling armv8-mont-apple.S
[633/1464] Compiling armv4-mont-linux.S
[634/1464] Compiling bn-586-linux.S
[635/1464] Compiling aesv8-gcm-armv8-win.S
[636/1464] Compiling armv8-mont-linux.S
[637/1464] Compiling aesv8-armv8-win.S
[638/1464] Compiling aesv8-gcm-armv8-apple.S
[639/1464] Compiling aesv8-armv8-linux.S
[640/1464] Compiling aesv8-armv7-linux.S
[641/1464] Compiling aesv8-armv8-apple.S
[642/1464] Compiling aesni-x86_64-linux.S
[642/1464] Compiling aesv8-gcm-armv8-linux.S
[644/1464] Compiling aesni-x86_64-apple.S
[645/1464] Compiling aesni-x86-linux.S
[646/1464] Compiling aesni-x86-apple.S
[647/1464] Compiling aesni-gcm-x86_64-linux.S
[648/1464] Compiling aesni-gcm-x86_64-apple.S
[649/1464] Compiling aes-gcm-avx2-x86_64-linux.S
[650/1464] Compiling aes-gcm-avx10-x86_64-apple.S
[650/1464] Compiling aes-gcm-avx10-x86_64-linux.S
[652/1464] Compiling aes-gcm-avx2-x86_64-apple.S
[653/1464] Compiling x_sig.cc
[654/1464] Compiling x_val.cc
[655/1464] Compiling x_pubkey.cc
[656/1464] Compiling x_spki.cc
[657/1464] Compiling x_req.cc
[658/1464] Compiling x_x509a.cc
[658/1464] Compiling x_x509.cc
[660/1464] Compiling x_name.cc
[661/1464] Compiling x_exten.cc
[662/1464] Compiling x_algor.cc
[663/1464] Compiling x509spki.cc
[664/1464] Compiling x_attrib.cc
[665/1464] Compiling x_crl.cc
[666/1464] Compiling x509rset.cc
[667/1464] Compiling x_all.cc
[668/1464] Compiling x509name.cc
[669/1464] Compiling x509_txt.cc
[670/1464] Compiling x509cset.cc
[671/1464] Compiling x509_v3.cc
[672/1464] Compiling x509_vpm.cc
[673/1464] Compiling x509_trs.cc
[674/1464] Compiling x509_vfy.cc
[675/1464] Compiling x509_req.cc
[676/1464] Compiling x509_set.cc
[677/1464] Compiling x509_def.cc
[678/1464] Compiling x509_obj.cc
[679/1464] Compiling x509_ext.cc
[680/1464] Compiling x509_d2.cc
[681/1464] Compiling x509_lu.cc
[682/1464] Compiling x509_cmp.cc
[683/1464] Compiling x509_att.cc
[684/1464] Compiling x509.cc
[685/1464] Compiling v3_prn.cc
[686/1464] Compiling v3_skey.cc
[687/1464] Compiling v3_pmaps.cc
[688/1464] Compiling v3_purp.cc
[689/1464] Compiling v3_utl.cc
[690/1464] Compiling v3_pcons.cc
[691/1464] Compiling v3_ocsp.cc
[692/1464] Compiling v3_ncons.cc
[693/1464] Compiling v3_int.cc
[694/1464] Compiling v3_lib.cc
[695/1464] Compiling v3_ia5.cc
[696/1464] Compiling v3_info.cc
[697/1464] Compiling v3_extku.cc
[698/1464] Compiling v3_genn.cc
[699/1464] Compiling v3_enum.cc
[700/1464] Compiling v3_crld.cc
[701/1464] Compiling v3_cpols.cc
[702/1464] Compiling v3_bitst.cc
[703/1464] Compiling v3_conf.cc
[704/1464] Compiling v3_bcons.cc
[705/1464] Compiling v3_alt.cc
[706/1464] Compiling v3_akeya.cc
[707/1464] Compiling v3_akey.cc
[708/1464] Compiling t_x509a.cc
[709/1464] Compiling i2d_pr.cc
[710/1464] Compiling t_crl.cc
[711/1464] Compiling t_x509.cc
[712/1464] Compiling t_req.cc
[713/1464] Compiling name_print.cc
[714/1464] Compiling rsa_pss.cc
[715/1464] Compiling policy.cc
[716/1464] Compiling by_file.cc
[717/1464] Compiling by_dir.cc
[718/1464] Compiling a_verify.cc
[719/1464] Compiling voprf.cc
[719/1464] Compiling algorithm.cc
[721/1464] Compiling asn1_gen.cc
[722/1464] Compiling a_sign.cc
[723/1464] Compiling a_digest.cc
[724/1464] Compiling trust_token.cc
[725/1464] Compiling thread_none.cc
[726/1464] Compiling thread_win.cc
[727/1464] Compiling thread.cc
[727/1464] Compiling thread_pthread.cc
[729/1464] Compiling stack.cc
[730/1464] Compiling pmbtoken.cc
[731/1464] Compiling spake2plus.cc
[732/1464] Compiling slhdsa.cc
[733/1464] Compiling sha512.cc
[733/1464] Compiling sha1.cc
[735/1464] Compiling sha256.cc
[735/1464] Compiling siphash.cc
[737/1464] Compiling rsa_print.cc
[738/1464] Compiling rsa_extra.cc
[739/1464] Compiling rsa_crypt.cc
[740/1464] Compiling rc4.cc
[741/1464] Compiling refcount.cc
[742/1464] Compiling windows.cc
[743/1464] Compiling urandom.cc
[744/1464] Compiling trusty.cc
[745/1464] Compiling rand.cc
[746/1464] Compiling rsa_asn1.cc
[747/1464] Compiling ios.cc
[748/1464] Compiling passive.cc
[749/1464] Compiling getentropy.cc
[750/1464] Compiling poly1305_arm_asm.S
[751/1464] Compiling forkunsafe.cc
[752/1464] Compiling fork_detect.cc
[753/1464] Compiling deterministic.cc
[754/1464] Compiling poly1305_vec.cc
[755/1464] Compiling pool.cc
[756/1464] Compiling poly1305_arm.cc
[757/1464] Compiling poly1305.cc
[758/1464] Compiling pkcs7.cc
[759/1464] Compiling pkcs8.cc
[760/1464] Compiling p5_pbev2.cc
[761/1464] Compiling pkcs8_x509.cc
[762/1464] Compiling pkcs7_x509.cc
[763/1464] Compiling pem_xaux.cc
[764/1464] Compiling pem_x509.cc
[765/1464] Compiling pem_pkey.cc
[766/1464] Compiling pem_pk8.cc
[767/1464] Compiling pem_oth.cc
[768/1464] Compiling pem_lib.cc
[768/1464] Compiling pem_info.cc
[770/1464] Compiling mlkem.cc
[771/1464] Compiling pem_all.cc
[772/1464] Compiling obj_xref.cc
[773/1464] Compiling obj.cc
[774/1464] Compiling poly_rq_mul.S
[775/1464] Compiling mldsa.cc
[776/1464] Compiling fips_shared_support.cc
[777/1464] Compiling mem.cc
[778/1464] Compiling lhash.cc
[779/1464] Compiling md4.cc
[779/1464] Compiling md5.cc
[781/1464] Compiling kyber.cc
[782/1464] Compiling hrss.cc
[783/1464] Compiling ex_data.cc
[784/1464] Compiling sign.cc
[785/1464] Compiling scrypt.cc
[786/1464] Compiling print.cc
[787/1464] Compiling hpke.cc
[788/1464] Compiling pbkdf.cc
[789/1464] Compiling p_x25519.cc
[790/1464] Compiling p_x25519_asn1.cc
[791/1464] Compiling p_rsa_asn1.cc
[792/1464] Compiling p_rsa.cc
[793/1464] Compiling p_hkdf.cc
[794/1464] Compiling p_ed25519.cc
[795/1464] Compiling p_ed25519_asn1.cc
[796/1464] Compiling p_ec_asn1.cc
[796/1464] Compiling p_ec.cc
[798/1464] Compiling p_dh.cc
[799/1464] Compiling p_dh_asn1.cc
[800/1464] Compiling evp_ctx.cc
[801/1464] Compiling p_dsa_asn1.cc
[802/1464] Compiling evp_asn1.cc
[803/1464] Compiling err.cc
[804/1464] Compiling evp.cc
[805/1464] Compiling engine.cc
[806/1464] Compiling ecdh.cc
[807/1464] Compiling hash_to_curve.cc
[808/1464] Compiling ecdsa_asn1.cc
[809/1464] Compiling ec_derive.cc
[810/1464] Compiling dsa.cc
[811/1464] Compiling ec_asn1.cc
[812/1464] Compiling dsa_asn1.cc
[813/1464] Compiling params.cc
[814/1464] Compiling x25519-asm-arm.S
[815/1464] Compiling bcm.cc
[816/1464] Compiling digest_extra.cc
[817/1464] Compiling des.cc
[818/1464] Compiling dh_asn1.cc
[819/1464] Compiling curve25519_64_adx.cc
[820/1464] Compiling crypto.cc
[821/1464] Compiling cpu_intel.cc
[822/1464] Compiling spake25519.cc
[823/1464] Compiling cpu_arm_linux.cc
[824/1464] Compiling cpu_arm_freebsd.cc
[825/1464] Compiling curve25519.cc
[826/1464] Compiling cpu_aarch64_win.cc
[827/1464] Compiling cpu_aarch64_sysreg.cc
[828/1464] Compiling cpu_aarch64_openbsd.cc
[829/1464] Compiling cpu_aarch64_fuchsia.cc
[829/1464] Compiling cpu_aarch64_linux.cc
[831/1464] Compiling cpu_aarch64_apple.cc
[832/1464] Compiling conf.cc
[833/1464] Compiling tls_cbc.cc
[834/1464] Compiling get_cipher.cc
[835/1464] Compiling e_rc4.cc
[835/1464] Compiling e_tls.cc
[837/1464] Compiling e_rc2.cc
[837/1464] Compiling e_null.cc
[839/1464] Compiling e_des.cc
[840/1464] Compiling e_aesgcmsiv.cc
[841/1464] Compiling e_chacha20poly1305.cc
[842/1464] Compiling e_aesctrhmac.cc
[843/1464] Compiling derive_key.cc
[844/1464] Compiling chacha.cc
[845/1464] Compiling buf.cc
[846/1464] Compiling unicode.cc
[847/1464] Compiling cbb.cc
[848/1464] Compiling cbs.cc
[849/1464] Compiling ber.cc
[850/1464] Compiling asn1_compat.cc
[851/1464] Compiling bn_asn1.cc
[852/1464] Compiling convert.cc
[853/1464] Compiling blake2.cc
[854/1464] Compiling socket_helper.cc
[855/1464] Compiling socket.cc
[856/1464] Compiling printf.cc
[857/1464] Compiling pair.cc
[858/1464] Compiling hexdump.cc
[859/1464] Compiling fd.cc
[859/1464] Compiling file.cc
[861/1464] Compiling errno.cc
[862/1464] Compiling connect.cc
[863/1464] Compiling bio_mem.cc
[864/1464] Compiling base64.cc
[864/1464] Compiling bio.cc
[866/1464] Compiling tasn_utl.cc
[867/1464] Compiling tasn_fre.cc
[868/1464] Compiling tasn_typ.cc
[869/1464] Compiling tasn_enc.cc
[870/1464] Compiling f_string.cc
[871/1464] Compiling posix_time.cc
[872/1464] Compiling tasn_new.cc
[873/1464] Compiling tasn_dec.cc
[874/1464] Compiling f_int.cc
[875/1464] Compiling asn_pack.cc
[876/1464] Compiling asn1_par.cc
[877/1464] Compiling asn1_lib.cc
[878/1464] Compiling a_utctm.cc
[879/1464] Compiling a_type.cc
[880/1464] Compiling a_time.cc
[881/1464] Compiling a_octet.cc
[882/1464] Compiling a_strnid.cc
[883/1464] Compiling a_strex.cc
[884/1464] Compiling a_object.cc
[885/1464] Compiling a_i2d_fp.cc
[886/1464] Compiling a_dup.cc
[887/1464] Compiling a_mbstr.cc
[888/1464] Compiling CGoogleGaxCRC32C CGoogleGaxCRC32C.c
[889/1464] Compiling a_d2i_fp.cc
[890/1464] Compiling fiat_p256_adx_sqr.S
[891/1464] Compiling a_int.cc
[891/1464] Compiling a_gentm.cc
[893/1464] Compiling fiat_p256_adx_mul.S
[894/1464] Compiling fiat_curve25519_adx_square.S
[895/1464] Compiling fiat_curve25519_adx_mul.S
[896/1464] Compiling md5-x86_64-linux.S
[897/1464] Compiling md5-x86_64-apple.S
[898/1464] Compiling md5-586-linux.S
[899/1464] Compiling a_bitstr.cc
[900/1464] Compiling md5-586-apple.S
[901/1464] Compiling chacha20_poly1305_x86_64-linux.S
[902/1464] Compiling chacha20_poly1305_x86_64-apple.S
[903/1464] Compiling chacha20_poly1305_armv8-win.S
[904/1464] Compiling CCryptoBoringSSLShims shims.c
[905/1464] Compiling chacha20_poly1305_armv8-apple.S
[906/1464] Compiling chacha-x86_64-linux.S
[907/1464] Compiling chacha-x86_64-apple.S
[908/1464] Compiling a_bool.cc
[909/1464] Compiling chacha20_poly1305_armv8-linux.S
[910/1464] Compiling chacha-x86-linux.S
[911/1464] Compiling chacha-x86-apple.S
[912/1464] Compiling chacha-armv8-win.S
[913/1464] Compiling chacha-armv8-apple.S
[914/1464] Compiling chacha-armv4-linux.S
[915/1464] Compiling aes128gcmsiv-x86_64-apple.S
[916/1464] Compiling chacha-armv8-linux.S
[917/1464] Compiling aes128gcmsiv-x86_64-linux.S
[918/1464] Compiling x86_64-mont5-linux.S
[919/1464] Compiling x86_64-mont5-apple.S
[920/1464] Compiling x86_64-mont-apple.S
[921/1464] Compiling x86-mont-linux.S
[922/1464] Compiling x86_64-mont-linux.S
[923/1464] Compiling x86-mont-apple.S
[924/1464] Compiling vpaes-x86_64-linux.S
[925/1464] Compiling vpaes-x86_64-apple.S
[926/1464] Compiling vpaes-x86-linux.S
[927/1464] Compiling vpaes-x86-apple.S
[928/1464] Compiling vpaes-armv8-win.S
[929/1464] Compiling vpaes-armv8-linux.S
[930/1464] Compiling vpaes-armv8-apple.S
[931/1464] Compiling vpaes-armv7-linux.S
[932/1464] Compiling sha512-x86_64-linux.S
[933/1464] Compiling sha512-x86_64-apple.S
[934/1464] Compiling sha512-armv8-win.S
[935/1464] Compiling sha512-armv8-apple.S
[936/1464] Compiling sha512-armv4-linux.S
[937/1464] Compiling sha512-armv8-linux.S
[938/1464] Compiling sha512-586-linux.S
[939/1464] Compiling sha512-586-apple.S
[940/1464] Compiling err_data.cc
[941/1464] Compiling sha256-x86_64-linux.S
[942/1464] Compiling sha256-armv8-win.S
[943/1464] Compiling sha256-x86_64-apple.S
[944/1464] Compiling sha256-armv4-linux.S
[945/1464] Compiling sha256-armv8-linux.S
[946/1464] Compiling sha256-armv8-apple.S
[947/1464] Compiling sha256-586-apple.S
[948/1464] Compiling sha256-586-linux.S
[949/1464] Compiling sha1-x86_64-linux.S
[950/1464] Compiling sha1-x86_64-apple.S
[951/1464] Compiling sha1-armv8-apple.S
[952/1464] Compiling sha1-armv8-win.S
[953/1464] Compiling sha1-586-linux.S
[954/1464] Compiling sha1-armv4-large-linux.S
[955/1464] Compiling sha1-armv8-linux.S
[956/1464] Compiling sha1-586-apple.S
[957/1464] Compiling rsaz-avx2-linux.S
[958/1464] Compiling rsaz-avx2-apple.S
[959/1464] Compiling rdrand-x86_64-linux.S
[960/1464] Compiling rdrand-x86_64-apple.S
[961/1464] Compiling p256_beeu-x86_64-asm-linux.S
[962/1464] Compiling p256_beeu-x86_64-asm-apple.S
[963/1464] Compiling p256_beeu-armv8-asm-win.S
[964/1464] Compiling p256_beeu-armv8-asm-linux.S
[965/1464] Compiling p256-x86_64-asm-linux.S
[966/1464] Compiling p256_beeu-armv8-asm-apple.S
[967/1464] Compiling p256-x86_64-asm-apple.S
[968/1464] Compiling p256-armv8-asm-win.S
[969/1464] Compiling p256-armv8-asm-apple.S
[970/1464] Compiling ghashv8-armv7-linux.S
[971/1464] Compiling p256-armv8-asm-linux.S
[972/1464] Compiling ghashv8-armv8-apple.S
[973/1464] Compiling ghashv8-armv8-linux.S
[974/1464] Compiling ghash-x86_64-linux.S
[975/1464] Compiling ghash-x86_64-apple.S
[976/1464] Compiling ghash-x86-linux.S
[977/1464] Compiling ghash-ssse3-x86_64-linux.S
[978/1464] Compiling ghash-ssse3-x86_64-apple.S
[979/1464] Compiling ghash-x86-apple.S
[980/1464] Compiling ghash-ssse3-x86-linux.S
[981/1464] Compiling ghash-ssse3-x86-apple.S
[982/1464] Compiling ghash-neon-armv8-win.S
[983/1464] Compiling ghash-neon-armv8-linux.S
[984/1464] Compiling ghash-neon-armv8-apple.S
[985/1464] Compiling ghash-armv4-linux.S
[986/1464] Compiling co-586-linux.S
[987/1464] Compiling co-586-apple.S
[988/1464] Compiling bsaes-armv7-linux.S
[989/1464] Compiling bn-armv8-win.S
[990/1464] Compiling bn-armv8-linux.S
[991/1464] Compiling bn-armv8-apple.S
[992/1464] Compiling bn-586-apple.S
[993/1464] Compiling bn-586-linux.S
[994/1464] Compiling armv8-mont-win.S
[995/1464] Compiling armv8-mont-apple.S
[996/1464] Compiling armv8-mont-linux.S
[997/1464] Compiling armv4-mont-linux.S
[998/1464] Compiling aesv8-gcm-armv8-win.S
[999/1464] Compiling aesv8-armv8-win.S
[1000/1464] Compiling aesv8-gcm-armv8-apple.S
[1001/1464] Compiling aesv8-gcm-armv8-linux.S
[1002/1464] Compiling aesv8-armv8-linux.S
[1003/1464] Compiling aesv8-armv7-linux.S
[1004/1464] Compiling aesv8-armv8-apple.S
[1005/1464] Compiling aesni-x86_64-linux.S
[1006/1464] Compiling aesni-x86_64-apple.S
[1007/1464] Compiling aesni-x86-apple.S
[1008/1464] Compiling aesni-x86-linux.S
[1009/1464] Compiling aesni-gcm-x86_64-linux.S
[1010/1464] Compiling aesni-gcm-x86_64-apple.S
[1011/1464] Compiling aes-gcm-avx512-x86_64-linux.S
[1012/1464] Compiling aes-gcm-avx512-x86_64-apple.S
[1013/1464] Compiling aes-gcm-avx2-x86_64-linux.S
[1014/1464] Compiling aes-gcm-avx2-x86_64-apple.S
[1015/1464] Compiling xwing.cc
[1016/1464] Compiling x_spki.cc
[1016/1464] Compiling x_sig.cc
[1018/1464] Compiling x_x509.cc
[1019/1464] Compiling x_x509a.cc
[1020/1464] Compiling x_req.cc
[1021/1464] Compiling c-nioatomics.c
[1022/1464] Compiling x_pubkey.cc
[1023/1464] Compiling x_exten.cc
[1024/1464] Compiling x_name.cc
[1025/1464] Compiling x_crl.cc
[1026/1464] Compiling c-atomics.c
[1027/1464] Compiling x_attrib.cc
[1028/1471] Compiling x_all.cc
[1030/1471] Compiling NIOConcurrencyHelpers NIOLockedValueBox.swift
[1031/1471] Compiling NIOConcurrencyHelpers NIOThreadPoolWorkAvailable.swift
[1032/1471] Compiling NIOConcurrencyHelpers NIOLock.swift
[1032/1471] Compiling x_algor.cc
[1034/1471] Compiling NIOConcurrencyHelpers NIOAtomic.swift
[1035/1471] Emitting module NIOConcurrencyHelpers
[1035/1471] Compiling x509spki.cc
[1036/1471] Compiling x509cset.cc
[1037/1471] Compiling x509name.cc
[1039/1471] Compiling NIOConcurrencyHelpers lock.swift
[1040/1471] Compiling NIOConcurrencyHelpers atomics.swift
[1041/1472] Wrapping AST for NIOConcurrencyHelpers for debugging
[1042/1472] Compiling x509_vpm.cc
[1043/1472] Compiling x509rset.cc
[1044/1472] Compiling x509_vfy.cc
[1045/1472] Compiling x509_v3.cc
[1046/1472] Compiling x509_txt.cc
[1047/1472] Compiling x509_set.cc
[1048/1472] Compiling x509_trs.cc
[1049/1472] Compiling x509_req.cc
[1050/1472] Compiling x509_obj.cc
[1051/1472] Compiling x509_lu.cc
[1052/1472] Compiling x509_ext.cc
[1053/1472] Compiling x509_def.cc
[1054/1472] Compiling x509_d2.cc
[1055/1472] Compiling x509_att.cc
[1056/1472] Compiling x509_cmp.cc
[1057/1472] Compiling x509.cc
[1058/1472] Compiling v3_utl.cc
[1059/1472] Compiling v3_skey.cc
[1060/1472] Compiling v3_purp.cc
[1061/1472] Compiling v3_prn.cc
[1062/1472] Compiling v3_pmaps.cc
[1063/1472] Compiling v3_pcons.cc
[1064/1472] Compiling v3_ocsp.cc
[1065/1472] Compiling v3_extku.cc
[1066/1472] Compiling v3_enum.cc
[1067/1472] Compiling v3_crld.cc
[1068/1472] Compiling v3_cpols.cc
[1069/1472] Compiling v3_conf.cc
[1070/1472] Compiling v3_bitst.cc
[1071/1472] Compiling v3_bcons.cc
[1072/1472] Compiling v3_alt.cc
[1073/1472] Compiling v3_akeya.cc
[1074/1472] Compiling v3_akey.cc
[1075/1472] Compiling t_x509a.cc
[1076/1472] Compiling t_x509.cc
[1077/1472] Compiling t_crl.cc
[1078/1472] Compiling t_req.cc
[1079/1472] Compiling i2d_pr.cc
[1080/1472] Compiling rsa_pss.cc
[1081/1472] Compiling name_print.cc
[1081/1472] Compiling policy.cc
[1083/1472] Compiling by_file.cc
[1084/1472] Compiling by_dir.cc
[1085/1472] Compiling algorithm.cc
[1086/1472] Compiling asn1_gen.cc
[1087/1472] Compiling a_verify.cc
[1088/1472] Compiling voprf.cc
[1089/1472] Compiling a_digest.cc
[1090/1472] Compiling a_sign.cc
[1091/1472] Compiling trust_token.cc
[1092/1472] Compiling thread_win.cc
[1093/1472] Compiling thread_pthread.cc
[1094/1472] Compiling thread_none.cc
[1095/1472] Compiling pmbtoken.cc
[1096/1472] Compiling thread.cc
[1097/1472] Compiling stack.cc
[1098/1472] Compiling sha256.cc
[1098/1472] Compiling siphash.cc
[1100/1472] Compiling sha1.cc
[1101/1472] Compiling sha512.cc
[1102/1472] Compiling spake2plus.cc
[1103/1472] Compiling slhdsa.cc
[1104/1472] Compiling rsa_print.cc
[1105/1472] Compiling rsa_extra.cc
[1106/1472] Compiling rc4.cc
[1107/1472] Compiling refcount.cc
[1108/1472] Compiling rsa_crypt.cc
[1109/1472] Compiling windows.cc
[1110/1472] Compiling urandom.cc
[1111/1472] Compiling trusty.cc
[1112/1472] Compiling rand.cc
[1113/1472] Compiling rsa_asn1.cc
[1114/1472] Compiling ios.cc
[1115/1472] Compiling passive.cc
[1116/1472] Compiling poly1305_arm_asm.S
[1117/1472] Compiling getentropy.cc
[1118/1472] Compiling forkunsafe.cc
[1119/1472] Compiling fork_detect.cc
[1120/1472] Compiling deterministic.cc
[1121/1472] Compiling poly1305_vec.cc
[1122/1472] Compiling pool.cc
[1123/1472] Compiling poly1305_arm.cc
[1124/1472] Compiling poly1305.cc
[1125/1472] Compiling pkcs8_x509.cc
[1126/1472] Compiling pkcs8.cc
[1127/1472] Compiling p5_pbev2.cc
[1128/1472] Compiling pkcs7_x509.cc
[1129/1472] Compiling pkcs7.cc
[1130/1472] Compiling pem_xaux.cc
[1131/1472] Compiling pem_x509.cc
[1132/1472] Compiling pem_pkey.cc
[1133/1472] Compiling mlkem.cc
[1134/1472] Compiling pem_oth.cc
[1135/1472] Compiling pem_pk8.cc
[1136/1472] Compiling pem_info.cc
[1137/1472] Compiling pem_lib.cc
[1138/1472] Compiling obj_xref.cc
[1139/1472] Compiling pem_all.cc
[1140/1472] Compiling obj.cc
[1141/1472] Compiling poly_rq_mul.S
[1142/1472] Compiling mldsa.cc
[1143/1472] Compiling mem.cc
[1144/1472] Compiling fips_shared_support.cc
[1145/1472] Compiling lhash.cc
[1146/1472] Compiling md5.cc
[1147/1472] Compiling md4.cc
[1148/1472] Compiling kyber.cc
[1149/1472] Compiling fuzzer_mode.cc
[1150/1472] Compiling ex_data.cc
[1151/1472] Compiling hrss.cc
[1152/1472] Compiling hpke.cc
[1153/1472] Compiling scrypt.cc
[1154/1472] Compiling print.cc
[1155/1472] Compiling sign.cc
[1156/1472] Compiling pbkdf.cc
[1157/1472] Compiling p_x25519.cc
[1158/1472] Compiling p_x25519_asn1.cc
[1159/1472] Compiling p_rsa_asn1.cc
[1160/1472] Compiling p_rsa.cc
[1161/1472] Compiling p_ed25519.cc
[1162/1472] Compiling p_hkdf.cc
[1163/1472] Compiling p_ed25519_asn1.cc
[1164/1472] Compiling p_ec_asn1.cc
[1165/1472] Compiling p_ec.cc
[1166/1472] Compiling p_dsa_asn1.cc
[1167/1472] Compiling p_dh.cc
[1168/1472] Compiling p_dh_asn1.cc
[1169/1472] Compiling evp_ctx.cc
[1170/1472] Compiling evp_asn1.cc
[1171/1472] Compiling err.cc
[1172/1472] Compiling ecdsa_p1363.cc
[1173/1472] Compiling engine.cc
[1174/1472] Compiling evp.cc
[1175/1472] Compiling ecdh.cc
[1176/1472] Compiling ecdsa_asn1.cc
[1177/1472] Compiling ec_derive.cc
[1178/1472] Compiling hash_to_curve.cc
[1179/1472] Compiling dsa.cc
[1180/1472] Compiling ec_asn1.cc
[1181/1472] Compiling dsa_asn1.cc
[1182/1472] Compiling digest_extra.cc
[1183/1472] Compiling x25519-asm-arm.S
[1184/1472] Compiling curve25519_64_adx.cc
[1184/1472] Compiling params.cc
[1186/1472] Compiling des.cc
[1187/1472] Compiling dh_asn1.cc
[1188/1472] Compiling spake25519.cc
[1189/1472] Compiling crypto.cc
[1190/1472] Compiling cpu_arm_linux.cc
[1191/1472] Compiling curve25519.cc
[1192/1472] Compiling cpu_intel.cc
[1193/1472] Compiling cpu_arm_freebsd.cc
[1194/1472] Compiling cpu_aarch64_win.cc
[1195/1472] Compiling cpu_aarch64_sysreg.cc
[1196/1472] Compiling cpu_aarch64_linux.cc
[1197/1472] Compiling cpu_aarch64_openbsd.cc
[1198/1472] Compiling cpu_aarch64_fuchsia.cc
[1199/1472] Compiling cpu_aarch64_apple.cc
[1200/1472] Compiling conf.cc
[1201/1472] Compiling get_cipher.cc
[1202/1472] Compiling tls_cbc.cc
[1203/1472] Compiling e_tls.cc
[1203/1472] Compiling e_rc4.cc
[1205/1472] Compiling cms.cc
[1206/1472] Compiling e_rc2.cc
[1207/1472] Compiling e_null.cc
[1208/1472] Compiling e_des.cc
[1209/1472] Compiling e_chacha20poly1305.cc
[1210/1472] Compiling e_aesgcmsiv.cc
[1211/1472] Compiling derive_key.cc
[1211/1472] Compiling e_aeseax.cc
[1213/1472] Compiling e_aesctrhmac.cc
[1214/1472] Compiling chacha.cc
[1215/1472] Compiling unicode.cc
[1216/1472] Compiling buf.cc
[1217/1472] Compiling sqrt.cc
[1218/1472] Compiling cbs.cc
[1219/1472] Compiling ber.cc
[1220/1472] Compiling cbb.cc
[1220/1472] Compiling asn1_compat.cc
[1222/1472] Compiling exponentiation.cc
[1223/1472] Compiling div.cc
[1224/1472] Compiling printf.cc
[1225/1472] Compiling blake2.cc
[1226/1472] Compiling hexdump.cc
[1227/1472] Compiling pair.cc
[1228/1472] Compiling bn_asn1.cc
[1229/1472] Compiling convert.cc
[1230/1472] Compiling file.cc
[1231/1472] Compiling errno.cc
[1232/1472] Compiling fd.cc
[1233/1472] Compiling bio_mem.cc
[1234/1472] Compiling bio.cc
[1235/1472] Compiling base64.cc
[1236/1472] Compiling tasn_typ.cc
[1237/1472] Compiling tasn_utl.cc
[1238/1472] Compiling tasn_fre.cc
[1239/1472] Compiling tasn_enc.cc
[1240/1472] Compiling posix_time.cc
[1241/1472] Compiling tasn_new.cc
[1242/1472] Compiling f_string.cc
[1243/1472] Compiling tasn_dec.cc
[1243/1472] Compiling f_int.cc
[1245/1472] Compiling asn_pack.cc
[1246/1472] Compiling asn1_par.cc
[1247/1472] Compiling asn1_lib.cc
[1248/1472] Compiling a_utctm.cc
[1249/1472] Compiling a_octet.cc
[1250/1472] Compiling a_type.cc
[1251/1472] Compiling a_time.cc
[1252/1472] Compiling a_strex.cc
[1253/1472] Compiling bcm.cc
[1254/1472] Compiling a_object.cc
[1255/1472] Compiling a_i2d_fp.cc
[1256/1472] Compiling a_dup.cc
[1257/1472] Compiling a_mbstr.cc
[1257/1472] Write sources
[1260/1472] Compiling a_d2i_fp.cc
[1261/1472] Write sources
[1262/1472] Compiling CAsyncHTTPClient CAsyncHTTPClient.c
[1263/1491] Compiling a_int.cc
[1264/1515] Compiling a_gentm.cc
[1266/1515] Compiling Algorithms Partition.swift
[1267/1515] Compiling Algorithms Permutations.swift
[1267/1517] Compiling a_bool.cc
[1269/1517] Compiling Algorithms Keyed.swift
[1270/1517] Compiling Algorithms MinMax.swift
[1271/1517] Compiling Algorithms AdjacentPairs.swift
[1272/1517] Compiling Algorithms Chain.swift
[1273/1517] Compiling Algorithms Chunked.swift
[1274/1517] Compiling Algorithms Intersperse.swift
[1275/1517] Compiling Algorithms Joined.swift
[1276/1517] Compiling Algorithms Grouped.swift
[1277/1517] Compiling Algorithms Indexed.swift
[1277/1517] Compiling aes.cc
[1279/1517] Compiling Algorithms Combinations.swift
[1280/1517] Compiling Algorithms Compacted.swift
[1281/1517] Compiling Algorithms Cycle.swift
[1281/1517] Compiling a_bitstr.cc
[1283/1517] Compiling Atomics IntegerOperations.swift
[1284/1517] Compiling Atomics Unmanaged extensions.swift
[1289/1528] Compiling Algorithms Reductions.swift
[1290/1528] Compiling Algorithms Rotate.swift
[1291/1528] Compiling Algorithms Split.swift
[1292/1528] Compiling Algorithms Stride.swift
[1293/1528] Compiling Algorithms Suffix.swift
[1297/1528] Compiling Algorithms Trim.swift
[1298/1528] Compiling Algorithms Unique.swift
[1299/1528] Compiling Algorithms Windows.swift
[1300/1528] Compiling CryptoBoringWrapper EllipticCurvePoint.swift
[1301/1528] Emitting module CryptoBoringWrapper
[1304/1528] Compiling Algorithms EitherSequence.swift
[1305/1528] Compiling Algorithms FirstNonNil.swift
[1306/1528] Compiling Algorithms FlattenCollection.swift
[1310/1528] Compiling CryptoBoringWrapper BoringSSLAEAD.swift
[1311/1528] Compiling CryptoBoringWrapper EllipticCurve.swift
[1312/1528] Compiling CryptoBoringWrapper RandomBytes.swift
[1313/1528] Compiling CryptoBoringWrapper FiniteFieldArithmeticContext.swift
[1318/1528] Compiling CryptoBoringWrapper ArbitraryPrecisionInteger.swift
[1319/1528] Compiling CryptoBoringWrapper CryptoKitErrors_boring.swift
[1323/1529] Wrapping AST for CryptoBoringWrapper for debugging
[1325/1529] Emitting module Atomics
[1326/1614] Wrapping AST for Atomics for debugging
[1328/1678] Emitting module Algorithms
[1329/1679] Wrapping AST for Algorithms for debugging
[1331/1679] Compiling Crypto HKDF.swift
[1332/1679] Compiling Crypto AESWrap.swift
[1333/1679] Compiling Crypto AESWrap_boring.swift
[1334/1679] Compiling Crypto Ed25519_boring.swift
[1335/1679] Compiling Crypto NISTCurvesKeys_boring.swift
[1336/1679] Compiling Crypto X25519Keys_boring.swift
[1337/1679] Compiling Crypto Curve25519.swift
[1338/1679] Compiling Crypto Ed25519Keys.swift
[1339/1679] Compiling Crypto NISTCurvesKeys.swift
[1340/1679] Compiling Crypto X25519Keys.swift
[1341/1679] Compiling Crypto SymmetricKeys.swift
[1342/1679] Compiling Crypto HMAC.swift
[1343/1690] Emitting module Crypto
[1344/1690] Compiling NIOCore NIOCoreSendableMetatype.swift
[1345/1690] Compiling NIOCore NIODecodedAsyncSequence.swift
[1346/1690] Compiling NIOCore NIOLoopBound.swift
[1347/1690] Compiling NIOCore NIOPooledRecvBufferAllocator.swift
[1348/1690] Compiling NIOCore NIOScheduledCallback.swift
[1349/1690] Compiling NIOCore NIOSendable.swift
[1350/1690] Compiling NIOCore NIOSplitLinesMessageDecoder.swift
[1351/1690] Compiling NIOCore NIOTransportAccessibleChannelCore.swift
[1352/1690] Compiling NIOCore RecvByteBufferAllocator.swift
[1353/1698] Compiling NIOCore EventLoopFuture+Deprecated.swift
[1354/1698] Compiling NIOCore EventLoopFuture+WithEventLoop.swift
[1355/1698] Compiling NIOCore EventLoopFuture.swift
[1356/1698] Compiling NIOCore FileDescriptor.swift
[1357/1698] Compiling NIOCore FileHandle.swift
[1358/1698] Compiling NIOCore FileRegion.swift
[1359/1698] Compiling NIOCore GlobalSingletons.swift
[1360/1698] Compiling NIOCore IO.swift
[1361/1698] Compiling NIOCore IOData.swift
[1362/1698] Compiling NIOCore IPProtocol.swift
[1363/1698] Compiling NIOCore IntegerBitPacking.swift
[1364/1698] Compiling NIOCore IntegerTypes.swift
[1365/1698] Compiling NIOCore Interfaces.swift
[1366/1698] Compiling NIOCore Linux.swift
[1367/1698] Compiling NIOCore MarkedCircularBuffer.swift
[1368/1698] Compiling NIOCore MulticastChannel.swift
[1369/1698] Compiling NIOCore NIOAny.swift
[1370/1698] Compiling NIOCore NIOCloseOnErrorHandler.swift
[1371/1698] Compiling NIOCore ByteBuffer-multi-int.swift
[1372/1698] Compiling NIOCore ByteBuffer-quicBinaryEncodingStrategy.swift
[1373/1698] Compiling NIOCore ByteBuffer-views.swift
[1374/1698] Compiling NIOCore Channel.swift
[1375/1698] Compiling NIOCore ChannelHandler.swift
[1376/1698] Compiling NIOCore ChannelHandlers.swift
[1377/1698] Compiling NIOCore ChannelInvoker.swift
[1378/1698] Compiling NIOCore ChannelOption.swift
[1379/1698] Compiling NIOCore ChannelPipeline.swift
[1380/1698] Compiling NIOCore AddressedEnvelope.swift
[1381/1698] Compiling NIOCore AsyncAwaitSupport.swift
[1382/1698] Compiling NIOCore AsyncChannel.swift
[1383/1698] Compiling NIOCore AsyncChannelHandler.swift
[1384/1698] Compiling NIOCore AsyncChannelInboundStream.swift
[1385/1698] Compiling NIOCore AsyncChannelOutboundWriter.swift
[1386/1698] Compiling NIOCore NIOAsyncSequenceProducer.swift
[1387/1698] Compiling NIOCore NIOAsyncSequenceProducerStrategies.swift
[1388/1698] Compiling NIOCore NIOAsyncWriter.swift
[1389/1698] Compiling NIOCore NIOThrowingAsyncSequenceProducer.swift
[1390/1698] Compiling NIOCore BSDSocketAPI.swift
[1391/1698] Compiling NIOCore ByteBuffer-aux.swift
[1392/1698] Compiling NIOCore ByteBuffer-binaryEncodedLengthPrefix.swift
[1393/1698] Compiling NIOCore ByteBuffer-conversions.swift
[1394/1698] Compiling NIOCore ByteBuffer-core.swift
[1395/1698] Compiling NIOCore ByteBuffer-hex.swift
[1396/1698] Compiling NIOCore ByteBuffer-int.swift
[1397/1698] Compiling NIOCore ByteBuffer-lengthPrefix.swift
[1419/1698] Compiling NIOCore CircularBuffer.swift
[1420/1698] Compiling NIOCore Codec.swift
[1421/1698] Compiling NIOCore ConvenienceOptionSupport.swift
[1422/1698] Compiling NIOCore DeadChannel.swift
[1423/1698] Compiling NIOCore DispatchQueue+WithFuture.swift
[1424/1698] Compiling NIOCore EventLoop+Deprecated.swift
[1425/1698] Compiling NIOCore EventLoop+SerialExecutor.swift
[1426/1698] Compiling NIOCore EventLoop.swift
[1427/1698] Compiling NIOCore EventLoopFuture+AssumeIsolated.swift
[1434/1698] Compiling NIOCore SingleStepByteToMessageDecoder.swift
[1435/1698] Compiling NIOCore SocketAddresses.swift
[1436/1698] Compiling NIOCore SocketOptionProvider.swift
[1437/1698] Compiling NIOCore SystemCallHelpers.swift
[1438/1698] Compiling NIOCore TimeAmount+Duration.swift
[1439/1698] Compiling NIOCore TypeAssistedChannelHandler.swift
[1440/1698] Compiling NIOCore UniversalBootstrapSupport.swift
[1441/1698] Compiling NIOCore Utilities.swift
[1451/1698] Compiling Crypto Signature.swift
[1452/1698] Compiling Crypto CryptoKitErrors_boring.swift
[1453/1698] Compiling Crypto Optional+withUnsafeBytes_boring.swift
[1454/1698] Compiling Crypto RNG_boring.swift
[1455/1698] Compiling Crypto SafeCompare_boring.swift
[1456/1698] Compiling Crypto Zeroization_boring.swift
[1457/1698] Compiling Crypto _CryptoModuleAnchor.swift
[1458/1698] Compiling Crypto PrettyBytes.swift
[1459/1698] Compiling Crypto SafeCompare.swift
[1460/1698] Compiling Crypto SecureBytes.swift
[1461/1698] Compiling Crypto Zeroization.swift
[1462/1699] Wrapping AST for Crypto for debugging
[1472/1761] Emitting module CryptoExtras
[1473/1769] Compiling CryptoExtras PKCS8DERRepresentation.swift
[1474/1769] Compiling CryptoExtras PKCS8PrivateKey.swift
[1475/1769] Compiling CryptoExtras RFC8410AlgorithmIdentifier.swift
[1476/1769] Compiling CryptoExtras ECToolbox_boring.swift
[1477/1769] Compiling CryptoExtras ECToolbox.swift
[1478/1769] Compiling CryptoExtras HashToField.swift
[1479/1769] Compiling CryptoExtras KDF.swift
[1480/1769] Compiling CryptoExtras PBKDF2_boring.swift
[1481/1769] Compiling CryptoExtras PBKDF2_commoncrypto.swift
[1482/1769] Compiling CryptoExtras ARCServer.swift
[1483/1769] Compiling CryptoExtras ChaCha20CTR_boring.swift
[1484/1769] Compiling CryptoExtras ChaCha20CTR.swift
[1485/1769] Compiling CryptoExtras BoringSSLSHA512256Context.swift
[1486/1769] Compiling CryptoExtras BoringSSLSHA512256HashFunction.swift
[1487/1769] Compiling CryptoExtras SHA512256.swift
[1488/1769] Compiling CryptoExtras SHA512256Digest.swift
[1489/1769] Compiling CryptoExtras Curve25519+PEM.swift
[1490/1769] Compiling CryptoExtras ObjectIdentifier.swift
[1491/1769] Compiling CryptoExtras PBKDF2.swift
[1492/1769] Compiling CryptoExtras Scrypt_boring.swift
[1493/1769] Compiling CryptoExtras Scrypt.swift
[1494/1769] Compiling CryptoExtras OPRF.swift
[1495/1769] Compiling CryptoExtras OPRFClient.swift
[1496/1769] Compiling CryptoExtras OPRFServer.swift
[1497/1769] Compiling CryptoExtras VOPRF+API.swift
[1498/1769] Compiling CryptoExtras VOPRFClient.swift
[1499/1769] Compiling CryptoExtras VOPRFServer.swift
[1500/1769] Compiling CryptoExtras AES_CBC.swift
[1501/1769] Compiling CryptoExtras AES_CFB.swift
[1502/1769] Compiling CryptoExtras AES_CTR.swift
[1503/1769] Compiling CryptoExtras AES_GCM_SIV.swift
[1504/1769] Compiling CryptoExtras Block Function.swift
[1505/1769] Compiling CryptoExtras AES_CBC_boring.swift
[1506/1769] Compiling CryptoExtras AES_CFB_boring.swift
[1507/1769] Compiling CryptoExtras AES_CTR_boring.swift
[1508/1769] Compiling CryptoExtras AES_GCM_SIV_boring.swift
[1509/1769] Compiling CryptoExtras ThreadOps.swift
[1510/1769] Compiling CryptoExtras ThreadPosix.swift
[1511/1769] Compiling CryptoExtras ThreadSpecific.swift
[1512/1769] Compiling CryptoExtras ThreadWindows.swift
[1513/1769] Compiling CryptoExtras DLEQ.swift
[1514/1769] Compiling CryptoExtras Prover.swift
[1515/1769] Compiling CryptoExtras Verifier.swift
[1516/1769] Compiling CryptoExtras ZKPToolbox.swift
[1517/1769] Compiling CryptoExtras BoringSSLPassphraseCallbackManager.swift
[1518/1769] Compiling CryptoExtras RSA+BlindSigning.swift
[1519/1769] Compiling CryptoExtras RSA.swift
[1520/1769] Compiling CryptoExtras RSA_boring.swift
[1521/1769] Compiling CryptoExtras Reexport.swift
[1522/1769] Compiling CryptoExtras Zeroization_boring.swift
[1523/1769] Compiling CryptoExtras BoringSSLHelpers.swift
[1524/1769] Compiling CryptoExtras CryptoKitErrors_boring.swift
[1525/1769] Compiling CryptoExtras Data+Extensions.swift
[1526/1769] Compiling CryptoExtras DigestType.swift
[1527/1769] Compiling CryptoExtras Error.swift
[1528/1769] Compiling CryptoExtras I2OSP.swift
[1529/1769] Compiling CryptoExtras IntegerEncoding.swift
[1530/1769] Compiling CryptoExtras PEMDocument.swift
[1531/1769] Compiling CryptoExtras PrettyBytes.swift
[1532/1769] Compiling CryptoExtras SubjectPublicKeyInfo.swift
[1533/1769] Compiling CryptoExtras CMAC.swift
[1534/1769] Compiling CryptoExtras ARC+API.swift
[1535/1769] Compiling CryptoExtras ARC.swift
[1536/1769] Compiling CryptoExtras ARCCredential.swift
[1537/1769] Compiling CryptoExtras ARCEncoding.swift
[1538/1769] Compiling CryptoExtras ARCPrecredential.swift
[1539/1769] Compiling CryptoExtras ARCPresentation.swift
[1540/1769] Compiling CryptoExtras ARCRequest.swift
[1541/1769] Compiling CryptoExtras ARCResponse.swift
[1542/1770] Wrapping AST for CryptoExtras for debugging
[1544/1772] Emitting module _CryptoExtras
[1545/1772] Compiling _CryptoExtras Exports.swift
[1546/1773] Wrapping AST for _CryptoExtras for debugging
[1548/1868] Compiling X509 CMSSignerIdentifier.swift
[1549/1868] Compiling X509 CMSSignerInfo.swift
[1550/1868] Compiling X509 CMSVersion.swift
[1551/1868] Compiling X509 Curve25519+DER.swift
[1552/1868] Compiling X509 CustomPrivateKey.swift
[1553/1868] Compiling X509 Digests.swift
[1554/1868] Compiling X509 DistinguishedName.swift
[1555/1868] Compiling X509 CommonName.swift
[1556/1868] Compiling X509 CountryName.swift
[1557/1868] Compiling X509 AuthorityKeyIdentifier.swift
[1558/1868] Compiling X509 BasicConstraints.swift
[1559/1868] Compiling X509 ExtendedKeyUsage.swift
[1560/1868] Compiling X509 ExtensionIdentifiers.swift
[1561/1868] Compiling X509 KeyUsage.swift
[1562/1868] Compiling X509 CMSIssuerAndSerialNumber.swift
[1563/1868] Compiling X509 CMSOperations.swift
[1564/1868] Compiling X509 CMSSignature.swift
[1565/1868] Compiling X509 CMSSignedData.swift
[1566/1868] Compiling X509 DomainComponent.swift
[1567/1868] Compiling X509 EmailAddress.swift
[1568/1868] Compiling X509 LocalityName.swift
[1569/1868] Compiling X509 OrganizationName.swift
[1570/1868] Compiling X509 OrganizationalUnitName.swift
[1571/1868] Compiling X509 StateOrProvinceName.swift
[1572/1868] Compiling X509 StreetAddress.swift
[1573/1868] Compiling X509 Error.swift
[1574/1868] Compiling X509 AuthorityInformationAccess.swift
[1575/1868] Emitting module NIOCore
[1576/1869] Wrapping AST for NIOCore for debugging
[1578/1926] Compiling NIOFoundationEssentialsCompat Codable+ByteBuffer.swift
[1579/1926] Emitting module NIOEmbedded
[1580/1926] Compiling NIOEmbedded AsyncTestingChannel.swift
[1581/1926] Compiling NIOFoundationEssentialsCompat ByteBuffer-foundation.swift
[1582/1926] Emitting module NIOFoundationEssentialsCompat
[1583/1927] Wrapping AST for NIOFoundationEssentialsCompat for debugging
[1585/1927] Compiling NIOPosix System.swift
[1586/1927] Compiling NIOPosix Selectable.swift
[1587/1927] Compiling NIOPosix SelectableChannel.swift
[1588/1927] Compiling NIOPosix SelectableEventLoop.swift
[1589/1927] Compiling NIOPosix SelectorEpoll.swift
[1590/1927] Compiling NIOPosix SelectorGeneric.swift
[1591/1927] Compiling NIOPosix SelectorKqueue.swift
[1592/1927] Compiling NIOPosix SelectorUring.swift
[1593/1927] Compiling X509 SignatureAlgorithm.swift
[1594/1927] Compiling X509 AllOfPolicies.swift
[1595/1927] Compiling X509 AnyPolicy.swift
[1596/1927] Compiling X509 CertificateStore.swift
[1597/1927] Compiling X509 CustomCertificateStore.swift
[1598/1940] Compiling NIOEmbedded AsyncTestingEventLoop.swift
[1599/1940] Compiling NIOEmbedded Embedded.swift
[1600/1941] Wrapping AST for NIOEmbedded for debugging
[1602/1941] Compiling NIOPosix MultiThreadedEventLoopGroup.swift
[1603/1941] Compiling NIOPosix NIOPosixSendableMetatype.swift
[1604/1941] Compiling NIOPosix NIORandomizedDNSResolver.swift
[1605/1941] Compiling NIOPosix NIOThreadPool.swift
[1606/1941] Compiling NIOPosix NonBlockingFileIO.swift
[1607/1941] Compiling NIOPosix PendingDatagramWritesManager.swift
[1608/1941] Compiling NIOPosix PendingWritesManager.swift
[1609/1941] Compiling NIOPosix BaseStreamSocketChannel.swift
[1610/1941] Compiling NIOPosix Bootstrap.swift
[1611/1941] Compiling NIOPosix ControlMessage.swift
[1612/1941] Compiling NIOPosix DatagramVectorReadManager.swift
[1613/1941] Compiling NIOPosix Errors+Any.swift
[1614/1941] Compiling NIOPosix FileDescriptor.swift
[1615/1941] Compiling NIOPosix GetaddrinfoResolver.swift
[1616/1941] Compiling NIOPosix BSDSocketAPICommon.swift
[1617/1941] Compiling NIOPosix BSDSocketAPIPosix.swift
[1618/1941] Compiling NIOPosix BSDSocketAPIWindows.swift
[1619/1941] Compiling NIOPosix BaseSocket.swift
[1620/1941] Compiling NIOPosix BaseSocketChannel+AccessibleTransport.swift
[1621/1941] Compiling NIOPosix BaseSocketChannel+SocketOptionProvider.swift
[1622/1941] Compiling NIOPosix BaseSocketChannel.swift
[1623/1941] Compiling NIOPosix HappyEyeballs.swift
[1624/1941] Compiling NIOPosix IO.swift
[1625/1941] Compiling NIOPosix IntegerBitPacking.swift
[1626/1941] Compiling NIOPosix IntegerTypes.swift
[1627/1941] Compiling NIOPosix Linux.swift
[1628/1941] Compiling NIOPosix LinuxCPUSet.swift
[1629/1941] Compiling NIOPosix LinuxUring.swift
[1630/1941] Compiling X509 NameConstraints.swift
[1631/1941] Compiling X509 SubjectAlternativeName.swift
[1632/1941] Compiling X509 SubjectKeyIdentifier.swift
[1633/1941] Compiling X509 Extension.swift
[1634/1941] Compiling X509 Extensions.swift
[1635/1941] Compiling X509 ExtensionsBuilder.swift
[1636/1941] Compiling X509 GeneralName.swift
[1637/1941] Compiling X509 Lock.swift
[1638/1941] Compiling X509 LockedValueBox.swift
[1639/1941] Compiling X509 BasicOCSPResponse.swift
[1640/1941] Compiling X509 DirectoryString.swift
[1641/1941] Compiling X509 OCSPCertID.swift
[1642/1941] Compiling X509 OCSPCertStatus.swift
[1643/1941] Compiling NIOPosix PipeChannel.swift
[1644/1941] Compiling NIOPosix PipePair.swift
[1645/1941] Compiling NIOPosix Pool.swift
[1646/1941] Compiling NIOPosix PosixSingletons+ConcurrencyTakeOver.swift
[1647/1941] Compiling NIOPosix PosixSingletons.swift
[1648/1941] Compiling NIOPosix RawSocketBootstrap.swift
[1649/1941] Compiling NIOPosix Resolver.swift
[1650/1941] Compiling NIOPosix SelectorWSAPoll.swift
[1651/1941] Compiling NIOPosix ServerSocket.swift
[1652/1941] Compiling NIOPosix Socket.swift
[1653/1941] Compiling NIOPosix SocketChannel.swift
[1654/1941] Compiling NIOPosix SocketProtocols.swift
[1655/1941] Compiling NIOPosix StructuredConcurrencyHelpers.swift
[1656/1941] Compiling X509 OCSPExtensionID.swift
[1657/1941] Compiling X509 OCSPNonce.swift
[1658/1941] Compiling X509 OCSPPolicy.swift
[1659/1941] Compiling X509 OCSPRequest.swift
[1660/1941] Compiling X509 OCSPResponse.swift
[1661/1941] Compiling X509 OCSPResponseBytes.swift
[1662/1941] Compiling X509 OCSPResponseData.swift
[1663/1941] Compiling X509 OCSPResponseStatus.swift
[1664/1941] Compiling X509 OCSPSignature.swift
[1665/1941] Compiling X509 OCSPSingleRequest.swift
[1666/1941] Compiling X509 OCSPSingleResponse.swift
[1667/1941] Compiling X509 OCSPTBSRequest.swift
[1668/1941] Compiling X509 OCSPVersion.swift
[1669/1941] Compiling X509 CSRAttribute.swift
[1670/1941] Compiling X509 CSRAttributes.swift
[1671/1941] Compiling X509 CSRVersion.swift
[1672/1941] Compiling X509 CertificateSigningRequest.swift
[1673/1941] Compiling X509 CertificationRequestInfo.swift
[1674/1941] Compiling X509 ExtensionRequest.swift
[1675/1941] Compiling X509 Certificate.swift
[1676/1941] Compiling X509 CertificatePrivateKey.swift
[1677/1941] Compiling X509 CertificatePublicKey.swift
[1678/1941] Compiling X509 CertificateSerialNumber.swift
[1679/1941] Compiling X509 CertificateVersion.swift
[1680/1941] Compiling X509 CMSAttribute.swift
[1681/1941] Compiling X509 CMSContentInfo.swift
[1682/1941] Compiling X509 CMSEncapsulatedContentInfo.swift
[1690/1948] Emitting module NIOPosix
[1705/1948] Emitting module X509
[1706/1948] Compiling NIOPosix Thread.swift
[1707/1948] Compiling NIOPosix ThreadPosix.swift
[1708/1948] Compiling NIOPosix ThreadWindows.swift
[1709/1948] Compiling NIOPosix Utilities.swift
[1710/1948] Compiling NIOPosix VsockAddress.swift
[1711/1948] Compiling NIOPosix VsockChannelEvents.swift
[1712/1948] Compiling NIOPosix Windows.swift
[1742/1949] Compiling X509 ValidatedCertificateChain.swift
[1743/1949] Compiling X509 VerificationDiagnostic.swift
[1744/1949] Compiling X509 Verifier.swift
[1745/1949] Compiling X509 VerifierPolicy.swift
[1746/1949] Compiling X509 AlgorithmIdentifier.swift
[1747/1949] Compiling X509 ECDSASignature.swift
[1748/1949] Compiling X509 RSAPKCS1PublicKey.swift
[1749/1949] Compiling X509 SubjectPublicKeyInfo.swift
[1750/1949] Compiling X509 TBSCertificate.swift
[1751/1949] Compiling X509 Time.swift
[1752/1949] Compiling X509 TimeCalculations.swift
[1753/1949] Compiling X509 Validity.swift
[1754/1949] Compiling X509 X509SendableMetatype.swift
[1754/1950] Wrapping AST for NIOPosix for debugging
[1757/1952] Emitting module NIO
[1758/1952] Compiling NIO Exports.swift
[1758/1953] Wrapping AST for X509 for debugging
[1760/2021] Wrapping AST for NIO for debugging
[1762/2059] Compiling NIOFoundationCompat Exports.swift
[1763/2059] Compiling NIOFoundationCompat JSONSerialization+ByteBuffer.swift
[1764/2059] Compiling NIOTLS TLSEvents.swift
[1765/2059] Emitting module NIOFoundationCompat
[1766/2059] Compiling NIOSOCKS SOCKSResponse.swift
[1767/2060] Compiling NIOFoundationCompat WaitSpinningRunLoop.swift
[1769/2061] Compiling NIOTLS ProtocolNegotiationHandlerStateMachine.swift
[1770/2061] Compiling NIOSOCKS ClientStateMachine.swift
[1771/2061] Compiling NIOSOCKS SelectedAuthenticationMethod.swift
[1771/2061] Wrapping AST for NIOFoundationCompat for debugging
[1773/2061] Emitting module NIOSOCKS
[1774/2061] Compiling JWTKit ECDSASigningAlgorithm.swift
[1775/2061] Compiling JWTKit JWTKeyCollection+ECDSA.swift
[1776/2061] Compiling JWTKit P256+CurveType.swift
[1777/2061] Compiling JWTKit P384+CurveType.swift
[1778/2061] Compiling JWTKit P521+CurveType.swift
[1779/2061] Compiling JWTKit EdDSA.swift
[1780/2061] Compiling JWTKit EdDSACurve.swift
[1781/2061] Compiling JWTKit EdDSAError.swift
[1782/2061] Compiling JWTKit EdDSASigner.swift
[1783/2061] Compiling JWTKit JWTKeyCollection+EdDSA.swift
[1784/2064] Compiling NIOHTTP1 HTTPHeaders+Validation.swift
[1785/2064] Compiling NIOHTTP1 HTTPPipelineSetup.swift
[1786/2064] Compiling NIOHTTP1 ByteCollectionUtils.swift
[1787/2064] Compiling NIOHTTP1 HTTPDecoder.swift
[1788/2067] Compiling NIOHTTP1 HTTPEncoder.swift
[1789/2067] Compiling NIOHTTP1 HTTPHeaderValidator.swift
[1790/2067] Compiling NIOHTTP1 HTTPServerPipelineHandler.swift
[1791/2067] Compiling NIOHTTP1 HTTPServerProtocolErrorHandler.swift
[1792/2070] Compiling NIOSOCKS ServerStateMachine.swift
[1802/2071] Compiling NIOHTTP1 HTTPServerRequestMethodQueue.swift
[1803/2071] Compiling NIOHTTP1 HTTPServerUpgradeHandler.swift
[1804/2071] Emitting module NIOTLS
[1805/2071] Compiling NIOTLS SNIHandler.swift
[1806/2071] Compiling NIOTLS ApplicationProtocolNegotiationHandler.swift
[1807/2071] Compiling NIOTLS NIOTypedApplicationProtocolNegotiationHandler.swift
[1807/2072] Wrapping AST for NIOSOCKS for debugging
[1810/2072] Compiling NIOHTTP1 NIOTypedHTTPClientUpgradeHandler.swift
[1811/2072] Compiling NIOHTTP1 NIOTypedHTTPClientUpgraderStateMachine.swift
[1812/2072] Compiling NIOHTTP1 NIOHTTPClientUpgradeHandler.swift
[1813/2072] Compiling NIOHTTP1 NIOHTTPObjectAggregator.swift
[1814/2072] Compiling NIOHTTP1 HTTPTypedPipelineSetup.swift
[1815/2072] Compiling NIOHTTP1 HTTPTypes.swift
[1816/2072] Compiling JWTKit RSASigner.swift
[1817/2072] Compiling JWTKit Base64URL.swift
[1818/2072] Compiling JWTKit CryptoSigner.swift
[1823/2074] Compiling JWTKit JWTSerializer.swift
[1824/2074] Compiling JWTKit JWTSigner.swift
[1825/2074] Compiling JWTKit JWTKeyCollection+MLDSA.swift
[1826/2074] Compiling JWTKit MLDSA.swift
[1827/2074] Compiling JWTKit MLDSA65+MLDSAKey.swift
[1828/2074] Compiling JWTKit MLDSA87+MLDSAKey.swift
[1829/2074] Compiling JWTKit MLDSAError.swift
[1830/2074] Compiling JWTKit MLDSAKey.swift
[1831/2074] Compiling JWTKit MLDSASigner.swift
[1831/2074] Wrapping AST for NIOTLS for debugging
[1838/2104] Emitting module JWTKit
[1839/2104] Compiling NIOSSL SSLCertificateName.swift
[1840/2104] Compiling NIOSSL SSLConnection.swift
[1841/2104] Compiling NIOSSL SSLPrivateKey.swift
[1842/2104] Compiling NIOSSL SSLPublicKey.swift
[1843/2104] Compiling NIOSSL SecurityFrameworkCertificateVerification.swift
[1844/2104] Compiling NIOSSL String+unsafeUninitializedCapacity.swift
[1845/2104] Compiling NIOSSL SubjectAlternativeName.swift
[1846/2104] Compiling NIOSSL NIOSSLSecureBytes.swift
[1847/2104] Compiling NIOSSL RNG.swift
[1848/2104] Compiling JWTKit LocaleClaim.swift
[1849/2104] Compiling JWTKit NotBeforeClaim.swift
[1850/2104] Compiling JWTKit SubjectClaim.swift
[1851/2104] Compiling JWTKit TenantIDClaim.swift
[1852/2104] Compiling JWTKit ECDSA.swift
[1853/2104] Compiling JWTKit ECDSACurve.swift
[1854/2104] Compiling JWTKit ECDSACurveType.swift
[1855/2104] Compiling JWTKit ECDSAError.swift
[1856/2104] Compiling JWTKit ECDSAKeyTypes.swift
[1857/2104] Compiling JWTKit ECDSASigner.swift
[1858/2104] Compiling JWTKit HMAC.swift
[1859/2104] Compiling JWTKit HMACError.swift
[1860/2104] Compiling JWTKit HMACSigner.swift
[1861/2104] Compiling JWTKit JWTKeyCollection+HMAC.swift
[1862/2104] Compiling JWTKit Insecure.swift
[1863/2104] Compiling JWTKit JWK.swift
[1864/2104] Compiling JWTKit JWKIdentifier.swift
[1865/2104] Compiling JWTKit JWKS.swift
[1866/2104] Compiling JWTKit JWKSigner.swift
[1867/2104] Compiling NIOSSL SSLCallbacks.swift
[1868/2104] Compiling NIOSSL SSLContext.swift
[1869/2104] Compiling NIOSSL NIOSSLClientHandler.swift
[1870/2104] Compiling NIOSSL NIOSSLHandler+Configuration.swift
[1871/2104] Compiling NIOSSL NIOSSLHandler.swift
[1872/2104] Compiling NIOSSL SSLCertificate.swift
[1873/2104] Compiling NIOSSL AndroidCABundle.swift
[1874/2104] Compiling NIOSSL ByteBufferBIO.swift
[1875/2104] Compiling NIOSSL CustomPrivateKey.swift
[1876/2104] Emitting module NIOHTTP1
[1877/2114] Wrapping AST for NIOHTTP1 for debugging
[1879/2122] Compiling JWTKit CustomizedJSONCoders.swift
[1880/2122] Compiling JWTKit Utilities.swift
[1881/2122] Compiling JWTKit AppleIdentityToken.swift
[1882/2122] Compiling JWTKit FirebaseAuthIdentityToken.swift
[1883/2122] Compiling JWTKit GoogleIdentityToken.swift
[1884/2122] Compiling JWTKit MicrosoftIdentityToken.swift
[1885/2122] Compiling JWTKit EmptyPolicy.swift
[1886/2122] Compiling JWTKit ValidationTimePayload.swift
[1887/2122] Compiling JWTKit X5CVerifier.swift
[1888/2123] Wrapping AST for JWTKit for debugging
[1890/2123] Compiling NIOHPACK DynamicHeaderTable.swift
[1891/2123] Compiling NIOHPACK HPACKDecoder.swift
[1892/2123] Compiling NIOHPACK HPACKEncoder.swift
[1893/2123] Compiling NIOHPACK HPACKErrors.swift
[1894/2123] Compiling NIOHPACK HPACKHeader.swift
[1895/2127] Compiling NIOHPACK IndexedHeaderTable.swift
[1896/2127] Compiling NIOHPACK IntegerCoding.swift
[1901/2128] Compiling NIOHPACK HeaderTables.swift
[1902/2128] Compiling NIOSSL ObjectIdentifier.swift
[1903/2128] Compiling NIOSSL PosixPort.swift
[1905/2128] Compiling NIOHTTPCompression HTTPDecompression.swift
[1909/2128] Compiling NIOSSL SafeCompare.swift
[1914/2128] Emitting module NIOHTTPCompression
[1915/2128] Compiling NIOHPACK HuffmanCoding.swift
[1916/2128] Compiling NIOHPACK HuffmanTables.swift
[1917/2128] Compiling NIOHTTPCompression HTTPRequestCompressor.swift
[1918/2128] Compiling NIOHTTPCompression HTTPDecompressor.swift
[1919/2128] Compiling NIOHTTPCompression HTTPResponseCompressor.swift
[1920/2128] Compiling NIOHTTPCompression HTTPCompression.swift
[1921/2128] Compiling NIOHPACK StaticHeaderTable.swift
[1922/2129] Wrapping AST for NIOHTTPCompression for debugging
[1926/2129] Emitting module NIOHPACK
[1927/2130] Wrapping AST for NIOHPACK for debugging
[1929/2171] Compiling NIOHTTP2 ContentLengthVerifier.swift
[1930/2171] Compiling NIOHTTP2 HTTP2FrameParser.swift
[1931/2171] Compiling NIOHTTP2 HTTP2PingData.swift
[1932/2171] Compiling NIOHTTP2 HTTP2PipelineHelpers.swift
[1933/2171] Emitting module NIOSSL
[1934/2171] Compiling NIOHTTP2 HasFlowControlWindows.swift
[1935/2171] Compiling NIOHTTP2 HasLocalSettings.swift
[1936/2171] Compiling NIOHTTP2 HasRemoteSettings.swift
[1937/2171] Compiling NIOHTTP2 LocallyQuiescingState.swift
[1938/2171] Compiling NIOHTTP2 QuiescingState.swift
[1939/2171] Compiling NIOHTTP2 RemotelyQuiescingState.swift
[1940/2171] Compiling NIOHTTP2 SendAndReceiveGoawayState.swift
[1941/2171] Compiling NIOHTTP2 StateMachineResult.swift
[1942/2193] Compiling NIOHTTP2 ConcurrentStreamBuffer.swift
[1943/2193] Compiling NIOHTTP2 ControlFrameBuffer.swift
[1944/2193] Compiling NIOHTTP2 OutboundFlowControlBuffer.swift
[1945/2193] Compiling NIOHTTP2 OutboundFrameBuffer.swift
[1955/2202] Wrapping AST for NIOSSL for debugging
[1957/2202] Compiling NIOHTTP2 ConnectionStateMachine.swift
[1958/2202] Compiling NIOHTTP2 ConnectionStreamsState.swift
[1959/2202] Compiling NIOHTTP2 MayReceiveFrames.swift
[1960/2202] Compiling NIOHTTP2 ReceivingDataState.swift
[1961/2202] Compiling NIOHTTP2 ReceivingGoAwayState.swift
[1962/2202] Compiling NIOHTTP2 ReceivingHeadersState.swift
[1963/2202] Compiling NIOHTTP2 ReceivingPushPromiseState.swift
[1964/2202] Compiling NIOHTTP2 ReceivingRstStreamState.swift
[1965/2202] Compiling NIOHTTP2 ReceivingWindowUpdateState.swift
[1966/2202] Compiling NIOHTTP2 NIOHTTP2ServerConnectionManagementHandler.swift
[1967/2202] Compiling NIOHTTP2 StreamChannelFlowController.swift
[1968/2202] Compiling NIOHTTP2 StreamChannelList.swift
[1969/2202] Compiling NIOHTTP2 StreamMap.swift
[1970/2202] Compiling NIOHTTP2 StreamStateMachine.swift
[1971/2202] Compiling NIOHTTP2 Timer.swift
[1972/2202] Compiling NIOHTTP2 UnsafeTransfer.swift
[1973/2202] Compiling NIOHTTP2 WatermarkedFlowController.swift
[1977/2202] Compiling NIOHTTP2 HTTP2Settings.swift
[1978/2202] Compiling NIOHTTP2 HTTP2Stream.swift
[1979/2202] Compiling NIOHTTP2 HTTP2StreamChannel+OutboundStreamMultiplexer.swift
[1980/2202] Compiling NIOHTTP2 HTTP2StreamChannel.swift
[1981/2202] Compiling NIOHTTP2 HTTP2StreamDelegate.swift
[1982/2202] Compiling NIOHTTP2 HTTP2StreamID.swift
[1983/2202] Emitting module NIOHTTP2
[1984/2202] Compiling NIOHTTP2 HTTP2StreamMultiplexer.swift
[1985/2202] Compiling NIOHTTP2 HTTP2ToHTTP1Codec.swift
[1986/2202] Compiling NIOHTTP2 HTTP2UserEvents.swift
[1987/2202] Compiling NIOHTTP2 InboundEventBuffer.swift
[1988/2202] Compiling NIOHTTP2 InboundWindowManager.swift
[1989/2202] Compiling NIOHTTP2 MultiplexerAbstractChannel.swift
[1990/2202] Compiling NIOHTTP2 NIOHTTP2FrameDelegate.swift
[1991/2202] Compiling NIOHTTP2 NIOHTTP2ServerConnectionManagementHandler+StateMachine.swift
[1992/2202] Compiling NIOHTTP2 MaySendFrames.swift
[1993/2202] Compiling NIOHTTP2 SendingDataState.swift
[1994/2202] Compiling NIOHTTP2 SendingGoawayState.swift
[1995/2202] Compiling NIOHTTP2 SendingHeadersState.swift
[1996/2202] Compiling NIOHTTP2 SendingPushPromiseState.swift
[1997/2202] Compiling NIOHTTP2 SendingRstStreamState.swift
[1998/2202] Compiling NIOHTTP2 SendingWindowUpdateState.swift
[1999/2202] Compiling NIOHTTP2 HTTP2SettingsState.swift
[2000/2202] Compiling NIOHTTP2 HasExtendedConnectSettings.swift
[2001/2202] Compiling NIOHTTP2 HTTP2ChannelHandler+InlineStreamMultiplexer.swift
[2002/2202] Compiling NIOHTTP2 HTTP2ChannelHandler.swift
[2003/2202] Compiling NIOHTTP2 HTTP2CommonInboundStreamMultiplexer.swift
[2004/2202] Compiling NIOHTTP2 HTTP2ConnectionStateChange.swift
[2005/2202] Compiling NIOHTTP2 HTTP2Error.swift
[2006/2202] Compiling NIOHTTP2 HTTP2ErrorCode.swift
[2007/2202] Compiling NIOHTTP2 HTTP2FlowControlWindow.swift
[2008/2202] Compiling NIOHTTP2 HTTP2Frame.swift
[2009/2202] Compiling NIOHTTP2 HTTP2FrameEncoder.swift
[2010/2202] Compiling NIOHTTP2 DOSHeuristics.swift
[2011/2202] Compiling NIOHTTP2 Error+Any.swift
[2016/2202] Compiling NIOHTTP2 GlitchesMonitor.swift
[2017/2202] Compiling NIOHTTP2 HPACKHeaders+Validation.swift
[2018/2202] Compiling NIOHTTP2 HTTP2ChannelHandler+InboundStreamMultiplexer.swift
[2019/2203] Wrapping AST for NIOHTTP2 for debugging
[2021/2267] Emitting module AsyncHTTPClient
[2022/2275] Compiling AsyncHTTPClient LRUCache.swift
[2023/2275] Compiling AsyncHTTPClient NIOLoopBound+Execute.swift
[2024/2275] Compiling AsyncHTTPClient NWErrorHandler.swift
[2025/2275] Compiling AsyncHTTPClient NWWaitingHandler.swift
[2026/2275] Compiling AsyncHTTPClient TLSConfiguration.swift
[2027/2275] Compiling AsyncHTTPClient RedirectState.swift
[2028/2275] Compiling AsyncHTTPClient RequestBag+StateMachine.swift
[2029/2275] Compiling AsyncHTTPClient RequestBag+Tracing.swift
[2030/2275] Compiling AsyncHTTPClient RequestBag.swift
[2031/2275] Compiling AsyncHTTPClient HTTPClientResponse.swift
[2032/2275] Compiling AsyncHTTPClient SingleIteratorPrecondition.swift
[2033/2275] Compiling AsyncHTTPClient Transaction+StateMachine.swift
[2034/2275] Compiling AsyncHTTPClient Transaction.swift
[2035/2275] Compiling AsyncHTTPClient Base64.swift
[2036/2275] Compiling AsyncHTTPClient BasicAuth.swift
[2037/2275] Compiling AsyncHTTPClient BestEffortHashableTLSConfiguration.swift
[2038/2275] Compiling AsyncHTTPClient Configuration+BrowserLike.swift
[2039/2275] Compiling AsyncHTTPClient ConnectionPool.swift
[2040/2275] Compiling AsyncHTTPClient HTTP1ProxyConnectHandler.swift
[2041/2275] Compiling AsyncHTTPClient SOCKSEventsHandler.swift
[2042/2275] Compiling AsyncHTTPClient TLSEventsHandler.swift
[2043/2275] Compiling AsyncHTTPClient HTTP1ClientChannelHandler.swift
[2044/2275] Compiling AsyncHTTPClient HTTP1Connection.swift
[2045/2275] Compiling AsyncHTTPClient HTTP1ConnectionStateMachine.swift
[2046/2275] Compiling AsyncHTTPClient HTTP2ClientRequestHandler.swift
[2047/2275] Compiling AsyncHTTPClient HTTP2Connection.swift
[2048/2275] Compiling AsyncHTTPClient HTTP2IdleHandler.swift
[2049/2275] Compiling AsyncHTTPClient AnyAsyncSequence.swift
[2050/2275] Compiling AsyncHTTPClient AnyAsyncSequenceProucerDelete.swift
[2051/2275] Compiling AsyncHTTPClient AsyncLazySequence.swift
[2052/2275] Compiling AsyncHTTPClient HTTPClient+execute.swift
[2053/2275] Compiling AsyncHTTPClient HTTPClient+shutdown.swift
[2054/2275] Compiling AsyncHTTPClient HTTPClient+tracing.swift
[2055/2275] Compiling AsyncHTTPClient HTTPClientRequest+Prepared.swift
[2056/2275] Compiling AsyncHTTPClient HTTPClientRequest+auth.swift
[2057/2275] Compiling AsyncHTTPClient HTTPClientRequest.swift
[2058/2275] Compiling AsyncHTTPClient RequestValidation.swift
[2059/2275] Compiling AsyncHTTPClient SSLContextCache.swift
[2060/2275] Compiling AsyncHTTPClient Scheme.swift
[2061/2275] Compiling AsyncHTTPClient Singleton.swift
[2062/2275] Compiling AsyncHTTPClient StringConvertibleInstances.swift
[2063/2275] Compiling AsyncHTTPClient StructuredConcurrencyHelpers.swift
[2064/2275] Compiling AsyncHTTPClient TracingSupport.swift
[2065/2275] Compiling AsyncHTTPClient Utils.swift
[2066/2275] Compiling AsyncHTTPClient RequestOptions.swift
[2067/2275] Compiling AsyncHTTPClient HTTPConnectionPool+Backoff.swift
[2068/2275] Compiling AsyncHTTPClient HTTPConnectionPool+HTTP1Connections.swift
[2069/2275] Compiling AsyncHTTPClient HTTPConnectionPool+HTTP1StateMachine.swift
[2070/2275] Compiling AsyncHTTPClient HTTPConnectionPool+HTTP2Connections.swift
[2071/2275] Compiling AsyncHTTPClient HTTPConnectionPool+HTTP2StateMachine.swift
[2072/2275] Compiling AsyncHTTPClient HTTPConnectionPool+RequestQueue.swift
[2073/2275] Compiling AsyncHTTPClient HTTPConnectionPool+StateMachine.swift
[2074/2275] Compiling AsyncHTTPClient ConnectionTarget.swift
[2075/2275] Compiling AsyncHTTPClient HTTPConnectionEvent.swift
[2076/2275] Compiling AsyncHTTPClient HTTPConnectionPool+Factory.swift
[2077/2275] Compiling AsyncHTTPClient HTTPConnectionPool+Manager.swift
[2078/2275] Compiling AsyncHTTPClient HTTPConnectionPool.swift
[2079/2275] Compiling AsyncHTTPClient HTTPExecutableRequest.swift
[2080/2275] Compiling AsyncHTTPClient HTTPRequestStateMachine+Demand.swift
[2081/2275] Compiling AsyncHTTPClient HTTPRequestStateMachine.swift
[2082/2275] Compiling AsyncHTTPClient RequestBodyLength.swift
[2083/2275] Compiling AsyncHTTPClient RequestFramingMetadata.swift
[2084/2275] Compiling AsyncHTTPClient DeconstructedURL.swift
[2085/2275] Compiling AsyncHTTPClient FileDownloadDelegate.swift
[2086/2275] Compiling AsyncHTTPClient FoundationExtensions.swift
[2087/2275] Compiling AsyncHTTPClient HTTPClient+HTTPCookie.swift
[2088/2275] Compiling AsyncHTTPClient HTTPClient+Proxy.swift
[2089/2275] Compiling AsyncHTTPClient HTTPClient+StructuredConcurrency.swift
[2090/2275] Compiling AsyncHTTPClient HTTPClient.swift
[2091/2275] Compiling AsyncHTTPClient HTTPClientConfiguration+SwiftConfiguration.swift
[2092/2275] Compiling AsyncHTTPClient HTTPHandler.swift
[2093/2276] Wrapping AST for AsyncHTTPClient for debugging
[2095/2299] Compiling GoogleAuth ADC.swift
[2096/2299] Compiling GoogleAuth ADCPath.swift
[2097/2299] Compiling GoogleAuth ADCResolver.swift
[2098/2299] Compiling GoogleAuth AuthHeaders.swift
[2099/2299] Emitting module GoogleAuth
[2100/2302] Compiling GoogleAuth CredentialParserRegistry.swift
[2101/2302] Compiling GoogleAuth Credentials.swift
[2102/2302] Compiling GoogleAuth CredentialsError.swift
[2103/2302] Compiling GoogleAuth SubjectTokenProvider.swift
[2104/2302] Compiling GoogleAuth MDSAccessTokenProvider.swift
[2105/2302] Compiling GoogleAuth MDSCredentials.swift
[2106/2302] Compiling GoogleAuth ServiceAccountCredentials.swift
[2107/2302] Compiling GoogleAuth ServiceAccountData.swift
[2108/2302] Compiling GoogleAuth ServiceAccountTokenProvider.swift
[2109/2302] Compiling GoogleAuth UserAccountData.swift
[2110/2302] Compiling GoogleAuth UserAccountTokenProvider.swift
[2111/2302] Compiling GoogleAuth UserCredentials.swift
[2112/2302] Compiling GoogleAuth AnonymousCredentials.swift
[2113/2302] Compiling GoogleAuth ApiKeyCredentials.swift
[2114/2302] Compiling GoogleAuth ExternalAccountCredentials.swift
[2115/2302] Compiling GoogleAuth AuthHTTPClient.swift
[2116/2302] Compiling GoogleAuth AuthHTTPError.swift
[2117/2302] Compiling GoogleAuth RetryEngine.swift
[2118/2302] Compiling GoogleAuth STSHandler.swift
[2119/2302] Compiling GoogleAuth TokenCache.swift
[2120/2302] Compiling GoogleAuth PackageVersion.swift
[2121/2303] Wrapping AST for GoogleAuth for debugging
[2123/2361] Compiling GoogleGax LimitedAttemptCount+PollingErrorPolicy.swift
[2124/2361] Compiling GoogleGax LimitedAttemptCount+RetryPolicy.swift
[2125/2361] Compiling GoogleGax LimitedAttemptCount.swift
[2126/2361] Compiling GoogleGax LimitedElapsedTime+PollingErrorPolicy.swift
[2127/2361] Compiling GoogleGax LimitedElapsedTime+RetryPolicy.swift
[2128/2361] Compiling GoogleGax LimitedElapsedTime.swift
[2129/2361] Compiling GoogleGax LongRunningOperations.swift
[2130/2361] Compiling GoogleGax NeverRetry.swift
[2131/2369] Compiling GoogleGax AIP194+PollingErrorPolicy.swift
[2132/2369] Compiling GoogleGax AIP194+RetryPolicy.swift
[2133/2369] Compiling GoogleGax AIP194.swift
[2134/2369] Compiling GoogleGax AdaptiveThrottler.swift
[2135/2369] Compiling GoogleGax AlwaysPoll.swift
[2136/2369] Compiling GoogleGax AlwaysRetry.swift
[2137/2369] Compiling GoogleGax ApiClientHeader.swift
[2138/2369] Compiling GoogleGax BackoffPolicy.swift
[2139/2369] Compiling GoogleGax BasePollingErrorPolicy.swift
[2140/2369] Emitting module GoogleGax
[2141/2369] Compiling GoogleGax RequestOptions.swift
[2142/2369] Compiling GoogleGax RetryLoop.swift
[2143/2369] Compiling GoogleGax RetryPolicy.swift
[2144/2369] Compiling GoogleGax RetryResult.swift
[2145/2369] Compiling GoogleGax RetryState.swift
[2146/2369] Compiling GoogleGax RetryThrottler.swift
[2147/2369] Compiling GoogleGax RetryThrottlerError.swift
[2148/2369] Compiling GoogleGax RoutingMatcher.swift
[2149/2369] Compiling GoogleGax ContinueOnIO.swift
[2150/2369] Compiling GoogleGax CredentialsProtocol.swift
[2151/2369] Compiling GoogleGax ErrorWrapper.swift
[2152/2369] Compiling GoogleGax ExponentialBackoff+BackoffPolicy.swift
[2153/2369] Compiling GoogleGax ExponentialBackoff+PollingBackoffPolicy.swift
[2154/2369] Compiling GoogleGax ExponentialBackoff.swift
[2155/2369] Compiling GoogleGax HTTPClient.swift
[2156/2369] Compiling GoogleGax HTTPClientHolder.swift
[2157/2369] Compiling GoogleGax HTTPClientProtocol.swift
[2158/2369] Compiling GoogleGax HTTPClientRequest.swift
[2159/2369] Compiling GoogleGax HTTPClientResponse.swift
[2160/2369] Compiling GoogleGax HTTPHeaders.swift
[2161/2369] Compiling GoogleGax HTTPResponseBody.swift
[2162/2369] Compiling GoogleGax HeaderNames.swift
[2163/2369] Compiling GoogleGax Host.swift
[2164/2369] Compiling GoogleGax InProgressResult.swift
[2165/2369] Compiling GoogleGax BaseRetryPolicy.swift
[2166/2369] Compiling GoogleGax BindingError.swift
[2167/2369] Compiling GoogleGax CRC32C.swift
[2168/2369] Compiling GoogleGax CircuitBreaker.swift
[2169/2369] Compiling GoogleGax ClientError.swift
[2170/2369] Compiling GoogleGax ClientOptions.swift
[2171/2369] Compiling GoogleGax ContinueOnIO+PollingErrorPolicy.swift
[2172/2369] Compiling GoogleGax ContinueOnIO+RetryPolicy.swift
[2173/2369] Compiling GoogleGax Pagination.swift
/host/spi-builder-workspace/.build/checkouts/swift-google-gax/Sources/GoogleGax/Pagination.swift:44:22: error: cannot convert '@Sendable (String) async throws -> (response: ResponseType, items: [Item], nextToken: String)' to 'nonisolated(nonsending) @Sendable (String) async throws -> (response: ResponseType, items: [Item], nextToken: String)' because crossing of an isolation boundary requires parameter and result types to conform to 'Sendable' protocol
42 | ) where ResponseType: _PaginatedResponse<Item> {
43 | self.initialPageToken = initialPageToken ?? ""
44 | self.fetchPage = { token in
| |- error: cannot convert '@Sendable (String) async throws -> (response: ResponseType, items: [Item], nextToken: String)' to 'nonisolated(nonsending) @Sendable (String) async throws -> (response: ResponseType, items: [Item], nextToken: String)' because crossing of an isolation boundary requires parameter and result types to conform to 'Sendable' protocol
| `- note: type 'Item' does not conform to 'Sendable' protocol
45 | let response = try await listRpc(token)
46 | return (response, response._getPaginatedItems(), response._nextPageToken())
[2174/2369] Compiling GoogleGax PollingBackoffPolicy.swift
/host/spi-builder-workspace/.build/checkouts/swift-google-gax/Sources/GoogleGax/Pagination.swift:44:22: error: cannot convert '@Sendable (String) async throws -> (response: ResponseType, items: [Item], nextToken: String)' to 'nonisolated(nonsending) @Sendable (String) async throws -> (response: ResponseType, items: [Item], nextToken: String)' because crossing of an isolation boundary requires parameter and result types to conform to 'Sendable' protocol
42 | ) where ResponseType: _PaginatedResponse<Item> {
43 | self.initialPageToken = initialPageToken ?? ""
44 | self.fetchPage = { token in
| |- error: cannot convert '@Sendable (String) async throws -> (response: ResponseType, items: [Item], nextToken: String)' to 'nonisolated(nonsending) @Sendable (String) async throws -> (response: ResponseType, items: [Item], nextToken: String)' because crossing of an isolation boundary requires parameter and result types to conform to 'Sendable' protocol
| `- note: type 'Item' does not conform to 'Sendable' protocol
45 | let response = try await listRpc(token)
46 | return (response, response._getPaginatedItems(), response._nextPageToken())
[2175/2369] Compiling GoogleGax PollingErrorPolicy.swift
/host/spi-builder-workspace/.build/checkouts/swift-google-gax/Sources/GoogleGax/Pagination.swift:44:22: error: cannot convert '@Sendable (String) async throws -> (response: ResponseType, items: [Item], nextToken: String)' to 'nonisolated(nonsending) @Sendable (String) async throws -> (response: ResponseType, items: [Item], nextToken: String)' because crossing of an isolation boundary requires parameter and result types to conform to 'Sendable' protocol
42 | ) where ResponseType: _PaginatedResponse<Item> {
43 | self.initialPageToken = initialPageToken ?? ""
44 | self.fetchPage = { token in
| |- error: cannot convert '@Sendable (String) async throws -> (response: ResponseType, items: [Item], nextToken: String)' to 'nonisolated(nonsending) @Sendable (String) async throws -> (response: ResponseType, items: [Item], nextToken: String)' because crossing of an isolation boundary requires parameter and result types to conform to 'Sendable' protocol
| `- note: type 'Item' does not conform to 'Sendable' protocol
45 | let response = try await listRpc(token)
46 | return (response, response._getPaginatedItems(), response._nextPageToken())
[2176/2369] Compiling GoogleGax PollingResult.swift
/host/spi-builder-workspace/.build/checkouts/swift-google-gax/Sources/GoogleGax/Pagination.swift:44:22: error: cannot convert '@Sendable (String) async throws -> (response: ResponseType, items: [Item], nextToken: String)' to 'nonisolated(nonsending) @Sendable (String) async throws -> (response: ResponseType, items: [Item], nextToken: String)' because crossing of an isolation boundary requires parameter and result types to conform to 'Sendable' protocol
42 | ) where ResponseType: _PaginatedResponse<Item> {
43 | self.initialPageToken = initialPageToken ?? ""
44 | self.fetchPage = { token in
| |- error: cannot convert '@Sendable (String) async throws -> (response: ResponseType, items: [Item], nextToken: String)' to 'nonisolated(nonsending) @Sendable (String) async throws -> (response: ResponseType, items: [Item], nextToken: String)' because crossing of an isolation boundary requires parameter and result types to conform to 'Sendable' protocol
| `- note: type 'Item' does not conform to 'Sendable' protocol
45 | let response = try await listRpc(token)
46 | return (response, response._getPaginatedItems(), response._nextPageToken())
[2177/2369] Compiling GoogleGax PollingState.swift
/host/spi-builder-workspace/.build/checkouts/swift-google-gax/Sources/GoogleGax/Pagination.swift:44:22: error: cannot convert '@Sendable (String) async throws -> (response: ResponseType, items: [Item], nextToken: String)' to 'nonisolated(nonsending) @Sendable (String) async throws -> (response: ResponseType, items: [Item], nextToken: String)' because crossing of an isolation boundary requires parameter and result types to conform to 'Sendable' protocol
42 | ) where ResponseType: _PaginatedResponse<Item> {
43 | self.initialPageToken = initialPageToken ?? ""
44 | self.fetchPage = { token in
| |- error: cannot convert '@Sendable (String) async throws -> (response: ResponseType, items: [Item], nextToken: String)' to 'nonisolated(nonsending) @Sendable (String) async throws -> (response: ResponseType, items: [Item], nextToken: String)' because crossing of an isolation boundary requires parameter and result types to conform to 'Sendable' protocol
| `- note: type 'Item' does not conform to 'Sendable' protocol
45 | let response = try await listRpc(token)
46 | return (response, response._getPaginatedItems(), response._nextPageToken())
[2178/2369] Compiling GoogleGax ProtobufConversionError.swift
/host/spi-builder-workspace/.build/checkouts/swift-google-gax/Sources/GoogleGax/Pagination.swift:44:22: error: cannot convert '@Sendable (String) async throws -> (response: ResponseType, items: [Item], nextToken: String)' to 'nonisolated(nonsending) @Sendable (String) async throws -> (response: ResponseType, items: [Item], nextToken: String)' because crossing of an isolation boundary requires parameter and result types to conform to 'Sendable' protocol
42 | ) where ResponseType: _PaginatedResponse<Item> {
43 | self.initialPageToken = initialPageToken ?? ""
44 | self.fetchPage = { token in
| |- error: cannot convert '@Sendable (String) async throws -> (response: ResponseType, items: [Item], nextToken: String)' to 'nonisolated(nonsending) @Sendable (String) async throws -> (response: ResponseType, items: [Item], nextToken: String)' because crossing of an isolation boundary requires parameter and result types to conform to 'Sendable' protocol
| `- note: type 'Item' does not conform to 'Sendable' protocol
45 | let response = try await listRpc(token)
46 | return (response, response._getPaginatedItems(), response._nextPageToken())
[2179/2369] Compiling GoogleGax QueryParameter.swift
/host/spi-builder-workspace/.build/checkouts/swift-google-gax/Sources/GoogleGax/Pagination.swift:44:22: error: cannot convert '@Sendable (String) async throws -> (response: ResponseType, items: [Item], nextToken: String)' to 'nonisolated(nonsending) @Sendable (String) async throws -> (response: ResponseType, items: [Item], nextToken: String)' because crossing of an isolation boundary requires parameter and result types to conform to 'Sendable' protocol
42 | ) where ResponseType: _PaginatedResponse<Item> {
43 | self.initialPageToken = initialPageToken ?? ""
44 | self.fetchPage = { token in
| |- error: cannot convert '@Sendable (String) async throws -> (response: ResponseType, items: [Item], nextToken: String)' to 'nonisolated(nonsending) @Sendable (String) async throws -> (response: ResponseType, items: [Item], nextToken: String)' because crossing of an isolation boundary requires parameter and result types to conform to 'Sendable' protocol
| `- note: type 'Item' does not conform to 'Sendable' protocol
45 | let response = try await listRpc(token)
46 | return (response, response._getPaginatedItems(), response._nextPageToken())
[2180/2369] Compiling GoogleGax RequestError.swift
/host/spi-builder-workspace/.build/checkouts/swift-google-gax/Sources/GoogleGax/Pagination.swift:44:22: error: cannot convert '@Sendable (String) async throws -> (response: ResponseType, items: [Item], nextToken: String)' to 'nonisolated(nonsending) @Sendable (String) async throws -> (response: ResponseType, items: [Item], nextToken: String)' because crossing of an isolation boundary requires parameter and result types to conform to 'Sendable' protocol
42 | ) where ResponseType: _PaginatedResponse<Item> {
43 | self.initialPageToken = initialPageToken ?? ""
44 | self.fetchPage = { token in
| |- error: cannot convert '@Sendable (String) async throws -> (response: ResponseType, items: [Item], nextToken: String)' to 'nonisolated(nonsending) @Sendable (String) async throws -> (response: ResponseType, items: [Item], nextToken: String)' because crossing of an isolation boundary requires parameter and result types to conform to 'Sendable' protocol
| `- note: type 'Item' does not conform to 'Sendable' protocol
45 | let response = try await listRpc(token)
46 | return (response, response._getPaginatedItems(), response._nextPageToken())
[2181/2369] Compiling GoogleGax ServiceError.swift
[2182/2369] Compiling GoogleGax StatusDetail.swift
[2183/2369] Compiling GoogleGax StrictIdempotency.swift
[2184/2369] Compiling GoogleGax ThrottleResult.swift
[2185/2369] Compiling GoogleGax TooManyRequests+PollingErrorPolicy.swift
[2186/2369] Compiling GoogleGax TooManyRequests+RetryPolicy.swift
[2187/2369] Compiling GoogleGax TooManyRequests.swift
[2188/2369] Compiling GoogleGax PackageVersion.swift
BUILD FAILURE 6.2 android