The Swift Package Index logo.Swift Package Index

Build Information

Failed to build WWByteReader, reference 1.3.0 (64d561), with Swift 6.3 for macOS (SPM) on 26 Jun 2026 01:26:16 UTC.

Build Command

env DEVELOPER_DIR=/Applications/Xcode-26.4.0.app xcrun swift build --arch arm64

Build Log

========================================
RunAll
========================================
Builder version: undefined version: run 'make version' to update
Interrupt handler set up.
========================================
Checkout
========================================
Clone URL: https://github.com/William-Weng/WWByteReader.git
Reference: 1.3.0
Initialized empty Git repository in /Users/admin/builder/spi-builder-workspace/.git/
From https://github.com/William-Weng/WWByteReader
 * tag               1.3.0      -> FETCH_HEAD
HEAD is now at 64d5614 - 補上存取字串的功能
Cloned https://github.com/William-Weng/WWByteReader.git
Revision (git rev-parse @):
64d5614e70af3e23d726ea0319f9032c2b771c6a
SUCCESS checkout https://github.com/William-Weng/WWByteReader.git at 1.3.0
========================================
ResolveProductDependencies
========================================
Resolving dependencies ...
{
  "identity": ".resolve-product-dependencies",
  "name": "resolve-dependencies",
  "url": "/Users/admin/builder/spi-builder-workspace/.resolve-product-dependencies",
  "version": "unspecified",
  "path": "/Users/admin/builder/spi-builder-workspace/.resolve-product-dependencies",
  "traits": [
    "default"
  ],
  "dependencies": [
    {
      "identity": "wwbytereader",
      "name": "WWByteReader",
      "url": "https://github.com/William-Weng/WWByteReader.git",
      "version": "unspecified",
      "path": "/Users/admin/builder/spi-builder-workspace/.resolve-product-dependencies/.build/checkouts/WWByteReader",
      "traits": [
        "default"
      ],
      "dependencies": [
      ]
    }
  ]
}
Fetching https://github.com/William-Weng/WWByteReader.git
[1/168] Fetching wwbytereader
Fetched https://github.com/William-Weng/WWByteReader.git from cache (0.80s)
Creating working copy for https://github.com/William-Weng/WWByteReader.git
Working copy of https://github.com/William-Weng/WWByteReader.git resolved at 1.3.0 (64d5614)
warning: '.resolve-product-dependencies': dependency 'wwbytereader' is not used by any target
Found 0 product dependencies
========================================
Build
========================================
Selected platform:         macosSpm
Swift version:             6.3
Building package at path:  $PWD
https://github.com/William-Weng/WWByteReader.git
Running build ...
env DEVELOPER_DIR=/Applications/Xcode-26.4.0.app xcrun swift build --arch arm64
Building for debugging...
[0/3] Write sources
[1/3] Copying Privacy
[2/3] Write swift-version--6988338F2F200930.txt
error: emit-module command failed with exit code 1 (use -v to see invocation)
[4/8] Emitting module WWByteReader
/Users/admin/builder/spi-builder-workspace/Sources/WWByteReader/Utility/Constant.swift:8:8: error: no such module 'UIKit'
 6 | //
 7 |
 8 | import UIKit
   |        `- error: no such module 'UIKit'
 9 |
10 | // MARK: - typealias
[5/8] Compiling WWByteReader resource_bundle_accessor.swift
/Users/admin/builder/spi-builder-workspace/Sources/WWByteReader/Utility/Constant.swift:8:8: error: no such module 'UIKit'
 6 | //
 7 |
 8 | import UIKit
   |        `- error: no such module 'UIKit'
 9 |
10 | // MARK: - typealias
[6/8] Compiling WWByteReader WWByteWriter.swift
/Users/admin/builder/spi-builder-workspace/Sources/WWByteReader/Utility/Constant.swift:8:8: error: no such module 'UIKit'
 6 | //
 7 |
 8 | import UIKit
   |        `- error: no such module 'UIKit'
 9 |
10 | // MARK: - typealias
[7/8] Compiling WWByteReader WWByteReader.swift
/Users/admin/builder/spi-builder-workspace/Sources/WWByteReader/Utility/Constant.swift:8:8: error: no such module 'UIKit'
 6 | //
 7 |
 8 | import UIKit
   |        `- error: no such module 'UIKit'
 9 |
10 | // MARK: - typealias
[8/8] Compiling WWByteReader Constant.swift
/Users/admin/builder/spi-builder-workspace/Sources/WWByteReader/Utility/Constant.swift:8:8: error: no such module 'UIKit'
 6 | //
 7 |
 8 | import UIKit
   |        `- error: no such module 'UIKit'
 9 |
10 | // MARK: - typealias
BUILD FAILURE 6.3 macosSpm