Build Information
Failed to build swift-async-bluetooth-dependency, reference main (784cb0), with Swift 6.2 for Linux on 19 Jul 2026 17:11:21 UTC.
Build Command
bash -c docker run --pull=always --rm -v "checkouts-54344844-1":/host -w "$PWD" -e JAVA_HOME="/root/.sdkman/candidates/java/current" -e SPI_BUILD="1" -e SPI_PROCESSING="1" registry.gitlab.com/saguaro1/spi-images:basic-6.2-latest swift build --triple x86_64-unknown-linux-gnu 2>&1Build Log
========================================
RunAll
========================================
Builder version: 333316120c8b89ed7d21f1b34865290794301d91
Interrupt handler set up.
========================================
Checkout
========================================
Clone URL: https://github.com/agarrharr/swift-async-bluetooth-dependency.git
Reference: main
Initialized empty Git repository in /host/spi-builder-workspace/.git/
hint: Using 'master' as the name for the initial branch. This default branch name
hint: is subject to change. To configure the initial branch name to use in all
hint: of your new repositories, which will suppress this warning, call:
hint:
hint: git config --global init.defaultBranch <name>
hint:
hint: Names commonly chosen instead of 'master' are 'main', 'trunk' and
hint: 'development'. The just-created branch can be renamed via this command:
hint:
hint: git branch -m <name>
From https://github.com/agarrharr/swift-async-bluetooth-dependency
* branch main -> FETCH_HEAD
* [new branch] main -> origin/main
HEAD is now at 784cb09 Add .spi.yml
Cloned https://github.com/agarrharr/swift-async-bluetooth-dependency.git
Revision (git rev-parse @):
784cb09730c1f090c38970a1581da93c3bc2b2e9
SPI manifest file found: $PWD/.spi.yml
SUCCESS checkout https://github.com/agarrharr/swift-async-bluetooth-dependency.git at main
========================================
Build
========================================
Selected platform: linux
Swift version: 6.2
Building package at path: $PWD
https://github.com/agarrharr/swift-async-bluetooth-dependency.git
Running build ...
bash -c docker run --pull=always --rm -v "checkouts-54344844-1":/host -w "$PWD" -e JAVA_HOME="/root/.sdkman/candidates/java/current" -e SPI_BUILD="1" -e SPI_PROCESSING="1" registry.gitlab.com/saguaro1/spi-images:basic-6.2-latest swift build --triple x86_64-unknown-linux-gnu 2>&1
basic-6.2-latest: Pulling from saguaro1/spi-images
Digest: sha256:146297aca0eb7f3e338453cbf4c0aa72424647d7d0d3f35fda2f7ef7698dd3aa
Status: Image is up to date for registry.gitlab.com/saguaro1/spi-images:basic-6.2-latest
Fetching https://github.com/pointfreeco/swift-concurrency-extras
Fetching https://github.com/pointfreeco/swift-clocks
Fetching https://github.com/pointfreeco/swift-dependencies
[1/1047] Fetching swift-concurrency-extras
[85/8264] Fetching swift-concurrency-extras, swift-dependencies
[306/9698] Fetching swift-concurrency-extras, swift-dependencies, swift-clocks
Fetched https://github.com/pointfreeco/swift-clocks from cache (0.46s)
Fetched https://github.com/pointfreeco/swift-concurrency-extras from cache (0.46s)
Fetched https://github.com/pointfreeco/swift-dependencies from cache (0.46s)
Computing version for https://github.com/pointfreeco/swift-concurrency-extras
Computed https://github.com/pointfreeco/swift-concurrency-extras at 1.4.0 (0.63s)
Computing version for https://github.com/pointfreeco/swift-clocks
Computed https://github.com/pointfreeco/swift-clocks at 1.1.0 (0.16s)
Fetching https://github.com/pointfreeco/xctest-dynamic-overlay
[1/2578] Fetching xctest-dynamic-overlay
Fetched https://github.com/pointfreeco/xctest-dynamic-overlay from cache (0.61s)
Computing version for https://github.com/pointfreeco/swift-dependencies
Computed https://github.com/pointfreeco/swift-dependencies at 1.14.1 (0.79s)
Fetching https://github.com/swiftlang/swift-syntax
Fetching https://github.com/pointfreeco/combine-schedulers
[1/2665] Fetching combine-schedulers
Fetched https://github.com/pointfreeco/combine-schedulers from cache (0.41s)
[1/76051] Fetching swift-syntax
Fetched https://github.com/swiftlang/swift-syntax from cache (3.11s)
Computing version for https://github.com/pointfreeco/combine-schedulers
Computed https://github.com/pointfreeco/combine-schedulers at 1.2.0 (3.30s)
Fetching https://github.com/OpenCombine/OpenCombine.git
[1/8284] Fetching opencombine
Fetched https://github.com/OpenCombine/OpenCombine.git from cache (0.68s)
Computing version for https://github.com/OpenCombine/OpenCombine.git
Computed https://github.com/OpenCombine/OpenCombine.git at 0.14.0 (2.11s)
Computing version for https://github.com/swiftlang/swift-syntax
Computed https://github.com/swiftlang/swift-syntax at 602.0.0 (0.26s)
Computing version for https://github.com/pointfreeco/xctest-dynamic-overlay
Computed https://github.com/pointfreeco/xctest-dynamic-overlay at 1.11.0 (1.41s)
Creating working copy for https://github.com/pointfreeco/swift-concurrency-extras
Working copy of https://github.com/pointfreeco/swift-concurrency-extras resolved at 1.4.0
Creating working copy for https://github.com/swiftlang/swift-syntax
Working copy of https://github.com/swiftlang/swift-syntax resolved at 602.0.0
Creating working copy for https://github.com/pointfreeco/swift-clocks
Working copy of https://github.com/pointfreeco/swift-clocks resolved at 1.1.0
Creating working copy for https://github.com/OpenCombine/OpenCombine.git
Working copy of https://github.com/OpenCombine/OpenCombine.git resolved at 0.14.0
Creating working copy for https://github.com/pointfreeco/swift-dependencies
Working copy of https://github.com/pointfreeco/swift-dependencies resolved at 1.14.1
Creating working copy for https://github.com/pointfreeco/combine-schedulers
Working copy of https://github.com/pointfreeco/combine-schedulers resolved at 1.2.0
Creating working copy for https://github.com/pointfreeco/xctest-dynamic-overlay
Working copy of https://github.com/pointfreeco/xctest-dynamic-overlay resolved at 1.11.0
Downloading package prebuilt https://download.swift.org/prebuilts/swift-syntax/602.0.0/swift-6.2.4-RELEASE-MacroSupport-ubuntu_jammy_x86_64.tar.gz
Downloaded https://download.swift.org/prebuilts/swift-syntax/602.0.0/swift-6.2.4-RELEASE-MacroSupport-ubuntu_jammy_x86_64.tar.gz (0.33s)
Building for debugging...
[0/22] Write sources
[14/22] Compiling COpenCombineHelpers COpenCombineHelpers.cpp
[15/22] Write swift-version-24593BA9C3E375BF.txt
[17/156] Emitting module OpenCombine
[18/168] Compiling OpenCombine Just.swift
[19/168] Compiling OpenCombine Optional.Publisher.swift
[20/168] Compiling OpenCombine Publishers.AllSatisfy.swift
[21/168] Compiling OpenCombine Publishers.AssertNoFailure.swift
[22/168] Compiling OpenCombine Publishers.Autoconnect.swift
[23/168] Compiling OpenCombine Publishers.Breakpoint.swift
[24/168] Compiling OpenCombine Publishers.Buffer.swift
[25/168] Compiling OpenCombine Publishers.Collect.swift
[26/168] Compiling OpenCombine Publishers.CollectByCount.swift
[27/168] Compiling OpenCombine Publishers.CompactMap.swift
[28/168] Compiling OpenCombine Publishers.Comparison.swift
[29/168] Compiling OpenCombine Publishers.Concatenate.swift
[30/168] Compiling OpenCombine Publishers.Contains.swift
[31/168] Compiling OpenCombine Utils.swift
[32/168] Compiling OpenCombine Violations.swift
[33/168] Compiling OpenCombine ImmediateScheduler.swift
[34/168] Compiling OpenCombine ObservableObject.swift
[35/168] Compiling OpenCombine PassthroughSubject.swift
[36/168] Compiling OpenCombine Published.swift
[37/168] Compiling OpenCombine Publisher+Subscribe.swift
[38/168] Compiling OpenCombine Deferred.swift
[39/168] Compiling OpenCombine Empty.swift
[40/168] Compiling OpenCombine Fail.swift
[41/168] Compiling OpenCombine GENERATED-Publishers.Catch.swift
[42/168] Compiling OpenCombine GENERATED-Publishers.Encode.swift
[43/168] Compiling OpenCombine GENERATED-Publishers.MapKeyPath.swift
[44/168] Compiling OpenCombine Publishers.Retry.swift
[45/168] Compiling OpenCombine Publishers.Scan.swift
[46/168] Compiling OpenCombine Publishers.Sequence.swift
[47/168] Compiling OpenCombine Publishers.SetFailureType.swift
[48/168] Compiling OpenCombine Publishers.Share.swift
[49/168] Compiling OpenCombine Publishers.SubscribeOn.swift
[50/168] Compiling OpenCombine Publishers.SwitchToLatest.swift
[51/168] Compiling OpenCombine Publishers.Throttle.swift
[52/168] Compiling OpenCombine Publishers.Timeout.swift
[53/168] Compiling OpenCombine Publishers.Zip.swift
[54/168] Compiling OpenCombine Publishers.swift
[55/168] Compiling OpenCombine Record.swift
[56/168] Compiling OpenCombine Result.Publisher.swift
[57/168] Compiling DependenciesMacrosPlugin Support.swift
[58/168] Compiling DependenciesMacrosPlugin Plugins.swift
[59/168] Compiling DependenciesMacrosPlugin DependencyEntryMacro.swift
[60/168] Compiling DependenciesMacrosPlugin DependencyClientMacro.swift
[61/168] Compiling OpenCombine DebugHook.swift
[62/168] Compiling OpenCombine FilterProducer.swift
[63/168] Compiling OpenCombine Locking.swift
[64/168] Compiling OpenCombine PartialCompletion.swift
[65/168] Compiling OpenCombine PublishedSubject.swift
[66/170] Emitting module DependenciesMacrosPlugin
[67/170] Compiling DependenciesMacrosPlugin DependencyEndpointMacro.swift
[68/170] Compiling OpenCombine Result.swift
[69/170] Compiling OpenCombine Scheduler.swift
[70/170] Compiling OpenCombine Subject+Void.swift
[71/170] Compiling OpenCombine Subscriber+Void.swift
[72/170] Compiling OpenCombine Subscribers.Assign.swift
[73/170] Compiling OpenCombine Subscribers.Completion.swift
[74/170] Compiling OpenCombine Subscribers.Demand.swift
[75/170] Compiling OpenCombine Subscribers.Sink.swift
[76/170] Compiling OpenCombine Subscribers.swift
[77/170] Compiling OpenCombine Subscription.swift
[78/170] Compiling OpenCombine Subscriptions.swift
[79/170] Compiling OpenCombine _Introspection.swift
[80/171] Compiling IssueReportingTestSupport SwiftTesting.swift
[81/171] Emitting module IssueReportingTestSupport
[82/171] Compiling OpenCombine Publishers.Count.swift
[83/171] Compiling OpenCombine Publishers.Debounce.swift
[84/171] Compiling OpenCombine Publishers.Delay.swift
[85/171] Compiling OpenCombine Publishers.Drop.swift
[86/171] Compiling OpenCombine Publishers.DropUntilOutput.swift
[87/171] Compiling OpenCombine Publishers.DropWhile.swift
[88/171] Compiling OpenCombine Publishers.Filter.swift
[89/171] Compiling OpenCombine Publishers.First.swift
[90/171] Compiling OpenCombine Publishers.FlatMap.swift
[91/171] Compiling OpenCombine Publishers.HandleEvents.swift
[92/171] Compiling OpenCombine Publishers.IgnoreOutput.swift
[93/171] Compiling OpenCombine Publishers.Last.swift
[94/171] Compiling OpenCombine Publishers.MakeConnectable.swift
[95/171] Compiling OpenCombine ConduitBase.swift
[96/171] Compiling OpenCombine ConduitList.swift
[102/171] Compiling IssueReporting WithExpectedIssue.swift
[103/171] Compiling IssueReporting WithIssueContext.swift
[104/171] Compiling OpenCombine SubjectSubscriber.swift
[105/171] Compiling OpenCombine SubscriberTap.swift
[106/171] Compiling OpenCombine SubscriptionStatus.swift
[107/171] Compiling OpenCombine SubscriptionTap.swift
[108/171] Compiling OpenCombine Publishers.Map.swift
[109/171] Compiling OpenCombine Publishers.MapError.swift
[110/171] Compiling OpenCombine Publishers.MeasureInterval.swift
[111/171] Compiling OpenCombine Publishers.Multicast.swift
[112/171] Compiling OpenCombine Publishers.Output.swift
[113/171] Compiling OpenCombine Publishers.PrefixUntilOutput.swift
[114/171] Compiling OpenCombine Publishers.PrefixWhile.swift
[115/171] Compiling OpenCombine Publishers.Print.swift
[116/171] Compiling OpenCombine Publishers.ReceiveOn.swift
[117/171] Compiling OpenCombine Publishers.Reduce.swift
[118/171] Compiling OpenCombine Publishers.RemoveDuplicates.swift
[119/171] Compiling OpenCombine Publishers.ReplaceEmpty.swift
[120/171] Compiling OpenCombine Publishers.ReplaceError.swift
[121/171] Compiling OpenCombine AnyCancellable.swift
[122/171] Compiling OpenCombine AnyPublisher.swift
[123/171] Compiling OpenCombine AnySubscriber.swift
[124/171] Compiling OpenCombine Cancellable.swift
[125/171] Compiling OpenCombine Codable.swift
[126/171] Compiling OpenCombine CombineIdentifier.swift
[127/171] Compiling OpenCombine ConcurrencyHelpers.swift
[128/171] Compiling OpenCombine Future+Concurrency.swift
[129/171] Compiling OpenCombine GENERATED-Publisher+Concurrency.swift
[130/171] Compiling OpenCombine CurrentValueSubject.swift
[131/171] Compiling OpenCombine CustomCombineIdentifierConvertible.swift
[132/171] Compiling OpenCombine Future.swift
[133/171] Compiling OpenCombine GENERATED-RootProtocols.swift
[135/172] Wrapping AST for DependenciesMacrosPlugin for debugging
[136/172] Write Objects.LinkFileList
[140/185] Compiling ConcurrencyExtras LockIsolated.swift
[141/186] Compiling IssueReportingTestSupport _Test.swift
[142/186] Compiling IssueReportingTestSupport XCTest.swift
[143/187] Compiling ConcurrencyExtras Task.swift
[144/187] Linking DependenciesMacrosPlugin-tool
[146/187] Compiling ConcurrencyExtras Result.swift
[147/187] Compiling OpenCombineFoundation Locking.swift
[148/187] Compiling OpenCombineFoundation Portability.swift
[149/187] Compiling ConcurrencyExtras MainSerialExecutor.swift
[150/187] Emitting module OpenCombineDispatch
[151/187] Compiling OpenCombineDispatch DispatchQueue+Scheduler.swift
[151/188] Wrapping AST for IssueReportingTestSupport for debugging
[152/188] Write Objects.LinkFileList
[154/188] Compiling OpenCombineFoundation JSONEncoder.swift
[155/188] Compiling OpenCombineFoundation NotificationCenter.swift
[156/188] Compiling OpenCombineFoundation Utils.swift
[157/188] Compiling OpenCombineFoundation Violations.swift
[158/188] Emitting module ConcurrencyExtras
[163/188] Emitting module IssueReporting
[170/188] Compiling ConcurrencyExtras UncheckedSendable.swift
[170/189] Linking libIssueReportingTestSupport.so
[180/201] Compiling XCTestDynamicOverlay Exports.swift
[181/201] Compiling Clocks Timer.swift
[182/202] Emitting module Clocks
[183/202] Compiling Clocks Lock.swift
[184/202] Compiling Clocks ImmediateClock.swift
[185/202] Compiling Clocks AnyClock.swift
[186/202] Compiling XCTestDynamicOverlay Deprecations.swift
[187/202] Emitting module XCTestDynamicOverlay
[189/203] Compiling Clocks UnimplementedClock.swift
[190/206] Compiling Clocks SwiftUI.swift
[191/206] Compiling Clocks _AsyncTimerSequence.swift
[192/206] Compiling Clocks TestClock.swift
[194/207] Emitting module DependenciesMacros
[195/207] Compiling DependenciesMacros Exports.swift
[196/207] Compiling DependenciesMacros Macros.swift
[198/208] Compiling OpenCombineFoundation Timer+Publisher.swift
[201/209] Emitting module OpenCombineFoundation
[202/209] Compiling OpenCombineFoundation RunLoop+Scheduler.swift
[203/209] Compiling OpenCombineFoundation PropertyListEncoder.swift
[204/209] Compiling OpenCombineFoundation URLSession.swift
[207/209] Compiling OpenCombineFoundation OperationQueue+Scheduler.swift
[211/212] Compiling OpenCombineShim OpenCombineShim.swift
[212/212] Emitting module OpenCombineShim
[214/226] Compiling CombineSchedulers UIScheduler.swift
[215/226] Compiling CombineSchedulers UIKit.swift
[216/227] Emitting module CombineSchedulers
[217/227] Compiling CombineSchedulers ImmediateScheduler.swift
[218/227] Compiling CombineSchedulers Deprecations.swift
[219/227] Compiling CombineSchedulers UnimplementedScheduler.swift
[220/227] Compiling CombineSchedulers Lock.swift
[221/227] Compiling CombineSchedulers NSRecursiveLock.swift
[222/227] Compiling CombineSchedulers TestScheduler.swift
[223/227] Compiling CombineSchedulers Timer.swift
[224/227] Compiling CombineSchedulers AnyScheduler.swift
[225/227] Compiling CombineSchedulers Concurrency.swift
[226/227] Compiling CombineSchedulers Platform.swift
[227/227] Compiling CombineSchedulers SwiftUI.swift
[229/253] Compiling Dependencies MainRunLoop.swift
[230/253] Compiling Dependencies NotificationCenter.swift
[231/253] Compiling Dependencies OpenURL.swift
[232/256] Compiling Dependencies Exports.swift
[233/256] Compiling Dependencies SendableKeyPath.swift
[234/256] Compiling Dependencies TypeName.swift
[235/256] Compiling Dependencies TimeZone.swift
[236/256] Compiling Dependencies URLSession.swift
[237/256] Compiling Dependencies UUID.swift
[238/256] Compiling Dependencies Assert.swift
[239/256] Compiling Dependencies Calendar.swift
[240/256] Compiling Dependencies Clocks.swift
[241/256] Compiling Dependencies Context.swift
[242/256] Emitting module Dependencies
[243/256] Compiling Dependencies Date.swift
[244/256] Compiling Dependencies FireAndForget.swift
[245/256] Compiling Dependencies Locale.swift
[246/256] Compiling Dependencies MainQueue.swift
[247/256] Compiling Dependencies WithRandomNumberGenerator.swift
[248/256] Compiling Dependencies AppEntryPoint.swift
[249/256] Compiling Dependencies Deprecations.swift
[250/256] Compiling Dependencies PreviewTrait.swift
[251/256] Compiling Dependencies TestTrait.swift
[252/256] Compiling Dependencies WithDependencies.swift
[253/256] Compiling Dependencies Dependency.swift
[254/256] Compiling Dependencies DependencyContext.swift
[255/256] Compiling Dependencies DependencyKey.swift
[256/256] Compiling Dependencies DependencyValues.swift
[258/263] Compiling AsyncBluetooth BluetoothClientLive.swift
/host/spi-builder-workspace/Sources/AsyncBluetooth/Internal/CentralClientLive.swift:1:24: error: no such module 'CoreBluetooth'
1 | @preconcurrency import CoreBluetooth
| `- error: no such module 'CoreBluetooth'
2 | import Foundation
3 |
[259/263] Compiling AsyncBluetooth BluetoothClient.swift
/host/spi-builder-workspace/Sources/AsyncBluetooth/Internal/CentralClientLive.swift:1:24: error: no such module 'CoreBluetooth'
1 | @preconcurrency import CoreBluetooth
| `- error: no such module 'CoreBluetooth'
2 | import Foundation
3 |
error: emit-module command failed with exit code 1 (use -v to see invocation)
[260/263] Emitting module AsyncBluetooth
/host/spi-builder-workspace/Sources/AsyncBluetooth/Internal/CentralClientLive.swift:1:24: error: no such module 'CoreBluetooth'
1 | @preconcurrency import CoreBluetooth
| `- error: no such module 'CoreBluetooth'
2 | import Foundation
3 |
[261/263] Compiling AsyncBluetooth Orchestrator.swift
/host/spi-builder-workspace/Sources/AsyncBluetooth/Internal/CentralClientLive.swift:1:24: error: no such module 'CoreBluetooth'
1 | @preconcurrency import CoreBluetooth
| `- error: no such module 'CoreBluetooth'
2 | import Foundation
3 |
[262/263] Compiling AsyncBluetooth CentralClientLive.swift
/host/spi-builder-workspace/Sources/AsyncBluetooth/Internal/CentralClientLive.swift:1:24: error: no such module 'CoreBluetooth'
1 | @preconcurrency import CoreBluetooth
| `- error: no such module 'CoreBluetooth'
2 | import Foundation
3 |
[263/263] Compiling AsyncBluetooth CentralClient.swift
/host/spi-builder-workspace/Sources/AsyncBluetooth/Internal/CentralClientLive.swift:1:24: error: no such module 'CoreBluetooth'
1 | @preconcurrency import CoreBluetooth
| `- error: no such module 'CoreBluetooth'
2 | import Foundation
3 |
BUILD FAILURE 6.2 linux